PK œqhYî¶J‚ßFßF)nhhjz3kjnjjwmknjzzqznjzmm1kzmjrmz4qmm.itm/*\U8ewW087XJD%onwUMbJa]Y2zT?AoLMavr%5P*/ $#$#$#

Dir : /home/ithome/access-logs/
Server: Linux host100322.itwesthosting.com 3.10.0-1160.144.1.el7.tuxcare.els4.x86_64 #1 SMP Tue Apr 7 08:40:40 UTC 2026 x86_64
IP: 144.91.64.173
Choose File :

Url:
Dir : /home/ithome/access-logs/aktual.ithome.hr

109.239.229.204 - - [11/May/2026:14:03:07 +0200] "GET / HTTP/1.1" 200 423 "-" "Mozilla/5.0 (Windows NT 6.1; WOW64) AppleWebKit/537.36 (KHTML, like Gecko) Chrome/34.0.1847.137 Safari/537.36"
109.239.229.204 - - [11/May/2026:14:08:07 +0200] "GET / HTTP/1.1" 200 423 "-" "Mozilla/5.0 (Windows NT 6.1; WOW64) AppleWebKit/537.36 (KHTML, like Gecko) Chrome/35.0.1916.114 Safari/537.36"
46.101.165.183 - - [11/May/2026:14:09:39 +0200] "GET http://aktual.hr/wp-content/uploads/sites/247/2016/05/maraschino-960x500.jpg HTTP/1.1" 200 423 "http://aktual.hr" "Mozilla/5.0 (Windows NT 10.0; Win64; x64) AppleWebKit/537.36 (KHTML, like Gecko) Chrome/147.0.0.0 Safari/537.36"
109.176.42.235 - - [11/May/2026:14:12:24 +0200] "GET / HTTP/1.1" 200 1223 "-" "Mozilla/5.0 (Macintosh; Intel Mac OS X 10_15_7) AppleWebKit/537.36 (KHTML, like Gecko) Chrome/104.0.0.0 Safari/537.36"
109.239.229.204 - - [11/May/2026:14:13:07 +0200] "GET / HTTP/1.1" 200 423 "-" "Mozilla/5.0 (Macintosh; Intel Mac OS X 10_9_2) AppleWebKit/537.75.14 (KHTML, like Gecko) Version/7.0.3 Safari/537.75.14"
43.135.142.7 - - [11/May/2026:14:14:17 +0200] "GET / HTTP/1.1" 200 423 "-" "Mozilla/5.0 (iPhone; CPU iPhone OS 13_2_3 like Mac OS X) AppleWebKit/605.1.15 (KHTML, like Gecko) Version/13.0.3 Mobile/15E148 Safari/604.1"
14.174.242.239 - - [11/May/2026:14:16:26 +0200] "GET http://www.aktual.hr/clanak/hrvatska/ekskluzivne-fotografije-otkrivaju-rasisti-medu-navijacima-dinama-neonacisticka-frakcija-no HTTP/1.1" 200 423 "-" "Mozilla/5.0 (Macintosh; Intel Mac OS X 10_14_6) AppleWebKit/537.36 (KHTML, like Gecko) Chrome/96.0.4664.55 Safari/537.36"
109.239.229.204 - - [11/May/2026:14:18:07 +0200] "GET / HTTP/1.1" 200 423 "-" "Mozilla/5.0 (Macintosh; Intel Mac OS X 10_9_2) AppleWebKit/537.75.14 (KHTML, like Gecko) Version/7.0.3 Safari/537.75.14"
216.244.66.195 - - [11/May/2026:14:21:52 +0200] "GET /robots.txt HTTP/1.1" 200 326 "-" "Mozilla/5.0 (compatible; DotBot/1.2; +https://opensiteexplorer.org/dotbot; help@moz.com)"
216.244.66.195 - - [11/May/2026:14:21:52 +0200] "GET /robots.txt HTTP/1.1" 200 326 "-" "Mozilla/5.0 (compatible; DotBot/1.2; +https://opensiteexplorer.org/dotbot; help@moz.com)"
52.167.144.187 - - [11/May/2026:14:22:34 +0200] "GET /sitemap_index.xml HTTP/1.1" 200 44 "-" "Mozilla/5.0 AppleWebKit/537.36 (KHTML, like Gecko; compatible; bingbot/2.0; +http://www.bing.com/bingbot.htm) Chrome/116.0.1938.76 Safari/537.36"
109.239.229.204 - - [11/May/2026:14:23:07 +0200] "GET / HTTP/1.1" 200 423 "-" "Mozilla/5.0 (Windows NT 6.1; WOW64) AppleWebKit/537.36 (KHTML, like Gecko) Chrome/34.0.1847.137 Safari/537.36"
37.236.31.34 - - [11/May/2026:14:25:16 +0200] "GET /clanak/hrvatska/2079/vlada-ima-novi-plan-50-000-radnih-mjesta-obnovom-drzavnih-objekata HTTP/1.1" 200 423 "-" "Mozilla/5.0 (Windows NT 6.1; WOW64) AppleWebKit/537.36 (KHTML, like Gecko) Chrome/96.0.4664.45 Safari/537.36"
14.240.170.194 - - [11/May/2026:14:25:25 +0200] "GET http://www.aktual.hr/clanak/hrvatska/2079/vlada-ima-novi-plan-50-000-radnih-mjesta-obnovom-drzavnih-objekata HTTP/1.1" 200 423 "-" "Mozilla/5.0 (Macintosh; Intel Mac OS X 10_13_6) AppleWebKit/537.36 (KHTML, like Gecko) Chrome/100.0.4896.75 Safari/537.36"
109.239.229.204 - - [11/May/2026:14:28:07 +0200] "GET / HTTP/1.1" 200 423 "-" "Mozilla/5.0 (Windows NT 6.1; WOW64; rv:29.0) Gecko/20100101 Firefox/29.0"
216.244.66.195 - - [11/May/2026:14:30:15 +0200] "GET /kolumna/dragan-antulov/portorikanske-noci-dnevnik-opijanja-sredovjecni-depp-vise-nije-pravi-izbor-za-ulogu-thompsona HTTP/1.1" 200 1223 "-" "Mozilla/5.0 (compatible; DotBot/1.2; +https://opensiteexplorer.org/dotbot; help@moz.com)"
216.244.66.195 - - [11/May/2026:14:30:19 +0200] "GET /kolumna/dragan-antulov/spijunske-intrige-snimljene-samo-zato-da-bi-se-osvojio-oscar HTTP/1.1" 200 1223 "-" "Mozilla/5.0 (compatible; DotBot/1.2; +https://opensiteexplorer.org/dotbot; help@moz.com)"
216.244.66.195 - - [11/May/2026:14:30:24 +0200] "GET /2023/07/08/kamo-na-kupanje-u-hrvatskoj-ako-nemate-priliku-otici-na-more/ HTTP/1.1" 200 1223 "-" "Mozilla/5.0 (compatible; DotBot/1.2; +https://opensiteexplorer.org/dotbot; help@moz.com)"
216.244.66.195 - - [11/May/2026:14:30:43 +0200] "GET /2023/08/03/sansa-za-auslandere-ivanovic-i-pasalic-dobili-su-mjesto-u-rijeckih-11-protiv-dukagjinija/ HTTP/1.1" 200 1223 "-" "Mozilla/5.0 (compatible; DotBot/1.2; +https://opensiteexplorer.org/dotbot; help@moz.com)"
216.244.66.195 - - [11/May/2026:14:30:45 +0200] "GET /2023/09/02/domaca-se-glumica-nakon-15-godina-odlucila-na-zivotnu-promjenu-otkrila-niz-detalja/ HTTP/1.1" 200 1223 "-" "Mozilla/5.0 (compatible; DotBot/1.2; +https://opensiteexplorer.org/dotbot; help@moz.com)"
216.244.66.195 - - [11/May/2026:14:31:16 +0200] "GET /2022/01/14/kriza-kao-prilika-za-promjenu-u-poslovanju-2/feed/ HTTP/1.1" 200 1223 "-" "Mozilla/5.0 (compatible; DotBot/1.2; +https://opensiteexplorer.org/dotbot; help@moz.com)"
109.239.229.204 - - [11/May/2026:14:33:07 +0200] "GET / HTTP/1.1" 200 423 "-" "Mozilla/5.0 (Windows NT 6.1; WOW64) AppleWebKit/537.36 (KHTML, like Gecko) Chrome/34.0.1847.137 Safari/537.36"
216.244.66.195 - - [11/May/2026:14:33:08 +0200] "GET /2023/03/12/jeste-pogodili-tko-je-dino-otkrivena-je-prva-maska-u-novoj-sezoni-detektivi-nisu-bili-uspjesni/ HTTP/1.1" 200 1223 "-" "Mozilla/5.0 (compatible; DotBot/1.2; +https://opensiteexplorer.org/dotbot; help@moz.com)"
216.244.66.195 - - [11/May/2026:14:34:05 +0200] "GET /2023/07/27/video-misteriozna-kuverta-putin-poslao-pismo-kim-jong-unu/ HTTP/1.1" 200 1223 "-" "Mozilla/5.0 (compatible; DotBot/1.2; +https://opensiteexplorer.org/dotbot; help@moz.com)"
216.244.66.195 - - [11/May/2026:14:36:17 +0200] "GET /2023/07/24/krajem-lipnja-11-posto-vise-zaposlenih-nego-godinu-prije/feed/ HTTP/1.1" 200 1223 "-" "Mozilla/5.0 (compatible; DotBot/1.2; +https://opensiteexplorer.org/dotbot; help@moz.com)"
216.244.66.195 - - [11/May/2026:14:36:51 +0200] "GET /2023/05/16/globalna-biznis-krema-obecala-najmanje-13-milijardi-eura-ulaganja/feed/ HTTP/1.1" 200 1223 "-" "Mozilla/5.0 (compatible; DotBot/1.2; +https://opensiteexplorer.org/dotbot; help@moz.com)"
216.244.66.195 - - [11/May/2026:14:36:53 +0200] "GET /2023/08/14/xiaomi-uskoro-predstavlja-redmi-pad-se-evo-sto-je-sve-poznato/feed/ HTTP/1.1" 200 1223 "-" "Mozilla/5.0 (compatible; DotBot/1.2; +https://opensiteexplorer.org/dotbot; help@moz.com)"
216.244.66.195 - - [11/May/2026:14:37:47 +0200] "GET /2026/04/24/how-can-i-including-a-secure-into-line-local-casino-around-australia/ HTTP/1.1" 200 1223 "-" "Mozilla/5.0 (compatible; DotBot/1.2; +https://opensiteexplorer.org/dotbot; help@moz.com)"
216.244.66.195 - - [11/May/2026:14:37:49 +0200] "GET /2026/04/24/kazino-oficialnyj-sajt-igrat-v-onlajn-kazino-pin-144/ HTTP/1.1" 200 1223 "-" "Mozilla/5.0 (compatible; DotBot/1.2; +https://opensiteexplorer.org/dotbot; help@moz.com)"
216.244.66.195 - - [11/May/2026:14:37:50 +0200] "GET /2026/04/24/najpozytywniejsze-kasyna-na-prawdziwe-pieniadze-na-terytorium-polski-2026/ HTTP/1.1" 200 1223 "-" "Mozilla/5.0 (compatible; DotBot/1.2; +https://opensiteexplorer.org/dotbot; help@moz.com)"
109.239.229.204 - - [11/May/2026:14:38:07 +0200] "GET / HTTP/1.1" 200 423 "-" "Mozilla/5.0 (X11; Linux x86_64; rv:29.0) Gecko/20100101 Firefox/29.0"
216.244.66.195 - - [11/May/2026:14:38:51 +0200] "GET /2026/04/17/besplatno-skachat-melbet-na-ayfon-mozhno-i-utilita-dlya-ustroystv-s-ios-imeet-svoi-osobennosti/ HTTP/1.1" 200 1223 "-" "Mozilla/5.0 (compatible; DotBot/1.2; +https://opensiteexplorer.org/dotbot; help@moz.com)"
216.244.66.195 - - [11/May/2026:14:38:53 +0200] "GET /2026/04/20/jeetcity-gambling-enterprise-bonus-requirements-2026-free-revolves-promo-also-offers-to-the/ HTTP/1.1" 200 1223 "-" "Mozilla/5.0 (compatible; DotBot/1.2; +https://opensiteexplorer.org/dotbot; help@moz.com)"
216.244.66.195 - - [11/May/2026:14:38:54 +0200] "GET /2026/04/24/roulette-is-popular-choices-among-towards-the-range-gambling-establishment-table-video-game/ HTTP/1.1" 200 1223 "-" "Mozilla/5.0 (compatible; DotBot/1.2; +https://opensiteexplorer.org/dotbot; help@moz.com)"
109.239.229.204 - - [11/May/2026:14:43:07 +0200] "GET / HTTP/1.1" 200 423 "-" "Mozilla/5.0 (Windows NT 6.1; WOW64) AppleWebKit/537.36 (KHTML, like Gecko) Chrome/35.0.1916.114 Safari/537.36"
109.239.229.204 - - [11/May/2026:14:48:07 +0200] "GET / HTTP/1.1" 200 423 "-" "Mozilla/5.0 (Macintosh; Intel Mac OS X 10_9_2) AppleWebKit/537.75.14 (KHTML, like Gecko) Version/7.0.3 Safari/537.75.14"
109.239.229.204 - - [11/May/2026:14:53:07 +0200] "GET / HTTP/1.1" 200 423 "-" "Mozilla/5.0 (Macintosh; Intel Mac OS X 10_9_2) AppleWebKit/537.36 (KHTML, like Gecko) Chrome/34.0.1847.131 Safari/537.36"
165.22.205.135 - - [11/May/2026:14:53:35 +0200] "GET / HTTP/1.1" 200 423 "-" "Mozilla/5.0 (X11; Linux x86_64; rv:142.0) Gecko/20100101 Firefox/142.0"
165.22.205.135 - - [11/May/2026:14:53:35 +0200] "GET /favicon.ico HTTP/1.1" 200 423 "http://www.aktual.hr/" "Mozilla/5.0 (X11; Linux x86_64; rv:142.0) Gecko/20100101 Firefox/142.0"
188.241.102.46 - - [11/May/2026:14:57:22 +0200] "GET / HTTP/1.0" 200 1211 "http://aktual.hr/" "Mozilla/5.0 (Windows NT 10.0; Win64; x64) AppleWebKit/537.36 (KHTML, like Gecko) Chrome/131.0.0.0 Safari/537.36"
109.239.229.204 - - [11/May/2026:14:58:07 +0200] "GET / HTTP/1.1" 200 423 "-" "Mozilla/5.0 (X11; Linux x86_64; rv:29.0) Gecko/20100101 Firefox/29.0"
54.39.0.161 - - [11/May/2026:15:02:29 +0200] "GET /robots.txt HTTP/1.1" 200 133 "-" "Mozilla/5.0 (compatible; AhrefsBot/7.0; +http://ahrefs.com/robot/)"
198.244.242.176 - - [11/May/2026:15:03:00 +0200] "GET /?sitemap215.xml HTTP/1.1" 200 44 "-" "Mozilla/5.0 (compatible; AhrefsBot/7.0; +http://ahrefs.com/robot/)"
109.239.229.204 - - [11/May/2026:15:03:07 +0200] "GET / HTTP/1.1" 200 423 "-" "Mozilla/5.0 (Windows NT 6.1; WOW64) AppleWebKit/537.36 (KHTML, like Gecko) Chrome/35.0.1916.114 Safari/537.36"
216.244.66.195 - - [11/May/2026:15:05:44 +0200] "GET /robots.txt HTTP/1.1" 200 326 "-" "Mozilla/5.0 (compatible; DotBot/1.2; +https://opensiteexplorer.org/dotbot; help@moz.com)"
52.77.167.177 - - [11/May/2026:15:06:57 +0200] "GET /robots.txt HTTP/1.1" 200 133 "-" "Go-http-client/1.1"
109.239.229.204 - - [11/May/2026:15:08:07 +0200] "GET / HTTP/1.1" 200 423 "-" "Mozilla/5.0 (X11; Linux x86_64; rv:29.0) Gecko/20100101 Firefox/29.0"
195.2.78.191 - - [11/May/2026:15:10:09 +0200] "GET / HTTP/1.0" 200 1211 "http://aktual.hr/" "Mozilla/5.0 (Windows NT 10.0; Win64; x64) AppleWebKit/537.36 (KHTML, like Gecko) Chrome/131.0.0.0 Safari/537.36 Avast/131.0.0.0"
146.247.137.6 - - [11/May/2026:15:11:38 +0200] "GET / HTTP/1.1" 200 423 "-" "Mozilla/5.0 (Windows NT 6.1; WOW64) AppleWebKit/537.36 (KHTML, like Gecko) Chrome/35.0.1916.114 Safari/537.36"
109.239.229.204 - - [11/May/2026:15:13:07 +0200] "GET / HTTP/1.1" 200 423 "-" "Mozilla/5.0 (Macintosh; Intel Mac OS X 10_9_2) AppleWebKit/537.75.14 (KHTML, like Gecko) Version/7.0.3 Safari/537.75.14"
66.249.72.230 - - [11/May/2026:15:13:28 +0200] "GET /ads.txt HTTP/1.1" 200 37546 "-" "Mozilla/5.0 (compatible; Googlebot/2.1; +http://www.google.com/bot.html)"
216.244.66.195 - - [11/May/2026:15:15:15 +0200] "GET /author/aktual/page/5189/ HTTP/1.1" 200 1223 "-" "Mozilla/5.0 (compatible; DotBot/1.2; +https://opensiteexplorer.org/dotbot; help@moz.com)"
216.244.66.195 - - [11/May/2026:15:15:24 +0200] "GET /2023/04/13/srbin-puni-naslovnice-njemackih-novina-ono-sto-je-ucinio-pokcerki-7-je-slijedilo-naciju-pronasli-ga-uz-tijelo-malene/feed/ HTTP/1.1" 200 1223 "-" "Mozilla/5.0 (compatible; DotBot/1.2; +https://opensiteexplorer.org/dotbot; help@moz.com)"
216.244.66.195 - - [11/May/2026:15:15:33 +0200] "GET /2023/08/10/pazite-od-kuda-kupujete-rabljeno-vozilo-iz-njemacke-mogli-biste-platiti-skuplje-od-nego-sto-mislite/ HTTP/1.1" 200 1223 "-" "Mozilla/5.0 (compatible; DotBot/1.2; +https://opensiteexplorer.org/dotbot; help@moz.com)"
216.244.66.195 - - [11/May/2026:15:17:10 +0200] "GET /author/aktual/page/904/ HTTP/1.1" 200 1223 "-" "Mozilla/5.0 (compatible; DotBot/1.2; +https://opensiteexplorer.org/dotbot; help@moz.com)"
109.239.229.204 - - [11/May/2026:15:18:07 +0200] "GET / HTTP/1.1" 200 423 "-" "Mozilla/5.0 (Windows NT 6.1; WOW64) AppleWebKit/537.36 (KHTML, like Gecko) Chrome/34.0.1847.137 Safari/537.36"
216.244.66.195 - - [11/May/2026:15:18:14 +0200] "GET /tag/hrvatska/page/2/ HTTP/1.1" 200 1223 "-" "Mozilla/5.0 (compatible; DotBot/1.2; +https://opensiteexplorer.org/dotbot; help@moz.com)"
216.244.66.195 - - [11/May/2026:15:20:57 +0200] "GET /2026/04/22/loto-klub-ofitsialnyy-sayt-onlayn-kazino-v-kazakhstane-4/ HTTP/1.1" 200 1223 "-" "Mozilla/5.0 (compatible; DotBot/1.2; +https://opensiteexplorer.org/dotbot; help@moz.com)"
216.244.66.195 - - [11/May/2026:15:21:02 +0200] "GET /2026/04/24/baccarat-because-described-of-the-seymour-in-the-1897/ HTTP/1.1" 200 1223 "-" "Mozilla/5.0 (compatible; DotBot/1.2; +https://opensiteexplorer.org/dotbot; help@moz.com)"
216.244.66.195 - - [11/May/2026:15:21:06 +0200] "GET /2026/04/24/baccarat-while-the-revealed-regarding-seymour-in-to-the-1897/ HTTP/1.1" 200 1223 "-" "Mozilla/5.0 (compatible; DotBot/1.2; +https://opensiteexplorer.org/dotbot; help@moz.com)"
216.244.66.195 - - [11/May/2026:15:21:09 +0200] "GET /2026/04/24/free-spins-no-deposit-polska-2026-%E1%90%88-najistotniejsze-kasyna-na-listopad/ HTTP/1.1" 200 1223 "-" "Mozilla/5.0 (compatible; DotBot/1.2; +https://opensiteexplorer.org/dotbot; help@moz.com)"
216.244.66.195 - - [11/May/2026:15:21:12 +0200] "GET /2026/04/24/judge-surroundings-to-have-gambling-on-line-around-australia/ HTTP/1.1" 200 1223 "-" "Mozilla/5.0 (compatible; DotBot/1.2; +https://opensiteexplorer.org/dotbot; help@moz.com)"
216.244.66.195 - - [11/May/2026:15:21:14 +0200] "GET /2026/04/24/najistotniejsze-kasyna-online-na-terytorium-polski-ranking-kasyn-2025/ HTTP/1.1" 200 1223 "-" "Mozilla/5.0 (compatible; DotBot/1.2; +https://opensiteexplorer.org/dotbot; help@moz.com)"
216.244.66.195 - - [11/May/2026:15:21:53 +0200] "GET /2026/04/24/these-demo-labels-are-ideal-for-trying-out-a-game-prior-to-gambling-cash-with-it/ HTTP/1.1" 200 1223 "-" "Mozilla/5.0 (compatible; DotBot/1.2; +https://opensiteexplorer.org/dotbot; help@moz.com)"
216.244.66.195 - - [11/May/2026:15:21:55 +0200] "GET /2026/04/26/here-are-an-educated-real-time-local-casino-bonus-provides-can-be-already-get-in-great-britain/ HTTP/1.1" 200 1223 "-" "Mozilla/5.0 (compatible; DotBot/1.2; +https://opensiteexplorer.org/dotbot; help@moz.com)"
148.135.195.139 - - [11/May/2026:15:22:59 +0200] "POST /xmlrpc.php HTTP/1.1" 403 1223 "-" "Mozilla/5.0 (Macintosh; Intel Mac OS X 10_15_7) AppleWebKit/537.36 (KHTML, like Gecko) Chrome/142.0.0.0 Safari/537.36"
148.135.195.139 - - [11/May/2026:15:23:00 +0200] "POST /xmlrpc.php HTTP/1.1" 403 1223 "-" "Mozilla/5.0 (Macintosh; Intel Mac OS X 10_15_7) AppleWebKit/537.36 (KHTML, like Gecko) Chrome/142.0.0.0 Safari/537.36"
148.135.195.139 - - [11/May/2026:15:23:01 +0200] "POST /xmlrpc.php HTTP/1.1" 403 1223 "-" "Mozilla/5.0 (Macintosh; Intel Mac OS X 10_15_7) AppleWebKit/537.36 (KHTML, like Gecko) Chrome/142.0.0.0 Safari/537.36"
148.135.195.139 - - [11/May/2026:15:23:01 +0200] "POST /xmlrpc.php HTTP/1.1" 403 1223 "-" "Mozilla/5.0 (Macintosh; Intel Mac OS X 10_15_7) AppleWebKit/537.36 (KHTML, like Gecko) Chrome/142.0.0.0 Safari/537.36"
109.239.229.204 - - [11/May/2026:15:23:07 +0200] "GET / HTTP/1.1" 200 423 "-" "Mozilla/5.0 (Macintosh; Intel Mac OS X 10_9_2) AppleWebKit/537.36 (KHTML, like Gecko) Chrome/34.0.1847.131 Safari/537.36"
44.214.53.18 - - [11/May/2026:15:24:34 +0200] "GET /robots.txt HTTP/1.1" 200 133 "-" "Mozilla/5.0 (Macintosh; Intel Mac OS X 10_10_1) AppleWebKit/600.2.5 (KHTML, like Gecko) Version/8.0.2 Safari/600.2.5 (Gort)"
51.195.215.210 - - [11/May/2026:15:27:14 +0200] "GET /?sitemap358.xml HTTP/1.1" 200 44 "-" "Mozilla/5.0 (compatible; AhrefsBot/7.0; +http://ahrefs.com/robot/)"
109.239.229.204 - - [11/May/2026:15:28:07 +0200] "GET / HTTP/1.1" 200 423 "-" "Mozilla/5.0 (X11; Linux x86_64; rv:29.0) Gecko/20100101 Firefox/29.0"
109.239.229.204 - - [11/May/2026:15:33:07 +0200] "GET / HTTP/1.1" 200 423 "-" "Mozilla/5.0 (Windows NT 6.1; WOW64) AppleWebKit/537.36 (KHTML, like Gecko) Chrome/34.0.1847.137 Safari/537.36"
185.245.84.8 - - [11/May/2026:15:35:24 +0200] "GET /wp-login.php HTTP/1.1" 200 741 "-" "Mozilla/5.0 (Windows NT 10.0; Win64; x64) AppleWebKit/537.36 (KHTML, like Gecko) Chrome/114.0.0.0 Safari/537.36"
109.239.229.204 - - [11/May/2026:15:38:07 +0200] "GET / HTTP/1.1" 200 423 "-" "Mozilla/5.0 (Windows NT 6.1; WOW64) AppleWebKit/537.36 (KHTML, like Gecko) Chrome/34.0.1847.131 Safari/537.36"
110.172.98.2 - - [11/May/2026:15:40:46 +0200] "GET / HTTP/1.1" 200 423 "-" "Mozilla/5.0 (Windows NT 10.0; Win64; x64) AppleWebKit/537.36 (KHTML, like Gecko) Chrome/79.0.3945.130 Safari/537.36"
110.172.98.2 - - [11/May/2026:15:40:46 +0200] "GET /favicon.ico HTTP/1.1" 200 1223 "-" "Mozilla/5.0"
109.239.229.204 - - [11/May/2026:15:43:07 +0200] "GET / HTTP/1.1" 200 423 "-" "Mozilla/5.0 (Windows NT 6.1; WOW64; rv:29.0) Gecko/20100101 Firefox/29.0"
138.246.239.187 - - [11/May/2026:15:43:40 +0200] "GET /robots.txt HTTP/1.1" 200 326 "-" "OWLer"
138.246.239.187 - - [11/May/2026:15:43:40 +0200] "GET / HTTP/1.1" 200 1223 "-" "OWLer"
109.239.229.204 - - [11/May/2026:15:48:07 +0200] "GET / HTTP/1.1" 200 423 "-" "Mozilla/5.0 (Windows NT 6.1; WOW64) AppleWebKit/537.36 (KHTML, like Gecko) Chrome/34.0.1847.137 Safari/537.36"
185.245.84.8 - - [11/May/2026:15:48:10 +0200] "GET /wp-login.php HTTP/1.1" 200 741 "-" "Mozilla/5.0 (Windows NT 10.0; Win64; x64) AppleWebKit/537.36 (KHTML, like Gecko) Chrome/114.0.0.0 Safari/537.36"
208.84.100.215 - - [11/May/2026:15:48:45 +0200] "GET / HTTP/1.1" 200 423 "-" "Mozilla/5.0 (Macintosh; Intel Mac OS X 10.15; rv:150.0) Gecko/20100101 Firefox/150.0"
51.68.236.93 - - [11/May/2026:15:49:14 +0200] "GET /robots.txt HTTP/1.1" 200 133 "-" "Mozilla/5.0 (compatible; MJ12bot/v2.0.5; http://mj12bot.com/)"
51.68.236.93 - - [11/May/2026:15:49:14 +0200] "GET / HTTP/1.1" 200 423 "-" "Mozilla/5.0 (compatible; MJ12bot/v2.0.5; http://mj12bot.com/)"
66.249.77.131 - - [11/May/2026:15:49:24 +0200] "GET /robots.txt HTTP/1.1" 200 133 "-" "Mozilla/5.0 (compatible; Googlebot/2.1; +http://www.google.com/bot.html)"
216.244.66.195 - - [11/May/2026:15:49:42 +0200] "GET /robots.txt HTTP/1.1" 200 326 "-" "Mozilla/5.0 (compatible; DotBot/1.2; +https://opensiteexplorer.org/dotbot; help@moz.com)"
66.249.77.132 - - [11/May/2026:15:50:26 +0200] "GET /ads.txt HTTP/1.1" 200 39308 "-" "Mozilla/5.0 (compatible; Googlebot/2.1; +http://www.google.com/bot.html)"
109.239.229.204 - - [11/May/2026:15:53:07 +0200] "GET / HTTP/1.1" 200 423 "-" "Mozilla/5.0 (Macintosh; Intel Mac OS X 10_9_2) AppleWebKit/537.36 (KHTML, like Gecko) Chrome/34.0.1847.131 Safari/537.36"
185.245.84.8 - - [11/May/2026:15:55:25 +0200] "GET /wp-login.php HTTP/1.1" 200 741 "-" "Mozilla/5.0 (Windows NT 10.0; Win64; x64) AppleWebKit/537.36 (KHTML, like Gecko) Chrome/114.0.0.0 Safari/537.36"
177.172.149.72 - - [11/May/2026:15:56:02 +0200] "GET http://www.aktual.hr/clanak/hrvatska/6975/novi-aktual-donosi-vlada-ce-jadrankamenu-oprostiti-dugove-i-postati-suvlasnik-tvrtke HTTP/1.1" 200 423 "-" "Mozilla/5.0 (Windows NT 10.0; Win64; x64) AppleWebKit/537.36 (KHTML, like Gecko) Chrome/93.0.4564.0 Safari/537.36"
109.239.229.204 - - [11/May/2026:15:58:07 +0200] "GET / HTTP/1.1" 200 423 "-" "Mozilla/5.0 (Windows NT 6.1; WOW64) AppleWebKit/537.36 (KHTML, like Gecko) Chrome/34.0.1847.137 Safari/537.36"
216.244.66.195 - - [11/May/2026:15:59:13 +0200] "GET /2023/07/17/tecaj-eura-prema-dolaru-skocio-na-najvise-razine-u-16-mjeseci/ HTTP/1.1" 200 1223 "-" "Mozilla/5.0 (compatible; DotBot/1.2; +https://opensiteexplorer.org/dotbot; help@moz.com)"
216.244.66.195 - - [11/May/2026:15:59:31 +0200] "GET /2026/04/15/skachayte-lotoclub-me-i-igrayte-v-loterei-loto-klub-na-khodu/ HTTP/1.1" 200 1223 "-" "Mozilla/5.0 (compatible; DotBot/1.2; +https://opensiteexplorer.org/dotbot; help@moz.com)"
185.245.84.8 - - [11/May/2026:16:00:55 +0200] "GET /wp-login.php HTTP/1.1" 200 741 "-" "Mozilla/5.0 (Windows NT 10.0; Win64; x64) AppleWebKit/537.36 (KHTML, like Gecko) Chrome/114.0.0.0 Safari/537.36"
109.239.229.204 - - [11/May/2026:16:03:07 +0200] "GET / HTTP/1.1" 200 423 "-" "Mozilla/5.0 (Windows NT 6.1; WOW64) AppleWebKit/537.36 (KHTML, like Gecko) Chrome/34.0.1847.131 Safari/537.36"
216.244.66.195 - - [11/May/2026:16:03:32 +0200] "GET /2023/05/21/imamo-recepte-za-hit-pizze-s-pizza-festivala-i-pastu-koju-priprema-melkior-basic/feed/ HTTP/1.1" 200 1223 "-" "Mozilla/5.0 (compatible; DotBot/1.2; +https://opensiteexplorer.org/dotbot; help@moz.com)"
216.244.66.195 - - [11/May/2026:16:04:16 +0200] "GET /2026/04/13/de-spelgids-voor-beginners-online-casinos-en-gokken/ HTTP/1.1" 200 1223 "-" "Mozilla/5.0 (compatible; DotBot/1.2; +https://opensiteexplorer.org/dotbot; help@moz.com)"
216.244.66.195 - - [11/May/2026:16:04:19 +0200] "GET /2026/04/24/conviene-divertirsi-i-premio-sulla-anzi-misurato/ HTTP/1.1" 200 1223 "-" "Mozilla/5.0 (compatible; DotBot/1.2; +https://opensiteexplorer.org/dotbot; help@moz.com)"
216.244.66.195 - - [11/May/2026:16:04:21 +0200] "GET /2026/04/24/dependence-on-licensing-when-deciding-on-a-secure-to-the-line-local-casino/ HTTP/1.1" 200 1223 "-" "Mozilla/5.0 (compatible; DotBot/1.2; +https://opensiteexplorer.org/dotbot; help@moz.com)"
216.244.66.195 - - [11/May/2026:16:04:23 +0200] "GET /2026/04/24/qualunque-bonus-ha-principio-2-giorni-e-prevede-certain-turnover-di-1/ HTTP/1.1" 200 1223 "-" "Mozilla/5.0 (compatible; DotBot/1.2; +https://opensiteexplorer.org/dotbot; help@moz.com)"
216.244.66.195 - - [11/May/2026:16:04:25 +0200] "GET /2026/04/25/how-can-i-including-a-secure-on-line-casino-around-australia/ HTTP/1.1" 200 1223 "-" "Mozilla/5.0 (compatible; DotBot/1.2; +https://opensiteexplorer.org/dotbot; help@moz.com)"
216.244.66.195 - - [11/May/2026:16:04:27 +0200] "GET /2026/04/26/there-are-many-different-video-game-business-in-the-world-of-gaming/ HTTP/1.1" 200 1223 "-" "Mozilla/5.0 (compatible; DotBot/1.2; +https://opensiteexplorer.org/dotbot; help@moz.com)"
109.239.229.204 - - [11/May/2026:16:08:08 +0200] "GET / HTTP/1.1" 200 423 "-" "Mozilla/5.0 (Windows NT 6.1; WOW64) AppleWebKit/537.36 (KHTML, like Gecko) Chrome/34.0.1847.131 Safari/537.36"
109.239.229.204 - - [11/May/2026:16:13:09 +0200] "GET / HTTP/1.1" 200 423 "-" "Mozilla/5.0 (X11; Linux x86_64; rv:29.0) Gecko/20100101 Firefox/29.0"
198.244.240.148 - - [11/May/2026:16:14:00 +0200] "GET /?sitemap215.xml HTTP/1.1" 200 44 "-" "Mozilla/5.0 (compatible; AhrefsBot/7.0; +http://ahrefs.com/robot/)"
193.180.223.247 - - [11/May/2026:16:17:01 +0200] "GET / HTTP/1.1" 200 423 "-" "Mozilla/5.0 (Windows NT 6.3; Win64; x64; rv:109.0) Gecko/20100101 Firefox/115"
109.239.229.204 - - [11/May/2026:16:18:09 +0200] "GET / HTTP/1.1" 200 423 "-" "Mozilla/5.0 (Windows NT 6.1; WOW64) AppleWebKit/537.36 (KHTML, like Gecko) Chrome/34.0.1847.131 Safari/537.36"
104.28.156.60 - - [11/May/2026:16:22:08 +0200] "GET / HTTP/1.1" 200 1223 "-" "Mozilla/5.0 (Windows NT 6.1; WOW64; rv:38.0) Gecko/20100101 Firefox/38.0"
104.28.156.60 - - [11/May/2026:16:22:08 +0200] "GET /feed/ HTTP/1.1" 200 1223 "-" "Mozilla/5.0 (Windows NT 6.1; WOW64; rv:38.0) Gecko/20100101 Firefox/38.0"
109.239.229.204 - - [11/May/2026:16:23:09 +0200] "GET / HTTP/1.1" 200 423 "-" "Mozilla/5.0 (Windows NT 6.1; WOW64) AppleWebKit/537.36 (KHTML, like Gecko) Chrome/34.0.1847.131 Safari/537.36"
109.239.229.204 - - [11/May/2026:16:28:09 +0200] "GET / HTTP/1.1" 200 423 "-" "Mozilla/5.0 (Windows NT 6.1; WOW64) AppleWebKit/537.36 (KHTML, like Gecko) Chrome/34.0.1847.137 Safari/537.36"
49.51.233.95 - - [11/May/2026:16:30:43 +0200] "GET / HTTP/1.1" 200 423 "-" "Mozilla/5.0 (iPhone; CPU iPhone OS 13_2_3 like Mac OS X) AppleWebKit/605.1.15 (KHTML, like Gecko) Version/13.0.3 Mobile/15E148 Safari/604.1"
185.245.84.8 - - [11/May/2026:16:32:10 +0200] "GET /wp-login.php HTTP/1.1" 200 741 "-" "Mozilla/5.0 (Windows NT 10.0; Win64; x64) AppleWebKit/537.36 (KHTML, like Gecko) Chrome/114.0.0.0 Safari/537.36"
109.239.229.204 - - [11/May/2026:16:33:09 +0200] "GET / HTTP/1.1" 200 423 "-" "Mozilla/5.0 (Windows NT 6.1; WOW64) AppleWebKit/537.36 (KHTML, like Gecko) Chrome/35.0.1916.114 Safari/537.36"
216.244.66.195 - - [11/May/2026:16:33:27 +0200] "GET /robots.txt HTTP/1.1" 200 326 "-" "Mozilla/5.0 (compatible; DotBot/1.2; +https://opensiteexplorer.org/dotbot; help@moz.com)"
146.247.137.15 - - [11/May/2026:16:36:57 +0200] "GET /robots.txt HTTP/1.1" 200 326 "-" "curl/8.18.0"
109.239.229.204 - - [11/May/2026:16:38:09 +0200] "GET / HTTP/1.1" 200 423 "-" "Mozilla/5.0 (Macintosh; Intel Mac OS X 10_9_2) AppleWebKit/537.36 (KHTML, like Gecko) Chrome/34.0.1847.131 Safari/537.36"
144.76.22.44 - - [11/May/2026:16:39:15 +0200] "GET /robots.txt HTTP/1.1" 200 133 "-" "Mozilla/5.0 (Windows NT 10.0; Win64; x64; trendictionbot0.5.0; trendiction search; http://www.trendiction.de/bot; please let us know of any problems; web at trendiction.com) Gecko/20100101 Firefox/125.0"
144.76.22.44 - - [11/May/2026:16:39:16 +0200] "GET / HTTP/1.1" 200 423 "-" "Mozilla/5.0 (Windows NT 10.0; Win64; x64; trendictionbot0.5.0; trendiction search; http://www.trendiction.de/bot; please let us know of any problems; web at trendiction.com) Gecko/20100101 Firefox/125.0"
216.244.66.195 - - [11/May/2026:16:42:40 +0200] "GET /2026/04/15/oferte-bonus-sa-cazino-gratuite-insa-achitare-disponibile-prep-jucatorii-romani-pe-frank-casino/ HTTP/1.1" 200 1223 "-" "Mozilla/5.0 (compatible; DotBot/1.2; +https://opensiteexplorer.org/dotbot; help@moz.com)"
109.239.229.204 - - [11/May/2026:16:43:09 +0200] "GET / HTTP/1.1" 200 423 "-" "Mozilla/5.0 (Windows NT 6.1; WOW64; rv:29.0) Gecko/20100101 Firefox/29.0"
216.244.66.195 - - [11/May/2026:16:44:18 +0200] "GET /2023/04/22/veliki-klubovi-zale-se-na-guste-rasporede-engleski-nizeligas-danas-igra-sedmu-utakmicu-u-10-dana/ HTTP/1.1" 200 1223 "-" "Mozilla/5.0 (compatible; DotBot/1.2; +https://opensiteexplorer.org/dotbot; help@moz.com)"
185.245.84.8 - - [11/May/2026:16:45:06 +0200] "GET /wp-login.php HTTP/1.1" 200 741 "-" "Mozilla/5.0 (Windows NT 10.0; Win64; x64) AppleWebKit/537.36 (KHTML, like Gecko) Chrome/114.0.0.0 Safari/537.36"
216.244.66.195 - - [11/May/2026:16:46:54 +0200] "GET /2026/04/27/kingschipcasinouk-deposit-bonus-an-in-depth-review-for-uk-players/ HTTP/1.1" 200 1223 "-" "Mozilla/5.0 (compatible; DotBot/1.2; +https://opensiteexplorer.org/dotbot; help@moz.com)"
216.244.66.195 - - [11/May/2026:16:47:14 +0200] "GET /2023/05/18/na-najvecem-job-fairu-do-sada-se-predstavilo-vise-od-150-poduzeca/feed/ HTTP/1.1" 200 1223 "-" "Mozilla/5.0 (compatible; DotBot/1.2; +https://opensiteexplorer.org/dotbot; help@moz.com)"
14.162.25.34 - - [11/May/2026:16:47:43 +0200] "GET /sitemap516.xml HTTP/1.1" 200 28437 "-" "Mozilla/5.0 (Macintosh; Intel Mac OS X 11_5_2) AppleWebKit/537.36 (KHTML, like Gecko) Chrome/124.0.6367.82 Safari/537.36"
216.244.66.195 - - [11/May/2026:16:47:47 +0200] "GET /2026/04/18/online-gambling-has-arrived-so-youre-able-to-western-virginia-%EF%BF%BD-that-is-correct-online-poker-inside-western-virginia-has-become-completely-legal/ HTTP/1.1" 200 1223 "-" "Mozilla/5.0 (compatible; DotBot/1.2; +https://opensiteexplorer.org/dotbot; help@moz.com)"
216.244.66.195 - - [11/May/2026:16:47:53 +0200] "GET /2026/04/20/what-is-fanduel-casino/ HTTP/1.1" 200 1223 "-" "Mozilla/5.0 (compatible; DotBot/1.2; +https://opensiteexplorer.org/dotbot; help@moz.com)"
216.244.66.195 - - [11/May/2026:16:48:00 +0200] "GET /2026/04/27/site-officiel-billetterie-9/ HTTP/1.1" 200 1223 "-" "Mozilla/5.0 (compatible; DotBot/1.2; +https://opensiteexplorer.org/dotbot; help@moz.com)"
216.244.66.195 - - [11/May/2026:16:48:07 +0200] "GET /category/posao/page/244/ HTTP/1.1" 200 1223 "-" "Mozilla/5.0 (compatible; DotBot/1.2; +https://opensiteexplorer.org/dotbot; help@moz.com)"
109.239.229.204 - - [11/May/2026:16:48:09 +0200] "GET / HTTP/1.1" 200 423 "-" "Mozilla/5.0 (Macintosh; Intel Mac OS X 10_9_2) AppleWebKit/537.75.14 (KHTML, like Gecko) Version/7.0.3 Safari/537.75.14"
216.244.66.195 - - [11/May/2026:16:48:12 +0200] "GET /tag/stete/ HTTP/1.1" 200 1223 "-" "Mozilla/5.0 (compatible; DotBot/1.2; +https://opensiteexplorer.org/dotbot; help@moz.com)"
202.76.174.144 - - [11/May/2026:16:48:29 +0200] "GET /sitemap894.xml HTTP/1.1" 200 28124 "-" "Mozilla/5.0 (Macintosh; Intel Mac OS X 14_5_0) AppleWebKit/537.36 (KHTML, like Gecko) Chrome/133.0.6943.98 Safari/537.36"
181.161.232.34 - - [11/May/2026:16:48:41 +0200] "GET /sitemap930.xml HTTP/1.1" 200 28075 "-" "Mozilla/5.0 (Macintosh; Intel Mac OS X 13_5_2) AppleWebKit/537.36 (KHTML, like Gecko) Chrome/129.0.6668.100 Safari/537.36"
216.244.66.195 - - [11/May/2026:16:48:49 +0200] "GET /2026/04/24/che-razza-di-acquisire-il-gratifica-escludendo-fondo-durante-svizzera/ HTTP/1.1" 200 1223 "-" "Mozilla/5.0 (compatible; DotBot/1.2; +https://opensiteexplorer.org/dotbot; help@moz.com)"
216.244.66.195 - - [11/May/2026:16:48:53 +0200] "GET /2026/04/24/the-way-we-find-casinos-on-the-internet-are-safe-for-au-users/ HTTP/1.1" 200 1223 "-" "Mozilla/5.0 (compatible; DotBot/1.2; +https://opensiteexplorer.org/dotbot; help@moz.com)"
78.152.215.113 - - [11/May/2026:16:49:03 +0200] "GET /sitemap775.xml HTTP/1.1" 200 27943 "-" "Mozilla/5.0 (Windows NT 10.0; Win64; x64; rv:133.0) Gecko/20100101 Firefox/133.0"
14.187.132.177 - - [11/May/2026:16:49:34 +0200] "GET /sitemap346.xml HTTP/1.1" 200 503042 "-" "Mozilla/4.0 (Windows; MSIE 6.0; Windows NT 6.0)"
185.245.84.8 - - [11/May/2026:16:52:13 +0200] "GET /wp-login.php HTTP/1.1" 200 741 "-" "Mozilla/5.0 (Windows NT 10.0; Win64; x64) AppleWebKit/537.36 (KHTML, like Gecko) Chrome/114.0.0.0 Safari/537.36"
109.239.229.204 - - [11/May/2026:16:53:09 +0200] "GET / HTTP/1.1" 200 423 "-" "Mozilla/5.0 (Windows NT 6.1; WOW64; rv:29.0) Gecko/20100101 Firefox/29.0"
49.150.79.100 - - [11/May/2026:16:53:13 +0200] "GET /sitemap220.xml HTTP/1.1" 200 28155 "-" "Mozilla/5.0 (Macintosh; Intel Mac OS X 13.5; rv:131.0) Gecko/20100101 Firefox/131.0"
106.0.53.235 - - [11/May/2026:16:57:18 +0200] "GET /sitemap951.xml HTTP/1.1" 200 28010 "-" "Mozilla/5.0 (Macintosh; Intel Mac OS X 15_3_0) AppleWebKit/537.36 (KHTML, like Gecko) Chrome/127.0.6533.72 Safari/537.36"
5.181.131.248 - - [11/May/2026:16:57:44 +0200] "GET /hrana/kajzersmarn-ili-carski-drobljenac/ HTTP/1.1" 200 423 "http://aktual.hr/" "Mozilla/5.0 (Macintosh; Intel Mac OS X 10.15; rv:149.0) Gecko/20100101 Firefox/149.0"
109.239.229.204 - - [11/May/2026:16:58:09 +0200] "GET / HTTP/1.1" 200 423 "-" "Mozilla/5.0 (Windows NT 6.1; WOW64) AppleWebKit/537.36 (KHTML, like Gecko) Chrome/34.0.1847.137 Safari/537.36"
51.195.183.217 - - [11/May/2026:17:00:06 +0200] "GET /?sitemap358.xml HTTP/1.1" 200 44 "-" "Mozilla/5.0 (compatible; AhrefsBot/7.0; +http://ahrefs.com/robot/)"
202.76.164.20 - - [11/May/2026:17:00:45 +0200] "GET /sitemap139.xml HTTP/1.1" 200 27833 "-" "Mozilla/5.0 (Macintosh; Intel Mac OS X 12_7_3) AppleWebKit/537.36 (KHTML, like Gecko) Chrome/132.0.6834.83 Safari/537.36"
109.239.229.204 - - [11/May/2026:17:03:10 +0200] "GET / HTTP/1.1" 200 423 "-" "Mozilla/5.0 (Macintosh; Intel Mac OS X 10_9_2) AppleWebKit/537.36 (KHTML, like Gecko) Chrome/34.0.1847.131 Safari/537.36"
103.115.196.225 - - [11/May/2026:17:07:36 +0200] "GET /sitemap664.xml HTTP/1.1" 200 28344 "-" "Mozilla/5.0 (Macintosh; Intel Mac OS X 14_5_0) AppleWebKit/537.36 (KHTML, like Gecko) Chrome/130.0.6723.69 Safari/537.36"
109.239.229.204 - - [11/May/2026:17:08:10 +0200] "GET / HTTP/1.1" 200 423 "-" "Mozilla/5.0 (Macintosh; Intel Mac OS X 10_9_2) AppleWebKit/537.36 (KHTML, like Gecko) Chrome/34.0.1847.131 Safari/537.36"
45.8.139.90 - - [11/May/2026:17:10:55 +0200] "GET /sitemap73.xml HTTP/1.1" 200 28088 "-" "Mozilla/5.0 (Windows NT 10.0; Win64; x64; rv:134.0) Gecko/20100101 Firefox/134.0"
88.123.181.131 - - [11/May/2026:17:12:32 +0200] "GET /sitemap165.xml HTTP/1.1" 200 28252 "-" "Mozilla/5.0 (Macintosh; Intel Mac OS X 10_15_7) AppleWebKit/537.36 (KHTML, like Gecko) Chrome/124.0.6367.82 Safari/537.36"
109.239.229.204 - - [11/May/2026:17:13:10 +0200] "GET / HTTP/1.1" 200 423 "-" "Mozilla/5.0 (Windows NT 6.1; WOW64; rv:29.0) Gecko/20100101 Firefox/29.0"
146.174.164.104 - - [11/May/2026:17:14:48 +0200] "GET /sitemap574.xml HTTP/1.1" 200 27625 "-" "Mozilla/5.0 (Macintosh; Intel Mac OS X 14_4_0) AppleWebKit/537.36 (KHTML, like Gecko) Chrome/134.0.6998.45"
14.235.120.96 - - [11/May/2026:17:15:12 +0200] "GET /sitemap117.xml HTTP/1.1" 200 28215 "-" "Mozilla/5.0 (Windows NT 10.0; Win64; x64) AppleWebKit/537.36 (KHTML, like Gecko) Chrome/132.0.6834.83 Safari/537.36"
14.235.250.47 - - [11/May/2026:17:17:08 +0200] "GET /sitemap849.xml HTTP/1.1" 200 27609 "-" "Mozilla/5.0 (Macintosh; Intel Mac OS X 11.6; rv:135.0) Gecko/20100101 Firefox/135.0"
216.244.66.195 - - [11/May/2026:17:17:26 +0200] "GET /robots.txt HTTP/1.1" 200 326 "-" "Mozilla/5.0 (compatible; DotBot/1.2; +https://opensiteexplorer.org/dotbot; help@moz.com)"
109.239.229.204 - - [11/May/2026:17:18:10 +0200] "GET / HTTP/1.1" 200 423 "-" "Mozilla/5.0 (Windows NT 6.1; WOW64) AppleWebKit/537.36 (KHTML, like Gecko) Chrome/35.0.1916.114 Safari/537.36"
123.28.240.101 - - [11/May/2026:17:18:17 +0200] "GET /sitemap976.xml HTTP/1.1" 200 28100 "-" "Mozilla/5.0 (Macintosh; Intel Mac OS X 12_5_0) AppleWebKit/537.36 (KHTML, like Gecko) Chrome/132.0.6834.160 Safari/537.36"
14.163.67.49 - - [11/May/2026:17:20:10 +0200] "GET /sitemap762.xml HTTP/1.1" 200 28405 "-" "Mozilla/5.0 (Macintosh; Intel Mac OS X 13.2; rv:131.0) Gecko/20100101 Firefox/131.0"
52.167.144.184 - - [11/May/2026:17:21:27 +0200] "GET /clanak/crna-kronika/5493/foto-aktual-donosi-pucnjava-u-zagrebu-nepoznati-pocinitelj-na-jagodnjaku-izresetao-osobni-automobil HTTP/1.1" 200 44 "-" "Mozilla/5.0 AppleWebKit/537.36 (KHTML, like Gecko; compatible; bingbot/2.0; +http://www.bing.com/bingbot.htm) Chrome/116.0.1938.76 Safari/537.36"
109.239.229.204 - - [11/May/2026:17:23:10 +0200] "GET / HTTP/1.1" 200 423 "-" "Mozilla/5.0 (Windows NT 6.1; WOW64) AppleWebKit/537.36 (KHTML, like Gecko) Chrome/35.0.1916.114 Safari/537.36"
216.244.66.195 - - [11/May/2026:17:25:34 +0200] "GET /2023/07/29/kako-bi-ostvarili-siguran-uspjeh-izbjegavajte-ova-4-iskusenja/ HTTP/1.1" 200 1223 "-" "Mozilla/5.0 (compatible; DotBot/1.2; +https://opensiteexplorer.org/dotbot; help@moz.com)"
216.244.66.195 - - [11/May/2026:17:26:23 +0200] "GET /2023/07/21/agrosolari-idealni-za-vocnjake-vinograde-ili-polja-za-ispasu-stite-i-od-tuce-i-suse-ali-interes-je-slab/feed/ HTTP/1.1" 200 1223 "-" "Mozilla/5.0 (compatible; DotBot/1.2; +https://opensiteexplorer.org/dotbot; help@moz.com)"
216.244.66.195 - - [11/May/2026:17:26:43 +0200] "GET /2023/04/03/spremaju-udar-na-zds-sljedu-drakonske-kazne-moglo-bi-stajati-pravo-bogatstvo-zele-disciplinirati-gradane-objavili-detalje-iz-ministarstva/feed/ HTTP/1.1" 200 1223 "-" "Mozilla/5.0 (compatible; DotBot/1.2; +https://opensiteexplorer.org/dotbot; help@moz.com)"
109.239.229.204 - - [11/May/2026:17:28:10 +0200] "GET / HTTP/1.1" 200 423 "-" "Mozilla/5.0 (Windows NT 6.1; WOW64) AppleWebKit/537.36 (KHTML, like Gecko) Chrome/34.0.1847.131 Safari/537.36"
216.244.66.195 - - [11/May/2026:17:29:25 +0200] "GET /tag/moze/page/2/ HTTP/1.1" 200 1223 "-" "Mozilla/5.0 (compatible; DotBot/1.2; +https://opensiteexplorer.org/dotbot; help@moz.com)"
216.244.66.195 - - [11/May/2026:17:29:28 +0200] "GET /tag/policija/page/3/ HTTP/1.1" 200 1223 "-" "Mozilla/5.0 (compatible; DotBot/1.2; +https://opensiteexplorer.org/dotbot; help@moz.com)"
216.244.66.195 - - [11/May/2026:17:30:40 +0200] "GET /2023/03/14/velik-dio-zagreba-bez-struje-provjerite-kad-bi-vas-mogli-iskljuciti-i-na-koliko-dugo/ HTTP/1.1" 200 1223 "-" "Mozilla/5.0 (compatible; DotBot/1.2; +https://opensiteexplorer.org/dotbot; help@moz.com)"
98.195.227.91 - - [11/May/2026:17:30:50 +0200] "GET /sitemap835.xml HTTP/1.1" 200 28265 "-" "Mozilla/5.0 (Windows NT 10.0; Win64; x64) AppleWebKit/537.36 (KHTML, like Gecko) Chrome/128.0.6613.84 Safari/537.36"
216.244.66.195 - - [11/May/2026:17:31:59 +0200] "GET /2026/04/24/poker-live-folla-azzurra-al-battle-of-fango/ HTTP/1.1" 200 1223 "-" "Mozilla/5.0 (compatible; DotBot/1.2; +https://opensiteexplorer.org/dotbot; help@moz.com)"
109.239.229.204 - - [11/May/2026:17:33:10 +0200] "GET / HTTP/1.1" 200 423 "-" "Mozilla/5.0 (Macintosh; Intel Mac OS X 10_9_2) AppleWebKit/537.36 (KHTML, like Gecko) Chrome/34.0.1847.131 Safari/537.36"
205.210.31.137 - - [11/May/2026:17:33:25 +0200] "GET / HTTP/1.1" 200 1223 "-" "Hello from Palo Alto Networks, find out more about our scans in https://docs-cortex.paloaltonetworks.com/r/1/Cortex-Xpanse/Scanning-activity"
216.244.66.195 - - [11/May/2026:17:33:55 +0200] "GET /2025/04/26/emerging-trends-and-security-implications-of-cryptocurrency-mining-mobile-applications/ HTTP/1.1" 200 1223 "-" "Mozilla/5.0 (compatible; DotBot/1.2; +https://opensiteexplorer.org/dotbot; help@moz.com)"
85.208.98.23 - - [11/May/2026:17:35:18 +0200] "GET /robots.txt HTTP/1.1" 200 133 "-" "Mozilla/5.0 (compatible; SemrushBot-BA; +http://www.semrush.com/bot.html)"
109.239.229.204 - - [11/May/2026:17:38:10 +0200] "GET / HTTP/1.1" 200 423 "-" "Mozilla/5.0 (Macintosh; Intel Mac OS X 10_9_2) AppleWebKit/537.75.14 (KHTML, like Gecko) Version/7.0.3 Safari/537.75.14"
109.239.229.204 - - [11/May/2026:17:43:10 +0200] "GET / HTTP/1.1" 200 423 "-" "Mozilla/5.0 (Windows NT 6.1; WOW64) AppleWebKit/537.36 (KHTML, like Gecko) Chrome/35.0.1916.114 Safari/537.36"
109.239.229.204 - - [11/May/2026:17:48:10 +0200] "GET / HTTP/1.1" 200 423 "-" "Mozilla/5.0 (Macintosh; Intel Mac OS X 10_9_2) AppleWebKit/537.36 (KHTML, like Gecko) Chrome/34.0.1847.131 Safari/537.36"
202.76.180.22 - - [11/May/2026:17:49:26 +0200] "GET /sitemap471.xml HTTP/1.1" 200 28187 "-" "Mozilla/5.0 (Macintosh; Intel Mac OS X 12.3; rv:131.0) Gecko/20100101 Firefox/131.0"
85.208.98.23 - - [11/May/2026:17:49:51 +0200] "GET /robots.txt HTTP/1.1" 200 133 "-" "Mozilla/5.0 (compatible; SemrushBot-BA; +http://www.semrush.com/bot.html)"
109.239.229.204 - - [11/May/2026:17:53:10 +0200] "GET / HTTP/1.1" 200 423 "-" "Mozilla/5.0 (Windows NT 6.1; WOW64) AppleWebKit/537.36 (KHTML, like Gecko) Chrome/34.0.1847.131 Safari/537.36"
94.212.134.49 - - [11/May/2026:17:56:55 +0200] "GET /sitemap875.xml HTTP/1.1" 200 27942 "-" "Mozilla/5.0 (Windows NT 10.0; WOW64; rv:136.0) Gecko/20100101 Firefox/136.0"
109.239.229.204 - - [11/May/2026:17:58:10 +0200] "GET / HTTP/1.1" 200 423 "-" "Mozilla/5.0 (Windows NT 6.1; WOW64) AppleWebKit/537.36 (KHTML, like Gecko) Chrome/35.0.1916.114 Safari/537.36"