178.159.37.39 - - [11/May/2026:16:56:43 +0200] "GET /2023/03/17/nacionalna-udruga-ugostitelja-postala-je-pridruzena-clanica-hup-a/ HTTP/1.0" 200 1211 "https://aktual.hr/2023/03/17/nacionalna-udruga-ugostitelja-postala-je-pridruzena-clanica-hup-a/#comment-108846" "Mozilla/5.0 (Windows NT 10.0; Win64; x64) AppleWebKit/537.36 (KHTML, like Gecko) Chrome/130.0.0.0 Safari/537.36 CCleaner/130.0.0.0"
178.159.37.39 - - [11/May/2026:16:56:43 +0200] "GET / HTTP/1.0" 200 1211 "https://aktual.hr/" "Mozilla/5.0 (Windows NT 10.0; Win64; x64) AppleWebKit/537.36 (KHTML, like Gecko) Chrome/130.0.0.0 Safari/537.36 CCleaner/130.0.0.0"
3.213.46.222 - - [11/May/2026:16:56:43 +0200] "GET /wp-json/wp/v2/posts/1868 HTTP/1.1" 200 423 "-" "Mozilla/5.0 AppleWebKit/537.36 (KHTML, like Gecko; compatible; Amazonbot/0.1; +https://developer.amazon.com/support/amazonbot) Chrome/119.0.6045.214 Safari/537.36"
66.249.72.226 - - [11/May/2026:16:56:47 +0200] "GET /?goods/128039885 HTTP/1.1" 200 37983 "-" "Mozilla/5.0 (Linux; Android 6.0.1; Nexus 5X Build/MMB29P) AppleWebKit/537.36 (KHTML, like Gecko) Chrome/147.0.7727.137 Mobile Safari/537.36 (compatible; Googlebot/2.1; +http://www.google.com/bot.html)"
66.249.72.226 - - [11/May/2026:16:56:47 +0200] "GET /?jp/023001059.html HTTP/1.1" 200 38295 "-" "Mozilla/5.0 (Linux; Android 6.0.1; Nexus 5X Build/MMB29P) AppleWebKit/537.36 (KHTML, like Gecko) Chrome/147.0.7727.137 Mobile Safari/537.36 (compatible; Googlebot/2.1; +http://www.google.com/bot.html)"
45.10.152.219 - - [11/May/2026:16:56:52 +0200] "GET /2023/08/08/muscle-booster/ HTTP/1.1" 200 423 "-" "Mozilla/5.0 (Macintosh; Intel Mac OS X 10_15_7) AppleWebKit/537.36 (KHTML, like Gecko) Chrome/147.0.0.0 Safari/537.36"
178.159.37.97 - - [11/May/2026:16:56:52 +0200] "GET /2023/10/03/direktor-izdavacke-strategije-sergiy-galyonkin-odlazi-iz-epic-gamesa/ HTTP/1.0" 200 1211 "https://aktual.hr/2023/10/03/direktor-izdavacke-strategije-sergiy-galyonkin-odlazi-iz-epic-gamesa/#comment-109004" "Mozilla/5.0 (Windows NT 10.0; Win64; x64) AppleWebKit/537.36 (KHTML, like Gecko) Chrome/129.0.0.0 Safari/537.36"
45.10.152.219 - - [11/May/2026:16:56:53 +0200] "GET /robots.txt HTTP/1.1" 200 133 "https://aktual.hr/2023/08/08/muscle-booster/" "Mozilla/5.0 (Macintosh; Intel Mac OS X 10_15_7) AppleWebKit/537.36 (KHTML, like Gecko) Chrome/147.0.0.0 Safari/537.36"
45.10.152.219 - - [11/May/2026:16:56:53 +0200] "GET /favicon.ico HTTP/1.1" 200 423 "https://aktual.hr/2023/08/08/muscle-booster/" "Mozilla/5.0 (Macintosh; Intel Mac OS X 10_15_7) AppleWebKit/537.36 (KHTML, like Gecko) Chrome/147.0.0.0 Safari/537.36"
66.249.72.227 - - [11/May/2026:16:56:53 +0200] "GET / HTTP/1.1" 200 37634 "-" "GoogleOther"
45.10.152.219 - - [11/May/2026:16:56:53 +0200] "GET /2023/08/08/muscle-booster/ HTTP/1.1" 200 423 "https://aktual.hr/2023/08/08/muscle-booster/" "Mozilla/5.0 (Macintosh; Intel Mac OS X 10_15_7) AppleWebKit/537.36 (KHTML, like Gecko) Chrome/147.0.0.0 Safari/537.36"
103.127.7.36 - - [11/May/2026:16:56:53 +0200] "GET /2026/04/22/moonwin-gambling-enterprise-2026/ HTTP/1.1" 200 423 "-" "Mozilla/5.0 (Windows NT 10.0; Win64; x64) AppleWebKit/537.36 (KHTML, like Gecko) Chrome/99.0.4844.74 Safari/537.36"
178.159.37.97 - - [11/May/2026:16:56:54 +0200] "GET / HTTP/1.0" 200 1211 "https://aktual.hr/" "Mozilla/5.0 (Windows NT 10.0; Win64; x64) AppleWebKit/537.36 (KHTML, like Gecko) Chrome/129.0.0.0 Safari/537.36"
66.249.72.227 - - [11/May/2026:16:56:56 +0200] "GET /shopdetail/desert/046000269 HTTP/1.1" 200 37901 "-" "Mozilla/5.0 (Linux; Android 6.0.1; Nexus 5X Build/MMB29P) AppleWebKit/537.36 (KHTML, like Gecko) Chrome/147.0.7727.137 Mobile Safari/537.36 (compatible; Googlebot/2.1; +http://www.google.com/bot.html)"
66.249.72.227 - - [11/May/2026:16:56:57 +0200] "GET /?detail/23803228368668 HTTP/1.1" 200 37502 "-" "Mozilla/5.0 (Linux; Android 6.0.1; Nexus 5X Build/MMB29P) AppleWebKit/537.36 (KHTML, like Gecko) Chrome/147.0.7727.137 Mobile Safari/537.36 (compatible; Googlebot/2.1; +http://www.google.com/bot.html)"
116.179.32.13 - - [11/May/2026:16:57:05 +0200] "GET /?p=25776 HTTP/1.1" 200 44 "-" "Mozilla/5.0 (compatible; Baiduspider/2.0; +http://www.baidu.com/search/spider.html)"
66.249.72.228 - - [11/May/2026:16:57:08 +0200] "GET /?jp/273008166.html HTTP/1.1" 200 37272 "-" "Mozilla/5.0 (Linux; Android 6.0.1; Nexus 5X Build/MMB29P) AppleWebKit/537.36 (KHTML, like Gecko) Chrome/147.0.7727.137 Mobile Safari/537.36 (compatible; Googlebot/2.1; +http://www.google.com/bot.html)"
47.128.42.75 - - [11/May/2026:16:57:14 +0200] "GET /2023/07/05/ivana-cikic-evo-kako-otkriti-sve-slabosti-nekretnina-koje-kupujete/ HTTP/1.1" 200 423 "-" "Mozilla/5.0 (Linux; Android 5.0) AppleWebKit/537.36 (KHTML, like Gecko) Mobile Safari/537.36 (compatible; Bytespider; spider-feedback@bytedance.com)"
66.249.72.227 - - [11/May/2026:16:57:23 +0200] "GET /?jp/285035490.html HTTP/1.1" 200 37610 "-" "Mozilla/5.0 (Linux; Android 6.0.1; Nexus 5X Build/MMB29P) AppleWebKit/537.36 (KHTML, like Gecko) Chrome/147.0.7727.137 Mobile Safari/537.36 (compatible; Googlebot/2.1; +http://www.google.com/bot.html)"
178.159.37.97 - - [11/May/2026:16:57:24 +0200] "GET /2023/08/24/naocale-s-plavim-filtrom-su/ HTTP/1.0" 200 1211 "https://aktual.hr/2023/08/24/naocale-s-plavim-filtrom-su/#comment-108880" "Mozilla/5.0 (Windows NT 10.0; Win64; x64) AppleWebKit/537.36 (KHTML, like Gecko) Chrome/131.0.0.0 Safari/537.36"
178.159.37.97 - - [11/May/2026:16:57:24 +0200] "GET / HTTP/1.0" 200 1211 "https://aktual.hr/" "Mozilla/5.0 (Windows NT 10.0; Win64; x64) AppleWebKit/537.36 (KHTML, like Gecko) Chrome/131.0.0.0 Safari/537.36"
107.23.62.75 - - [11/May/2026:16:57:28 +0200] "GET /2023/04/01/arsano-medical-group-je-s-vise-od-45-mil-euro-investment-najveci-investitor-u-privatno-zdravstvo-aviva-seli-na-novu-lokaciju-i-prosiruje-ponudu-usluga/ HTTP/1.1" 200 423 "-" "Mozilla/5.0 AppleWebKit/537.36 (KHTML, like Gecko; compatible; Amazonbot/0.1; +https://developer.amazon.com/support/amazonbot) Chrome/119.0.6045.214 Safari/537.36"
66.249.72.226 - - [11/May/2026:16:57:31 +0200] "GET /2023/03/13/cyber-sigurnost-prvo-pravilo-kada-se-bavite-iznudom-je-brzo-djelovati/ HTTP/1.1" 200 38321 "-" "Mozilla/5.0 (Linux; Android 6.0.1; Nexus 5X Build/MMB29P) AppleWebKit/537.36 (KHTML, like Gecko) Chrome/147.0.7727.137 Mobile Safari/537.36 (compatible; Googlebot/2.1; +http://www.google.com/bot.html)"
66.249.72.226 - - [11/May/2026:16:57:33 +0200] "GET /?goods/099000937 HTTP/1.1" 200 38576 "-" "Mozilla/5.0 (Linux; Android 6.0.1; Nexus 5X Build/MMB29P) AppleWebKit/537.36 (KHTML, like Gecko) Chrome/147.0.7727.137 Mobile Safari/537.36 (compatible; Googlebot/2.1; +http://www.google.com/bot.html)"
57.141.0.2 - - [11/May/2026:16:57:35 +0200] "GET /2026/04/24/cose-indivisible-onore-di-cerimonia-mediante-vacuita-di-terra/ HTTP/1.1" 200 1223 "-" "meta-externalagent/1.1 (+https://developers.facebook.com/docs/sharing/webmasters/crawler)"
66.249.72.226 - - [11/May/2026:16:57:44 +0200] "GET /?detail/0150409563024 HTTP/1.1" 200 36470 "-" "Mozilla/5.0 (Linux; Android 6.0.1; Nexus 5X Build/MMB29P) AppleWebKit/537.36 (KHTML, like Gecko) Chrome/147.0.7727.137 Mobile Safari/537.36 (compatible; Googlebot/2.1; +http://www.google.com/bot.html)"
91.84.124.167 - - [11/May/2026:16:57:45 +0200] "GET /2023/10/03/direktor-izdavacke-strategije-sergiy-galyonkin-odlazi-iz-epic-gamesa/ HTTP/1.0" 200 1211 "https://aktual.hr/2023/10/03/direktor-izdavacke-strategije-sergiy-galyonkin-odlazi-iz-epic-gamesa/" "Mozilla/5.0 (Windows NT 10.0; Win64; x64) AppleWebKit/537.36 (KHTML, like Gecko) Chrome/131.0.0.0 Safari/537.36 Avast/131.0.0.0"
91.84.124.167 - - [11/May/2026:16:57:45 +0200] "GET / HTTP/1.0" 200 1211 "https://aktual.hr/" "Mozilla/5.0 (Windows NT 10.0; Win64; x64) AppleWebKit/537.36 (KHTML, like Gecko) Chrome/131.0.0.0 Safari/537.36 Avast/131.0.0.0"
178.159.37.39 - - [11/May/2026:16:57:48 +0200] "GET /2023/03/18/grayling-je-objavio-izvjestaj-kreiranje-prednosti-u-2023-kako-doprijeti-i-utjecati-na-publiku-2/ HTTP/1.0" 200 1211 "https://aktual.hr/2023/03/18/grayling-je-objavio-izvjestaj-kreiranje-prednosti-u-2023-kako-doprijeti-i-utjecati-na-publiku-2/#comment-108999" "Mozilla/5.0 (Windows NT 10.0; Win64; x64) AppleWebKit/537.36 (KHTML, like Gecko) Chrome/130.0.0.0 Safari/537.36 CCleaner/130.0.0.0"
178.159.37.39 - - [11/May/2026:16:57:49 +0200] "GET / HTTP/1.0" 200 1211 "https://aktual.hr/" "Mozilla/5.0 (Windows NT 10.0; Win64; x64) AppleWebKit/537.36 (KHTML, like Gecko) Chrome/130.0.0.0 Safari/537.36 CCleaner/130.0.0.0"
40.77.167.151 - - [11/May/2026:16:57:54 +0200] "GET /2026/04/22/jak-skontaktowac-sie-z-adresowaniem-klienta-do-kasynie-internet/ HTTP/1.1" 200 44 "-" "Mozilla/5.0 AppleWebKit/537.36 (KHTML, like Gecko; compatible; bingbot/2.0; +http://www.bing.com/bingbot.htm) Chrome/116.0.1938.76 Safari/537.36"
66.249.72.227 - - [11/May/2026:16:57:54 +0200] "GET /?detail/23802113871033 HTTP/1.1" 200 38606 "-" "Mozilla/5.0 (Linux; Android 6.0.1; Nexus 5X Build/MMB29P) AppleWebKit/537.36 (KHTML, like Gecko) Chrome/147.0.7727.137 Mobile Safari/537.36 (compatible; Googlebot/2.1; +http://www.google.com/bot.html)"
66.249.72.227 - - [11/May/2026:16:57:56 +0200] "GET /?detail/0250009309334 HTTP/1.1" 200 39145 "-" "Mozilla/5.0 (Linux; Android 6.0.1; Nexus 5X Build/MMB29P) AppleWebKit/537.36 (KHTML, like Gecko) Chrome/147.0.7727.137 Mobile Safari/537.36 (compatible; Googlebot/2.1; +http://www.google.com/bot.html)"
40.77.167.71 - - [11/May/2026:16:57:57 +0200] "GET /2026/04/24/exactly-how-canadian-social-cover-performs-cover-on-line-bettors/ HTTP/1.1" 200 44 "-" "Mozilla/5.0 AppleWebKit/537.36 (KHTML, like Gecko; compatible; bingbot/2.0; +http://www.bing.com/bingbot.htm) Chrome/116.0.1938.76 Safari/537.36"
40.77.167.48 - - [11/May/2026:16:57:58 +0200] "GET /2023/03/05/ruska-fosilna-goriva-i-dalje-trazena-diljem-svijeta/ HTTP/1.1" 200 44 "-" "Mozilla/5.0 AppleWebKit/537.36 (KHTML, like Gecko; compatible; bingbot/2.0; +http://www.bing.com/bingbot.htm) Chrome/116.0.1938.76 Safari/537.36"
147.135.213.32 - - [11/May/2026:16:58:04 +0200] "GET /robots.txt HTTP/1.1" 200 326 "-" "Mozilla/5.0 (compatible; MJ12bot/v1.4.8; http://mj12bot.com/)"
147.135.213.32 - - [11/May/2026:16:58:05 +0200] "GET /2023/03/14/svjetski-sajam-obrazovanja-ove-godine-uz-institucije-okuplja-i-istaknuta-imena-iz-poslovnog-svijeta/ HTTP/1.1" 200 423 "-" "Mozilla/5.0 (compatible; MJ12bot/v1.4.8; http://mj12bot.com/)"
147.135.213.32 - - [11/May/2026:16:58:07 +0200] "GET /2023/04/14/video-najava-nastupa-porsche-digital-croatia-na-debugu/ HTTP/1.1" 200 423 "-" "Mozilla/5.0 (compatible; MJ12bot/v1.4.8; http://mj12bot.com/)"
66.249.72.227 - - [11/May/2026:16:58:08 +0200] "GET /?goods/122003343 HTTP/1.1" 200 39744 "-" "Mozilla/5.0 (Linux; Android 6.0.1; Nexus 5X Build/MMB29P) AppleWebKit/537.36 (KHTML, like Gecko) Chrome/147.0.7727.137 Mobile Safari/537.36 (compatible; Googlebot/2.1; +http://www.google.com/bot.html)"
147.135.213.32 - - [11/May/2026:16:58:08 +0200] "GET /2023/06/09/asee-ov-live-3-0-komunikacijska-platforma-i-crm-alat-koji-upravlja-odnosima-s-klijentima-podize-na-visu-razinu/ HTTP/1.1" 200 423 "-" "Mozilla/5.0 (compatible; MJ12bot/v1.4.8; http://mj12bot.com/)"
147.135.213.32 - - [11/May/2026:16:58:10 +0200] "GET /2023/06/24/sef-ufc-a-vec-dogovara-mec-izmedu-muska-i-zuckerberga/ HTTP/1.1" 200 423 "-" "Mozilla/5.0 (compatible; MJ12bot/v1.4.8; http://mj12bot.com/)"
147.135.213.32 - - [11/May/2026:16:58:11 +0200] "GET /2023/06/24/u-hrvatskoj-se-konacno-moze-naruciti-proizvod-zbog-kojeg-cete-zaboraviti-na-znojni-dekolte/ HTTP/1.1" 200 423 "-" "Mozilla/5.0 (compatible; MJ12bot/v1.4.8; http://mj12bot.com/)"
40.77.167.151 - - [11/May/2026:16:58:12 +0200] "GET /2023/08/01/izgubljen-kontakt-sa-sondom-voyager-2-u-nasa-i-se-nadaju-da-je-privremeno/ HTTP/1.1" 200 44 "-" "Mozilla/5.0 AppleWebKit/537.36 (KHTML, like Gecko; compatible; bingbot/2.0; +http://www.bing.com/bingbot.htm) Chrome/116.0.1938.76 Safari/537.36"
147.135.213.32 - - [11/May/2026:16:58:13 +0200] "GET /2023/06/27/poklonite-trajno-prijedlozi-koji-ce-vam-olaksati-darivanje-najdrazih-u-vrijeme-krstenja-pricesti-i-krizme/ HTTP/1.1" 200 423 "-" "Mozilla/5.0 (compatible; MJ12bot/v1.4.8; http://mj12bot.com/)"
147.135.213.32 - - [11/May/2026:16:58:14 +0200] "GET /2023/07/06/vived/ HTTP/1.1" 200 423 "-" "Mozilla/5.0 (compatible; MJ12bot/v1.4.8; http://mj12bot.com/)"
66.249.72.227 - - [11/May/2026:16:58:15 +0200] "GET /?detail/107008225119 HTTP/1.1" 200 38973 "-" "Mozilla/5.0 (Linux; Android 6.0.1; Nexus 5X Build/MMB29P) AppleWebKit/537.36 (KHTML, like Gecko) Chrome/147.0.7727.137 Mobile Safari/537.36 (compatible; Googlebot/2.1; +http://www.google.com/bot.html)"
147.135.213.32 - - [11/May/2026:16:58:16 +0200] "GET /2023/09/14/tim-bulman-oecd-najprije-su-porasli-profiti-tek-su-onda-slijedili-pritisci-na-rast-placa/ HTTP/1.1" 200 423 "-" "Mozilla/5.0 (compatible; MJ12bot/v1.4.8; http://mj12bot.com/)"
40.77.167.71 - - [11/May/2026:16:58:16 +0200] "GET /2023/03/31/zvijezda-vec-sestu-godinu-za-redom-potvrduje-vodecu-poziciju-na-trzistu-prema-brandscore-listi-snage-brandova-u-hrvatskoj/ HTTP/1.1" 200 44 "-" "Mozilla/5.0 AppleWebKit/537.36 (KHTML, like Gecko; compatible; bingbot/2.0; +http://www.bing.com/bingbot.htm) Chrome/116.0.1938.76 Safari/537.36"
178.159.37.17 - - [11/May/2026:16:58:16 +0200] "GET /2023/10/06/sto-je-to-antidepresiv-i-koje-vrste-postoje/ HTTP/1.0" 200 1211 "https://aktual.hr/2023/10/06/sto-je-to-antidepresiv-i-koje-vrste-postoje/#comment-109020" "Mozilla/5.0 (Windows NT 10.0; Win64; x64) AppleWebKit/537.36 (KHTML, like Gecko) Chrome/130.0.0.0 Safari/537.36"
178.159.37.17 - - [11/May/2026:16:58:17 +0200] "GET / HTTP/1.0" 200 1211 "https://aktual.hr/" "Mozilla/5.0 (Windows NT 10.0; Win64; x64) AppleWebKit/537.36 (KHTML, like Gecko) Chrome/130.0.0.0 Safari/537.36"
147.135.213.32 - - [11/May/2026:16:58:17 +0200] "GET /2023/09/20/daymare-1994-sandcastle-dobio-prvu-vecu-zakrpu-koja-olaksava-story-i-normal-modove/ HTTP/1.1" 200 423 "-" "Mozilla/5.0 (compatible; MJ12bot/v1.4.8; http://mj12bot.com/)"
147.135.213.32 - - [11/May/2026:16:58:19 +0200] "GET /2023/09/20/steam-popusti-return-to-monkey-island-stray-i-niz-drugih-igara/ HTTP/1.1" 200 423 "-" "Mozilla/5.0 (compatible; MJ12bot/v1.4.8; http://mj12bot.com/)"
147.135.213.32 - - [11/May/2026:16:58:20 +0200] "GET /2023/09/24/jubilarna-50-ambienta-od-26-rujna-do-1-listopada/ HTTP/1.1" 200 423 "-" "Mozilla/5.0 (compatible; MJ12bot/v1.4.8; http://mj12bot.com/)"
66.249.72.226 - - [11/May/2026:16:58:21 +0200] "GET /?detail/073046401265 HTTP/1.1" 200 38187 "-" "Mozilla/5.0 (Linux; Android 6.0.1; Nexus 5X Build/MMB29P) AppleWebKit/537.36 (KHTML, like Gecko) Chrome/147.0.7727.137 Mobile Safari/537.36 (compatible; Googlebot/2.1; +http://www.google.com/bot.html)"
147.135.213.32 - - [11/May/2026:16:58:22 +0200] "GET /2026/04/05/azyrky-boostwin-k%D2%AFzg%D2%AFs%D2%AF-kazinonun-b%D3%A9g%D3%A9tt%D3%A9l%D2%AFsh%D2%AFn-aylanyp-%D3%A9t%D3%A9t-interfeys-oyunchular-kerekt%D2%AF%D2%AF-b%D3%A9l%D2%AFmd%D3%A9rd%D2%AF-tez-taba-ala-turg/ HTTP/1.1" 200 423 "-" "Mozilla/5.0 (compatible; MJ12bot/v1.4.8; http://mj12bot.com/)"
147.135.213.32 - - [11/May/2026:16:58:23 +0200] "GET /2026/04/10/%CE%B5%CF%80%CE%B9%CE%BA%CE%B5%CE%AF%CE%BC%CE%B5%CE%BD%CE%B1-%CF%80%CF%81%CF%8C%CF%83%CF%86%CE%B5%CF%81%CF%84%CE%B1-%CF%83%CF%84%CE%BF-%CE%B2%CE%B9%CE%BA%CE%B9%CE%BC%CE%AD%CF%84%CF%81%CE%B7%CF%83/ HTTP/1.1" 200 423 "-" "Mozilla/5.0 (compatible; MJ12bot/v1.4.8; http://mj12bot.com/)"
147.135.213.32 - - [11/May/2026:16:58:25 +0200] "GET /2026/04/10/%E0%B8%AA%E0%B8%A5%E0%B9%87%E0%B8%AD%E0%B8%95%E0%B8%A3%E0%B8%A7%E0%B8%A1%E0%B8%94%E0%B8%B2%E0%B8%A7%E0%B8%97%E0%B8%B5%E0%B9%88%E0%B8%A1%E0%B8%B5%E0%B8%8A%E0%B8%B7%E0%B9%88%E0%B8%AD%E0%B8%A7%E0%B9%88/ HTTP/1.1" 200 423 "-" "Mozilla/5.0 (compatible; MJ12bot/v1.4.8; http://mj12bot.com/)"
147.135.213.32 - - [11/May/2026:16:58:26 +0200] "GET /2026/04/13/melbet-zerkalo-rabochee-na-segodnya-skachat-besplatno-obzor-legalnogo-dostupa-%D8%B9%D9%84%D8%A7%D9%85%D9%87-alamh/ HTTP/1.1" 200 423 "-" "Mozilla/5.0 (compatible; MJ12bot/v1.4.8; http://mj12bot.com/)"
147.135.213.32 - - [11/May/2026:16:58:28 +0200] "GET /2026/04/17/1xbet-d%C9%99n-bonus-cixarislarinin-ohd%C9%99sind%C9%99n-g%C9%99lin-1xbet-d%C9%99n-bonus-cixarislari-ad%C9%99t%C9%99n-sad%C9%99-v%C9%99-emal-ucun-asandir/ HTTP/1.1" 200 423 "-" "Mozilla/5.0 (compatible; MJ12bot/v1.4.8; http://mj12bot.com/)"
147.135.213.32 - - [11/May/2026:16:58:29 +0200] "GET /2026/04/21/%D0%BF%D1%96%D0%B4%D1%82%D1%80%D0%B8%D0%BC%D0%BA%D0%B0-slot-city-%D0%BA%D0%B0%D0%B7%D0%B8%D0%BD%D0%BE-%D0%BE%D0%B3%D0%BB%D1%8F%D0%B4/ HTTP/1.1" 200 423 "-" "Mozilla/5.0 (compatible; MJ12bot/v1.4.8; http://mj12bot.com/)"
147.135.213.32 - - [11/May/2026:16:58:31 +0200] "GET /2026/04/22/traktat-ktorzy-maja-kasynem-rejestracja-i-logowanie-szczegoly-po-szczegolach/feed/ HTTP/1.1" 200 423 "-" "Mozilla/5.0 (compatible; MJ12bot/v1.4.8; http://mj12bot.com/)"
88.198.25.144 - - [11/May/2026:16:58:32 +0200] "GET /2023/04/13/opera-donosi-svoj-besplatni-vpn-na-ios HTTP/1.1" 200 423 "https://aktual.hr/" "Mozilla/5.0 (Macintosh; Intel Mac OS X 12.5; rv:114.0) Gecko/20100101 Firefox/114.0"
87.250.224.94 - - [11/May/2026:16:58:32 +0200] "GET /hrana/bakina-kuharica-s-okusima-repe-za-tople-zimske-dane/ HTTP/1.1" 200 44 "-" "Mozilla/5.0 (compatible; YandexBot/3.0; +http://yandex.com/bots)"
147.135.213.32 - - [11/May/2026:16:58:32 +0200] "GET /2026/04/25/security-and-safety-is-actually-important-with-regards-to-online-gambling-from-inside-the-western-virginia/ HTTP/1.1" 200 423 "-" "Mozilla/5.0 (compatible; MJ12bot/v1.4.8; http://mj12bot.com/)"
66.249.72.226 - - [11/May/2026:16:58:34 +0200] "GET /?jp/087000517.html HTTP/1.1" 200 38458 "-" "Mozilla/5.0 (Linux; Android 6.0.1; Nexus 5X Build/MMB29P) AppleWebKit/537.36 (KHTML, like Gecko) Chrome/147.0.7727.137 Mobile Safari/537.36 (compatible; Googlebot/2.1; +http://www.google.com/bot.html)"
147.135.213.32 - - [11/May/2026:16:58:34 +0200] "GET /category/posao/page/461/ HTTP/1.1" 200 423 "-" "Mozilla/5.0 (compatible; MJ12bot/v1.4.8; http://mj12bot.com/)"
57.141.0.20 - - [11/May/2026:16:58:35 +0200] "GET /?p=55637 HTTP/1.1" 200 1223 "-" "meta-externalagent/1.1 (+https://developers.facebook.com/docs/sharing/webmasters/crawler)"
178.159.37.25 - - [11/May/2026:16:58:35 +0200] "GET /2023/09/19/prva-hrvatska-prigodna-kovanica-od-2-eura/ HTTP/1.0" 200 1211 "https://aktual.hr/2023/09/19/prva-hrvatska-prigodna-kovanica-od-2-eura/#comment-109516" "Mozilla/5.0 (Windows NT 10.0; Win64; x64) AppleWebKit/537.36 (KHTML, like Gecko) Chrome/130.0.0.0 Safari/537.36"
178.159.37.25 - - [11/May/2026:16:58:35 +0200] "GET / HTTP/1.0" 200 1211 "https://aktual.hr/" "Mozilla/5.0 (Windows NT 10.0; Win64; x64) AppleWebKit/537.36 (KHTML, like Gecko) Chrome/130.0.0.0 Safari/537.36"
147.135.213.32 - - [11/May/2026:16:58:36 +0200] "GET /category/posao/page/462/ HTTP/1.1" 200 423 "-" "Mozilla/5.0 (compatible; MJ12bot/v1.4.8; http://mj12bot.com/)"
57.141.0.35 - - [11/May/2026:16:58:37 +0200] "GET /2026/04/24/une-des-raison-pour-laquelle-yukon-gold-est-lun-salle-de-jeu-un-tantinet-utile/ HTTP/1.1" 200 1223 "-" "meta-externalagent/1.1 (+https://developers.facebook.com/docs/sharing/webmasters/crawler)"
147.135.213.32 - - [11/May/2026:16:58:37 +0200] "GET /category/tech/page/20/ HTTP/1.1" 200 423 "-" "Mozilla/5.0 (compatible; MJ12bot/v1.4.8; http://mj12bot.com/)"
116.179.32.16 - - [11/May/2026:16:58:38 +0200] "GET /?p=26868 HTTP/1.1" 200 44 "-" "Mozilla/5.0 (compatible; Baiduspider/2.0; +http://www.baidu.com/search/spider.html)"
147.135.213.32 - - [11/May/2026:16:58:39 +0200] "GET /category/tech/page/21/ HTTP/1.1" 200 423 "-" "Mozilla/5.0 (compatible; MJ12bot/v1.4.8; http://mj12bot.com/)"
147.135.213.32 - - [11/May/2026:16:58:40 +0200] "GET /category/tech/page/223/ HTTP/1.1" 200 423 "-" "Mozilla/5.0 (compatible; MJ12bot/v1.4.8; http://mj12bot.com/)"
147.135.213.32 - - [11/May/2026:16:58:42 +0200] "GET /category/tech/page/224/ HTTP/1.1" 200 423 "-" "Mozilla/5.0 (compatible; MJ12bot/v1.4.8; http://mj12bot.com/)"
147.135.213.32 - - [11/May/2026:16:58:43 +0200] "GET /tag/macron/ HTTP/1.1" 200 423 "-" "Mozilla/5.0 (compatible; MJ12bot/v1.4.8; http://mj12bot.com/)"
147.135.213.32 - - [11/May/2026:16:58:45 +0200] "GET /tag/potpisao/ HTTP/1.1" 200 423 "-" "Mozilla/5.0 (compatible; MJ12bot/v1.4.8; http://mj12bot.com/)"
66.249.72.226 - - [11/May/2026:16:58:45 +0200] "GET /?detail/181037651604 HTTP/1.1" 200 39020 "-" "Mozilla/5.0 (Linux; Android 6.0.1; Nexus 5X Build/MMB29P) AppleWebKit/537.36 (KHTML, like Gecko) Chrome/147.0.7727.137 Mobile Safari/537.36 (compatible; Googlebot/2.1; +http://www.google.com/bot.html)"
147.135.213.32 - - [11/May/2026:16:58:46 +0200] "GET /tag/teska/ HTTP/1.1" 200 423 "-" "Mozilla/5.0 (compatible; MJ12bot/v1.4.8; http://mj12bot.com/)"
147.135.213.32 - - [11/May/2026:16:58:48 +0200] "GET /tag/uzivo/feed/ HTTP/1.1" 200 423 "-" "Mozilla/5.0 (compatible; MJ12bot/v1.4.8; http://mj12bot.com/)"
57.141.0.8 - - [11/May/2026:16:58:49 +0200] "GET /2026/04/24/najlepsze-kasyna-sieciowy-na-terytorium-polski-w-2026-1404-scuola-italiana-eugenio-montale/ HTTP/1.1" 200 1223 "-" "meta-externalagent/1.1 (+https://developers.facebook.com/docs/sharing/webmasters/crawler)"
66.249.72.227 - - [11/May/2026:16:58:54 +0200] "GET /?detail/160008535510 HTTP/1.1" 200 38957 "-" "Mozilla/5.0 (Linux; Android 6.0.1; Nexus 5X Build/MMB29P) AppleWebKit/537.36 (KHTML, like Gecko) Chrome/147.0.7727.137 Mobile Safari/537.36 (compatible; Googlebot/2.1; +http://www.google.com/bot.html)"
139.177.183.139 - - [11/May/2026:16:59:03 +0200] "GET /feed/ HTTP/1.1" 200 423 "-" "Apache-HttpClient/4.5.13 (Java/1.8.0_172)"
139.177.183.139 - - [11/May/2026:16:59:03 +0200] "GET /comments/feed/ HTTP/1.1" 200 423 "-" "Apache-HttpClient/4.5.13 (Java/1.8.0_172)"
139.177.183.139 - - [11/May/2026:16:59:03 +0200] "GET /category/vijesti/feed/ HTTP/1.1" 200 423 "-" "Apache-HttpClient/4.5.13 (Java/1.8.0_172)"
139.177.183.139 - - [11/May/2026:16:59:03 +0200] "GET /category/sport/feed/ HTTP/1.1" 200 423 "-" "Apache-HttpClient/4.5.13 (Java/1.8.0_172)"
139.177.183.139 - - [11/May/2026:16:59:03 +0200] "GET /category/lifestyle/feed/ HTTP/1.1" 200 423 "-" "Apache-HttpClient/4.5.13 (Java/1.8.0_172)"
139.177.183.139 - - [11/May/2026:16:59:04 +0200] "GET /category/magazin/feed/ HTTP/1.1" 200 423 "-" "Apache-HttpClient/4.5.13 (Java/1.8.0_172)"
139.177.183.139 - - [11/May/2026:16:59:04 +0200] "GET /category/posao/feed/ HTTP/1.1" 200 423 "-" "Apache-HttpClient/4.5.13 (Java/1.8.0_172)"
139.177.183.139 - - [11/May/2026:16:59:04 +0200] "GET /category/tech/feed/ HTTP/1.1" 200 423 "-" "Apache-HttpClient/4.5.13 (Java/1.8.0_172)"
139.177.183.139 - - [11/May/2026:16:59:04 +0200] "GET /category/hrana/feed/ HTTP/1.1" 200 423 "-" "Apache-HttpClient/4.5.13 (Java/1.8.0_172)"
139.177.183.139 - - [11/May/2026:16:59:04 +0200] "GET /category/turizam/feed/ HTTP/1.1" 200 423 "-" "Apache-HttpClient/4.5.13 (Java/1.8.0_172)"
66.249.72.227 - - [11/May/2026:16:59:05 +0200] "GET /?detail/1420264461059 HTTP/1.1" 200 34961 "-" "Mozilla/5.0 (Linux; Android 6.0.1; Nexus 5X Build/MMB29P) AppleWebKit/537.36 (KHTML, like Gecko) Chrome/147.0.7727.137 Mobile Safari/537.36 (compatible; Googlebot/2.1; +http://www.google.com/bot.html)"
66.249.72.227 - - [11/May/2026:16:59:11 +0200] "GET /?jp/220016620.html HTTP/1.1" 200 37799 "-" "Mozilla/5.0 (Linux; Android 6.0.1; Nexus 5X Build/MMB29P) AppleWebKit/537.36 (KHTML, like Gecko) Chrome/147.0.7727.137 Mobile Safari/537.36 (compatible; Googlebot/2.1; +http://www.google.com/bot.html)"
66.249.72.226 - - [11/May/2026:16:59:19 +0200] "GET /?jp/247046984.html HTTP/1.1" 200 37740 "-" "Mozilla/5.0 (Linux; Android 6.0.1; Nexus 5X Build/MMB29P) AppleWebKit/537.36 (KHTML, like Gecko) Chrome/147.0.7727.137 Mobile Safari/537.36 (compatible; Googlebot/2.1; +http://www.google.com/bot.html)"
37.139.53.11 - - [11/May/2026:16:59:23 +0200] "GET /2022/06/03/kusajte-hajdinu-kasu/ HTTP/1.0" 200 1211 "https://aktual.hr/2022/06/03/kusajte-hajdinu-kasu/" "Mozilla/5.0 (Windows NT 10.0; Win64; x64) AppleWebKit/537.36 (KHTML, like Gecko) Chrome/131.0.0.0 Safari/537.36"
37.139.53.11 - - [11/May/2026:16:59:23 +0200] "GET / HTTP/1.0" 200 1211 "https://aktual.hr/" "Mozilla/5.0 (Windows NT 10.0; Win64; x64) AppleWebKit/537.36 (KHTML, like Gecko) Chrome/131.0.0.0 Safari/537.36"
66.249.72.226 - - [11/May/2026:16:59:32 +0200] "GET /?goods/208041685 HTTP/1.1" 200 38693 "-" "Mozilla/5.0 (Linux; Android 6.0.1; Nexus 5X Build/MMB29P) AppleWebKit/537.36 (KHTML, like Gecko) Chrome/147.0.7727.137 Mobile Safari/537.36 (compatible; Googlebot/2.1; +http://www.google.com/bot.html)"
66.249.72.226 - - [11/May/2026:16:59:35 +0200] "GET /?goods/196002264 HTTP/1.1" 200 36811 "-" "Mozilla/5.0 (Linux; Android 6.0.1; Nexus 5X Build/MMB29P) AppleWebKit/537.36 (KHTML, like Gecko) Chrome/147.0.7727.137 Mobile Safari/537.36 (compatible; Googlebot/2.1; +http://www.google.com/bot.html)"
57.141.0.9 - - [11/May/2026:16:59:36 +0200] "GET /2023/08/14/basnoslovne-cifre-poznato-koliko-ce-turizam-napuniti-drzavnu-blagajnu-pripremio-sam-se-da-je-skupo/ HTTP/1.1" 200 1223 "-" "meta-externalagent/1.1 (+https://developers.facebook.com/docs/sharing/webmasters/crawler)"
15.181.21.65 - - [11/May/2026:16:59:37 +0200] "POST /xmlrpc.php HTTP/1.1" 403 1223 "-" "Mozilla/5.0 (Macintosh; Intel Mac OS X 10_14_6) AppleWebKit/537.36 (KHTML, like Gecko) Chrome/80.0.3987.132 Safari/537.36"
66.249.72.227 - - [11/May/2026:16:59:47 +0200] "GET /?jp/243028796.html HTTP/1.1" 200 39246 "-" "Mozilla/5.0 (Linux; Android 6.0.1; Nexus 5X Build/MMB29P) AppleWebKit/537.36 (KHTML, like Gecko) Chrome/147.0.7727.137 Mobile Safari/537.36 (compatible; Googlebot/2.1; +http://www.google.com/bot.html)"
57.141.0.44 - - [11/May/2026:16:59:51 +0200] "GET /2023/09/26/gorivo-je-poskupjelo-provjerite-nove-cijene/ HTTP/1.1" 200 1223 "-" "meta-externalagent/1.1 (+https://developers.facebook.com/docs/sharing/webmasters/crawler)"
66.249.72.227 - - [11/May/2026:16:59:56 +0200] "GET /?jp/082003719.html HTTP/1.1" 200 38183 "-" "Mozilla/5.0 (Linux; Android 6.0.1; Nexus 5X Build/MMB29P) AppleWebKit/537.36 (KHTML, like Gecko) Chrome/147.0.7727.137 Mobile Safari/537.36 (compatible; Googlebot/2.1; +http://www.google.com/bot.html)"
91.84.124.167 - - [11/May/2026:17:00:03 +0200] "GET /2021/04/23/jegulja/ HTTP/1.0" 200 1211 "https://aktual.hr/2021/04/23/jegulja/" "Mozilla/5.0 (Windows NT 10.0; Win64; x64) AppleWebKit/537.36 (KHTML, like Gecko) Chrome/131.0.0.0 Safari/537.36 Avast/131.0.0.0"
57.141.0.68 - - [11/May/2026:17:00:03 +0200] "GET /2026/04/24/en-tenant-sa-propre-liberte-consideree-vegas-plus-couvre-mien-connaissance-pour-plaisir-amelioree-inoubliable/ HTTP/1.1" 200 1223 "-" "meta-externalagent/1.1 (+https://developers.facebook.com/docs/sharing/webmasters/crawler)"
91.84.124.167 - - [11/May/2026:17:00:03 +0200] "GET / HTTP/1.0" 200 1211 "https://aktual.hr/" "Mozilla/5.0 (Windows NT 10.0; Win64; x64) AppleWebKit/537.36 (KHTML, like Gecko) Chrome/131.0.0.0 Safari/537.36 Avast/131.0.0.0"
66.249.72.226 - - [11/May/2026:17:00:05 +0200] "GET /?goods/004021303 HTTP/1.1" 200 37768 "-" "Mozilla/5.0 (Linux; Android 6.0.1; Nexus 5X Build/MMB29P) AppleWebKit/537.36 (KHTML, like Gecko) Chrome/147.0.7727.137 Mobile Safari/537.36 (compatible; Googlebot/2.1; +http://www.google.com/bot.html)"
116.179.32.216 - - [11/May/2026:17:00:08 +0200] "GET /?p=52445 HTTP/1.1" 200 44 "-" "Mozilla/5.0 (compatible; Baiduspider/2.0; +http://www.baidu.com/search/spider.html)"
57.141.0.17 - - [11/May/2026:17:00:14 +0200] "GET /2026/04/22/gra-s-been-around-as-2000-and-you-may-talks-about-more-three-hundred-workers/ HTTP/1.1" 200 1223 "-" "meta-externalagent/1.1 (+https://developers.facebook.com/docs/sharing/webmasters/crawler)"
18.206.116.43 - - [11/May/2026:17:00:15 +0200] "GET / HTTP/1.1" 200 423 "-" "Mozilla/5.0 (Windows NT 10.0; Win64; x64) AppleWebKit/537.36 (KHTML, like Gecko) Chrome/126.0.0.0 Safari/537.36 Edg/126.0.0.0"
18.206.116.43 - - [11/May/2026:17:00:16 +0200] "GET /category/sport/ HTTP/1.1" 200 423 "-" "Mozilla/5.0 (Windows NT 10.0; Win64; x64) AppleWebKit/537.36 (KHTML, like Gecko) Chrome/126.0.0.0 Safari/537.36 Edg/126.0.0.0"
66.249.72.227 - - [11/May/2026:17:00:16 +0200] "GET /?detail/2810346002733 HTTP/1.1" 200 37675 "-" "Mozilla/5.0 (Linux; Android 6.0.1; Nexus 5X Build/MMB29P) AppleWebKit/537.36 (KHTML, like Gecko) Chrome/147.0.7727.137 Mobile Safari/537.36 (compatible; Googlebot/2.1; +http://www.google.com/bot.html)"
18.206.116.43 - - [11/May/2026:17:00:17 +0200] "GET /category/lifestyle/ HTTP/1.1" 200 423 "-" "Mozilla/5.0 (Windows NT 10.0; Win64; x64) AppleWebKit/537.36 (KHTML, like Gecko) Chrome/126.0.0.0 Safari/537.36 Edg/126.0.0.0"
18.206.116.43 - - [11/May/2026:17:00:18 +0200] "GET /category/magazin/ HTTP/1.1" 200 423 "-" "Mozilla/5.0 (Windows NT 10.0; Win64; x64) AppleWebKit/537.36 (KHTML, like Gecko) Chrome/126.0.0.0 Safari/537.36 Edg/126.0.0.0"
57.141.0.17 - - [11/May/2026:17:00:18 +0200] "GET /?p=58734 HTTP/1.1" 200 1223 "-" "meta-externalagent/1.1 (+https://developers.facebook.com/docs/sharing/webmasters/crawler)"
18.206.116.43 - - [11/May/2026:17:00:18 +0200] "GET /category/horoskop/ HTTP/1.1" 200 423 "-" "Mozilla/5.0 (Windows NT 10.0; Win64; x64) AppleWebKit/537.36 (KHTML, like Gecko) Chrome/126.0.0.0 Safari/537.36 Edg/126.0.0.0"
66.249.72.226 - - [11/May/2026:17:00:18 +0200] "GET /?jp/049000521.html HTTP/1.1" 200 38354 "-" "Mozilla/5.0 (Linux; Android 6.0.1; Nexus 5X Build/MMB29P) AppleWebKit/537.36 (KHTML, like Gecko) Chrome/147.0.7727.137 Mobile Safari/537.36 (compatible; Googlebot/2.1; +http://www.google.com/bot.html)"
18.206.116.43 - - [11/May/2026:17:00:19 +0200] "GET /category/posao/ HTTP/1.1" 200 423 "-" "Mozilla/5.0 (Windows NT 10.0; Win64; x64) AppleWebKit/537.36 (KHTML, like Gecko) Chrome/126.0.0.0 Safari/537.36 Edg/126.0.0.0"
18.206.116.43 - - [11/May/2026:17:00:19 +0200] "GET /category/tech/ HTTP/1.1" 200 423 "-" "Mozilla/5.0 (Windows NT 10.0; Win64; x64) AppleWebKit/537.36 (KHTML, like Gecko) Chrome/126.0.0.0 Safari/537.36 Edg/126.0.0.0"
18.206.116.43 - - [11/May/2026:17:00:20 +0200] "GET /category/hrana/ HTTP/1.1" 200 423 "-" "Mozilla/5.0 (Windows NT 10.0; Win64; x64) AppleWebKit/537.36 (KHTML, like Gecko) Chrome/126.0.0.0 Safari/537.36 Edg/126.0.0.0"
18.206.116.43 - - [11/May/2026:17:00:20 +0200] "GET /category/turizam/ HTTP/1.1" 200 423 "-" "Mozilla/5.0 (Windows NT 10.0; Win64; x64) AppleWebKit/537.36 (KHTML, like Gecko) Chrome/126.0.0.0 Safari/537.36 Edg/126.0.0.0"
18.206.116.43 - - [11/May/2026:17:00:21 +0200] "GET /category/nekategorizirano/ HTTP/1.1" 200 423 "-" "Mozilla/5.0 (Windows NT 10.0; Win64; x64) AppleWebKit/537.36 (KHTML, like Gecko) Chrome/126.0.0.0 Safari/537.36 Edg/126.0.0.0"
178.159.37.104 - - [11/May/2026:17:00:25 +0200] "GET /2023/04/01/kako-pobijediti-poligraf/ HTTP/1.0" 200 1211 "https://aktual.hr/2023/04/01/kako-pobijediti-poligraf/#comment-109088" "Mozilla/5.0 (Windows NT 10.0; Win64; x64) AppleWebKit/537.36 (KHTML, like Gecko) Chrome/131.0.0.0 Safari/537.36"
178.159.37.104 - - [11/May/2026:17:00:25 +0200] "GET / HTTP/1.0" 200 1211 "https://aktual.hr/" "Mozilla/5.0 (Windows NT 10.0; Win64; x64) AppleWebKit/537.36 (KHTML, like Gecko) Chrome/131.0.0.0 Safari/537.36"
87.250.224.230 - - [11/May/2026:17:00:29 +0200] "GET /2021/05/01/okusi-jeseni-uz-specijalitete-od-sljiva/ HTTP/1.1" 200 44 "-" "Mozilla/5.0 (compatible; YandexBot/3.0; +http://yandex.com/bots)"
66.249.72.226 - - [11/May/2026:17:00:29 +0200] "GET /shopdetail/revelation/216006005 HTTP/1.1" 200 38782 "-" "Mozilla/5.0 (Linux; Android 6.0.1; Nexus 5X Build/MMB29P) AppleWebKit/537.36 (KHTML, like Gecko) Chrome/147.0.7727.137 Mobile Safari/537.36 (compatible; Googlebot/2.1; +http://www.google.com/bot.html)"
66.249.72.226 - - [11/May/2026:17:00:31 +0200] "GET /?detail/098035318801 HTTP/1.1" 200 36275 "-" "Mozilla/5.0 (Linux; Android 6.0.1; Nexus 5X Build/MMB29P) AppleWebKit/537.36 (KHTML, like Gecko) Chrome/147.0.7727.137 Mobile Safari/537.36 (compatible; Googlebot/2.1; +http://www.google.com/bot.html)"
91.84.124.167 - - [11/May/2026:17:00:37 +0200] "GET /2021/04/26/ledena-vina-dar-prirode-i-umijece-stvaranja/ HTTP/1.0" 200 1211 "https://aktual.hr/2021/04/26/ledena-vina-dar-prirode-i-umijece-stvaranja/" "Mozilla/5.0 (Windows NT 10.0; Win64; x64) AppleWebKit/537.36 (KHTML, like Gecko) Chrome/131.0.0.0 Safari/537.36 Avast/131.0.0.0"
91.84.124.167 - - [11/May/2026:17:00:37 +0200] "GET / HTTP/1.0" 200 1211 "https://aktual.hr/" "Mozilla/5.0 (Windows NT 10.0; Win64; x64) AppleWebKit/537.36 (KHTML, like Gecko) Chrome/131.0.0.0 Safari/537.36 Avast/131.0.0.0"
66.249.72.227 - - [11/May/2026:17:00:38 +0200] "GET /?detail/084005297634 HTTP/1.1" 200 38276 "-" "Mozilla/5.0 (Linux; Android 6.0.1; Nexus 5X Build/MMB29P) AppleWebKit/537.36 (KHTML, like Gecko) Chrome/147.0.7727.137 Mobile Safari/537.36 (compatible; Googlebot/2.1; +http://www.google.com/bot.html)"
113.175.253.146 - - [11/May/2026:17:00:42 +0200] "GET /2023/04/04/halmed-objavio-ukida-se-odobrava-za-lijekove-koji-sadrze-folkodin-povlaci-se-lijek-pholcodin-alkaloid/ HTTP/1.1" 200 423 "-" "Mozilla/5.0 (Windows NT 6.1) AppleWebKit/537.36 (KHTML, like Gecko) Chrome/106.0.0.0 Safari/537.36"
66.249.72.226 - - [11/May/2026:17:00:46 +0200] "GET /?jp/085029219.html HTTP/1.1" 200 37347 "-" "Mozilla/5.0 (Linux; Android 6.0.1; Nexus 5X Build/MMB29P) AppleWebKit/537.36 (KHTML, like Gecko) Chrome/147.0.7727.137 Mobile Safari/537.36 (compatible; Googlebot/2.1; +http://www.google.com/bot.html)"
66.249.72.226 - - [11/May/2026:17:00:52 +0200] "GET /shopdetail/runner/196007525 HTTP/1.1" 200 37695 "-" "Mozilla/5.0 (Linux; Android 6.0.1; Nexus 5X Build/MMB29P) AppleWebKit/537.36 (KHTML, like Gecko) Chrome/147.0.7727.137 Mobile Safari/537.36 (compatible; Googlebot/2.1; +http://www.google.com/bot.html)"
66.249.72.226 - - [11/May/2026:17:00:56 +0200] "GET /?detail/0430044907290 HTTP/1.1" 200 37376 "-" "Mozilla/5.0 (Linux; Android 6.0.1; Nexus 5X Build/MMB29P) AppleWebKit/537.36 (KHTML, like Gecko) Chrome/147.0.7727.137 Mobile Safari/537.36 (compatible; Googlebot/2.1; +http://www.google.com/bot.html)"
66.249.72.227 - - [11/May/2026:17:01:05 +0200] "GET /?jp/085019157.html HTTP/1.1" 200 37709 "-" "Mozilla/5.0 (Linux; Android 6.0.1; Nexus 5X Build/MMB29P) AppleWebKit/537.36 (KHTML, like Gecko) Chrome/147.0.7727.137 Mobile Safari/537.36 (compatible; Googlebot/2.1; +http://www.google.com/bot.html)"
3.96.172.104 - - [11/May/2026:17:01:06 +0200] "POST /xmlrpc.php HTTP/1.1" 403 1248 "-" "Mozilla/5.0 (Windows NT 10.0; Win64; x64) AppleWebKit/537.36 (KHTML, like Gecko) Chrome/114.0.0.0 Safari/537.36"
3.96.172.104 - - [11/May/2026:17:01:06 +0200] "POST /xmlrpc.php HTTP/1.1" 403 1248 "-" "Mozilla/5.0 (Windows NT 10.0; Win64; x64) AppleWebKit/537.36 (KHTML, like Gecko) Chrome/114.0.0.0 Safari/537.36"
57.141.0.64 - - [11/May/2026:17:01:07 +0200] "GET /2026/03/03/jeroticheskaja-prostitutka-v-poiskah-muzhskogo/ HTTP/1.1" 200 1223 "-" "meta-externalagent/1.1 (+https://developers.facebook.com/docs/sharing/webmasters/crawler)"
178.159.37.104 - - [11/May/2026:17:01:08 +0200] "GET /2023/03/13/zasto-amerikanci-misle-da-je-milo-dukanovic-najbolji-izbor-za-crnu-goru/ HTTP/1.0" 200 1211 "https://aktual.hr/2023/03/13/zasto-amerikanci-misle-da-je-milo-dukanovic-najbolji-izbor-za-crnu-goru/#comment-108934" "Mozilla/5.0 (Windows NT 10.0; Win64; x64) AppleWebKit/537.36 (KHTML, like Gecko) Chrome/129.0.0.0 Safari/537.36"
178.159.37.104 - - [11/May/2026:17:01:08 +0200] "GET / HTTP/1.0" 200 1211 "https://aktual.hr/" "Mozilla/5.0 (Windows NT 10.0; Win64; x64) AppleWebKit/537.36 (KHTML, like Gecko) Chrome/129.0.0.0 Safari/537.36"
66.249.72.227 - - [11/May/2026:17:01:10 +0200] "GET /shopdetail/own/006000745 HTTP/1.1" 200 38457 "-" "Mozilla/5.0 (Linux; Android 6.0.1; Nexus 5X Build/MMB29P) AppleWebKit/537.36 (KHTML, like Gecko) Chrome/147.0.7727.137 Mobile Safari/537.36 (compatible; Googlebot/2.1; +http://www.google.com/bot.html)"
66.249.72.226 - - [11/May/2026:17:01:11 +0200] "GET /?detail/19501352661984 HTTP/1.1" 200 36334 "-" "Mozilla/5.0 (Linux; Android 6.0.1; Nexus 5X Build/MMB29P) AppleWebKit/537.36 (KHTML, like Gecko) Chrome/147.0.7727.137 Mobile Safari/537.36 (compatible; Googlebot/2.1; +http://www.google.com/bot.html)"
40.77.167.151 - - [11/May/2026:17:01:12 +0200] "GET /2026/04/24/ewidencja-legalnych-kasyn-2024-2/ HTTP/1.1" 200 44 "-" "Mozilla/5.0 AppleWebKit/537.36 (KHTML, like Gecko; compatible; bingbot/2.0; +http://www.bing.com/bingbot.htm) Chrome/116.0.1938.76 Safari/537.36"
40.77.167.71 - - [11/May/2026:17:01:17 +0200] "GET /2026/04/22/instant-casino-deutschland-vorteile-und-nachteile/ HTTP/1.1" 200 44 "-" "Mozilla/5.0 AppleWebKit/537.36 (KHTML, like Gecko; compatible; bingbot/2.0; +http://www.bing.com/bingbot.htm) Chrome/116.0.1938.76 Safari/537.36"
66.249.72.226 - - [11/May/2026:17:01:21 +0200] "GET /?detail/196035577173 HTTP/1.1" 200 38058 "-" "Mozilla/5.0 (Linux; Android 6.0.1; Nexus 5X Build/MMB29P) AppleWebKit/537.36 (KHTML, like Gecko) Chrome/147.0.7727.137 Mobile Safari/537.36 (compatible; Googlebot/2.1; +http://www.google.com/bot.html)"
40.77.167.51 - - [11/May/2026:17:01:22 +0200] "GET /2026/04/24/how-exactly-we-come-across-web-based-casinos-is-safe-for-bien-bien-au-users/ HTTP/1.1" 200 44 "-" "Mozilla/5.0 AppleWebKit/537.36 (KHTML, like Gecko; compatible; bingbot/2.0; +http://www.bing.com/bingbot.htm) Chrome/116.0.1938.76 Safari/537.36"
66.249.72.226 - - [11/May/2026:17:01:31 +0200] "GET /?detail/2720447195038 HTTP/1.1" 200 37486 "-" "Mozilla/5.0 (Linux; Android 6.0.1; Nexus 5X Build/MMB29P) AppleWebKit/537.36 (KHTML, like Gecko) Chrome/147.0.7727.137 Mobile Safari/537.36 (compatible; Googlebot/2.1; +http://www.google.com/bot.html)"
66.249.72.226 - - [11/May/2026:17:01:33 +0200] "GET /?jp/188020445.html HTTP/1.1" 200 38774 "-" "Mozilla/5.0 (Linux; Android 6.0.1; Nexus 5X Build/MMB29P) AppleWebKit/537.36 (KHTML, like Gecko) Chrome/147.0.7727.137 Mobile Safari/537.36 (compatible; Googlebot/2.1; +http://www.google.com/bot.html)"
66.249.72.226 - - [11/May/2026:17:01:34 +0200] "GET /?jp/038026727.html HTTP/1.1" 200 36408 "-" "Mozilla/5.0 (Linux; Android 6.0.1; Nexus 5X Build/MMB29P) AppleWebKit/537.36 (KHTML, like Gecko) Chrome/147.0.7727.137 Mobile Safari/537.36 (compatible; Googlebot/2.1; +http://www.google.com/bot.html)"
66.249.72.226 - - [11/May/2026:17:01:39 +0200] "GET /?goods/174037381 HTTP/1.1" 200 38366 "-" "Mozilla/5.0 (Linux; Android 6.0.1; Nexus 5X Build/MMB29P) AppleWebKit/537.36 (KHTML, like Gecko) Chrome/147.0.7727.137 Mobile Safari/537.36 (compatible; Googlebot/2.1; +http://www.google.com/bot.html)"
116.179.32.202 - - [11/May/2026:17:01:41 +0200] "GET /wp-json/wp/v2/posts/24644 HTTP/1.1" 200 44 "-" "Mozilla/5.0 (compatible; Baiduspider/2.0; +http://www.baidu.com/search/spider.html)"
66.249.72.226 - - [11/May/2026:17:01:43 +0200] "GET /?detail/2660446117423 HTTP/1.1" 200 38825 "-" "Mozilla/5.0 (Linux; Android 6.0.1; Nexus 5X Build/MMB29P) AppleWebKit/537.36 (KHTML, like Gecko) Chrome/147.0.7727.137 Mobile Safari/537.36 (compatible; Googlebot/2.1; +http://www.google.com/bot.html)"
57.141.0.70 - - [11/May/2026:17:01:47 +0200] "GET /2026/04/24/zestawienia-kasyn-internetowego-w-polsce-2026-najlepsze-kasyna-sposrod-blik-i-vip-bonusami/ HTTP/1.1" 200 1223 "-" "meta-externalagent/1.1 (+https://developers.facebook.com/docs/sharing/webmasters/crawler)"
66.249.72.227 - - [11/May/2026:17:01:47 +0200] "GET /?goods/257011133 HTTP/1.1" 200 38680 "-" "Mozilla/5.0 (Linux; Android 6.0.1; Nexus 5X Build/MMB29P) AppleWebKit/537.36 (KHTML, like Gecko) Chrome/147.0.7727.137 Mobile Safari/537.36 (compatible; Googlebot/2.1; +http://www.google.com/bot.html)"
57.141.0.64 - - [11/May/2026:17:01:51 +0200] "GET /2023/04/27/najdugovjecniji-gradonacelnik-u-hrvatskoj-otkrio-tajnu-uspjeha-nadam-se-da-ljudi-kod-mene-to-osjete/ HTTP/1.1" 200 1223 "-" "meta-externalagent/1.1 (+https://developers.facebook.com/docs/sharing/webmasters/crawler)"
91.84.124.167 - - [11/May/2026:17:01:52 +0200] "GET /2021/04/23/skampi/ HTTP/1.0" 200 1211 "https://aktual.hr/2021/04/23/skampi/" "Mozilla/5.0 (Windows NT 10.0; Win64; x64) AppleWebKit/537.36 (KHTML, like Gecko) Chrome/131.0.0.0 Safari/537.36 Avast/131.0.0.0"
91.84.124.167 - - [11/May/2026:17:01:52 +0200] "GET / HTTP/1.0" 200 1211 "https://aktual.hr/" "Mozilla/5.0 (Windows NT 10.0; Win64; x64) AppleWebKit/537.36 (KHTML, like Gecko) Chrome/131.0.0.0 Safari/537.36 Avast/131.0.0.0"
66.249.72.227 - - [11/May/2026:17:01:52 +0200] "GET /?jp/266009110.html HTTP/1.1" 200 37837 "-" "Mozilla/5.0 (Linux; Android 6.0.1; Nexus 5X Build/MMB29P) AppleWebKit/537.36 (KHTML, like Gecko) Chrome/147.0.7727.137 Mobile Safari/537.36 (compatible; Googlebot/2.1; +http://www.google.com/bot.html)"
57.141.0.66 - - [11/May/2026:17:01:54 +0200] "GET /?p=55070 HTTP/1.1" 200 1223 "-" "meta-externalagent/1.1 (+https://developers.facebook.com/docs/sharing/webmasters/crawler)"
66.249.72.228 - - [11/May/2026:17:01:59 +0200] "GET /?detail/1360205732044 HTTP/1.1" 200 37590 "-" "Mozilla/5.0 (Linux; Android 6.0.1; Nexus 5X Build/MMB29P) AppleWebKit/537.36 (KHTML, like Gecko) Chrome/147.0.7727.137 Mobile Safari/537.36 (compatible; Googlebot/2.1; +http://www.google.com/bot.html)"
66.249.72.227 - - [11/May/2026:17:02:05 +0200] "GET /?goods/005034352 HTTP/1.1" 200 37862 "-" "Mozilla/5.0 (Linux; Android 6.0.1; Nexus 5X Build/MMB29P) AppleWebKit/537.36 (KHTML, like Gecko) Chrome/147.0.7727.137 Mobile Safari/537.36 (compatible; Googlebot/2.1; +http://www.google.com/bot.html)"
14.163.55.54 - - [11/May/2026:17:02:06 +0200] "GET /2023/06/09/u-zagrebu-odrzana-najveca-seo-konferencija-u-ovom-dijelu-europe/ HTTP/1.1" 200 423 "-" "Mozilla/5.0 (Windows NT 10.0; Win64; x64) AppleWebKit/537.36 (KHTML, like Gecko) Chrome/87.0.4280.88 Safari/537.36 CravingExplorer/2.4.1"
178.159.37.39 - - [11/May/2026:17:02:09 +0200] "GET /2023/04/23/mirjana-brlecic-dobitna-je-kombinacija-kada-kupcu-uz-kozmetiku-ponudite-i-farmaceutski-savjet/ HTTP/1.0" 200 1211 "https://aktual.hr/2023/04/23/mirjana-brlecic-dobitna-je-kombinacija-kada-kupcu-uz-kozmetiku-ponudite-i-farmaceutski-savjet/#comment-109070" "Mozilla/5.0 (Windows NT 10.0; Win64; x64) AppleWebKit/537.36 (KHTML, like Gecko) Chrome/129.0.0.0 Safari/537.36"
178.159.37.39 - - [11/May/2026:17:02:09 +0200] "GET / HTTP/1.0" 200 1211 "https://aktual.hr/" "Mozilla/5.0 (Windows NT 10.0; Win64; x64) AppleWebKit/537.36 (KHTML, like Gecko) Chrome/129.0.0.0 Safari/537.36"
91.84.124.167 - - [11/May/2026:17:02:10 +0200] "GET /2021/04/23/articoke/ HTTP/1.0" 200 1211 "https://aktual.hr/2021/04/23/articoke/" "Mozilla/5.0 (Windows NT 10.0; Win64; x64) AppleWebKit/537.36 (KHTML, like Gecko) Chrome/131.0.0.0 Safari/537.36 Avast/131.0.0.0"
91.84.124.167 - - [11/May/2026:17:02:11 +0200] "GET / HTTP/1.0" 200 1211 "https://aktual.hr/" "Mozilla/5.0 (Windows NT 10.0; Win64; x64) AppleWebKit/537.36 (KHTML, like Gecko) Chrome/131.0.0.0 Safari/537.36 Avast/131.0.0.0"
66.249.72.226 - - [11/May/2026:17:02:11 +0200] "GET /?detail/068011926241 HTTP/1.1" 200 38312 "-" "Mozilla/5.0 (Linux; Android 6.0.1; Nexus 5X Build/MMB29P) AppleWebKit/537.36 (KHTML, like Gecko) Chrome/147.0.7727.137 Mobile Safari/537.36 (compatible; Googlebot/2.1; +http://www.google.com/bot.html)"
40.77.167.151 - - [11/May/2026:17:02:12 +0200] "GET /2026/04/25/felixspin-casino-schnelle-gewinne-und-hochintensiv/ HTTP/1.1" 200 44 "-" "Mozilla/5.0 AppleWebKit/537.36 (KHTML, like Gecko; compatible; bingbot/2.0; +http://www.bing.com/bingbot.htm) Chrome/116.0.1938.76 Safari/537.36"
40.77.167.71 - - [11/May/2026:17:02:16 +0200] "GET /2023/04/18/grade-im-prugu-ispod-prozora-a-jadni-pjesace-dva-kilometra-do-sanducica-po-blatu-i-snijegu-jos-jedna-cudesna-prica-hrvatskih-zeljeznica/ HTTP/1.1" 200 44 "-" "Mozilla/5.0 AppleWebKit/537.36 (KHTML, like Gecko; compatible; bingbot/2.0; +http://www.bing.com/bingbot.htm) Chrome/116.0.1938.76 Safari/537.36"
40.77.167.71 - - [11/May/2026:17:02:16 +0200] "GET /2023/08/11/zapocelo-je-beta-testiranje-samsungovog-sucelja-one-ui-6-0/ HTTP/1.1" 200 44 "-" "Mozilla/5.0 AppleWebKit/537.36 (KHTML, like Gecko; compatible; bingbot/2.0; +http://www.bing.com/bingbot.htm) Chrome/116.0.1938.76 Safari/537.36"
66.249.72.226 - - [11/May/2026:17:02:17 +0200] "GET /?goods/111000670 HTTP/1.1" 200 37921 "-" "Mozilla/5.0 (Linux; Android 6.0.1; Nexus 5X Build/MMB29P) AppleWebKit/537.36 (KHTML, like Gecko) Chrome/147.0.7727.137 Mobile Safari/537.36 (compatible; Googlebot/2.1; +http://www.google.com/bot.html)"
66.249.72.226 - - [11/May/2026:17:02:20 +0200] "GET /?jp/014001930.html HTTP/1.1" 200 38456 "-" "Mozilla/5.0 (Linux; Android 6.0.1; Nexus 5X Build/MMB29P) AppleWebKit/537.36 (KHTML, like Gecko) Chrome/147.0.7727.137 Mobile Safari/537.36 (compatible; Googlebot/2.1; +http://www.google.com/bot.html)"
47.128.42.232 - - [11/May/2026:17:02:22 +0200] "GET /2026/04/01/optimierung-des-bodybuildings-der-sichere-und-effektive-einsatz-von-steroiden/ HTTP/1.1" 200 423 "-" "Mozilla/5.0 (Linux; Android 5.0) AppleWebKit/537.36 (KHTML, like Gecko) Mobile Safari/537.36 (compatible; Bytespider; spider-feedback@bytedance.com)"
66.249.72.227 - - [11/May/2026:17:02:26 +0200] "GET /?jp/003000139.html HTTP/1.1" 200 38677 "-" "Mozilla/5.0 (Linux; Android 6.0.1; Nexus 5X Build/MMB29P) AppleWebKit/537.36 (KHTML, like Gecko) Chrome/147.0.7727.137 Mobile Safari/537.36 (compatible; Googlebot/2.1; +http://www.google.com/bot.html)"
89.110.69.133 - - [11/May/2026:17:02:28 +0200] "GET /2021/04/23/jegulja/ HTTP/1.1" 200 423 "https://aktual.hr/" "Mozilla/5.0 (Windows NT 10.0; Win64; x64) AppleWebKit/537.36 (KHTML, like Gecko) Chrome/114.0.0.0 Safari/537.36 Edg/114.0.1264.71"
66.249.72.226 - - [11/May/2026:17:02:29 +0200] "GET /?jp/162008426.html HTTP/1.1" 200 38082 "-" "Mozilla/5.0 (Linux; Android 6.0.1; Nexus 5X Build/MMB29P) AppleWebKit/537.36 (KHTML, like Gecko) Chrome/147.0.7727.137 Mobile Safari/537.36 (compatible; Googlebot/2.1; +http://www.google.com/bot.html)"
66.249.72.227 - - [11/May/2026:17:02:35 +0200] "GET /?goods/014001926 HTTP/1.1" 200 38272 "-" "Mozilla/5.0 (Linux; Android 6.0.1; Nexus 5X Build/MMB29P) AppleWebKit/537.36 (KHTML, like Gecko) Chrome/147.0.7727.137 Mobile Safari/537.36 (compatible; Googlebot/2.1; +http://www.google.com/bot.html)"
57.141.0.29 - - [11/May/2026:17:02:39 +0200] "GET /2026/04/24/depositi-e-pagamenti-nei-bisca-online-aams-2/ HTTP/1.1" 200 1223 "-" "meta-externalagent/1.1 (+https://developers.facebook.com/docs/sharing/webmasters/crawler)"
66.249.72.227 - - [11/May/2026:17:02:42 +0200] "GET /?goods/206038800 HTTP/1.1" 200 39336 "-" "Mozilla/5.0 (Linux; Android 6.0.1; Nexus 5X Build/MMB29P) AppleWebKit/537.36 (KHTML, like Gecko) Chrome/147.0.7727.137 Mobile Safari/537.36 (compatible; Googlebot/2.1; +http://www.google.com/bot.html)"
66.249.72.227 - - [11/May/2026:17:02:47 +0200] "GET /?detail/213000857075 HTTP/1.1" 200 37687 "-" "Mozilla/5.0 (Linux; Android 6.0.1; Nexus 5X Build/MMB29P) AppleWebKit/537.36 (KHTML, like Gecko) Chrome/147.0.7727.137 Mobile Safari/537.36 (compatible; Googlebot/2.1; +http://www.google.com/bot.html)"
66.249.72.227 - - [11/May/2026:17:02:48 +0200] "GET /?jp/154028615.html HTTP/1.1" 200 38333 "-" "Mozilla/5.0 (Linux; Android 6.0.1; Nexus 5X Build/MMB29P) AppleWebKit/537.36 (KHTML, like Gecko) Chrome/147.0.7727.137 Mobile Safari/537.36 (compatible; Googlebot/2.1; +http://www.google.com/bot.html)"
66.249.72.228 - - [11/May/2026:17:02:52 +0200] "GET /?jp/277036936.html HTTP/1.1" 200 38665 "-" "Mozilla/5.0 (Linux; Android 6.0.1; Nexus 5X Build/MMB29P) AppleWebKit/537.36 (KHTML, like Gecko) Chrome/147.0.7727.137 Mobile Safari/537.36 (compatible; Googlebot/2.1; +http://www.google.com/bot.html)"
57.141.0.29 - - [11/May/2026:17:02:52 +0200] "GET /2023/05/16/dnevni-horoskop-jarac-16-05-2023/ HTTP/1.1" 200 1223 "-" "meta-externalagent/1.1 (+https://developers.facebook.com/docs/sharing/webmasters/crawler)"
40.77.167.48 - - [11/May/2026:17:02:53 +0200] "GET /2026/04/24/le-casino-monnaie-sans-aucun-frais-supplementaires-sans-nul-annales-apporte-dessai-gratis-pur/ HTTP/1.1" 200 44 "-" "Mozilla/5.0 AppleWebKit/537.36 (KHTML, like Gecko; compatible; bingbot/2.0; +http://www.bing.com/bingbot.htm) Chrome/116.0.1938.76 Safari/537.36"
178.159.37.17 - - [11/May/2026:17:02:53 +0200] "GET /2023/03/22/stigla-je-specijalna-edicija-oreo-keksa/ HTTP/1.0" 200 1211 "https://aktual.hr/2023/03/22/stigla-je-specijalna-edicija-oreo-keksa/#comment-108865" "Mozilla/5.0 (Windows NT 10.0; Win64; x64) AppleWebKit/537.36 (KHTML, like Gecko) Chrome/131.0.0.0 Safari/537.36 Avast/131.0.0.0"
178.159.37.17 - - [11/May/2026:17:02:53 +0200] "GET / HTTP/1.0" 200 1211 "https://aktual.hr/" "Mozilla/5.0 (Windows NT 10.0; Win64; x64) AppleWebKit/537.36 (KHTML, like Gecko) Chrome/131.0.0.0 Safari/537.36 Avast/131.0.0.0"
57.141.0.25 - - [11/May/2026:17:02:54 +0200] "GET /?p=57876 HTTP/1.1" 200 1223 "-" "meta-externalagent/1.1 (+https://developers.facebook.com/docs/sharing/webmasters/crawler)"
66.249.72.228 - - [11/May/2026:17:02:57 +0200] "GET /?goods/213027847 HTTP/1.1" 200 36365 "-" "Mozilla/5.0 (Linux; Android 6.0.1; Nexus 5X Build/MMB29P) AppleWebKit/537.36 (KHTML, like Gecko) Chrome/147.0.7727.137 Mobile Safari/537.36 (compatible; Googlebot/2.1; +http://www.google.com/bot.html)"
40.77.167.71 - - [11/May/2026:17:02:57 +0200] "GET /2026/04/27/in-certain-cases-having-fun-with-a-real-income-might-even-become-much-easier-and-simple/ HTTP/1.1" 200 44 "-" "Mozilla/5.0 AppleWebKit/537.36 (KHTML, like Gecko; compatible; bingbot/2.0; +http://www.bing.com/bingbot.htm) Chrome/116.0.1938.76 Safari/537.36"
57.141.0.40 - - [11/May/2026:17:03:00 +0200] "GET /tag/manijak/ HTTP/1.1" 200 1223 "-" "meta-externalagent/1.1 (+https://developers.facebook.com/docs/sharing/webmasters/crawler)"
66.249.72.226 - - [11/May/2026:17:03:03 +0200] "GET /?jp/280010360.html HTTP/1.1" 200 37939 "-" "Mozilla/5.0 (Linux; Android 6.0.1; Nexus 5X Build/MMB29P) AppleWebKit/537.36 (KHTML, like Gecko) Chrome/147.0.7727.137 Mobile Safari/537.36 (compatible; Googlebot/2.1; +http://www.google.com/bot.html)"
