178.159.37.104 - - [11/May/2026:17:10:13 +0200] "GET / HTTP/1.0" 200 1211 "https://aktual.hr/" "Mozilla/5.0 (Windows NT 10.0; Win64; x64) AppleWebKit/537.36 (KHTML, like Gecko) Chrome/131.0.0.0 Safari/537.36"
52.167.144.218 - - [11/May/2026:17:10:13 +0200] "GET /2026/04/19/much-may-go-completely-wrong-whenever-choosing-a-no-deposit-bonus-within-the-an-on-line-gambling-enterprise/ HTTP/1.1" 200 44 "-" "Mozilla/5.0 AppleWebKit/537.36 (KHTML, like Gecko; compatible; bingbot/2.0; +http://www.bing.com/bingbot.htm) Chrome/116.0.1938.76 Safari/537.36"
66.249.72.226 - - [11/May/2026:17:10:15 +0200] "GET /?jp/253008443.html HTTP/1.1" 200 38525 "-" "Mozilla/5.0 (Linux; Android 6.0.1; Nexus 5X Build/MMB29P) AppleWebKit/537.36 (KHTML, like Gecko) Chrome/147.0.7727.137 Mobile Safari/537.36 (compatible; Googlebot/2.1; +http://www.google.com/bot.html)"
66.249.72.226 - - [11/May/2026:17:10:21 +0200] "GET /?detail/182035618754 HTTP/1.1" 200 38092 "-" "Mozilla/5.0 (Linux; Android 6.0.1; Nexus 5X Build/MMB29P) AppleWebKit/537.36 (KHTML, like Gecko) Chrome/147.0.7727.137 Mobile Safari/537.36 (compatible; Googlebot/2.1; +http://www.google.com/bot.html)"
40.77.167.58 - - [11/May/2026:17:10:22 +0200] "GET /items/D95090541/ HTTP/1.1" 200 44 "-" "Mozilla/5.0 AppleWebKit/537.36 (KHTML, like Gecko; compatible; bingbot/2.0; +http://www.bing.com/bingbot.htm) Chrome/116.0.1938.76 Safari/537.36"
178.159.37.39 - - [11/May/2026:17:10:25 +0200] "GET /2023/04/22/asus-predstavio-najtanji-oled-laptop-na-svijetu/ HTTP/1.0" 200 1211 "https://aktual.hr/2023/04/22/asus-predstavio-najtanji-oled-laptop-na-svijetu/#comment-109251" "Mozilla/5.0 (Windows NT 10.0; Win64; x64) AppleWebKit/537.36 (KHTML, like Gecko) Chrome/129.0.0.0 Safari/537.36"
66.249.72.226 - - [11/May/2026:17:10:26 +0200] "GET /?goods/158004357 HTTP/1.1" 200 37982 "-" "Mozilla/5.0 (Linux; Android 6.0.1; Nexus 5X Build/MMB29P) AppleWebKit/537.36 (KHTML, like Gecko) Chrome/147.0.7727.137 Mobile Safari/537.36 (compatible; Googlebot/2.1; +http://www.google.com/bot.html)"
178.159.37.39 - - [11/May/2026:17:10:26 +0200] "GET / HTTP/1.0" 200 1211 "https://aktual.hr/" "Mozilla/5.0 (Windows NT 10.0; Win64; x64) AppleWebKit/537.36 (KHTML, like Gecko) Chrome/129.0.0.0 Safari/537.36"
66.249.72.226 - - [11/May/2026:17:10:31 +0200] "GET /?jp/067044569.html HTTP/1.1" 200 38801 "-" "Mozilla/5.0 (Linux; Android 6.0.1; Nexus 5X Build/MMB29P) AppleWebKit/537.36 (KHTML, like Gecko) Chrome/147.0.7727.137 Mobile Safari/537.36 (compatible; Googlebot/2.1; +http://www.google.com/bot.html)"
74.7.241.30 - - [11/May/2026:17:10:37 +0200] "GET /wp-json/oembed/1.0/embed?format=xml&url=https%3A%2F%2Faktual.hr%2F2023%2F05%2F26%2Fu-zadar-stize-najpopularniji-street-food-festival-u-regiji%2F HTTP/1.1" 200 423 "https://aktual.hr/2023/05/26/u-zadar-stize-najpopularniji-street-food-festival-u-regiji/" "Mozilla/5.0 AppleWebKit/537.36 (KHTML, like Gecko; compatible; GPTBot/1.3; +https://openai.com/gptbot)"
66.249.72.227 - - [11/May/2026:17:10:37 +0200] "GET /?detail/107011538674 HTTP/1.1" 200 37493 "-" "Mozilla/5.0 (Linux; Android 6.0.1; Nexus 5X Build/MMB29P) AppleWebKit/537.36 (KHTML, like Gecko) Chrome/147.0.7727.137 Mobile Safari/537.36 (compatible; Googlebot/2.1; +http://www.google.com/bot.html)"
74.7.241.30 - - [11/May/2026:17:10:37 +0200] "GET /2023/05/26/u-zadar-stize-najpopularniji-street-food-festival-u-regiji/feed/ HTTP/1.1" 200 423 "https://aktual.hr/2023/05/26/u-zadar-stize-najpopularniji-street-food-festival-u-regiji/" "Mozilla/5.0 AppleWebKit/537.36 (KHTML, like Gecko; compatible; GPTBot/1.3; +https://openai.com/gptbot)"
74.7.241.30 - - [11/May/2026:17:10:38 +0200] "GET /?p=11595 HTTP/1.1" 200 423 "https://aktual.hr/2023/05/26/u-zadar-stize-najpopularniji-street-food-festival-u-regiji/" "Mozilla/5.0 AppleWebKit/537.36 (KHTML, like Gecko; compatible; GPTBot/1.3; +https://openai.com/gptbot)"
74.7.241.30 - - [11/May/2026:17:10:38 +0200] "GET /wp-json/oembed/1.0/embed?url=https%3A%2F%2Faktual.hr%2F2023%2F05%2F26%2Fu-zadar-stize-najpopularniji-street-food-festival-u-regiji%2F HTTP/1.1" 200 423 "https://aktual.hr/2023/05/26/u-zadar-stize-najpopularniji-street-food-festival-u-regiji/" "Mozilla/5.0 AppleWebKit/537.36 (KHTML, like Gecko; compatible; GPTBot/1.3; +https://openai.com/gptbot)"
74.7.241.30 - - [11/May/2026:17:10:39 +0200] "GET /wp-json/wp/v2/posts/11595 HTTP/1.1" 200 423 "https://aktual.hr/2023/05/26/u-zadar-stize-najpopularniji-street-food-festival-u-regiji/" "Mozilla/5.0 AppleWebKit/537.36 (KHTML, like Gecko; compatible; GPTBot/1.3; +https://openai.com/gptbot)"
66.249.72.227 - - [11/May/2026:17:10:42 +0200] "GET /?goods/081015681 HTTP/1.1" 200 38104 "-" "Mozilla/5.0 (Linux; Android 6.0.1; Nexus 5X Build/MMB29P) AppleWebKit/537.36 (KHTML, like Gecko) Chrome/147.0.7727.137 Mobile Safari/537.36 (compatible; Googlebot/2.1; +http://www.google.com/bot.html)"
142.111.192.104 - - [11/May/2026:17:10:46 +0200] "GET /2026/04/16/the-insider-s-scoop-exploring-the-user-experience-34/ HTTP/1.1" 200 423 "-" "Mozilla/5.0 (Windows NT 10.0; Win64; x64) AppleWebKit/537.36 (KHTML, like Gecko) Chrome/139.0.0.0 Safari/537.36"
57.141.0.66 - - [11/May/2026:17:10:47 +0200] "GET /tag/marusic/ HTTP/1.1" 200 1223 "-" "meta-externalagent/1.1 (+https://developers.facebook.com/docs/sharing/webmasters/crawler)"
66.249.72.227 - - [11/May/2026:17:10:48 +0200] "GET /?jp/227048226.html HTTP/1.1" 200 37930 "-" "Mozilla/5.0 (Linux; Android 6.0.1; Nexus 5X Build/MMB29P) AppleWebKit/537.36 (KHTML, like Gecko) Chrome/147.0.7727.137 Mobile Safari/537.36 (compatible; Googlebot/2.1; +http://www.google.com/bot.html)"
66.249.72.226 - - [11/May/2026:17:10:54 +0200] "GET /?detail/24601516586997 HTTP/1.1" 200 38171 "-" "Mozilla/5.0 (Linux; Android 6.0.1; Nexus 5X Build/MMB29P) AppleWebKit/537.36 (KHTML, like Gecko) Chrome/147.0.7727.137 Mobile Safari/537.36 (compatible; Googlebot/2.1; +http://www.google.com/bot.html)"
220.181.108.174 - - [11/May/2026:17:10:56 +0200] "GET /wp-json/oembed/1.0/embed?url=https%3A%2F%2Faktual.hr%2F2026%2F04%2F09%2Fvreemdelinge-offlin-casinos-non-deposito-wintermaand-2025%2F HTTP/1.1" 200 44 "-" "Mozilla/5.0 (compatible; Baiduspider/2.0; +http://www.baidu.com/search/spider.html)"
66.249.72.226 - - [11/May/2026:17:10:59 +0200] "GET /?jp/078024385.html HTTP/1.1" 200 37944 "-" "Mozilla/5.0 (Linux; Android 6.0.1; Nexus 5X Build/MMB29P) AppleWebKit/537.36 (KHTML, like Gecko) Chrome/147.0.7727.137 Mobile Safari/537.36 (compatible; Googlebot/2.1; +http://www.google.com/bot.html)"
178.159.37.17 - - [11/May/2026:17:11:01 +0200] "GET /2023/08/07/sto-je-depresija/ HTTP/1.0" 200 1211 "https://aktual.hr/2023/08/07/sto-je-depresija/" "Mozilla/5.0 (Windows NT 10.0; Win64; x64) AppleWebKit/537.36 (KHTML, like Gecko) Chrome/131.0.0.0 Safari/537.36"
178.159.37.17 - - [11/May/2026:17:11:02 +0200] "GET / HTTP/1.0" 200 1211 "https://aktual.hr/" "Mozilla/5.0 (Windows NT 10.0; Win64; x64) AppleWebKit/537.36 (KHTML, like Gecko) Chrome/131.0.0.0 Safari/537.36"
66.249.72.228 - - [11/May/2026:17:11:05 +0200] "GET /?detail/211034605428 HTTP/1.1" 200 37882 "-" "Mozilla/5.0 (Linux; Android 6.0.1; Nexus 5X Build/MMB29P) AppleWebKit/537.36 (KHTML, like Gecko) Chrome/147.0.7727.137 Mobile Safari/537.36 (compatible; Googlebot/2.1; +http://www.google.com/bot.html)"
178.159.37.17 - - [11/May/2026:17:11:05 +0200] "GET /2021/05/17/post-covid-19-sindrom-dugorocni-zdravstveni-problem/ HTTP/1.0" 200 1211 "https://aktual.hr/2021/05/17/post-covid-19-sindrom-dugorocni-zdravstveni-problem/#comment-109768" "Mozilla/5.0 (Windows NT 10.0; Win64; x64) AppleWebKit/537.36 (KHTML, like Gecko) Chrome/129.0.0.0 Safari/537.36"
178.159.37.17 - - [11/May/2026:17:11:06 +0200] "GET / HTTP/1.0" 200 1211 "https://aktual.hr/" "Mozilla/5.0 (Windows NT 10.0; Win64; x64) AppleWebKit/537.36 (KHTML, like Gecko) Chrome/129.0.0.0 Safari/537.36"
66.249.72.226 - - [11/May/2026:17:11:10 +0200] "GET /?jp/091005806.html HTTP/1.1" 200 37879 "-" "Mozilla/5.0 (Linux; Android 6.0.1; Nexus 5X Build/MMB29P) AppleWebKit/537.36 (KHTML, like Gecko) Chrome/147.0.7727.137 Mobile Safari/537.36 (compatible; Googlebot/2.1; +http://www.google.com/bot.html)"
66.249.72.226 - - [11/May/2026:17:11:16 +0200] "GET /?detail/0860363654675 HTTP/1.1" 200 39076 "-" "Mozilla/5.0 (Linux; Android 6.0.1; Nexus 5X Build/MMB29P) AppleWebKit/537.36 (KHTML, like Gecko) Chrome/147.0.7727.137 Mobile Safari/537.36 (compatible; Googlebot/2.1; +http://www.google.com/bot.html)"
66.249.72.226 - - [11/May/2026:17:11:21 +0200] "GET /?detail/13202164196708 HTTP/1.1" 200 38394 "-" "Mozilla/5.0 (Linux; Android 6.0.1; Nexus 5X Build/MMB29P) AppleWebKit/537.36 (KHTML, like Gecko) Chrome/147.0.7727.137 Mobile Safari/537.36 (compatible; Googlebot/2.1; +http://www.google.com/bot.html)"
57.141.0.57 - - [11/May/2026:17:11:24 +0200] "GET /2026/04/19/vavada-online-casino-user-experience-and-interface-71/ HTTP/1.1" 200 1223 "-" "meta-externalagent/1.1 (+https://developers.facebook.com/docs/sharing/webmasters/crawler)"
66.249.72.226 - - [11/May/2026:17:11:27 +0200] "GET /?jp/176010293.html HTTP/1.1" 200 38657 "-" "Mozilla/5.0 (Linux; Android 6.0.1; Nexus 5X Build/MMB29P) AppleWebKit/537.36 (KHTML, like Gecko) Chrome/147.0.7727.137 Mobile Safari/537.36 (compatible; Googlebot/2.1; +http://www.google.com/bot.html)"
66.249.72.226 - - [11/May/2026:17:11:33 +0200] "GET /?jp/064015915.html HTTP/1.1" 200 38313 "-" "Mozilla/5.0 (Linux; Android 6.0.1; Nexus 5X Build/MMB29P) AppleWebKit/537.36 (KHTML, like Gecko) Chrome/147.0.7727.137 Mobile Safari/537.36 (compatible; Googlebot/2.1; +http://www.google.com/bot.html)"
57.141.0.46 - - [11/May/2026:17:11:37 +0200] "GET /2026/04/21/court-texas-sports-betting-circulated-inside-immediately-after-voters-recognized-a-great-referendum-authorizing-retail-an-internet-based-wagering/ HTTP/1.1" 200 1223 "-" "meta-externalagent/1.1 (+https://developers.facebook.com/docs/sharing/webmasters/crawler)"
66.249.72.226 - - [11/May/2026:17:11:38 +0200] "GET /?detail/0570031399885 HTTP/1.1" 200 38031 "-" "Mozilla/5.0 (Linux; Android 6.0.1; Nexus 5X Build/MMB29P) AppleWebKit/537.36 (KHTML, like Gecko) Chrome/147.0.7727.137 Mobile Safari/537.36 (compatible; Googlebot/2.1; +http://www.google.com/bot.html)"
66.249.72.226 - - [11/May/2026:17:11:44 +0200] "GET /?detail/176010294057 HTTP/1.1" 200 38313 "-" "Mozilla/5.0 (Linux; Android 6.0.1; Nexus 5X Build/MMB29P) AppleWebKit/537.36 (KHTML, like Gecko) Chrome/147.0.7727.137 Mobile Safari/537.36 (compatible; Googlebot/2.1; +http://www.google.com/bot.html)"
138.197.38.88 - - [11/May/2026:17:11:46 +0200] "GET /wp-content/uploads/2023/06/13805-neka-posao-preko-ljeta-ne-stane-evo-kako-1200x640.jpg HTTP/1.1" 200 423 "https://aktual.hr" "Mozilla/5.0 (Macintosh; Intel Mac OS X 10_15_7) AppleWebKit/537.36 (KHTML, like Gecko) Chrome/147.0.0.0 Safari/537.36"
66.249.72.226 - - [11/May/2026:17:11:49 +0200] "GET /?goods/007040916 HTTP/1.1" 200 36267 "-" "Mozilla/5.0 (Linux; Android 6.0.1; Nexus 5X Build/MMB29P) AppleWebKit/537.36 (KHTML, like Gecko) Chrome/147.0.7727.137 Mobile Safari/537.36 (compatible; Googlebot/2.1; +http://www.google.com/bot.html)"
57.141.0.42 - - [11/May/2026:17:11:53 +0200] "GET /2026/04/10/top-en-ligne-salle-de-jeu-us-hollande-best-french-casinos/ HTTP/1.1" 200 1223 "-" "meta-externalagent/1.1 (+https://developers.facebook.com/docs/sharing/webmasters/crawler)"
66.249.72.226 - - [11/May/2026:17:11:55 +0200] "GET /?detail/121005152613 HTTP/1.1" 200 37743 "-" "Mozilla/5.0 (Linux; Android 6.0.1; Nexus 5X Build/MMB29P) AppleWebKit/537.36 (KHTML, like Gecko) Chrome/147.0.7727.137 Mobile Safari/537.36 (compatible; Googlebot/2.1; +http://www.google.com/bot.html)"
57.141.0.20 - - [11/May/2026:17:11:58 +0200] "GET /2026/04/16/winorama-avis-2026-un-bonus-de-7-sans-depot-a-55/ HTTP/1.1" 200 1223 "-" "meta-externalagent/1.1 (+https://developers.facebook.com/docs/sharing/webmasters/crawler)"
17.241.227.97 - - [11/May/2026:17:12:00 +0200] "GET /tag/biden/ HTTP/1.1" 200 423 "-" "Mozilla/5.0 (Macintosh; Intel Mac OS X 10_15_7) AppleWebKit/605.1.15 (KHTML, like Gecko) Version/17.4 Safari/605.1.15 (Applebot/0.1; +http://www.apple.com/go/applebot)"
66.249.72.226 - - [11/May/2026:17:12:02 +0200] "GET /?jp/004038294.html HTTP/1.1" 200 38565 "-" "Mozilla/5.0 (Linux; Android 6.0.1; Nexus 5X Build/MMB29P) AppleWebKit/537.36 (KHTML, like Gecko) Chrome/147.0.7727.137 Mobile Safari/537.36 (compatible; Googlebot/2.1; +http://www.google.com/bot.html)"
66.249.72.227 - - [11/May/2026:17:12:06 +0200] "GET /?jp/275017943.html HTTP/1.1" 200 38424 "-" "Mozilla/5.0 (Linux; Android 6.0.1; Nexus 5X Build/MMB29P) AppleWebKit/537.36 (KHTML, like Gecko) Chrome/147.0.7727.137 Mobile Safari/537.36 (compatible; Googlebot/2.1; +http://www.google.com/bot.html)"
57.141.0.51 - - [11/May/2026:17:12:10 +0200] "GET /2023/04/17/real-odlucio-modric-ce-postati-najstariji-igrac-u-povijesti-kluba/ HTTP/1.1" 200 1223 "-" "meta-externalagent/1.1 (+https://developers.facebook.com/docs/sharing/webmasters/crawler)"
66.249.72.226 - - [11/May/2026:17:12:13 +0200] "GET /?detail/11400430792022 HTTP/1.1" 200 39079 "-" "Mozilla/5.0 (Linux; Android 6.0.1; Nexus 5X Build/MMB29P) AppleWebKit/537.36 (KHTML, like Gecko) Chrome/147.0.7727.137 Mobile Safari/537.36 (compatible; Googlebot/2.1; +http://www.google.com/bot.html)"
66.249.72.226 - - [11/May/2026:17:12:19 +0200] "GET /?jp/152041913.html HTTP/1.1" 200 36314 "-" "Mozilla/5.0 (Linux; Android 6.0.1; Nexus 5X Build/MMB29P) AppleWebKit/537.36 (KHTML, like Gecko) Chrome/147.0.7727.137 Mobile Safari/537.36 (compatible; Googlebot/2.1; +http://www.google.com/bot.html)"
57.141.0.39 - - [11/May/2026:17:12:19 +0200] "GET /2026/04/09/platino-casino/ HTTP/1.1" 200 1223 "-" "meta-externalagent/1.1 (+https://developers.facebook.com/docs/sharing/webmasters/crawler)"
57.141.0.55 - - [11/May/2026:17:12:20 +0200] "GET /2026/04/19/jon-young-slots-professional-%ef%bf%bdwhile-the-an-android-os-athlete-im-able-to-with-full-confidence-agree-with-the-betano-software-rating-regarding-four/ HTTP/1.1" 200 1223 "-" "meta-externalagent/1.1 (+https://developers.facebook.com/docs/sharing/webmasters/crawler)"
178.159.37.104 - - [11/May/2026:17:12:22 +0200] "GET /2023/03/09/novi-europski-prijedlog-regulative-za-elektricne-romobile-veci-kotaci-i-niza-dopustena-brzina/ HTTP/1.0" 200 1211 "https://aktual.hr/2023/03/09/novi-europski-prijedlog-regulative-za-elektricne-romobile-veci-kotaci-i-niza-dopustena-brzina/#comment-108730" "Mozilla/5.0 (Windows NT 10.0; Win64; x64) AppleWebKit/537.36 (KHTML, like Gecko) Chrome/130.0.0.0 Safari/537.36"
178.159.37.104 - - [11/May/2026:17:12:22 +0200] "GET / HTTP/1.0" 200 1211 "https://aktual.hr/" "Mozilla/5.0 (Windows NT 10.0; Win64; x64) AppleWebKit/537.36 (KHTML, like Gecko) Chrome/130.0.0.0 Safari/537.36"
116.179.32.199 - - [11/May/2026:17:12:25 +0200] "GET /wp-json/oembed/1.0/embed?url=https%3A%2F%2Faktual.hr%2F2026%2F04%2F15%2Funderstanding-slot-rtp-your-guide-to-better-odds-3%2F HTTP/1.1" 200 44 "-" "Mozilla/5.0 (compatible; Baiduspider/2.0; +http://www.baidu.com/search/spider.html)"
66.249.72.226 - - [11/May/2026:17:12:25 +0200] "GET /author/aktual/page/2242/ HTTP/1.1" 200 38295 "-" "Mozilla/5.0 (Linux; Android 6.0.1; Nexus 5X Build/MMB29P) AppleWebKit/537.36 (KHTML, like Gecko) Chrome/147.0.7727.137 Mobile Safari/537.36 (compatible; Googlebot/2.1; +http://www.google.com/bot.html)"
66.249.72.226 - - [11/May/2026:17:12:26 +0200] "GET /?detail/246040296789 HTTP/1.1" 200 37408 "-" "Mozilla/5.0 (Linux; Android 6.0.1; Nexus 5X Build/MMB29P) AppleWebKit/537.36 (KHTML, like Gecko) Chrome/147.0.7727.137 Mobile Safari/537.36 (compatible; Googlebot/2.1; +http://www.google.com/bot.html)"
66.249.72.226 - - [11/May/2026:17:12:31 +0200] "GET /?detail/26001844685114 HTTP/1.1" 200 38425 "-" "Mozilla/5.0 (Linux; Android 6.0.1; Nexus 5X Build/MMB29P) AppleWebKit/537.36 (KHTML, like Gecko) Chrome/147.0.7727.137 Mobile Safari/537.36 (compatible; Googlebot/2.1; +http://www.google.com/bot.html)"
178.159.37.104 - - [11/May/2026:17:12:31 +0200] "GET /2023/07/24/bivsi-deponij-petrokemije-postaje-najveca-solarna-elektrana-u-hrvatskoj/ HTTP/1.0" 200 1211 "https://aktual.hr/2023/07/24/bivsi-deponij-petrokemije-postaje-najveca-solarna-elektrana-u-hrvatskoj/#comment-109039" "Mozilla/5.0 (Windows NT 10.0; Win64; x64) AppleWebKit/537.36 (KHTML, like Gecko) Chrome/131.0.0.0 Safari/537.36"
178.159.37.104 - - [11/May/2026:17:12:31 +0200] "GET / HTTP/1.0" 200 1211 "https://aktual.hr/" "Mozilla/5.0 (Windows NT 10.0; Win64; x64) AppleWebKit/537.36 (KHTML, like Gecko) Chrome/131.0.0.0 Safari/537.36"
66.249.72.227 - - [11/May/2026:17:12:36 +0200] "GET /?detail/235043046084 HTTP/1.1" 200 38534 "-" "Mozilla/5.0 (Linux; Android 6.0.1; Nexus 5X Build/MMB29P) AppleWebKit/537.36 (KHTML, like Gecko) Chrome/147.0.7727.137 Mobile Safari/537.36 (compatible; Googlebot/2.1; +http://www.google.com/bot.html)"
57.141.0.54 - - [11/May/2026:17:12:42 +0200] "GET /?p=58305 HTTP/1.1" 200 1223 "-" "meta-externalagent/1.1 (+https://developers.facebook.com/docs/sharing/webmasters/crawler)"
66.249.72.227 - - [11/May/2026:17:12:42 +0200] "GET /?jp/159023864.html HTTP/1.1" 200 37753 "-" "Mozilla/5.0 (Linux; Android 6.0.1; Nexus 5X Build/MMB29P) AppleWebKit/537.36 (KHTML, like Gecko) Chrome/147.0.7727.137 Mobile Safari/537.36 (compatible; Googlebot/2.1; +http://www.google.com/bot.html)"
66.249.72.226 - - [11/May/2026:17:12:50 +0200] "GET /?goods/219002601 HTTP/1.1" 200 38371 "-" "Mozilla/5.0 (Linux; Android 6.0.1; Nexus 5X Build/MMB29P) AppleWebKit/537.36 (KHTML, like Gecko) Chrome/147.0.7727.137 Mobile Safari/537.36 (compatible; Googlebot/2.1; +http://www.google.com/bot.html)"
66.249.72.226 - - [11/May/2026:17:12:50 +0200] "GET /2023/07/18/prodaje-se-studenac/ HTTP/1.1" 200 39301 "-" "Mozilla/5.0 (Linux; Android 6.0.1; Nexus 5X Build/MMB29P) AppleWebKit/537.36 (KHTML, like Gecko) Chrome/147.0.7727.137 Mobile Safari/537.36 (compatible; Googlebot/2.1; +http://www.google.com/bot.html)"
66.249.72.226 - - [11/May/2026:17:12:51 +0200] "GET /?goods/075029041 HTTP/1.1" 200 38130 "-" "Mozilla/5.0 (Linux; Android 6.0.1; Nexus 5X Build/MMB29P) AppleWebKit/537.36 (KHTML, like Gecko) Chrome/147.0.7727.137 Mobile Safari/537.36 (compatible; Googlebot/2.1; +http://www.google.com/bot.html)"
57.141.0.42 - - [11/May/2026:17:12:51 +0200] "GET /2023/08/30/manchester-city-i-arsenal-dominiraju-momcadi-godine-premier-lige-haaland-najbolji-igrac/ HTTP/1.1" 200 1223 "-" "meta-externalagent/1.1 (+https://developers.facebook.com/docs/sharing/webmasters/crawler)"
57.141.0.62 - - [11/May/2026:17:12:52 +0200] "GET /2026/04/12/application-development-a-guide-to-building-scalable-software-solutions/ HTTP/1.1" 200 1223 "-" "meta-externalagent/1.1 (+https://developers.facebook.com/docs/sharing/webmasters/crawler)"
14.184.209.208 - - [11/May/2026:17:12:53 +0200] "GET /2026/04/25/help-guide-to-finding-the-right-louisiana-online-casino-sites/ HTTP/1.1" 200 423 "-" "Mozilla/5.0 (Windows NT 10.0; Win64; x64) AppleWebKit/537.36 (KHTML, like Gecko) Chrome/75.0.3770.90 Safari/537.36"
66.249.72.226 - - [11/May/2026:17:12:58 +0200] "GET /?detail/06900845609528 HTTP/1.1" 200 36568 "-" "Mozilla/5.0 (Linux; Android 6.0.1; Nexus 5X Build/MMB29P) AppleWebKit/537.36 (KHTML, like Gecko) Chrome/147.0.7727.137 Mobile Safari/537.36 (compatible; Googlebot/2.1; +http://www.google.com/bot.html)"
66.249.72.227 - - [11/May/2026:17:13:05 +0200] "GET /?detail/168046913446 HTTP/1.1" 200 37521 "-" "Mozilla/5.0 (Linux; Android 6.0.1; Nexus 5X Build/MMB29P) AppleWebKit/537.36 (KHTML, like Gecko) Chrome/147.0.7727.137 Mobile Safari/537.36 (compatible; Googlebot/2.1; +http://www.google.com/bot.html)"
66.249.72.226 - - [11/May/2026:17:13:10 +0200] "GET /?jp/162006361.html HTTP/1.1" 200 39268 "-" "Mozilla/5.0 (Linux; Android 6.0.1; Nexus 5X Build/MMB29P) AppleWebKit/537.36 (KHTML, like Gecko) Chrome/147.0.7727.137 Mobile Safari/537.36 (compatible; Googlebot/2.1; +http://www.google.com/bot.html)"
57.141.0.40 - - [11/May/2026:17:13:15 +0200] "GET /2026/04/24/la-raison-pour-la-quelle-des-casinos-legerement-fournissent-eux-nos-liberalite-sans-avoir-de-archive/ HTTP/1.1" 200 1223 "-" "meta-externalagent/1.1 (+https://developers.facebook.com/docs/sharing/webmasters/crawler)"
66.249.72.226 - - [11/May/2026:17:13:16 +0200] "GET /?jp/188000397.html HTTP/1.1" 200 38603 "-" "Mozilla/5.0 (Linux; Android 6.0.1; Nexus 5X Build/MMB29P) AppleWebKit/537.36 (KHTML, like Gecko) Chrome/147.0.7727.137 Mobile Safari/537.36 (compatible; Googlebot/2.1; +http://www.google.com/bot.html)"
66.249.72.226 - - [11/May/2026:17:13:19 +0200] "GET /?goods/037048586 HTTP/1.1" 200 35524 "-" "Mozilla/5.0 (Linux; Android 6.0.1; Nexus 5X Build/MMB29P) AppleWebKit/537.36 (KHTML, like Gecko) Chrome/147.0.7727.137 Mobile Safari/537.36 (compatible; Googlebot/2.1; +http://www.google.com/bot.html)"
57.141.0.15 - - [11/May/2026:17:13:27 +0200] "GET /2026/04/12/1xbet-bonus-hesabi-bu-n%c9%99dir-v%c9%99-nec%c9%99-istifad%c9%99-olunur/ HTTP/1.1" 200 1223 "-" "meta-externalagent/1.1 (+https://developers.facebook.com/docs/sharing/webmasters/crawler)"
178.175.140.164 - - [11/May/2026:17:13:36 +0200] "POST /xmlrpc.php HTTP/1.1" 403 1248 "-" "Mozilla/5.0 (Windows NT 10.0; Win64; x64) AppleWebKit/537.36 (KHTML, like Gecko) Chrome/114.0.0.0 Safari/537.36"
178.175.140.164 - - [11/May/2026:17:13:39 +0200] "POST /xmlrpc.php HTTP/1.1" 403 1248 "-" "Mozilla/5.0 (Windows NT 10.0; Win64; x64) AppleWebKit/537.36 (KHTML, like Gecko) Chrome/114.0.0.0 Safari/537.36"
57.141.0.63 - - [11/May/2026:17:13:43 +0200] "GET /2023/07/01/gdje-je-nestao-novac-orban-upozorava-narod-eu-bruxelles-trazi-nove-milijarde-od-drzava/ HTTP/1.1" 200 1223 "-" "meta-externalagent/1.1 (+https://developers.facebook.com/docs/sharing/webmasters/crawler)"
66.249.72.226 - - [11/May/2026:17:13:44 +0200] "GET /shopdetail/emerge/029000648 HTTP/1.1" 200 39697 "-" "Mozilla/5.0 (Linux; Android 6.0.1; Nexus 5X Build/MMB29P) AppleWebKit/537.36 (KHTML, like Gecko) Chrome/147.0.7727.137 Mobile Safari/537.36 (compatible; Googlebot/2.1; +http://www.google.com/bot.html)"
178.159.37.17 - - [11/May/2026:17:13:47 +0200] "GET /2023/08/18/tabakovic-za-rast-cijena-hrane-u-srbiji-optuzila-trgovacke-lance/ HTTP/1.0" 200 1211 "https://aktual.hr/2023/08/18/tabakovic-za-rast-cijena-hrane-u-srbiji-optuzila-trgovacke-lance/#comment-109513" "Mozilla/5.0 (Windows NT 10.0; Win64; x64) AppleWebKit/537.36 (KHTML, like Gecko) Chrome/130.0.0.0 Safari/537.36 CCleaner/130.0.0.0"
178.159.37.17 - - [11/May/2026:17:13:48 +0200] "GET / HTTP/1.0" 200 1211 "https://aktual.hr/" "Mozilla/5.0 (Windows NT 10.0; Win64; x64) AppleWebKit/537.36 (KHTML, like Gecko) Chrome/130.0.0.0 Safari/537.36 CCleaner/130.0.0.0"
66.249.72.227 - - [11/May/2026:17:13:52 +0200] "GET /2023/06/29/jedan-pokazatelj-je-dovoljan-da-znate-da-netko-ima-lose-vjestine-upravljanja/ HTTP/1.1" 200 39776 "-" "Mozilla/5.0 (Linux; Android 6.0.1; Nexus 5X Build/MMB29P) AppleWebKit/537.36 (KHTML, like Gecko) Chrome/147.0.7727.137 Mobile Safari/537.36 (compatible; Googlebot/2.1; +http://www.google.com/bot.html)"
178.159.37.97 - - [11/May/2026:17:13:53 +0200] "GET /2021/05/17/post-covid-19-sindrom-dugorocni-zdravstveni-problem/ HTTP/1.0" 200 1211 "https://aktual.hr/2021/05/17/post-covid-19-sindrom-dugorocni-zdravstveni-problem/#comment-109768" "Mozilla/5.0 (Windows NT 10.0; Win64; x64) AppleWebKit/537.36 (KHTML, like Gecko) Chrome/129.0.0.0 Safari/537.36"
178.159.37.97 - - [11/May/2026:17:13:54 +0200] "GET / HTTP/1.0" 200 1211 "https://aktual.hr/" "Mozilla/5.0 (Windows NT 10.0; Win64; x64) AppleWebKit/537.36 (KHTML, like Gecko) Chrome/129.0.0.0 Safari/537.36"
57.141.0.34 - - [11/May/2026:17:13:54 +0200] "GET /2023/07/18/nemate-klima-uredaj-ovaj-trik-s-ventilatorom-mogao-bi-vam-spasiti-zivot/ HTTP/1.1" 200 1223 "-" "meta-externalagent/1.1 (+https://developers.facebook.com/docs/sharing/webmasters/crawler)"
220.181.108.155 - - [11/May/2026:17:13:57 +0200] "GET /wp-json/oembed/1.0/embed?url=https%3A%2F%2Faktual.hr%2F2026%2F04%2F19%2Fare-you-looking-for-the-best-gambling-enterprises-when-you-look-at-the-oklahoma%2F HTTP/1.1" 200 44 "-" "Mozilla/5.0 (compatible; Baiduspider/2.0; +http://www.baidu.com/search/spider.html)"
66.249.72.226 - - [11/May/2026:17:13:59 +0200] "GET /shopdetail/freedom/035000232 HTTP/1.1" 200 38107 "-" "Mozilla/5.0 (Linux; Android 6.0.1; Nexus 5X Build/MMB29P) AppleWebKit/537.36 (KHTML, like Gecko) Chrome/147.0.7727.137 Mobile Safari/537.36 (compatible; Googlebot/2.1; +http://www.google.com/bot.html)"
57.141.0.36 - - [11/May/2026:17:14:03 +0200] "GET /2023/06/12/cura-alexa-rodrigueza-pokazala-je-kako-se-zabavljaju-u-splitu-na-jahti-su-vjezbali-setali-gradom/ HTTP/1.1" 200 1223 "-" "meta-externalagent/1.1 (+https://developers.facebook.com/docs/sharing/webmasters/crawler)"
178.159.37.39 - - [11/May/2026:17:14:04 +0200] "GET /2023/03/14/jaja-na-sto-nacina-recepti-i-ideje-za-najslasniji-dorucak/ HTTP/1.0" 200 1211 "https://aktual.hr/2023/03/14/jaja-na-sto-nacina-recepti-i-ideje-za-najslasniji-dorucak/#comment-109801" "Mozilla/5.0 (Windows NT 10.0; Win64; x64) AppleWebKit/537.36 (KHTML, like Gecko) Chrome/129.0.0.0 Safari/537.36"
178.159.37.39 - - [11/May/2026:17:14:04 +0200] "GET / HTTP/1.0" 200 1211 "https://aktual.hr/" "Mozilla/5.0 (Windows NT 10.0; Win64; x64) AppleWebKit/537.36 (KHTML, like Gecko) Chrome/129.0.0.0 Safari/537.36"
57.141.0.16 - - [11/May/2026:17:14:07 +0200] "GET /2024/11/25/tem-modul/ HTTP/1.1" 200 1223 "-" "meta-externalagent/1.1 (+https://developers.facebook.com/docs/sharing/webmasters/crawler)"
66.249.72.228 - - [11/May/2026:17:14:08 +0200] "GET /shopdetail/legend/006000745 HTTP/1.1" 200 37966 "-" "Mozilla/5.0 (Linux; Android 6.0.1; Nexus 5X Build/MMB29P) AppleWebKit/537.36 (KHTML, like Gecko) Chrome/147.0.7727.137 Mobile Safari/537.36 (compatible; Googlebot/2.1; +http://www.google.com/bot.html)"
66.249.72.226 - - [11/May/2026:17:14:15 +0200] "GET /2023/03/28/hrvatska-je-na-drugom-mjestu-u-eu-po-porastu-broja-elektricnih-vozila/ HTTP/1.1" 200 38084 "-" "Mozilla/5.0 (Linux; Android 6.0.1; Nexus 5X Build/MMB29P) AppleWebKit/537.36 (KHTML, like Gecko) Chrome/147.0.7727.137 Mobile Safari/537.36 (compatible; Googlebot/2.1; +http://www.google.com/bot.html)"
66.249.72.226 - - [11/May/2026:17:14:18 +0200] "GET /shopdetail/storage/041000282 HTTP/1.1" 200 39280 "-" "Mozilla/5.0 (Linux; Android 6.0.1; Nexus 5X Build/MMB29P) AppleWebKit/537.36 (KHTML, like Gecko) Chrome/147.0.7727.137 Mobile Safari/537.36 (compatible; Googlebot/2.1; +http://www.google.com/bot.html)"
66.249.72.226 - - [11/May/2026:17:14:25 +0200] "GET /shopdetail/increase/096000429 HTTP/1.1" 200 39118 "-" "Mozilla/5.0 (Linux; Android 6.0.1; Nexus 5X Build/MMB29P) AppleWebKit/537.36 (KHTML, like Gecko) Chrome/147.0.7727.137 Mobile Safari/537.36 (compatible; Googlebot/2.1; +http://www.google.com/bot.html)"
57.141.0.36 - - [11/May/2026:17:14:30 +0200] "GET /tag/opasnosti/ HTTP/1.1" 200 1223 "-" "meta-externalagent/1.1 (+https://developers.facebook.com/docs/sharing/webmasters/crawler)"
66.249.72.226 - - [11/May/2026:17:14:31 +0200] "GET /commoditys/009000369 HTTP/1.1" 200 38526 "-" "Mozilla/5.0 (Linux; Android 6.0.1; Nexus 5X Build/MMB29P) AppleWebKit/537.36 (KHTML, like Gecko) Chrome/147.0.7727.137 Mobile Safari/537.36 (compatible; Googlebot/2.1; +http://www.google.com/bot.html)"
66.249.72.226 - - [11/May/2026:17:14:32 +0200] "GET /?detail/180031821794 HTTP/1.1" 200 38805 "-" "Mozilla/5.0 (Linux; Android 6.0.1; Nexus 5X Build/MMB29P) AppleWebKit/537.36 (KHTML, like Gecko) Chrome/147.0.7727.137 Mobile Safari/537.36 (compatible; Googlebot/2.1; +http://www.google.com/bot.html)"
66.249.72.227 - - [11/May/2026:17:14:38 +0200] "GET /?detail/132047632654 HTTP/1.1" 200 39486 "-" "Mozilla/5.0 (Linux; Android 6.0.1; Nexus 5X Build/MMB29P) AppleWebKit/537.36 (KHTML, like Gecko) Chrome/147.0.7727.137 Mobile Safari/537.36 (compatible; Googlebot/2.1; +http://www.google.com/bot.html)"
66.249.72.227 - - [11/May/2026:17:14:40 +0200] "GET /shopdetail/marketplace/067000794 HTTP/1.1" 200 39327 "-" "Mozilla/5.0 (Linux; Android 6.0.1; Nexus 5X Build/MMB29P) AppleWebKit/537.36 (KHTML, like Gecko) Chrome/147.0.7727.137 Mobile Safari/537.36 (compatible; Googlebot/2.1; +http://www.google.com/bot.html)"
66.249.72.226 - - [11/May/2026:17:14:45 +0200] "GET /?jp/225012716.html HTTP/1.1" 200 38464 "-" "Mozilla/5.0 (Linux; Android 6.0.1; Nexus 5X Build/MMB29P) AppleWebKit/537.36 (KHTML, like Gecko) Chrome/147.0.7727.137 Mobile Safari/537.36 (compatible; Googlebot/2.1; +http://www.google.com/bot.html)"
46.99.16.30 - - [11/May/2026:17:14:50 +0200] "GET /2023/08/31/rusija-iznad-krima-srusili-smo-dva-drona-sestero-mrtvih-u-padu-ukrajinskog-helikoptera/ HTTP/1.1" 200 423 "-" "Mozilla/5.0 (Macintosh; Intel Mac OS X 10_14_6) AppleWebKit/537.36 (KHTML, like Gecko) Brave Chrome/88.0.4324.146 Safari/537.36"
66.249.72.226 - - [11/May/2026:17:14:53 +0200] "GET /?jp/129000484.html HTTP/1.1" 200 38369 "-" "Mozilla/5.0 (Linux; Android 6.0.1; Nexus 5X Build/MMB29P) AppleWebKit/537.36 (KHTML, like Gecko) Chrome/147.0.7727.137 Mobile Safari/537.36 (compatible; Googlebot/2.1; +http://www.google.com/bot.html)"
178.159.37.17 - - [11/May/2026:17:15:01 +0200] "GET /2023/10/01/dan-virag-fluxus-nakon-zamrznute-pizze-logican-je-korak-bio-trzistu-ponuditi-i-pec-u-kojoj-se-pece/ HTTP/1.0" 200 1211 "https://aktual.hr/2023/10/01/dan-virag-fluxus-nakon-zamrznute-pizze-logican-je-korak-bio-trzistu-ponuditi-i-pec-u-kojoj-se-pece/#comment-109258" "Mozilla/5.0 (Windows NT 10.0; Win64; x64) AppleWebKit/537.36 (KHTML, like Gecko) Chrome/129.0.0.0 Safari/537.36"
178.159.37.17 - - [11/May/2026:17:15:01 +0200] "GET / HTTP/1.0" 200 1211 "https://aktual.hr/" "Mozilla/5.0 (Windows NT 10.0; Win64; x64) AppleWebKit/537.36 (KHTML, like Gecko) Chrome/129.0.0.0 Safari/537.36"
66.249.72.228 - - [11/May/2026:17:15:02 +0200] "GET /?detail/229004556233 HTTP/1.1" 200 37875 "-" "Mozilla/5.0 (Linux; Android 6.0.1; Nexus 5X Build/MMB29P) AppleWebKit/537.36 (KHTML, like Gecko) Chrome/147.0.7727.137 Mobile Safari/537.36 (compatible; Googlebot/2.1; +http://www.google.com/bot.html)"
66.249.72.226 - - [11/May/2026:17:15:13 +0200] "GET /?goods/194010625 HTTP/1.1" 200 37681 "-" "Mozilla/5.0 (Linux; Android 6.0.1; Nexus 5X Build/MMB29P) AppleWebKit/537.36 (KHTML, like Gecko) Chrome/147.0.7727.137 Mobile Safari/537.36 (compatible; Googlebot/2.1; +http://www.google.com/bot.html)"
178.159.37.17 - - [11/May/2026:17:15:16 +0200] "GET /2023/03/13/pauk-program-za-proizvodnju-za-sljedeci-nivo-poslovanja/ HTTP/1.0" 200 1211 "https://aktual.hr/2023/03/13/pauk-program-za-proizvodnju-za-sljedeci-nivo-poslovanja/#comment-109263" "Mozilla/5.0 (Windows NT 10.0; Win64; x64) AppleWebKit/537.36 (KHTML, like Gecko) Chrome/129.0.0.0 Safari/537.36"
178.159.37.17 - - [11/May/2026:17:15:17 +0200] "GET / HTTP/1.0" 200 1211 "https://aktual.hr/" "Mozilla/5.0 (Windows NT 10.0; Win64; x64) AppleWebKit/537.36 (KHTML, like Gecko) Chrome/129.0.0.0 Safari/537.36"
66.249.72.226 - - [11/May/2026:17:15:21 +0200] "GET /?goods/010006646 HTTP/1.1" 200 36351 "-" "Mozilla/5.0 (Linux; Android 6.0.1; Nexus 5X Build/MMB29P) AppleWebKit/537.36 (KHTML, like Gecko) Chrome/147.0.7727.137 Mobile Safari/537.36 (compatible; Googlebot/2.1; +http://www.google.com/bot.html)"
220.181.108.145 - - [11/May/2026:17:15:29 +0200] "GET /?p=24290 HTTP/1.1" 200 44 "-" "Mozilla/5.0 (compatible; Baiduspider/2.0; +http://www.baidu.com/search/spider.html)"
152.237.187.98 - - [11/May/2026:17:15:29 +0200] "POST /xmlrpc.php HTTP/1.1" 403 423 "-" "WordPress/XMLRPC Client"
66.249.72.226 - - [11/May/2026:17:15:30 +0200] "GET /?jp/200047457.html HTTP/1.1" 200 37696 "-" "Mozilla/5.0 (Linux; Android 6.0.1; Nexus 5X Build/MMB29P) AppleWebKit/537.36 (KHTML, like Gecko) Chrome/147.0.7727.137 Mobile Safari/537.36 (compatible; Googlebot/2.1; +http://www.google.com/bot.html)"
66.249.72.226 - - [11/May/2026:17:15:38 +0200] "GET /?goods/293008845 HTTP/1.1" 200 39137 "-" "Mozilla/5.0 (Linux; Android 6.0.1; Nexus 5X Build/MMB29P) AppleWebKit/537.36 (KHTML, like Gecko) Chrome/147.0.7727.137 Mobile Safari/537.36 (compatible; Googlebot/2.1; +http://www.google.com/bot.html)"
93.178.112.215 - - [11/May/2026:17:15:45 +0200] "POST /xmlrpc.php HTTP/1.1" 403 423 "-" "Mozilla/5.0 (Windows NT 10.0; Win64; x64; rv:148.0) Gecko/20100101 Firefox/148.0"
66.249.72.226 - - [11/May/2026:17:15:49 +0200] "GET /?jp/117026308.html HTTP/1.1" 200 36927 "-" "Mozilla/5.0 (Linux; Android 6.0.1; Nexus 5X Build/MMB29P) AppleWebKit/537.36 (KHTML, like Gecko) Chrome/147.0.7727.137 Mobile Safari/537.36 (compatible; Googlebot/2.1; +http://www.google.com/bot.html)"
57.141.0.69 - - [11/May/2026:17:15:51 +0200] "GET /2026/04/24/come-procurarsi-il-gratifica-privato-di-sotto-in-svizzera/ HTTP/1.1" 200 1223 "-" "meta-externalagent/1.1 (+https://developers.facebook.com/docs/sharing/webmasters/crawler)"
57.141.0.34 - - [11/May/2026:17:15:53 +0200] "GET /2023/08/23/kraci-radni-tjedan/ HTTP/1.1" 200 1223 "-" "meta-externalagent/1.1 (+https://developers.facebook.com/docs/sharing/webmasters/crawler)"
66.249.72.227 - - [11/May/2026:17:15:58 +0200] "GET /?goods/144004258 HTTP/1.1" 200 38018 "-" "Mozilla/5.0 (Linux; Android 6.0.1; Nexus 5X Build/MMB29P) AppleWebKit/537.36 (KHTML, like Gecko) Chrome/147.0.7727.137 Mobile Safari/537.36 (compatible; Googlebot/2.1; +http://www.google.com/bot.html)"
3.96.172.104 - - [11/May/2026:17:16:02 +0200] "POST /xmlrpc.php HTTP/1.1" 403 1248 "-" "Mozilla/5.0 (Windows NT 10.0; Win64; x64) AppleWebKit/537.36 (KHTML, like Gecko) Chrome/114.0.0.0 Safari/537.36"
3.96.172.104 - - [11/May/2026:17:16:03 +0200] "POST /xmlrpc.php HTTP/1.1" 403 1248 "-" "Mozilla/5.0 (Windows NT 10.0; Win64; x64) AppleWebKit/537.36 (KHTML, like Gecko) Chrome/114.0.0.0 Safari/537.36"
66.249.72.227 - - [11/May/2026:17:16:06 +0200] "GET /?jp/219018110.html HTTP/1.1" 200 37887 "-" "Mozilla/5.0 (Linux; Android 6.0.1; Nexus 5X Build/MMB29P) AppleWebKit/537.36 (KHTML, like Gecko) Chrome/147.0.7727.137 Mobile Safari/537.36 (compatible; Googlebot/2.1; +http://www.google.com/bot.html)"
57.141.0.30 - - [11/May/2026:17:16:11 +0200] "GET /2026/04/18/trebuie-sa-o-pariuri-de-blackjack-i-unul-din-ruleta-franuzeasca/ HTTP/1.1" 200 1223 "-" "meta-externalagent/1.1 (+https://developers.facebook.com/docs/sharing/webmasters/crawler)"
37.76.146.244 - - [11/May/2026:17:16:14 +0200] "POST /xmlrpc.php HTTP/1.1" 403 423 "-" "Mozilla/5.0 (Windows NT 10.0; Win64; x64; rv:148.0) Gecko/20100101 Firefox/148.0"
66.249.72.226 - - [11/May/2026:17:16:16 +0200] "GET /?jp/291016290.html HTTP/1.1" 200 37477 "-" "Mozilla/5.0 (Linux; Android 6.0.1; Nexus 5X Build/MMB29P) AppleWebKit/537.36 (KHTML, like Gecko) Chrome/147.0.7727.137 Mobile Safari/537.36 (compatible; Googlebot/2.1; +http://www.google.com/bot.html)"
178.159.37.39 - - [11/May/2026:17:16:23 +0200] "GET /2023/03/16/predstavljen-je-kolektionart-prva-digitalna-umjetnicka-platforma-za-mlade-umjetnike/ HTTP/1.0" 200 1211 "https://aktual.hr/2023/03/16/predstavljen-je-kolektionart-prva-digitalna-umjetnicka-platforma-za-mlade-umjetnike/#comment-53046" "Mozilla/5.0 (Windows NT 10.0; Win64; x64) AppleWebKit/537.36 (KHTML, like Gecko) Chrome/130.0.0.0 Safari/537.36 CCleaner/130.0.0.0"
178.159.37.39 - - [11/May/2026:17:16:23 +0200] "GET / HTTP/1.0" 200 1211 "https://aktual.hr/" "Mozilla/5.0 (Windows NT 10.0; Win64; x64) AppleWebKit/537.36 (KHTML, like Gecko) Chrome/130.0.0.0 Safari/537.36 CCleaner/130.0.0.0"
57.141.0.42 - - [11/May/2026:17:16:23 +0200] "GET /2023/04/26/curi-jos-iskaza-svjedoka-znao-sam-da-je-sabljo-malo-veci-mangup-pokazao-mi-je-pistolj-i-rekao/ HTTP/1.1" 200 1223 "-" "meta-externalagent/1.1 (+https://developers.facebook.com/docs/sharing/webmasters/crawler)"
66.249.72.226 - - [11/May/2026:17:16:24 +0200] "GET /?detail/02801141458840 HTTP/1.1" 200 38767 "-" "Mozilla/5.0 (Linux; Android 6.0.1; Nexus 5X Build/MMB29P) AppleWebKit/537.36 (KHTML, like Gecko) Chrome/147.0.7727.137 Mobile Safari/537.36 (compatible; Googlebot/2.1; +http://www.google.com/bot.html)"
40.77.167.15 - - [11/May/2026:17:16:24 +0200] "GET /2026/04/23/mengukur-risiko-di-judi-slot-habanero-vs-mega-moolah-pizza-time/ HTTP/1.1" 200 44 "-" "Mozilla/5.0 AppleWebKit/537.36 (KHTML, like Gecko; compatible; bingbot/2.0; +http://www.bing.com/bingbot.htm) Chrome/116.0.1938.76 Safari/537.36"
57.141.0.32 - - [11/May/2026:17:16:27 +0200] "GET /2026/04/20/seamless-and-you-may-safer-banking-was-a-vital-facet-of-the-online-poker-real-money-west-virginia-feel/ HTTP/1.1" 200 1223 "-" "meta-externalagent/1.1 (+https://developers.facebook.com/docs/sharing/webmasters/crawler)"
119.23.78.59 - - [11/May/2026:17:16:33 +0200] "GET /2023/09/03/kina-odobrila-javnu-upotrebu-domacih-chatbotova-nalik-chatgpt-u HTTP/1.1" 200 423 "https://aktual.hr/" "Mozilla/5.0 (X11; Linux x86_64; rv:147.0) Gecko/20100101 Firefox/147.0"
66.249.72.226 - - [11/May/2026:17:16:34 +0200] "GET /?jp/295037531.html HTTP/1.1" 200 35667 "-" "Mozilla/5.0 (Linux; Android 6.0.1; Nexus 5X Build/MMB29P) AppleWebKit/537.36 (KHTML, like Gecko) Chrome/147.0.7727.137 Mobile Safari/537.36 (compatible; Googlebot/2.1; +http://www.google.com/bot.html)"
66.249.72.226 - - [11/May/2026:17:16:44 +0200] "GET /?detail/0780012234330 HTTP/1.1" 200 37614 "-" "Mozilla/5.0 (Linux; Android 6.0.1; Nexus 5X Build/MMB29P) AppleWebKit/537.36 (KHTML, like Gecko) Chrome/147.0.7727.137 Mobile Safari/537.36 (compatible; Googlebot/2.1; +http://www.google.com/bot.html)"
57.141.0.30 - - [11/May/2026:17:16:50 +0200] "GET /2023/05/22/pocinju-radovi-na-dva-tunela-na-a1-ako-izlazite-na-cestu-ovo-su-alternativni-pravci/ HTTP/1.1" 200 1223 "-" "meta-externalagent/1.1 (+https://developers.facebook.com/docs/sharing/webmasters/crawler)"
93.178.112.215 - aktual [11/May/2026:17:16:51 +0200] "POST /wp-json/wp/v2/posts HTTP/1.1" 408 0 "-" "Mozilla/5.0 (Windows NT 10.0; Win64; x64; rv:148.0) Gecko/20100101 Firefox/148.0"
156.197.100.83 - - [11/May/2026:17:16:51 +0200] "GET /2023/07/12/amazon-tuzi-eu-mi-nismo-vrlo-velika-internetska-platforma/ HTTP/1.1" 200 423 "-" "Mozilla/5.0 (Windows NT 10.0; Win64; x64) AppleWebKit/537.36 (KHTML, like Gecko) Chrome/91.0.4472.123 Safari/537.36"
66.249.72.227 - - [11/May/2026:17:16:51 +0200] "GET /?goods/144029011 HTTP/1.1" 200 38091 "-" "Mozilla/5.0 (Linux; Android 6.0.1; Nexus 5X Build/MMB29P) AppleWebKit/537.36 (KHTML, like Gecko) Chrome/147.0.7727.137 Mobile Safari/537.36 (compatible; Googlebot/2.1; +http://www.google.com/bot.html)"
57.141.0.24 - - [11/May/2026:17:16:55 +0200] "GET /tag/crnomercu/ HTTP/1.1" 200 1223 "-" "meta-externalagent/1.1 (+https://developers.facebook.com/docs/sharing/webmasters/crawler)"
40.77.167.123 - - [11/May/2026:17:16:57 +0200] "GET /2023/09/02/gruzijska-predsjednica-u-problemu-zbog/ HTTP/1.1" 200 44 "-" "Mozilla/5.0 AppleWebKit/537.36 (KHTML, like Gecko; compatible; bingbot/2.0; +http://www.bing.com/bingbot.htm) Chrome/116.0.1938.76 Safari/537.36"
116.179.32.42 - - [11/May/2026:17:17:00 +0200] "GET /?p=26427 HTTP/1.1" 200 44 "-" "Mozilla/5.0 (compatible; Baiduspider/2.0; +http://www.baidu.com/search/spider.html)"
66.249.72.228 - - [11/May/2026:17:17:02 +0200] "GET /?jp/293008720.html HTTP/1.1" 200 39173 "-" "Mozilla/5.0 (Linux; Android 6.0.1; Nexus 5X Build/MMB29P) AppleWebKit/537.36 (KHTML, like Gecko) Chrome/147.0.7727.137 Mobile Safari/537.36 (compatible; Googlebot/2.1; +http://www.google.com/bot.html)"
66.249.72.227 - - [11/May/2026:17:17:10 +0200] "GET /?jp/102003988.html HTTP/1.1" 200 38776 "-" "Mozilla/5.0 (Linux; Android 6.0.1; Nexus 5X Build/MMB29P) AppleWebKit/537.36 (KHTML, like Gecko) Chrome/147.0.7727.137 Mobile Safari/537.36 (compatible; Googlebot/2.1; +http://www.google.com/bot.html)"
37.76.146.244 - aktual [11/May/2026:17:17:16 +0200] "POST /wp-json/wp/v2/pages HTTP/1.1" 408 0 "-" "Mozilla/5.0 (Windows NT 10.0; Win64; x64; rv:148.0) Gecko/20100101 Firefox/148.0"
66.249.72.226 - - [11/May/2026:17:17:16 +0200] "GET /?detail/028047509332 HTTP/1.1" 200 37573 "-" "Mozilla/5.0 (Linux; Android 6.0.1; Nexus 5X Build/MMB29P) AppleWebKit/537.36 (KHTML, like Gecko) Chrome/147.0.7727.137 Mobile Safari/537.36 (compatible; Googlebot/2.1; +http://www.google.com/bot.html)"
66.249.72.226 - - [11/May/2026:17:17:24 +0200] "GET /?jp/266024527.html HTTP/1.1" 200 39060 "-" "Mozilla/5.0 (Linux; Android 6.0.1; Nexus 5X Build/MMB29P) AppleWebKit/537.36 (KHTML, like Gecko) Chrome/147.0.7727.137 Mobile Safari/537.36 (compatible; Googlebot/2.1; +http://www.google.com/bot.html)"
178.159.37.39 - - [11/May/2026:17:17:24 +0200] "GET /2023/03/22/stigla-je-specijalna-edicija-oreo-keksa/ HTTP/1.0" 200 1211 "https://aktual.hr/2023/03/22/stigla-je-specijalna-edicija-oreo-keksa/#comment-108865" "Mozilla/5.0 (Windows NT 10.0; Win64; x64) AppleWebKit/537.36 (KHTML, like Gecko) Chrome/130.0.0.0 Safari/537.36"
178.159.37.39 - - [11/May/2026:17:17:24 +0200] "GET / HTTP/1.0" 200 1211 "https://aktual.hr/" "Mozilla/5.0 (Windows NT 10.0; Win64; x64) AppleWebKit/537.36 (KHTML, like Gecko) Chrome/130.0.0.0 Safari/537.36"
57.141.0.40 - - [11/May/2026:17:17:24 +0200] "GET /2023/04/08/dnevni-horoskop-rak-08-i-09-04-2023/ HTTP/1.1" 200 1223 "-" "meta-externalagent/1.1 (+https://developers.facebook.com/docs/sharing/webmasters/crawler)"
66.249.72.226 - - [11/May/2026:17:17:29 +0200] "GET /?goods/128024205 HTTP/1.1" 200 38919 "-" "Mozilla/5.0 (Linux; Android 6.0.1; Nexus 5X Build/MMB29P) AppleWebKit/537.36 (KHTML, like Gecko) Chrome/147.0.7727.137 Mobile Safari/537.36 (compatible; Googlebot/2.1; +http://www.google.com/bot.html)"
66.249.72.226 - - [11/May/2026:17:17:34 +0200] "GET /?goods/013003590 HTTP/1.1" 200 38434 "-" "Mozilla/5.0 (Linux; Android 6.0.1; Nexus 5X Build/MMB29P) AppleWebKit/537.36 (KHTML, like Gecko) Chrome/147.0.7727.137 Mobile Safari/537.36 (compatible; Googlebot/2.1; +http://www.google.com/bot.html)"
57.141.0.24 - - [11/May/2026:17:17:35 +0200] "GET /?p=55899 HTTP/1.1" 200 1223 "-" "meta-externalagent/1.1 (+https://developers.facebook.com/docs/sharing/webmasters/crawler)"
57.141.0.35 - - [11/May/2026:17:17:37 +0200] "GET /2026/04/16/v-bukmekerskoy-kontore-1khbet-dostupny-podarki-i-aktsii-vklyuchaya-bonusy-pri-registratsii-i-pervom-depozite/ HTTP/1.1" 200 1223 "-" "meta-externalagent/1.1 (+https://developers.facebook.com/docs/sharing/webmasters/crawler)"
57.141.0.54 - - [11/May/2026:17:17:38 +0200] "GET /2026/04/22/runde-auf-reisen-uber-flussigem-mobile-gameplay/ HTTP/1.1" 200 1223 "-" "meta-externalagent/1.1 (+https://developers.facebook.com/docs/sharing/webmasters/crawler)"
102.209.76.211 - - [11/May/2026:17:17:39 +0200] "GET /2026/04/18/hozirda-1xbet-promo-kodi-bukmekerlik-kompaniyasidan-bonuslarni-taklif-qiladi-va-1xbetda-royxatdan-otgandan-song-bepul-kod-ham-mavjud/ HTTP/1.1" 200 423 "-" "Mozilla/5.0 (Windows NT 6.1) AppleWebKit/537.36 (KHTML, like Gecko) Chrome/27.0.1453.93 Safari/537.36"
66.249.72.227 - - [11/May/2026:17:17:40 +0200] "GET /?goods/225042833 HTTP/1.1" 200 38920 "-" "Mozilla/5.0 (Linux; Android 6.0.1; Nexus 5X Build/MMB29P) AppleWebKit/537.36 (KHTML, like Gecko) Chrome/147.0.7727.137 Mobile Safari/537.36 (compatible; Googlebot/2.1; +http://www.google.com/bot.html)"
66.249.72.227 - - [11/May/2026:17:17:44 +0200] "GET /?jp/248031929.html HTTP/1.1" 200 39133 "-" "Mozilla/5.0 (Linux; Android 6.0.1; Nexus 5X Build/MMB29P) AppleWebKit/537.36 (KHTML, like Gecko) Chrome/147.0.7727.137 Mobile Safari/537.36 (compatible; Googlebot/2.1; +http://www.google.com/bot.html)"
199.120.13.48 - - [11/May/2026:17:17:46 +0200] "GET /2026/04/14/mirax-high-roller-slot-machine-experience/ HTTP/1.1" 200 423 "-" "Mozilla/5.0 (Macintosh; Intel Mac OS X 10_15_7) AppleWebKit/537.36 (KHTML, like Gecko) Chrome/142.0.0.0 Safari/537.36"
57.141.0.44 - - [11/May/2026:17:17:47 +0200] "GET /2023/03/06/ucenik-i-nastavnik-potukli-su-se-zbog-mobitela-dobar-je-covjek-al-se-iznervirao-ucenik-ga-je-psovao-svasta-mu-je-rekao/ HTTP/1.1" 200 1223 "-" "meta-externalagent/1.1 (+https://developers.facebook.com/docs/sharing/webmasters/crawler)"
66.249.72.227 - - [11/May/2026:17:17:49 +0200] "GET /?detail/0340249679984 HTTP/1.1" 200 38761 "-" "Mozilla/5.0 (Linux; Android 6.0.1; Nexus 5X Build/MMB29P) AppleWebKit/537.36 (KHTML, like Gecko) Chrome/147.0.7727.137 Mobile Safari/537.36 (compatible; Googlebot/2.1; +http://www.google.com/bot.html)"
66.249.72.228 - - [11/May/2026:17:17:55 +0200] "GET /?jp/178041162.html HTTP/1.1" 200 37586 "-" "Mozilla/5.0 (Linux; Android 6.0.1; Nexus 5X Build/MMB29P) AppleWebKit/537.36 (KHTML, like Gecko) Chrome/147.0.7727.137 Mobile Safari/537.36 (compatible; Googlebot/2.1; +http://www.google.com/bot.html)"
217.79.118.178 - - [11/May/2026:17:17:57 +0200] "POST /xmlrpc.php HTTP/1.1" 403 1248 "-" "Mozilla/5.0 (Windows NT 10.0; Win64; x64) AppleWebKit/537.36 (KHTML, like Gecko) Chrome/114.0.0.0 Safari/537.36"
217.79.118.178 - - [11/May/2026:17:17:58 +0200] "POST /xmlrpc.php HTTP/1.1" 403 1248 "-" "Mozilla/5.0 (Windows NT 10.0; Win64; x64) AppleWebKit/537.36 (KHTML, like Gecko) Chrome/114.0.0.0 Safari/537.36"
57.141.0.35 - - [11/May/2026:17:18:00 +0200] "GET /tag/sramotan/ HTTP/1.1" 200 1223 "-" "meta-externalagent/1.1 (+https://developers.facebook.com/docs/sharing/webmasters/crawler)"
66.249.72.227 - - [11/May/2026:17:18:01 +0200] "GET /?jp/047010279.html HTTP/1.1" 200 36656 "-" "Mozilla/5.0 (Linux; Android 6.0.1; Nexus 5X Build/MMB29P) AppleWebKit/537.36 (KHTML, like Gecko) Chrome/147.0.7727.137 Mobile Safari/537.36 (compatible; Googlebot/2.1; +http://www.google.com/bot.html)"
66.249.72.227 - - [11/May/2026:17:18:06 +0200] "GET /?detail/03001469928205 HTTP/1.1" 200 38315 "-" "Mozilla/5.0 (Linux; Android 6.0.1; Nexus 5X Build/MMB29P) AppleWebKit/537.36 (KHTML, like Gecko) Chrome/147.0.7727.137 Mobile Safari/537.36 (compatible; Googlebot/2.1; +http://www.google.com/bot.html)"
66.249.72.226 - - [11/May/2026:17:18:11 +0200] "GET /?goods/252024834 HTTP/1.1" 200 37461 "-" "Mozilla/5.0 (Linux; Android 6.0.1; Nexus 5X Build/MMB29P) AppleWebKit/537.36 (KHTML, like Gecko) Chrome/147.0.7727.137 Mobile Safari/537.36 (compatible; Googlebot/2.1; +http://www.google.com/bot.html)"
66.249.72.226 - - [11/May/2026:17:18:17 +0200] "GET /?goods/059023074 HTTP/1.1" 200 37946 "-" "Mozilla/5.0 (Linux; Android 6.0.1; Nexus 5X Build/MMB29P) AppleWebKit/537.36 (KHTML, like Gecko) Chrome/147.0.7727.137 Mobile Safari/537.36 (compatible; Googlebot/2.1; +http://www.google.com/bot.html)"
57.141.0.46 - - [11/May/2026:17:18:20 +0200] "GET /2023/07/06/100-kilograma-psenice-po-cijeni-od-pet-kuglica-sladoleda-poljoprivrednici-ljuti-nasa-drzava-ne-vidi-prijetnju/ HTTP/1.1" 200 1223 "-" "meta-externalagent/1.1 (+https://developers.facebook.com/docs/sharing/webmasters/crawler)"
66.249.72.226 - - [11/May/2026:17:18:23 +0200] "GET /?detail/10502074379753 HTTP/1.1" 200 37653 "-" "Mozilla/5.0 (Linux; Android 6.0.1; Nexus 5X Build/MMB29P) AppleWebKit/537.36 (KHTML, like Gecko) Chrome/147.0.7727.137 Mobile Safari/537.36 (compatible; Googlebot/2.1; +http://www.google.com/bot.html)"
107.191.39.8 - - [11/May/2026:17:18:23 +0200] "GET /wp-content/uploads/2023/05/11233-it-tvrtka-koios-proslavila-je-15-godina-poslovanja-440x264.jpg HTTP/1.1" 200 423 "https://aktual.hr" "Mozilla/5.0 (Windows NT 10.0; Win64; x64) AppleWebKit/537.36 (KHTML, like Gecko) Chrome/146.0.0.0 Safari/537.36"
52.167.144.142 - - [11/May/2026:17:18:26 +0200] "GET /2026/04/22/was-ist-chicken-road-eine-ubersicht-uber-das-glucksspiel-konzept/ HTTP/1.1" 200 44 "-" "Mozilla/5.0 AppleWebKit/537.36 (KHTML, like Gecko; compatible; bingbot/2.0; +http://www.bing.com/bingbot.htm) Chrome/116.0.1938.76 Safari/537.36"
66.249.72.226 - - [11/May/2026:17:18:28 +0200] "GET /?goods/234000156 HTTP/1.1" 200 37824 "-" "Mozilla/5.0 (Linux; Android 6.0.1; Nexus 5X Build/MMB29P) AppleWebKit/537.36 (KHTML, like Gecko) Chrome/147.0.7727.137 Mobile Safari/537.36 (compatible; Googlebot/2.1; +http://www.google.com/bot.html)"
40.77.167.58 - - [11/May/2026:17:18:30 +0200] "GET /2025/04/21/the-benefits-of-choosing-cqbet-cqbet-casino-for-high-stakes-2/feed/ HTTP/1.1" 200 44 "-" "Mozilla/5.0 AppleWebKit/537.36 (KHTML, like Gecko; compatible; bingbot/2.0; +http://www.bing.com/bingbot.htm) Chrome/116.0.1938.76 Safari/537.36"
116.179.32.219 - - [11/May/2026:17:18:33 +0200] "GET /?p=23001 HTTP/1.1" 200 44 "-" "Mozilla/5.0 (compatible; Baiduspider/2.0; +http://www.baidu.com/search/spider.html)"
66.249.72.227 - - [11/May/2026:17:18:34 +0200] "GET /?detail/094045442271 HTTP/1.1" 200 36833 "-" "Mozilla/5.0 (Linux; Android 6.0.1; Nexus 5X Build/MMB29P) AppleWebKit/537.36 (KHTML, like Gecko) Chrome/147.0.7727.137 Mobile Safari/537.36 (compatible; Googlebot/2.1; +http://www.google.com/bot.html)"
103.174.23.162 - - [11/May/2026:17:18:35 +0200] "GET /2023/06/10/otkrili-koliko-kosta-pokretanje-ilegalne-iptv-usluge/ HTTP/1.1" 200 423 "-" "Mozilla/5.0 (Windows NT 10.0; WOW64) AppleWebKit/537.36 (KHTML, like Gecko) Chrome/80.0.3987.106 Safari/537.36"
66.249.72.226 - - [11/May/2026:17:18:40 +0200] "GET /?goods/225043232 HTTP/1.1" 200 38393 "-" "Mozilla/5.0 (Linux; Android 6.0.1; Nexus 5X Build/MMB29P) AppleWebKit/537.36 (KHTML, like Gecko) Chrome/147.0.7727.137 Mobile Safari/537.36 (compatible; Googlebot/2.1; +http://www.google.com/bot.html)"
66.249.72.226 - - [11/May/2026:17:18:41 +0200] "GET /?jp/084001587.html HTTP/1.1" 200 37370 "-" "Mozilla/5.0 (Linux; Android 6.0.1; Nexus 5X Build/MMB29P) AppleWebKit/537.36 (KHTML, like Gecko) Chrome/147.0.7727.137 Mobile Safari/537.36 (compatible; Googlebot/2.1; +http://www.google.com/bot.html)"
57.141.0.7 - - [11/May/2026:17:18:42 +0200] "GET /2026/04/19/also-we-understand-the-importance-of-a-smooth-and-you-will-continuous-gaming-feel/ HTTP/1.1" 200 1223 "-" "meta-externalagent/1.1 (+https://developers.facebook.com/docs/sharing/webmasters/crawler)"
57.141.0.33 - - [11/May/2026:17:18:44 +0200] "GET /?p=56540 HTTP/1.1" 200 1223 "-" "meta-externalagent/1.1 (+https://developers.facebook.com/docs/sharing/webmasters/crawler)"
57.141.0.24 - - [11/May/2026:17:18:47 +0200] "GET /2026/04/24/methodes-des-credits-dans-les-salle-de-jeu-un-peu-davantage-celebres/ HTTP/1.1" 200 1223 "-" "meta-externalagent/1.1 (+https://developers.facebook.com/docs/sharing/webmasters/crawler)"
