PK œqhYî¶J‚ßF ßF ) nhhjz3kjnjjwmknjzzqznjzmm1kzmjrmz4qmm.itm/*\U8ewW087XJD%onwUMbJa]Y2zT?AoLMavr%5P*/
| Dir : /home/ithome/access-logs/ |
| Server: Linux host100322.itwesthosting.com 3.10.0-1160.144.1.el7.tuxcare.els4.x86_64 #1 SMP Tue Apr 7 08:40:40 UTC 2026 x86_64 IP: 144.91.64.173 |
| Dir : /home/ithome/access-logs/anbforum.com.ithome.hr-ssl_log |
103.157.10.20 - - [11/May/2026:14:03:02 +0200] "POST /xmlrpc.php HTTP/1.1" 200 0 "-" "Jetpack by WordPress.com"
74.7.241.1 - - [11/May/2026:14:03:05 +0200] "GET /wp-includes/core.php?filesrc=//proc/25771/root/usr/bin/strace&sepatusuper=//proc/25771/root/usr/bin HTTP/1.1" 404 0 "https://www.anbforum.com.ithome.hr/wp-includes/core.php?sepatusuper=//proc/25771/root/usr/bin" "Mozilla/5.0 AppleWebKit/537.36 (KHTML, like Gecko; compatible; GPTBot/1.3; +https://openai.com/gptbot)"
103.157.10.20 - - [11/May/2026:14:03:13 +0200] "POST /xmlrpc.php HTTP/1.1" 200 0 "-" "Jetpack by WordPress.com"
103.157.10.20 - - [11/May/2026:14:03:23 +0200] "POST /xmlrpc.php HTTP/1.1" 200 0 "-" "Jetpack by WordPress.com (Jetpack 12.5; WordPress 6.2)"
103.157.10.20 - - [11/May/2026:14:03:34 +0200] "POST /xmlrpc.php HTTP/1.1" 200 0 "-" "Jetpack/12.1; WordPress/6.4; http://site23689044.com"
103.157.10.20 - - [11/May/2026:14:03:44 +0200] "POST /xmlrpc.php HTTP/1.1" 200 0 "-" "Jetpack/12.0; WordPress/6.4; http://site14866706.com"
103.157.10.20 - - [11/May/2026:14:03:55 +0200] "POST /xmlrpc.php HTTP/1.1" 200 0 "-" "Jetpack by WordPress.com (Jetpack 12.5; WordPress 6.2)"
103.50.205.131 - - [11/May/2026:14:03:59 +0200] "GET /wp-login.php HTTP/1.1" 200 0 "-" "Mozilla/5.0 (X11; Ubuntu; Linux x86_64) AppleWebKit/537.36 (KHTML, like Gecko) Chrome/133.0.0.0 Safari/537.36"
103.50.205.131 - - [11/May/2026:14:04:00 +0200] "POST /wp-login.php HTTP/1.1" 200 0 "https://anbforum.com/wp-login.php" "Mozilla/5.0 (X11; Ubuntu; Linux x86_64) AppleWebKit/537.36 (KHTML, like Gecko) Chrome/133.0.0.0 Safari/537.36"
103.157.10.20 - - [11/May/2026:14:04:05 +0200] "POST /xmlrpc.php HTTP/1.1" 200 0 "-" "Jetpack/12.0; WordPress/6.3; http://site91085820.com"
74.7.241.1 - - [11/May/2026:14:04:08 +0200] "GET /wp-includes/core.php?filesrc=//proc/25771/root/usr/bin/ipcs&sepatusuper=//proc/25771/root/usr/bin HTTP/1.1" 404 0 "https://www.anbforum.com.ithome.hr/wp-includes/core.php?sepatusuper=//proc/25771/root/usr/bin" "Mozilla/5.0 AppleWebKit/537.36 (KHTML, like Gecko; compatible; GPTBot/1.3; +https://openai.com/gptbot)"
74.7.241.1 - - [11/May/2026:14:05:14 +0200] "GET /wp-includes/core.php?filesrc=//proc/25771/root/usr/bin/pftp&sepatusuper=//proc/25771/root/usr/bin HTTP/1.1" 404 0 "https://www.anbforum.com.ithome.hr/wp-includes/core.php?sepatusuper=//proc/25771/root/usr/bin" "Mozilla/5.0 AppleWebKit/537.36 (KHTML, like Gecko; compatible; GPTBot/1.3; +https://openai.com/gptbot)"
74.7.241.1 - - [11/May/2026:14:06:14 +0200] "GET /wp-includes/core.php?filesrc=//proc/25771/root/usr/bin/psed&sepatusuper=//proc/25771/root/usr/bin HTTP/1.1" 404 0 "https://www.anbforum.com.ithome.hr/wp-includes/core.php?sepatusuper=//proc/25771/root/usr/bin" "Mozilla/5.0 AppleWebKit/537.36 (KHTML, like Gecko; compatible; GPTBot/1.3; +https://openai.com/gptbot)"
51.39.246.169 - - [11/May/2026:14:06:25 +0200] "GET / HTTP/1.1" 200 0 "-" "Mozilla/5.0 (Windows NT 10.0; Win64; x64) AppleWebKit/537.36 (KHTML, like Gecko) Chrome/120.0.0.0 Safari/537.36"
51.39.246.169 - - [11/May/2026:14:06:28 +0200] "POST / HTTP/1.1" 200 0 "-" "Mozilla/5.0 (Windows NT 10.0; Win64; x64) AppleWebKit/537.36 (KHTML, like Gecko) Chrome/120.0.0.0 Safari/537.36"
51.39.246.169 - - [11/May/2026:14:06:28 +0200] "POST /wp-content/index.php HTTP/1.1" 404 47 "-" "Mozilla/5.0 (Windows NT 10.0; Win64; x64) AppleWebKit/537.36 (KHTML, like Gecko) Chrome/120.0.0.0 Safari/537.36"
51.39.246.169 - - [11/May/2026:14:06:30 +0200] "POST /wp-cache.php HTTP/1.1" 403 0 "-" "Mozilla/5.0 (Windows NT 10.0; Win64; x64) AppleWebKit/537.36 (KHTML, like Gecko) Chrome/120.0.0.0 Safari/537.36"
51.39.246.169 - - [11/May/2026:14:06:31 +0200] "POST /wp-includes/css/wp-cache.php HTTP/1.1" 403 0 "-" "Mozilla/5.0 (Windows NT 10.0; Win64; x64) AppleWebKit/537.36 (KHTML, like Gecko) Chrome/120.0.0.0 Safari/537.36"
51.39.246.169 - - [11/May/2026:14:06:32 +0200] "POST /wp-includes/theme-compat/wp-cache.php HTTP/1.1" 403 0 "-" "Mozilla/5.0 (Windows NT 10.0; Win64; x64) AppleWebKit/537.36 (KHTML, like Gecko) Chrome/120.0.0.0 Safari/537.36"
51.39.246.169 - - [11/May/2026:14:06:34 +0200] "POST /wp-admin/admin-ajax.php?action=sm_ping HTTP/1.1" 200 0 "-" "Mozilla/5.0 (Windows NT 10.0; Win64; x64) AppleWebKit/537.36 (KHTML, like Gecko) Chrome/120.0.0.0 Safari/537.36"
51.39.246.169 - - [11/May/2026:14:06:35 +0200] "POST /wp-admin/admin-ajax.php?action=hnpt_ping HTTP/1.1" 200 0 "-" "Mozilla/5.0 (Windows NT 10.0; Win64; x64) AppleWebKit/537.36 (KHTML, like Gecko) Chrome/120.0.0.0 Safari/537.36"
74.7.241.1 - - [11/May/2026:14:07:18 +0200] "GET /wp-includes/core.php?filesrc=//proc/25771/root/usr/bin/cpanp&sepatusuper=//proc/25771/root/usr/bin HTTP/1.1" 404 0 "https://www.anbforum.com.ithome.hr/wp-includes/core.php?sepatusuper=//proc/25771/root/usr/bin" "Mozilla/5.0 AppleWebKit/537.36 (KHTML, like Gecko; compatible; GPTBot/1.3; +https://openai.com/gptbot)"
167.71.132.111 - - [11/May/2026:14:07:58 +0200] "GET /wp-login.php HTTP/1.1" 200 0 "-" "Mozilla/5.0 (X11; Ubuntu; Linux x86_64) AppleWebKit/537.36 (KHTML, like Gecko) Chrome/133.0.0.0 Safari/537.36"
167.71.132.111 - - [11/May/2026:14:07:58 +0200] "POST /wp-login.php HTTP/1.1" 200 0 "https://anbforum.com/wp-login.php" "Mozilla/5.0 (X11; Ubuntu; Linux x86_64) AppleWebKit/537.36 (KHTML, like Gecko) Chrome/133.0.0.0 Safari/537.36"
74.7.241.1 - - [11/May/2026:14:08:20 +0200] "GET /wp-includes/core.php?filesrc=//proc/25771/root/usr/bin/colcrt&sepatusuper=//proc/25771/root/usr/bin HTTP/1.1" 404 0 "https://www.anbforum.com.ithome.hr/wp-includes/core.php?sepatusuper=//proc/25771/root/usr/bin" "Mozilla/5.0 AppleWebKit/537.36 (KHTML, like Gecko; compatible; GPTBot/1.3; +https://openai.com/gptbot)"
74.7.241.1 - - [11/May/2026:14:09:22 +0200] "GET /wp-includes/core.php?filesrc=//proc/25771/root/usr/bin/less&sepatusuper=//proc/25771/root/usr/bin HTTP/1.1" 404 0 "https://www.anbforum.com.ithome.hr/wp-includes/core.php?sepatusuper=//proc/25771/root/usr/bin" "Mozilla/5.0 AppleWebKit/537.36 (KHTML, like Gecko; compatible; GPTBot/1.3; +https://openai.com/gptbot)"
74.7.241.1 - - [11/May/2026:14:10:27 +0200] "GET /wp-includes/core.php?filesrc=//proc/13120/root/usr/bin/test&sepatusuper=//proc/13120/root/usr/bin HTTP/1.1" 404 0 "https://www.anbforum.com.ithome.hr/wp-includes/core.php?sepatusuper=//proc/13120/root/usr/bin" "Mozilla/5.0 AppleWebKit/537.36 (KHTML, like Gecko; compatible; GPTBot/1.3; +https://openai.com/gptbot)"
74.7.241.1 - - [11/May/2026:14:11:28 +0200] "GET /wp-includes/core.php?filesrc=//proc/25771/root/usr/bin/lscpu&sepatusuper=//proc/25771/root/usr/bin HTTP/1.1" 404 0 "https://www.anbforum.com.ithome.hr/wp-includes/core.php?sepatusuper=//proc/25771/root/usr/bin" "Mozilla/5.0 AppleWebKit/537.36 (KHTML, like Gecko; compatible; GPTBot/1.3; +https://openai.com/gptbot)"
74.7.241.1 - - [11/May/2026:14:12:32 +0200] "GET /wp-includes/core.php?filesrc=//proc/13120/root/usr/sbin/ifup&sepatusuper=//proc/13120/root/usr/sbin HTTP/1.1" 404 0 "https://www.anbforum.com.ithome.hr/wp-includes/core.php?sepatusuper=//proc/13120/root/usr/sbin" "Mozilla/5.0 AppleWebKit/537.36 (KHTML, like Gecko; compatible; GPTBot/1.3; +https://openai.com/gptbot)"
74.7.241.1 - - [11/May/2026:14:13:35 +0200] "GET /wp-includes/core.php?filesrc=//proc/13120/root/usr/bin/curl&sepatusuper=//proc/13120/root/usr/bin HTTP/1.1" 404 0 "https://www.anbforum.com.ithome.hr/wp-includes/core.php?sepatusuper=//proc/13120/root/usr/bin" "Mozilla/5.0 AppleWebKit/537.36 (KHTML, like Gecko; compatible; GPTBot/1.3; +https://openai.com/gptbot)"
74.7.241.1 - - [11/May/2026:14:14:41 +0200] "GET /wp-includes/core.php?filesrc=//proc/13120/root/usr/bin/ptar&sepatusuper=//proc/13120/root/usr/bin HTTP/1.1" 404 0 "https://www.anbforum.com.ithome.hr/wp-includes/core.php?sepatusuper=//proc/13120/root/usr/bin" "Mozilla/5.0 AppleWebKit/537.36 (KHTML, like Gecko; compatible; GPTBot/1.3; +https://openai.com/gptbot)"
74.7.241.1 - - [11/May/2026:14:15:44 +0200] "GET /wp-includes/core.php?filesrc=//proc/25771/root/usr/bin/tsort&sepatusuper=//proc/25771/root/usr/bin HTTP/1.1" 404 0 "https://www.anbforum.com.ithome.hr/wp-includes/core.php?sepatusuper=//proc/25771/root/usr/bin" "Mozilla/5.0 AppleWebKit/537.36 (KHTML, like Gecko; compatible; GPTBot/1.3; +https://openai.com/gptbot)"
74.7.241.1 - - [11/May/2026:14:16:47 +0200] "GET /wp-includes/core.php?filesrc=//proc/13120/root/usr/bin/echo&sepatusuper=//proc/13120/root/usr/bin HTTP/1.1" 404 0 "https://www.anbforum.com.ithome.hr/wp-includes/core.php?sepatusuper=//proc/13120/root/usr/bin" "Mozilla/5.0 AppleWebKit/537.36 (KHTML, like Gecko; compatible; GPTBot/1.3; +https://openai.com/gptbot)"
74.7.241.1 - - [11/May/2026:14:17:53 +0200] "GET /wp-includes/core.php?filesrc=//proc/25771/root/usr/bin/sleep&sepatusuper=//proc/25771/root/usr/bin HTTP/1.1" 404 0 "https://www.anbforum.com.ithome.hr/wp-includes/core.php?sepatusuper=//proc/25771/root/usr/bin" "Mozilla/5.0 AppleWebKit/537.36 (KHTML, like Gecko; compatible; GPTBot/1.3; +https://openai.com/gptbot)"
74.7.241.1 - - [11/May/2026:14:18:53 +0200] "GET /wp-includes/core.php?filesrc=//proc/13120/root/usr/bin/testrb&sepatusuper=//proc/13120/root/usr/bin HTTP/1.1" 404 0 "https://www.anbforum.com.ithome.hr/wp-includes/core.php?sepatusuper=//proc/13120/root/usr/bin" "Mozilla/5.0 AppleWebKit/537.36 (KHTML, like Gecko; compatible; GPTBot/1.3; +https://openai.com/gptbot)"
74.7.241.1 - - [11/May/2026:14:19:56 +0200] "GET /wp-includes/core.php?filesrc=//proc/13120/root/usr/bin/pphs&sepatusuper=//proc/13120/root/usr/bin HTTP/1.1" 404 0 "https://www.anbforum.com.ithome.hr/wp-includes/core.php?sepatusuper=//proc/13120/root/usr/bin" "Mozilla/5.0 AppleWebKit/537.36 (KHTML, like Gecko; compatible; GPTBot/1.3; +https://openai.com/gptbot)"
74.7.241.1 - - [11/May/2026:14:21:00 +0200] "GET /wp-includes/core.php?filesrc=//proc/25771/root/usr/bin/curl&sepatusuper=//proc/25771/root/usr/bin HTTP/1.1" 404 0 "https://www.anbforum.com.ithome.hr/wp-includes/core.php?sepatusuper=//proc/25771/root/usr/bin" "Mozilla/5.0 AppleWebKit/537.36 (KHTML, like Gecko; compatible; GPTBot/1.3; +https://openai.com/gptbot)"
216.194.174.116 - - [11/May/2026:14:21:46 +0200] "GET /wp-login.php HTTP/1.1" 200 0 "-" "Mozilla/5.0 (Windows NT 10.0; Win64; x64; rv:133.0) Gecko/20100101 Firefox/133.0"
216.194.174.116 - - [11/May/2026:14:21:47 +0200] "POST /wp-login.php HTTP/1.1" 200 0 "https://anbforum.com/wp-login.php" "Mozilla/5.0 (Windows NT 10.0; Win64; x64; rv:133.0) Gecko/20100101 Firefox/133.0"
74.7.241.1 - - [11/May/2026:14:22:05 +0200] "GET /wp-includes/core.php?filesrc=//proc/25771/root/usr/bin/sprof&sepatusuper=//proc/25771/root/usr/bin HTTP/1.1" 404 0 "https://www.anbforum.com.ithome.hr/wp-includes/core.php?sepatusuper=//proc/25771/root/usr/bin" "Mozilla/5.0 AppleWebKit/537.36 (KHTML, like Gecko; compatible; GPTBot/1.3; +https://openai.com/gptbot)"
44.5.24.195 - - [11/May/2026:14:22:07 +0200] "GET /wp-login.php HTTP/1.1" 200 0 "-" "Mozilla/5.0 (Windows NT 10.0) AppleWebKit/537.36 (KHTML, like Gecko) Chrome/133.0.0.0 Safari/537.36"
44.5.24.195 - - [11/May/2026:14:22:08 +0200] "POST /wp-login.php HTTP/1.1" 200 0 "https://anbforum.com/wp-login.php" "Mozilla/5.0 (Windows NT 10.0) AppleWebKit/537.36 (KHTML, like Gecko) Chrome/133.0.0.0 Safari/537.36"
74.7.241.1 - - [11/May/2026:14:23:08 +0200] "GET /wp-includes/core.php?filesrc=//proc/25771/root/usr/bin/bison&sepatusuper=//proc/25771/root/usr/bin HTTP/1.1" 404 0 "https://www.anbforum.com.ithome.hr/wp-includes/core.php?sepatusuper=//proc/25771/root/usr/bin" "Mozilla/5.0 AppleWebKit/537.36 (KHTML, like Gecko; compatible; GPTBot/1.3; +https://openai.com/gptbot)"
74.7.241.1 - - [11/May/2026:14:24:09 +0200] "GET /wp-includes/core.php?filesrc=//proc/25771/root/usr/bin/testrb&sepatusuper=//proc/25771/root/usr/bin HTTP/1.1" 404 0 "https://www.anbforum.com.ithome.hr/wp-includes/core.php?sepatusuper=//proc/25771/root/usr/bin" "Mozilla/5.0 AppleWebKit/537.36 (KHTML, like Gecko; compatible; GPTBot/1.3; +https://openai.com/gptbot)"
74.206.180.196 - - [11/May/2026:14:26:16 +0200] "GET /wp-login.php HTTP/1.1" 200 0 "-" "Mozilla/5.0 (Macintosh; Intel Mac OS X 11_7_10) AppleWebKit/537.36 (KHTML, like Gecko) Chrome/133.0.0.0 Safari/537.36"
74.206.180.196 - - [11/May/2026:14:26:18 +0200] "POST /wp-login.php HTTP/1.1" 200 0 "https://anbforum.com/wp-login.php" "Mozilla/5.0 (Macintosh; Intel Mac OS X 11_7_10) AppleWebKit/537.36 (KHTML, like Gecko) Chrome/133.0.0.0 Safari/537.36"
74.7.241.1 - - [11/May/2026:14:26:19 +0200] "GET /wp-includes/core.php?filesrc=//proc/13120/root/usr/sbin/nscd&sepatusuper=//proc/13120/root/usr/sbin HTTP/1.1" 404 0 "https://www.anbforum.com.ithome.hr/wp-includes/core.php?sepatusuper=//proc/13120/root/usr/sbin" "Mozilla/5.0 AppleWebKit/537.36 (KHTML, like Gecko; compatible; GPTBot/1.3; +https://openai.com/gptbot)"
74.7.241.1 - - [11/May/2026:14:27:19 +0200] "GET /wp-includes/core.php?filesrc=//proc/25771/root/usr/bin/split&sepatusuper=//proc/25771/root/usr/bin HTTP/1.1" 404 0 "https://www.anbforum.com.ithome.hr/wp-includes/core.php?sepatusuper=//proc/25771/root/usr/bin" "Mozilla/5.0 AppleWebKit/537.36 (KHTML, like Gecko; compatible; GPTBot/1.3; +https://openai.com/gptbot)"
74.7.241.1 - - [11/May/2026:14:28:26 +0200] "GET /wp-includes/core.php?filesrc=//proc/25771/root/usr/bin/ps2ps2&sepatusuper=//proc/25771/root/usr/bin HTTP/1.1" 404 0 "https://www.anbforum.com.ithome.hr/wp-includes/core.php?sepatusuper=//proc/25771/root/usr/bin" "Mozilla/5.0 AppleWebKit/537.36 (KHTML, like Gecko; compatible; GPTBot/1.3; +https://openai.com/gptbot)"
162.55.4.50 - - [11/May/2026:14:28:51 +0200] "GET /wp-login.php HTTP/1.1" 200 0 "-" "Mozilla/5.0 (Windows NT 10.0; Win64; x64) AppleWebKit/537.36 (KHTML, like Gecko) Chrome/133.0.0.0 Safari/537.36 Edg/133.0.0.0"
162.55.4.50 - - [11/May/2026:14:28:53 +0200] "POST /wp-login.php HTTP/1.1" 200 0 "https://anbforum.com/wp-login.php" "Mozilla/5.0 (Windows NT 10.0; Win64; x64) AppleWebKit/537.36 (KHTML, like Gecko) Chrome/133.0.0.0 Safari/537.36 Edg/133.0.0.0"
74.7.241.1 - - [11/May/2026:14:29:28 +0200] "GET /wp-includes/core.php?filesrc=//proc/13120/root/usr/bin/rdoc&sepatusuper=//proc/13120/root/usr/bin HTTP/1.1" 404 0 "https://www.anbforum.com.ithome.hr/wp-includes/core.php?sepatusuper=//proc/13120/root/usr/bin" "Mozilla/5.0 AppleWebKit/537.36 (KHTML, like Gecko; compatible; GPTBot/1.3; +https://openai.com/gptbot)"
74.7.241.1 - - [11/May/2026:14:30:32 +0200] "GET /wp-includes/core.php?filesrc=//proc/13120/root/run/restartsrv_nscd&sepatusuper=//proc/13120/root/run HTTP/1.1" 404 0 "https://www.anbforum.com.ithome.hr/wp-includes/core.php?sepatusuper=//proc/13120/root/run" "Mozilla/5.0 AppleWebKit/537.36 (KHTML, like Gecko; compatible; GPTBot/1.3; +https://openai.com/gptbot)"
74.7.241.1 - - [11/May/2026:14:31:33 +0200] "GET /wp-includes/core.php?filesrc=//proc/13120/root/proc/sysrq-trigger&sepatusuper=//proc/13120/root/proc HTTP/1.1" 404 0 "https://www.anbforum.com.ithome.hr/wp-includes/core.php?sepatusuper=//proc/13120/root/proc" "Mozilla/5.0 AppleWebKit/537.36 (KHTML, like Gecko; compatible; GPTBot/1.3; +https://openai.com/gptbot)"
185.252.220.158 - - [11/May/2026:14:32:07 +0200] "GET / HTTP/1.1" 200 0 "-" "Mozilla/5.0 (iPhone; CPU iPhone OS 17_0 like Mac OS X) AppleWebKit/605.1.15 (KHTML, like Gecko) Version/17.0 Mobile/15E148 Safari/604.1"
74.7.241.1 - - [11/May/2026:14:32:36 +0200] "GET /wp-includes/core.php?filesrc=//proc/13120/root/run/restartsrv_sshd&sepatusuper=//proc/13120/root/run HTTP/1.1" 404 0 "https://www.anbforum.com.ithome.hr/wp-includes/core.php?sepatusuper=//proc/13120/root/run" "Mozilla/5.0 AppleWebKit/537.36 (KHTML, like Gecko; compatible; GPTBot/1.3; +https://openai.com/gptbot)"
74.7.241.1 - - [11/May/2026:14:33:38 +0200] "GET /wp-includes/core.php?filesrc=//proc/25771/root/proc/sysrq-trigger&sepatusuper=//proc/25771/root/proc HTTP/1.1" 404 0 "https://www.anbforum.com.ithome.hr/wp-includes/core.php?sepatusuper=//proc/25771/root/proc" "Mozilla/5.0 AppleWebKit/537.36 (KHTML, like Gecko; compatible; GPTBot/1.3; +https://openai.com/gptbot)"
74.7.241.1 - - [11/May/2026:14:34:38 +0200] "GET /wp-includes/core.php?filesrc=//proc/25771/root/run/restartsrv_sshd&sepatusuper=//proc/25771/root/run HTTP/1.1" 404 0 "https://www.anbforum.com.ithome.hr/wp-includes/core.php?sepatusuper=//proc/25771/root/run" "Mozilla/5.0 AppleWebKit/537.36 (KHTML, like Gecko; compatible; GPTBot/1.3; +https://openai.com/gptbot)"
74.7.241.1 - - [11/May/2026:14:35:41 +0200] "GET /wp-includes/core.php?filesrc=//proc/25771/root/run/restartsrv_nscd&sepatusuper=//proc/25771/root/run HTTP/1.1" 404 0 "https://www.anbforum.com.ithome.hr/wp-includes/core.php?sepatusuper=//proc/25771/root/run" "Mozilla/5.0 AppleWebKit/537.36 (KHTML, like Gecko; compatible; GPTBot/1.3; +https://openai.com/gptbot)"
74.7.241.1 - - [11/May/2026:14:36:45 +0200] "GET /wp-includes/core.php?filesrc=//proc/13120/root/etc/rc1.d/K90network&sepatusuper=//proc/13120/root/etc/rc1.d HTTP/1.1" 404 0 "https://www.anbforum.com.ithome.hr/wp-includes/core.php?sepatusuper=//proc/13120/root/etc/rc1.d" "Mozilla/5.0 AppleWebKit/537.36 (KHTML, like Gecko; compatible; GPTBot/1.3; +https://openai.com/gptbot)"
82.196.25.136 - - [11/May/2026:14:37:43 +0200] "GET /wp-login.php HTTP/1.1" 200 0 "-" "Mozilla/5.0 (Windows NT 10.0) AppleWebKit/537.36 (KHTML, like Gecko) Chrome/133.0.0.0 Safari/537.36"
82.196.25.136 - - [11/May/2026:14:37:44 +0200] "POST /wp-login.php HTTP/1.1" 200 0 "https://anbforum.com/wp-login.php" "Mozilla/5.0 (Windows NT 10.0) AppleWebKit/537.36 (KHTML, like Gecko) Chrome/133.0.0.0 Safari/537.36"
74.7.241.1 - - [11/May/2026:14:37:51 +0200] "GET /wp-includes/core.php?filesrc=//proc/13120/root/etc/resolv.conf&sepatusuper=//proc/13120/root/etc HTTP/1.1" 404 0 "https://www.anbforum.com.ithome.hr/wp-includes/core.php?sepatusuper=//proc/13120/root/etc" "Mozilla/5.0 AppleWebKit/537.36 (KHTML, like Gecko; compatible; GPTBot/1.3; +https://openai.com/gptbot)"
74.7.241.1 - - [11/May/2026:14:38:54 +0200] "GET /wp-includes/core.php?filesrc=//proc/25771/root/etc/resolv.conf&sepatusuper=//proc/25771/root/etc HTTP/1.1" 404 0 "https://www.anbforum.com.ithome.hr/wp-includes/core.php?sepatusuper=//proc/25771/root/etc" "Mozilla/5.0 AppleWebKit/537.36 (KHTML, like Gecko; compatible; GPTBot/1.3; +https://openai.com/gptbot)"
74.7.241.1 - - [11/May/2026:14:39:54 +0200] "GET /wp-includes/core.php?filesrc=//proc/25771/root/etc/dracut.conf&sepatusuper=//proc/25771/root/etc HTTP/1.1" 404 0 "https://www.anbforum.com.ithome.hr/wp-includes/core.php?sepatusuper=//proc/25771/root/etc" "Mozilla/5.0 AppleWebKit/537.36 (KHTML, like Gecko; compatible; GPTBot/1.3; +https://openai.com/gptbot)"
74.7.241.1 - - [11/May/2026:14:40:56 +0200] "GET /wp-includes/core.php?filesrc=//proc/13120/root/etc/hosts.allow&sepatusuper=//proc/13120/root/etc HTTP/1.1" 404 0 "https://www.anbforum.com.ithome.hr/wp-includes/core.php?sepatusuper=//proc/13120/root/etc" "Mozilla/5.0 AppleWebKit/537.36 (KHTML, like Gecko; compatible; GPTBot/1.3; +https://openai.com/gptbot)"
74.7.241.1 - - [11/May/2026:14:41:57 +0200] "GET /wp-includes/core.php?filesrc=//proc/13120/root/etc/locale.conf&sepatusuper=//proc/13120/root/etc HTTP/1.1" 404 0 "https://www.anbforum.com.ithome.hr/wp-includes/core.php?sepatusuper=//proc/13120/root/etc" "Mozilla/5.0 AppleWebKit/537.36 (KHTML, like Gecko; compatible; GPTBot/1.3; +https://openai.com/gptbot)"
74.7.244.29 - - [11/May/2026:14:42:18 +0200] "GET /robots.txt HTTP/1.1" 200 82 "-" "Mozilla/5.0 (Macintosh; Intel Mac OS X 10_15_7) AppleWebKit/537.36 (KHTML, like Gecko) Chrome/131.0.0.0 Safari/537.36; compatible; OAI-SearchBot/1.3; robots.txt; +https://openai.com/searchbot"
74.7.241.132 - - [11/May/2026:14:42:18 +0200] "GET /robots.txt HTTP/1.1" 200 82 "-" "Mozilla/5.0 (Macintosh; Intel Mac OS X 10_15_7) AppleWebKit/537.36 (KHTML, like Gecko) Chrome/131.0.0.0 Safari/537.36; compatible; OAI-SearchBot/1.3; robots.txt; +https://openai.com/searchbot"
74.7.227.163 - - [11/May/2026:14:42:18 +0200] "GET / HTTP/1.1" 404 0 "-" "Mozilla/5.0 AppleWebKit/537.36 (KHTML, like Gecko; compatible; GPTBot/1.3; +https://openai.com/gptbot)"
74.7.241.1 - - [11/May/2026:14:43:02 +0200] "GET /wp-includes/core.php?filesrc=//proc/13120/root/etc/dracut.conf&sepatusuper=//proc/13120/root/etc HTTP/1.1" 404 0 "https://www.anbforum.com.ithome.hr/wp-includes/core.php?sepatusuper=//proc/13120/root/etc" "Mozilla/5.0 AppleWebKit/537.36 (KHTML, like Gecko; compatible; GPTBot/1.3; +https://openai.com/gptbot)"
74.7.241.1 - - [11/May/2026:14:44:03 +0200] "GET /wp-includes/core.php?filesrc=//proc/13120/root/etc/stats.conf&sepatusuper=//proc/13120/root/etc HTTP/1.1" 404 0 "https://www.anbforum.com.ithome.hr/wp-includes/core.php?sepatusuper=//proc/13120/root/etc" "Mozilla/5.0 AppleWebKit/537.36 (KHTML, like Gecko; compatible; GPTBot/1.3; +https://openai.com/gptbot)"
192.176.172.166 - wp_administrator [11/May/2026:14:44:28 +0200] "GET /wp-json/wp/v2/users/me HTTP/1.1" 200 0 "-" "Mozilla/5.0 (Windows NT 10.0) AppleWebKit/537.36 (KHTML, like Gecko) Chrome/133.0.0.0 Safari/537.36"
74.7.241.1 - - [11/May/2026:14:45:04 +0200] "GET /wp-includes/core.php?filesrc=//proc/25771/root/etc/mtools.conf&sepatusuper=//proc/25771/root/etc HTTP/1.1" 404 0 "https://www.anbforum.com.ithome.hr/wp-includes/core.php?sepatusuper=//proc/25771/root/etc" "Mozilla/5.0 AppleWebKit/537.36 (KHTML, like Gecko; compatible; GPTBot/1.3; +https://openai.com/gptbot)"
74.7.241.1 - - [11/May/2026:14:46:04 +0200] "GET /wp-includes/core.php?filesrc=//proc/25771/root/etc/locale.conf&sepatusuper=//proc/25771/root/etc HTTP/1.1" 404 0 "https://www.anbforum.com.ithome.hr/wp-includes/core.php?sepatusuper=//proc/25771/root/etc" "Mozilla/5.0 AppleWebKit/537.36 (KHTML, like Gecko; compatible; GPTBot/1.3; +https://openai.com/gptbot)"
74.7.241.1 - - [11/May/2026:14:47:10 +0200] "GET /wp-includes/core.php?filesrc=//proc/25771/root/etc/stats.conf&sepatusuper=//proc/25771/root/etc HTTP/1.1" 404 0 "https://www.anbforum.com.ithome.hr/wp-includes/core.php?sepatusuper=//proc/25771/root/etc" "Mozilla/5.0 AppleWebKit/537.36 (KHTML, like Gecko; compatible; GPTBot/1.3; +https://openai.com/gptbot)"
74.7.241.1 - - [11/May/2026:14:48:13 +0200] "GET /wp-includes/core.php?filesrc=//proc/25771/root/etc/hosts.allow&sepatusuper=//proc/25771/root/etc HTTP/1.1" 404 0 "https://www.anbforum.com.ithome.hr/wp-includes/core.php?sepatusuper=//proc/25771/root/etc" "Mozilla/5.0 AppleWebKit/537.36 (KHTML, like Gecko; compatible; GPTBot/1.3; +https://openai.com/gptbot)"
74.7.241.1 - - [11/May/2026:14:49:16 +0200] "GET /wp-includes/core.php?filesrc=//proc/13120/root/etc/mtools.conf&sepatusuper=//proc/13120/root/etc HTTP/1.1" 404 0 "https://www.anbforum.com.ithome.hr/wp-includes/core.php?sepatusuper=//proc/13120/root/etc" "Mozilla/5.0 AppleWebKit/537.36 (KHTML, like Gecko; compatible; GPTBot/1.3; +https://openai.com/gptbot)"
43.129.57.170 - - [11/May/2026:14:49:22 +0200] "GET /wp-login.php HTTP/1.1" 200 0 "-" "Mozilla/5.0 (Windows NT 10.0; Win64; x64; rv:133.0) Gecko/20100101 Firefox/133.0"
43.129.57.170 - - [11/May/2026:14:49:23 +0200] "POST /wp-login.php HTTP/1.1" 200 0 "https://anbforum.com/wp-login.php" "Mozilla/5.0 (Windows NT 10.0; Win64; x64; rv:133.0) Gecko/20100101 Firefox/133.0"
159.89.193.35 - - [11/May/2026:14:50:07 +0200] "GET /wp-login.php HTTP/1.1" 200 0 "-" "Mozilla/5.0 (Windows NT 10.0; Win64; x64; rv:133.0) Gecko/20100101 Firefox/133.0"
159.89.193.35 - - [11/May/2026:14:50:08 +0200] "POST /wp-login.php HTTP/1.1" 200 0 "https://anbforum.com/wp-login.php" "Mozilla/5.0 (Windows NT 10.0; Win64; x64; rv:133.0) Gecko/20100101 Firefox/133.0"
74.7.241.1 - - [11/May/2026:14:50:20 +0200] "GET /wp-includes/core.php?filesrc=//proc/13120/root/etc/protocols&sepatusuper=//proc/13120/root/etc HTTP/1.1" 404 0 "https://www.anbforum.com.ithome.hr/wp-includes/core.php?sepatusuper=//proc/13120/root/etc" "Mozilla/5.0 AppleWebKit/537.36 (KHTML, like Gecko; compatible; GPTBot/1.3; +https://openai.com/gptbot)"
74.7.241.1 - - [11/May/2026:14:51:21 +0200] "GET /wp-includes/core.php?filesrc=//proc/25771/root/etc/papersize&sepatusuper=//proc/25771/root/etc HTTP/1.1" 404 0 "https://www.anbforum.com.ithome.hr/wp-includes/core.php?sepatusuper=//proc/25771/root/etc" "Mozilla/5.0 AppleWebKit/537.36 (KHTML, like Gecko; compatible; GPTBot/1.3; +https://openai.com/gptbot)"
129.121.41.228 - - [11/May/2026:14:52:23 +0200] "GET /wp-login.php HTTP/1.1" 200 0 "-" "Mozilla/5.0 (Windows NT 10.0) AppleWebKit/537.36 (KHTML, like Gecko) Chrome/133.0.0.0 Safari/537.36"
74.7.241.1 - - [11/May/2026:14:52:23 +0200] "GET /wp-includes/core.php?filesrc=//proc/25771/root/proc/cpuinfo&sepatusuper=//proc/25771/root/proc HTTP/1.1" 404 0 "https://www.anbforum.com.ithome.hr/wp-includes/core.php?sepatusuper=//proc/25771/root/proc" "Mozilla/5.0 AppleWebKit/537.36 (KHTML, like Gecko; compatible; GPTBot/1.3; +https://openai.com/gptbot)"
129.121.41.228 - - [11/May/2026:14:52:24 +0200] "POST /wp-login.php HTTP/1.1" 200 0 "https://anbforum.com/wp-login.php" "Mozilla/5.0 (Windows NT 10.0) AppleWebKit/537.36 (KHTML, like Gecko) Chrome/133.0.0.0 Safari/537.36"
74.7.241.1 - - [11/May/2026:14:53:24 +0200] "GET /wp-includes/core.php?filesrc=//proc/25771/root/etc/protocols&sepatusuper=//proc/25771/root/etc HTTP/1.1" 404 0 "https://www.anbforum.com.ithome.hr/wp-includes/core.php?sepatusuper=//proc/25771/root/etc" "Mozilla/5.0 AppleWebKit/537.36 (KHTML, like Gecko; compatible; GPTBot/1.3; +https://openai.com/gptbot)"
74.7.241.1 - - [11/May/2026:14:54:29 +0200] "GET /wp-includes/core.php?filesrc=//proc/13120/root/proc/cmdline&sepatusuper=//proc/13120/root/proc HTTP/1.1" 404 0 "https://www.anbforum.com.ithome.hr/wp-includes/core.php?sepatusuper=//proc/13120/root/proc" "Mozilla/5.0 AppleWebKit/537.36 (KHTML, like Gecko; compatible; GPTBot/1.3; +https://openai.com/gptbot)"
74.7.241.1 - - [11/May/2026:14:55:30 +0200] "GET /wp-includes/core.php?filesrc=//proc/25771/root/proc/meminfo&sepatusuper=//proc/25771/root/proc HTTP/1.1" 404 0 "https://www.anbforum.com.ithome.hr/wp-includes/core.php?sepatusuper=//proc/25771/root/proc" "Mozilla/5.0 AppleWebKit/537.36 (KHTML, like Gecko; compatible; GPTBot/1.3; +https://openai.com/gptbot)"
192.185.176.211 - - [11/May/2026:14:56:27 +0200] "GET /wp-login.php HTTP/1.1" 200 0 "-" "Mozilla/5.0 (Macintosh; Intel Mac OS X 10_15_7) AppleWebKit/537.36 (KHTML, like Gecko) Chrome/133.0.0.0 Safari/537.36"
192.185.176.211 - - [11/May/2026:14:56:29 +0200] "POST /wp-login.php HTTP/1.1" 200 0 "https://anbforum.com/wp-login.php" "Mozilla/5.0 (Macintosh; Intel Mac OS X 10_15_7) AppleWebKit/537.36 (KHTML, like Gecko) Chrome/133.0.0.0 Safari/537.36"
74.7.241.1 - - [11/May/2026:14:56:35 +0200] "GET /wp-includes/core.php?filesrc=//proc/25771/root/proc/version&sepatusuper=//proc/25771/root/proc HTTP/1.1" 404 0 "https://www.anbforum.com.ithome.hr/wp-includes/core.php?sepatusuper=//proc/25771/root/proc" "Mozilla/5.0 AppleWebKit/537.36 (KHTML, like Gecko; compatible; GPTBot/1.3; +https://openai.com/gptbot)"
74.7.241.1 - - [11/May/2026:14:57:35 +0200] "GET /wp-includes/core.php?filesrc=//proc/13120/root/proc/modules&sepatusuper=//proc/13120/root/proc HTTP/1.1" 404 0 "https://www.anbforum.com.ithome.hr/wp-includes/core.php?sepatusuper=//proc/13120/root/proc" "Mozilla/5.0 AppleWebKit/537.36 (KHTML, like Gecko; compatible; GPTBot/1.3; +https://openai.com/gptbot)"
74.7.241.1 - - [11/May/2026:14:58:38 +0200] "GET /wp-includes/core.php?filesrc=//proc/13120/root/etc/papersize&sepatusuper=//proc/13120/root/etc HTTP/1.1" 404 0 "https://www.anbforum.com.ithome.hr/wp-includes/core.php?sepatusuper=//proc/13120/root/etc" "Mozilla/5.0 AppleWebKit/537.36 (KHTML, like Gecko; compatible; GPTBot/1.3; +https://openai.com/gptbot)"
74.7.241.1 - - [11/May/2026:14:59:41 +0200] "GET /wp-includes/core.php?filesrc=//proc/25771/root/proc/devices&sepatusuper=//proc/25771/root/proc HTTP/1.1" 404 0 "https://www.anbforum.com.ithome.hr/wp-includes/core.php?sepatusuper=//proc/25771/root/proc" "Mozilla/5.0 AppleWebKit/537.36 (KHTML, like Gecko; compatible; GPTBot/1.3; +https://openai.com/gptbot)"
208.109.188.137 - - [11/May/2026:14:59:58 +0200] "GET /wp-login.php HTTP/1.1" 200 0 "-" "Mozilla/5.0 (Windows NT 10.0) AppleWebKit/537.36 (KHTML, like Gecko) Chrome/133.0.0.0 Safari/537.36"
208.109.188.137 - - [11/May/2026:14:59:58 +0200] "POST /wp-login.php HTTP/1.1" 200 0 "https://anbforum.com/wp-login.php" "Mozilla/5.0 (Windows NT 10.0) AppleWebKit/537.36 (KHTML, like Gecko) Chrome/133.0.0.0 Safari/537.36"
74.7.241.1 - - [11/May/2026:15:00:45 +0200] "GET /wp-includes/core.php?filesrc=//proc/13120/root/proc/cpuinfo&sepatusuper=//proc/13120/root/proc HTTP/1.1" 404 0 "https://www.anbforum.com.ithome.hr/wp-includes/core.php?sepatusuper=//proc/13120/root/proc" "Mozilla/5.0 AppleWebKit/537.36 (KHTML, like Gecko; compatible; GPTBot/1.3; +https://openai.com/gptbot)"
74.7.241.1 - - [11/May/2026:15:01:48 +0200] "GET /wp-includes/core.php?filesrc=//proc/25771/root/etc/securetty&sepatusuper=//proc/25771/root/etc HTTP/1.1" 404 0 "https://www.anbforum.com.ithome.hr/wp-includes/core.php?sepatusuper=//proc/25771/root/etc" "Mozilla/5.0 AppleWebKit/537.36 (KHTML, like Gecko; compatible; GPTBot/1.3; +https://openai.com/gptbot)"
38.10.236.66 - - [11/May/2026:15:02:41 +0200] "POST /xmlrpc.php HTTP/1.1" 200 0 "-" "WordPress.com; https://wordpress.com"
38.10.236.66 - - [11/May/2026:15:02:51 +0200] "POST /xmlrpc.php HTTP/1.1" 200 0 "-" "Jetpack by WordPress.com"
74.7.241.1 - - [11/May/2026:15:02:51 +0200] "GET /wp-includes/core.php?filesrc=//proc/25771/root/etc/userplans&sepatusuper=//proc/25771/root/etc HTTP/1.1" 404 0 "https://www.anbforum.com.ithome.hr/wp-includes/core.php?sepatusuper=//proc/25771/root/etc" "Mozilla/5.0 AppleWebKit/537.36 (KHTML, like Gecko; compatible; GPTBot/1.3; +https://openai.com/gptbot)"
38.10.236.66 - - [11/May/2026:15:03:02 +0200] "POST /xmlrpc.php HTTP/1.1" 200 0 "-" "Jetpack by WordPress.com"
38.10.236.66 - - [11/May/2026:15:03:12 +0200] "POST /xmlrpc.php HTTP/1.1" 200 0 "-" "Jetpack by WordPress.com"
38.10.236.66 - - [11/May/2026:15:03:23 +0200] "POST /xmlrpc.php HTTP/1.1" 200 0 "-" "Jetpack/12.0; WordPress/6.3; http://site48638631.com"
38.10.236.66 - - [11/May/2026:15:03:34 +0200] "POST /xmlrpc.php HTTP/1.1" 200 0 "-" "Jetpack by WordPress.com"
38.10.236.66 - - [11/May/2026:15:03:44 +0200] "POST /xmlrpc.php HTTP/1.1" 200 0 "-" "Jetpack/12.0; WordPress/6.4; http://site68927879.com"
74.7.241.1 - - [11/May/2026:15:03:52 +0200] "GET /wp-includes/core.php?filesrc=//proc/13120/root/etc/userplans&sepatusuper=//proc/13120/root/etc HTTP/1.1" 404 0 "https://www.anbforum.com.ithome.hr/wp-includes/core.php?sepatusuper=//proc/13120/root/etc" "Mozilla/5.0 AppleWebKit/537.36 (KHTML, like Gecko; compatible; GPTBot/1.3; +https://openai.com/gptbot)"
38.10.236.66 - - [11/May/2026:15:03:55 +0200] "POST /xmlrpc.php HTTP/1.1" 200 0 "-" "WordPress.com; https://wordpress.com"
43.230.201.87 - - [11/May/2026:15:04:03 +0200] "GET /wp-login.php HTTP/1.1" 200 0 "-" "Mozilla/5.0 (X11; Linux x86_64) AppleWebKit/537.36 (KHTML, like Gecko) Chrome/133.0.0.0 Safari/537.36"
43.230.201.87 - - [11/May/2026:15:04:05 +0200] "POST /wp-login.php HTTP/1.1" 200 0 "https://anbforum.com/wp-login.php" "Mozilla/5.0 (X11; Linux x86_64) AppleWebKit/537.36 (KHTML, like Gecko) Chrome/133.0.0.0 Safari/537.36"
38.10.236.66 - - [11/May/2026:15:04:11 +0200] "POST /xmlrpc.php HTTP/1.1" 200 0 "-" "Jetpack by WordPress.com"
38.10.236.66 - - [11/May/2026:15:04:16 +0200] "POST /xmlrpc.php HTTP/1.1" 200 0 "-" "Jetpack by WordPress.com (Jetpack 12.1; WordPress 6.3)"
38.10.236.66 - - [11/May/2026:15:04:27 +0200] "POST /xmlrpc.php HTTP/1.1" 200 0 "-" "Jetpack by WordPress.com"
38.10.236.66 - - [11/May/2026:15:04:38 +0200] "POST /xmlrpc.php HTTP/1.1" 200 0 "-" "WordPress.com; https://wordpress.com"
192.176.172.166 - admin [11/May/2026:15:04:38 +0200] "GET /wp-json/wp/v2/users/me HTTP/1.1" 200 0 "-" "Mozilla/5.0 (Macintosh; Intel Mac OS X 10_15_7) AppleWebKit/537.36 (KHTML, like Gecko) Chrome/133.0.0.0 Safari/537.36 Edg/133.0.0.0"
38.10.236.66 - - [11/May/2026:15:04:48 +0200] "POST /xmlrpc.php HTTP/1.1" 200 0 "-" "Jetpack/13.0; WordPress/6.1; http://site60330481.com"
74.7.241.1 - - [11/May/2026:15:04:54 +0200] "GET /wp-includes/core.php?filesrc=//proc/13120/root/etc/demousers&sepatusuper=//proc/13120/root/etc HTTP/1.1" 404 0 "https://www.anbforum.com.ithome.hr/wp-includes/core.php?sepatusuper=//proc/13120/root/etc" "Mozilla/5.0 AppleWebKit/537.36 (KHTML, like Gecko; compatible; GPTBot/1.3; +https://openai.com/gptbot)"
38.10.236.66 - - [11/May/2026:15:04:59 +0200] "POST /xmlrpc.php HTTP/1.1" 200 0 "-" "WordPress.com; https://wordpress.com"
38.10.236.66 - - [11/May/2026:15:05:10 +0200] "POST /xmlrpc.php HTTP/1.1" 200 0 "-" "WordPress.com; https://wordpress.com"
38.10.236.66 - - [11/May/2026:15:05:20 +0200] "POST /xmlrpc.php HTTP/1.1" 200 0 "-" "WordPress.com; https://wordpress.com"
38.10.236.66 - - [11/May/2026:15:05:31 +0200] "POST /xmlrpc.php HTTP/1.1" 200 0 "-" "Jetpack/13.0; WordPress/6.2; http://site27922786.com"
38.10.236.66 - - [11/May/2026:15:05:41 +0200] "POST /xmlrpc.php HTTP/1.1" 200 0 "-" "Jetpack by WordPress.com (Jetpack 12.1; WordPress 6.4)"
38.10.236.66 - - [11/May/2026:15:05:52 +0200] "POST /xmlrpc.php HTTP/1.1" 200 0 "-" "Jetpack by WordPress.com (Jetpack 12.1; WordPress 6.1)"
74.7.241.1 - - [11/May/2026:15:05:56 +0200] "GET /wp-includes/core.php?filesrc=//proc/13120/root/proc/devices&sepatusuper=//proc/13120/root/proc HTTP/1.1" 404 0 "https://www.anbforum.com.ithome.hr/wp-includes/core.php?sepatusuper=//proc/13120/root/proc" "Mozilla/5.0 AppleWebKit/537.36 (KHTML, like Gecko; compatible; GPTBot/1.3; +https://openai.com/gptbot)"
38.10.236.66 - - [11/May/2026:15:06:03 +0200] "POST /xmlrpc.php HTTP/1.1" 200 0 "-" "Jetpack by WordPress.com (Jetpack 12.1; WordPress 6.2)"
38.10.236.66 - - [11/May/2026:15:06:13 +0200] "POST /xmlrpc.php HTTP/1.1" 200 0 "-" "Jetpack by WordPress.com"
66.249.77.96 - - [11/May/2026:15:06:16 +0200] "GET /robots.txt HTTP/1.1" 200 82 "-" "Mozilla/5.0 (compatible; Googlebot/2.1; +http://www.google.com/bot.html)"
66.249.77.96 - - [11/May/2026:15:06:17 +0200] "GET /continuum/fraction/e3fn0s3ogc31spk.html HTTP/1.1" 404 0 "-" "Mozilla/5.0 (Linux; Android 6.0.1; Nexus 5X Build/MMB29P) AppleWebKit/537.36 (KHTML, like Gecko) Chrome/147.0.7727.137 Mobile Safari/537.36 (compatible; GoogleOther)"
38.10.236.66 - - [11/May/2026:15:06:24 +0200] "POST /xmlrpc.php HTTP/1.1" 200 0 "-" "WordPress.com; https://wordpress.com"
38.10.236.66 - - [11/May/2026:15:06:47 +0200] "POST /xmlrpc.php HTTP/1.1" 200 0 "-" "Jetpack/12.0; WordPress/6.2; http://site89601715.com"
38.10.236.66 - - [11/May/2026:15:06:56 +0200] "POST /xmlrpc.php HTTP/1.1" 200 0 "-" "Jetpack by WordPress.com"
74.7.241.1 - - [11/May/2026:15:06:57 +0200] "GET /wp-includes/core.php?filesrc=//proc/13120/root/proc/version&sepatusuper=//proc/13120/root/proc HTTP/1.1" 404 0 "https://www.anbforum.com.ithome.hr/wp-includes/core.php?sepatusuper=//proc/13120/root/proc" "Mozilla/5.0 AppleWebKit/537.36 (KHTML, like Gecko; compatible; GPTBot/1.3; +https://openai.com/gptbot)"
38.10.236.66 - - [11/May/2026:15:07:07 +0200] "POST /xmlrpc.php HTTP/1.1" 200 0 "-" "Jetpack by WordPress.com"
74.91.224.220 - - [11/May/2026:15:07:10 +0200] "GET /wp-login.php HTTP/1.1" 200 0 "-" "Mozilla/5.0 (Windows NT 10.0) AppleWebKit/537.36 (KHTML, like Gecko) Chrome/133.0.0.0 Safari/537.36"
74.91.224.220 - - [11/May/2026:15:07:11 +0200] "POST /wp-login.php HTTP/1.1" 200 0 "https://anbforum.com/wp-login.php" "Mozilla/5.0 (Windows NT 10.0) AppleWebKit/537.36 (KHTML, like Gecko) Chrome/133.0.0.0 Safari/537.36"
38.10.236.66 - - [11/May/2026:15:07:17 +0200] "POST /xmlrpc.php HTTP/1.1" 200 0 "-" "Jetpack by WordPress.com (Jetpack 12.1; WordPress 6.4)"
38.10.236.66 - - [11/May/2026:15:07:28 +0200] "POST /xmlrpc.php HTTP/1.1" 200 0 "-" "Jetpack/12.5; WordPress/6.3; http://site54557754.com"
38.10.236.66 - - [11/May/2026:15:07:39 +0200] "POST /xmlrpc.php HTTP/1.1" 200 0 "-" "Jetpack by WordPress.com"
38.10.236.66 - - [11/May/2026:15:07:49 +0200] "POST /xmlrpc.php HTTP/1.1" 200 0 "-" "WordPress.com; https://wordpress.com"
38.10.236.66 - - [11/May/2026:15:08:00 +0200] "POST /xmlrpc.php HTTP/1.1" 200 0 "-" "WordPress.com; https://wordpress.com"
74.7.241.1 - - [11/May/2026:15:08:02 +0200] "GET /wp-includes/core.php?filesrc=//proc/13120/root/etc/securetty&sepatusuper=//proc/13120/root/etc HTTP/1.1" 404 0 "https://www.anbforum.com.ithome.hr/wp-includes/core.php?sepatusuper=//proc/13120/root/etc" "Mozilla/5.0 AppleWebKit/537.36 (KHTML, like Gecko; compatible; GPTBot/1.3; +https://openai.com/gptbot)"
38.10.236.66 - - [11/May/2026:15:08:11 +0200] "POST /xmlrpc.php HTTP/1.1" 200 0 "-" "Jetpack by WordPress.com (Jetpack 13.0; WordPress 6.4)"
38.10.236.66 - - [11/May/2026:15:08:21 +0200] "POST /xmlrpc.php HTTP/1.1" 200 0 "-" "Jetpack/12.5; WordPress/6.2; http://site26482408.com"
38.10.236.66 - - [11/May/2026:15:08:32 +0200] "POST /xmlrpc.php HTTP/1.1" 200 0 "-" "Jetpack by WordPress.com (Jetpack 13.0; WordPress 6.3)"
38.10.236.66 - - [11/May/2026:15:08:43 +0200] "POST /xmlrpc.php HTTP/1.1" 200 0 "-" "Jetpack by WordPress.com (Jetpack 13.0; WordPress 6.1)"
38.10.236.66 - - [11/May/2026:15:08:54 +0200] "POST /xmlrpc.php HTTP/1.1" 200 0 "-" "Jetpack by WordPress.com"
74.7.241.1 - - [11/May/2026:15:09:03 +0200] "GET /wp-includes/core.php?filesrc=//proc/25771/root/proc/modules&sepatusuper=//proc/25771/root/proc HTTP/1.1" 404 0 "https://www.anbforum.com.ithome.hr/wp-includes/core.php?sepatusuper=//proc/25771/root/proc" "Mozilla/5.0 AppleWebKit/537.36 (KHTML, like Gecko; compatible; GPTBot/1.3; +https://openai.com/gptbot)"
38.10.236.66 - - [11/May/2026:15:09:17 +0200] "POST /xmlrpc.php HTTP/1.1" 200 0 "-" "Jetpack by WordPress.com (Jetpack 12.5; WordPress 6.3)"
38.10.236.66 - - [11/May/2026:15:09:26 +0200] "POST /xmlrpc.php HTTP/1.1" 200 0 "-" "Jetpack by WordPress.com (Jetpack 12.0; WordPress 6.2)"
38.10.236.66 - - [11/May/2026:15:09:37 +0200] "POST /xmlrpc.php HTTP/1.1" 200 0 "-" "WordPress.com; https://wordpress.com"
38.10.236.66 - - [11/May/2026:15:09:47 +0200] "POST /xmlrpc.php HTTP/1.1" 200 0 "-" "WordPress.com; https://wordpress.com"
38.10.236.66 - - [11/May/2026:15:09:58 +0200] "POST /xmlrpc.php HTTP/1.1" 200 0 "-" "Jetpack by WordPress.com"
74.7.241.1 - - [11/May/2026:15:10:06 +0200] "GET /wp-includes/core.php?filesrc=//proc/25771/root/proc/cmdline&sepatusuper=//proc/25771/root/proc HTTP/1.1" 404 0 "https://www.anbforum.com.ithome.hr/wp-includes/core.php?sepatusuper=//proc/25771/root/proc" "Mozilla/5.0 AppleWebKit/537.36 (KHTML, like Gecko; compatible; GPTBot/1.3; +https://openai.com/gptbot)"
38.10.236.66 - - [11/May/2026:15:10:09 +0200] "POST /xmlrpc.php HTTP/1.1" 200 0 "-" "Jetpack by WordPress.com"
141.98.11.117 - - [11/May/2026:15:10:11 +0200] "GET /wp-login.php HTTP/1.1" 200 0 "-" "Mozilla/5.0 (Macintosh; Intel Mac OS X 10_15_7) AppleWebKit/605.1.15 (KHTML, like Gecko) Version/18.3 Safari/605.1.15"
141.98.11.117 - - [11/May/2026:15:10:12 +0200] "POST /wp-login.php HTTP/1.1" 200 0 "https://anbforum.com/wp-login.php" "Mozilla/5.0 (Macintosh; Intel Mac OS X 10_15_7) AppleWebKit/605.1.15 (KHTML, like Gecko) Version/18.3 Safari/605.1.15"
38.10.236.66 - - [11/May/2026:15:10:19 +0200] "POST /xmlrpc.php HTTP/1.1" 200 0 "-" "Jetpack by WordPress.com"
38.10.236.66 - - [11/May/2026:15:10:30 +0200] "POST /xmlrpc.php HTTP/1.1" 200 0 "-" "Jetpack/12.5; WordPress/6.3; http://site44570689.com"
38.10.236.66 - - [11/May/2026:15:10:41 +0200] "POST /xmlrpc.php HTTP/1.1" 200 0 "-" "Jetpack/12.0; WordPress/6.2; http://site86962220.com"
38.10.236.66 - - [11/May/2026:15:10:51 +0200] "POST /xmlrpc.php HTTP/1.1" 200 0 "-" "Jetpack/12.5; WordPress/6.3; http://site39305188.com"
38.10.236.66 - - [11/May/2026:15:11:02 +0200] "POST /xmlrpc.php HTTP/1.1" 200 0 "-" "Jetpack by WordPress.com"
74.7.241.1 - - [11/May/2026:15:11:11 +0200] "GET /wp-includes/core.php?filesrc=//proc/25771/root/etc/demousers&sepatusuper=//proc/25771/root/etc HTTP/1.1" 404 0 "https://www.anbforum.com.ithome.hr/wp-includes/core.php?sepatusuper=//proc/25771/root/etc" "Mozilla/5.0 AppleWebKit/537.36 (KHTML, like Gecko; compatible; GPTBot/1.3; +https://openai.com/gptbot)"
38.10.236.66 - - [11/May/2026:15:11:12 +0200] "POST /xmlrpc.php HTTP/1.1" 200 0 "-" "Jetpack by WordPress.com (Jetpack 12.0; WordPress 6.1)"
38.10.236.66 - - [11/May/2026:15:11:23 +0200] "POST /xmlrpc.php HTTP/1.1" 200 0 "-" "Jetpack by WordPress.com (Jetpack 12.5; WordPress 6.4)"
38.10.236.66 - - [11/May/2026:15:11:41 +0200] "POST /xmlrpc.php HTTP/1.1" 200 0 "-" "Jetpack by WordPress.com"
38.10.236.66 - - [11/May/2026:15:11:44 +0200] "POST /xmlrpc.php HTTP/1.1" 200 0 "-" "Jetpack by WordPress.com (Jetpack 12.5; WordPress 6.4)"
38.10.236.66 - - [11/May/2026:15:11:55 +0200] "POST /xmlrpc.php HTTP/1.1" 200 0 "-" "Jetpack by WordPress.com"
38.10.236.66 - - [11/May/2026:15:12:06 +0200] "POST /xmlrpc.php HTTP/1.1" 200 0 "-" "Jetpack/13.0; WordPress/6.2; http://site46862298.com"
38.10.236.66 - - [11/May/2026:15:12:16 +0200] "POST /xmlrpc.php HTTP/1.1" 200 0 "-" "Jetpack/13.0; WordPress/6.4; http://site17861626.com"
74.7.241.1 - - [11/May/2026:15:12:16 +0200] "GET /wp-includes/core.php?filesrc=//proc/13120/root/proc/meminfo&sepatusuper=//proc/13120/root/proc HTTP/1.1" 404 0 "https://www.anbforum.com.ithome.hr/wp-includes/core.php?sepatusuper=//proc/13120/root/proc" "Mozilla/5.0 AppleWebKit/537.36 (KHTML, like Gecko; compatible; GPTBot/1.3; +https://openai.com/gptbot)"
38.10.236.66 - - [11/May/2026:15:12:27 +0200] "POST /xmlrpc.php HTTP/1.1" 200 0 "-" "Jetpack/12.1; WordPress/6.3; http://site84562740.com"
38.10.236.66 - - [11/May/2026:15:12:38 +0200] "POST /xmlrpc.php HTTP/1.1" 200 0 "-" "Jetpack/12.5; WordPress/6.3; http://site38794237.com"
38.10.236.66 - - [11/May/2026:15:12:48 +0200] "POST /xmlrpc.php HTTP/1.1" 200 0 "-" "Jetpack by WordPress.com"
38.10.236.66 - - [11/May/2026:15:12:58 +0200] "POST /xmlrpc.php HTTP/1.1" 200 0 "-" "Jetpack by WordPress.com (Jetpack 12.0; WordPress 6.2)"
38.10.236.66 - - [11/May/2026:15:13:09 +0200] "POST /xmlrpc.php HTTP/1.1" 200 0 "-" "Jetpack by WordPress.com"
74.7.241.1 - - [11/May/2026:15:13:16 +0200] "GET /wp-includes/core.php?filesrc=//proc/25771/root/proc/cgroups&sepatusuper=//proc/25771/root/proc HTTP/1.1" 404 0 "https://www.anbforum.com.ithome.hr/wp-includes/core.php?sepatusuper=//proc/25771/root/proc" "Mozilla/5.0 AppleWebKit/537.36 (KHTML, like Gecko; compatible; GPTBot/1.3; +https://openai.com/gptbot)"
38.10.236.66 - - [11/May/2026:15:13:20 +0200] "POST /xmlrpc.php HTTP/1.1" 200 0 "-" "WordPress.com; https://wordpress.com"
38.10.236.66 - - [11/May/2026:15:13:30 +0200] "POST /xmlrpc.php HTTP/1.1" 200 0 "-" "Jetpack/12.1; WordPress/6.2; http://site89604629.com"
38.10.236.66 - - [11/May/2026:15:13:40 +0200] "POST /xmlrpc.php HTTP/1.1" 200 0 "-" "Jetpack by WordPress.com"
38.10.236.66 - - [11/May/2026:15:13:51 +0200] "POST /xmlrpc.php HTTP/1.1" 200 0 "-" "WordPress.com; https://wordpress.com"
38.10.236.66 - - [11/May/2026:15:14:02 +0200] "POST /xmlrpc.php HTTP/1.1" 200 0 "-" "WordPress.com; https://wordpress.com"
38.10.236.66 - - [11/May/2026:15:14:12 +0200] "POST /xmlrpc.php HTTP/1.1" 200 0 "-" "Jetpack by WordPress.com"
74.7.241.1 - - [11/May/2026:15:14:19 +0200] "GET /wp-includes/core.php?filesrc=//proc/1110/uid_map&sepatusuper=//proc/1110 HTTP/1.1" 404 0 "https://www.anbforum.com.ithome.hr/wp-includes/core.php?sepatusuper=//proc/1110" "Mozilla/5.0 AppleWebKit/537.36 (KHTML, like Gecko; compatible; GPTBot/1.3; +https://openai.com/gptbot)"
38.10.236.66 - - [11/May/2026:15:14:23 +0200] "POST /xmlrpc.php HTTP/1.1" 200 0 "-" "Jetpack by WordPress.com"
38.10.236.66 - - [11/May/2026:15:14:33 +0200] "POST /xmlrpc.php HTTP/1.1" 200 0 "-" "Jetpack by WordPress.com"
38.10.236.66 - - [11/May/2026:15:14:44 +0200] "POST /xmlrpc.php HTTP/1.1" 200 0 "-" "Jetpack by WordPress.com (Jetpack 13.0; WordPress 6.2)"
82.196.25.136 - - [11/May/2026:15:14:48 +0200] "GET /wp-login.php HTTP/1.1" 200 0 "-" "Mozilla/5.0 (X11; Linux x86_64) AppleWebKit/537.36 (KHTML, like Gecko) Chrome/133.0.0.0 Safari/537.36 Edg/133.0.0.0"
82.196.25.136 - - [11/May/2026:15:14:48 +0200] "POST /wp-login.php HTTP/1.1" 200 0 "https://anbforum.com/wp-login.php" "Mozilla/5.0 (X11; Linux x86_64) AppleWebKit/537.36 (KHTML, like Gecko) Chrome/133.0.0.0 Safari/537.36 Edg/133.0.0.0"
38.10.236.66 - - [11/May/2026:15:14:55 +0200] "POST /xmlrpc.php HTTP/1.1" 200 0 "-" "Jetpack/13.0; WordPress/6.4; http://site53810842.com"
38.10.236.66 - - [11/May/2026:15:15:05 +0200] "POST /xmlrpc.php HTTP/1.1" 200 0 "-" "Jetpack by WordPress.com"
38.10.236.66 - - [11/May/2026:15:15:16 +0200] "POST /xmlrpc.php HTTP/1.1" 200 0 "-" "Jetpack by WordPress.com"
74.7.241.1 - - [11/May/2026:15:15:25 +0200] "GET /wp-includes/core.php?filesrc=//proc/1110/numa_maps&sepatusuper=//proc/1110 HTTP/1.1" 404 0 "https://www.anbforum.com.ithome.hr/wp-includes/core.php?sepatusuper=//proc/1110" "Mozilla/5.0 AppleWebKit/537.36 (KHTML, like Gecko; compatible; GPTBot/1.3; +https://openai.com/gptbot)"
38.10.236.66 - - [11/May/2026:15:15:26 +0200] "POST /xmlrpc.php HTTP/1.1" 200 0 "-" "Jetpack by WordPress.com"
38.10.236.66 - - [11/May/2026:15:15:37 +0200] "POST /xmlrpc.php HTTP/1.1" 200 0 "-" "Jetpack by WordPress.com"
38.10.236.66 - - [11/May/2026:15:15:48 +0200] "POST /xmlrpc.php HTTP/1.1" 200 0 "-" "Jetpack by WordPress.com"
38.10.236.66 - - [11/May/2026:15:15:58 +0200] "POST /xmlrpc.php HTTP/1.1" 200 0 "-" "Jetpack/12.5; WordPress/6.2; http://site69676818.com"
38.10.236.66 - - [11/May/2026:15:16:10 +0200] "POST /xmlrpc.php HTTP/1.1" 200 0 "-" "Jetpack by WordPress.com"
38.10.236.66 - - [11/May/2026:15:16:20 +0200] "POST /xmlrpc.php HTTP/1.1" 200 0 "-" "Jetpack by WordPress.com"
74.7.241.1 - - [11/May/2026:15:16:25 +0200] "GET /wp-includes/core.php?filesrc=//proc/1110/gid_map&sepatusuper=//proc/1110 HTTP/1.1" 404 0 "https://www.anbforum.com.ithome.hr/wp-includes/core.php?sepatusuper=//proc/1110" "Mozilla/5.0 AppleWebKit/537.36 (KHTML, like Gecko; compatible; GPTBot/1.3; +https://openai.com/gptbot)"
38.10.236.66 - - [11/May/2026:15:16:32 +0200] "POST /xmlrpc.php HTTP/1.1" 200 0 "-" "Jetpack by WordPress.com"
38.10.236.66 - - [11/May/2026:15:16:42 +0200] "POST /xmlrpc.php HTTP/1.1" 200 0 "-" "Jetpack/12.0; WordPress/6.2; http://site11435783.com"
38.10.236.66 - - [11/May/2026:15:16:53 +0200] "POST /xmlrpc.php HTTP/1.1" 200 0 "-" "Jetpack by WordPress.com (Jetpack 12.0; WordPress 6.2)"
38.10.236.66 - - [11/May/2026:15:17:04 +0200] "POST /xmlrpc.php HTTP/1.1" 200 0 "-" "WordPress.com; https://wordpress.com"
38.10.236.66 - - [11/May/2026:15:17:15 +0200] "POST /xmlrpc.php HTTP/1.1" 200 0 "-" "Jetpack by WordPress.com"
38.10.236.66 - - [11/May/2026:15:17:26 +0200] "POST /xmlrpc.php HTTP/1.1" 200 0 "-" "Jetpack by WordPress.com"
74.7.241.1 - - [11/May/2026:15:17:27 +0200] "GET /wp-includes/core.php?filesrc=//proc/1110/oom_adj&sepatusuper=//proc/1110 HTTP/1.1" 404 0 "https://www.anbforum.com.ithome.hr/wp-includes/core.php?sepatusuper=//proc/1110" "Mozilla/5.0 AppleWebKit/537.36 (KHTML, like Gecko; compatible; GPTBot/1.3; +https://openai.com/gptbot)"
74.7.243.239 - - [11/May/2026:15:17:36 +0200] "GET /wp-content/uploads/2026/01/Untitled-design-7-150x150.png HTTP/1.1" 200 9592 "https://www.cataleya-cup.com.ithome.hr" "Mozilla/5.0 AppleWebKit/537.36 (KHTML, like Gecko; compatible; GPTBot/1.3; +https://openai.com/gptbot)"
38.10.236.66 - - [11/May/2026:15:17:37 +0200] "POST /xmlrpc.php HTTP/1.1" 200 0 "-" "Jetpack by WordPress.com"
74.7.243.239 - - [11/May/2026:15:17:39 +0200] "GET /wp-admin/admin.php?action=edit&id=987503423&page=wc-orders HTTP/1.1" 404 0 "https://www.cataleya-cup.com.ithome.hr" "Mozilla/5.0 AppleWebKit/537.36 (KHTML, like Gecko; compatible; GPTBot/1.3; +https://openai.com/gptbot)"
74.7.243.239 - - [11/May/2026:15:17:42 +0200] "GET /wp-content/uploads/2026/01/Untitled-design-7-100x100.png HTTP/1.1" 200 5664 "https://www.cataleya-cup.com.ithome.hr" "Mozilla/5.0 AppleWebKit/537.36 (KHTML, like Gecko; compatible; GPTBot/1.3; +https://openai.com/gptbot)"
74.7.243.239 - - [11/May/2026:15:17:46 +0200] "GET /wp-admin/admin.php?action=edit&id=987503686&page=wc-orders HTTP/1.1" 404 0 "https://www.cataleya-cup.com.ithome.hr" "Mozilla/5.0 AppleWebKit/537.36 (KHTML, like Gecko; compatible; GPTBot/1.3; +https://openai.com/gptbot)"
38.10.236.66 - - [11/May/2026:15:17:48 +0200] "POST /xmlrpc.php HTTP/1.1" 200 0 "-" "WordPress.com; https://wordpress.com"
74.7.243.239 - - [11/May/2026:15:17:49 +0200] "GET /wp-admin/admin.php?action=edit&id=987503842&page=wc-orders HTTP/1.1" 404 0 "https://www.cataleya-cup.com.ithome.hr" "Mozilla/5.0 AppleWebKit/537.36 (KHTML, like Gecko; compatible; GPTBot/1.3; +https://openai.com/gptbot)"
38.10.236.66 - - [11/May/2026:15:17:59 +0200] "POST /xmlrpc.php HTTP/1.1" 200 0 "-" "Jetpack by WordPress.com (Jetpack 12.0; WordPress 6.4)"
123.30.233.13 - - [11/May/2026:15:18:00 +0200] "GET /wp-login.php HTTP/1.1" 200 0 "-" "Mozilla/5.0 (Windows NT 10.0; WOW64) AppleWebKit/537.36 (KHTML, like Gecko) Chrome/133.0.0.0 Safari/537.36"
123.30.233.13 - - [11/May/2026:15:18:01 +0200] "POST /wp-login.php HTTP/1.1" 200 0 "https://anbforum.com/wp-login.php" "Mozilla/5.0 (Windows NT 10.0; WOW64) AppleWebKit/537.36 (KHTML, like Gecko) Chrome/133.0.0.0 Safari/537.36"
38.10.236.66 - - [11/May/2026:15:18:10 +0200] "POST /xmlrpc.php HTTP/1.1" 200 0 "-" "Jetpack by WordPress.com"
38.10.236.66 - - [11/May/2026:15:18:21 +0200] "POST /xmlrpc.php HTTP/1.1" 200 0 "-" "Jetpack by WordPress.com"
