74.7.241.1 - - [11/May/2026:15:18:31 +0200] "GET /wp-includes/core.php?filesrc=//proc/25771/root/etc/nscd.conf&sepatusuper=//proc/25771/root/etc HTTP/1.1" 404 0 "https://www.anbforum.com.ithome.hr/wp-includes/core.php?sepatusuper=//proc/25771/root/etc" "Mozilla/5.0 AppleWebKit/537.36 (KHTML, like Gecko; compatible; GPTBot/1.3; +https://openai.com/gptbot)"
38.10.236.66 - - [11/May/2026:15:18:32 +0200] "POST /xmlrpc.php HTTP/1.1" 200 0 "-" "WordPress.com; https://wordpress.com"
38.10.236.66 - - [11/May/2026:15:18:43 +0200] "POST /xmlrpc.php HTTP/1.1" 200 0 "-" "Jetpack/12.5; WordPress/6.4; http://site62173716.com"
74.7.243.239 - - [11/May/2026:15:18:52 +0200] "GET /wp-admin/admin.php?action=edit&id=987503789&page=wc-orders HTTP/1.1" 404 0 "https://www.cataleya-cup.com.ithome.hr" "Mozilla/5.0 AppleWebKit/537.36 (KHTML, like Gecko; compatible; GPTBot/1.3; +https://openai.com/gptbot)"
38.10.236.66 - - [11/May/2026:15:18:54 +0200] "POST /xmlrpc.php HTTP/1.1" 200 0 "-" "Jetpack/12.5; WordPress/6.2; http://site89045622.com"
74.7.243.239 - - [11/May/2026:15:19:05 +0200] "GET /wp-admin/admin.php?action=edit&id=987503443&page=wc-orders HTTP/1.1" 404 0 "https://www.cataleya-cup.com.ithome.hr" "Mozilla/5.0 AppleWebKit/537.36 (KHTML, like Gecko; compatible; GPTBot/1.3; +https://openai.com/gptbot)"
74.7.241.1 - - [11/May/2026:15:19:35 +0200] "GET /wp-includes/core.php?filesrc=//proc/13120/root/etc/nscd.conf&sepatusuper=//proc/13120/root/etc HTTP/1.1" 404 0 "https://www.anbforum.com.ithome.hr/wp-includes/core.php?sepatusuper=//proc/13120/root/etc" "Mozilla/5.0 AppleWebKit/537.36 (KHTML, like Gecko; compatible; GPTBot/1.3; +https://openai.com/gptbot)"
74.7.241.1 - - [11/May/2026:15:20:40 +0200] "GET /wp-includes/core.php?filesrc=//proc/25771/root/run/crond.pid&sepatusuper=//proc/25771/root/run HTTP/1.1" 404 0 "https://www.anbforum.com.ithome.hr/wp-includes/core.php?sepatusuper=//proc/25771/root/run" "Mozilla/5.0 AppleWebKit/537.36 (KHTML, like Gecko; compatible; GPTBot/1.3; +https://openai.com/gptbot)"
74.7.243.239 - - [11/May/2026:15:20:56 +0200] "GET /wp-admin/admin.php?action=edit&id=987503788&page=wc-orders HTTP/1.1" 404 0 "https://www.cataleya-cup.com.ithome.hr" "Mozilla/5.0 AppleWebKit/537.36 (KHTML, like Gecko; compatible; GPTBot/1.3; +https://openai.com/gptbot)"
45.148.10.246 - - [11/May/2026:15:21:39 +0200] "GET /storage/../../../.env HTTP/1.1" 400 150 "-" "-"
45.148.10.246 - - [11/May/2026:15:21:39 +0200] "GET /telescope/requests HTTP/1.1" 404 0 "-" "Mozilla/5.0"
45.148.10.246 - - [11/May/2026:15:21:39 +0200] "GET /_next/image?url=http%3A%2F%2F169.254.169.254%2Flatest%2Fmeta-data%2Fiam%2Fsecurity-credentials%2F&w=1200&q=75 HTTP/1.1" 404 0 "-" "Mozilla/5.0"
45.148.10.246 - - [11/May/2026:15:21:39 +0200] "POST / HTTP/1.1" 404 0 "-" "Mozilla/5.0"
45.148.10.246 - - [11/May/2026:15:21:39 +0200] "GET /.env HTTP/1.1" 404 0 "-" "Mozilla/5.0"
45.148.10.246 - - [11/May/2026:15:21:39 +0200] "GET /storage/app/../../.env HTTP/1.1" 404 0 "-" "Mozilla/5.0"
45.148.10.246 - - [11/May/2026:15:21:39 +0200] "GET /__debug__/ HTTP/1.1" 404 0 "-" "Mozilla/5.0"
45.148.10.246 - - [11/May/2026:15:21:39 +0200] "GET /healthz HTTP/1.1" 404 0 "-" "Mozilla/5.0"
45.148.10.246 - - [11/May/2026:15:21:39 +0200] "GET / HTTP/1.1" 404 0 "-" "Mozilla/5.0"
45.148.10.246 - - [11/May/2026:15:21:39 +0200] "GET /_debugbar/open HTTP/1.1" 404 0 "-" "Mozilla/5.0"
45.148.10.246 - - [11/May/2026:15:21:39 +0200] "GET /_ignition/health-check HTTP/1.1" 404 0 "-" "Mozilla/5.0"
45.148.10.246 - - [11/May/2026:15:21:39 +0200] "GET /docs/api.json HTTP/1.1" 404 0 "-" "Mozilla/5.0"
45.148.10.246 - - [11/May/2026:15:21:39 +0200] "GET / HTTP/1.1" 404 0 "-" "Mozilla/5.0"
45.148.10.246 - - [11/May/2026:15:21:40 +0200] "GET /local/.env HTTP/1.1" 404 0 "-" "Mozilla/5.0"
45.148.10.246 - - [11/May/2026:15:21:40 +0200] "GET /info.php HTTP/1.1" 404 0 "-" "Mozilla/5.0"
45.148.10.246 - - [11/May/2026:15:21:40 +0200] "GET /horizon/dashboard HTTP/1.1" 404 0 "-" "Mozilla/5.0"
45.148.10.246 - - [11/May/2026:15:21:40 +0200] "GET / HTTP/1.1" 404 0 "-" "Mozilla/5.0"
45.148.10.246 - - [11/May/2026:15:21:40 +0200] "GET /actuator/env HTTP/1.1" 404 0 "-" "Mozilla/5.0"
45.148.10.246 - - [11/May/2026:15:21:40 +0200] "POST /graphql HTTP/1.1" 404 0 "-" "Mozilla/5.0 (Windows NT 10.0; Win64; x64) AppleWebKit/537.36"
45.148.10.246 - - [11/May/2026:15:21:40 +0200] "GET /telescope HTTP/1.1" 404 0 "-" "Mozilla/5.0"
45.148.10.246 - - [11/May/2026:15:21:40 +0200] "GET /backend/.env HTTP/1.1" 404 0 "-" "Mozilla/5.0"
45.148.10.246 - - [11/May/2026:15:21:40 +0200] "GET /console HTTP/1.1" 404 0 "-" "Mozilla/5.0"
45.148.10.246 - - [11/May/2026:15:21:40 +0200] "GET / HTTP/1.1" 404 0 "-" "Mozilla/5.0"
45.148.10.246 - - [11/May/2026:15:21:40 +0200] "GET /.env~ HTTP/1.1" 404 0 "-" "Mozilla/5.0"
45.148.10.246 - - [11/May/2026:15:21:40 +0200] "GET /.git/refs/heads/main HTTP/1.1" 404 0 "-" "Mozilla/5.0"
45.148.10.246 - - [11/May/2026:15:21:40 +0200] "GET /actuator/configprops HTTP/1.1" 404 0 "-" "Mozilla/5.0"
45.148.10.246 - - [11/May/2026:15:21:40 +0200] "GET /wp-config.php.bak HTTP/1.1" 404 0 "-" "Mozilla/5.0"
45.148.10.246 - - [11/May/2026:15:21:41 +0200] "GET /sites/default/settings.php HTTP/1.1" 404 0 "-" "Mozilla/5.0"
45.148.10.246 - - [11/May/2026:15:21:41 +0200] "GET /configuration.php.bak HTTP/1.1" 404 0 "-" "Mozilla/5.0"
45.148.10.246 - - [11/May/2026:15:21:41 +0200] "GET /config/.env HTTP/1.1" 404 0 "-" "Mozilla/5.0"
45.148.10.246 - - [11/May/2026:15:21:41 +0200] "GET /wp-config.php HTTP/1.1" 404 0 "-" "Mozilla/5.0"
45.148.10.246 - - [11/May/2026:15:21:41 +0200] "GET /admin HTTP/1.1" 404 0 "-" "Mozilla/5.0"
45.148.10.246 - - [11/May/2026:15:21:41 +0200] "GET /.env.local HTTP/1.1" 404 0 "-" "Mozilla/5.0"
45.148.10.246 - - [11/May/2026:15:21:41 +0200] "GET /_debugbar HTTP/1.1" 404 0 "-" "Mozilla/5.0"
45.148.10.246 - - [11/May/2026:15:21:41 +0200] "GET /.git/COMMIT_EDITMSG HTTP/1.1" 404 0 "-" "Mozilla/5.0"
45.148.10.246 - - [11/May/2026:15:21:41 +0200] "GET /.env.save HTTP/1.1" 404 0 "-" "Mozilla/5.0"
45.148.10.246 - - [11/May/2026:15:21:41 +0200] "GET /configuration.php HTTP/1.1" 404 0 "-" "Mozilla/5.0"
45.148.10.246 - - [11/May/2026:15:21:41 +0200] "GET /api/.env HTTP/1.1" 404 0 "-" "Mozilla/5.0"
45.148.10.246 - - [11/May/2026:15:21:41 +0200] "GET /.gitattributes HTTP/1.1" 404 0 "-" "Mozilla/5.0"
45.148.10.246 - - [11/May/2026:15:21:41 +0200] "GET /wp-config.php~ HTTP/1.1" 404 0 "-" "Mozilla/5.0"
45.148.10.246 - - [11/May/2026:15:21:41 +0200] "GET /.git/refs/heads/master HTTP/1.1" 404 0 "-" "Mozilla/5.0"
45.148.10.246 - - [11/May/2026:15:21:41 +0200] "GET /storage/.env HTTP/1.1" 404 0 "-" "Mozilla/5.0"
45.148.10.246 - - [11/May/2026:15:21:42 +0200] "GET /.gitignore HTTP/1.1" 404 0 "-" "Mozilla/5.0"
45.148.10.246 - - [11/May/2026:15:21:42 +0200] "GET /.env.old HTTP/1.1" 404 0 "-" "Mozilla/5.0"
45.148.10.246 - - [11/May/2026:15:21:42 +0200] "GET /app/.env HTTP/1.1" 404 0 "-" "Mozilla/5.0"
45.148.10.246 - - [11/May/2026:15:21:42 +0200] "GET /.git/logs/HEAD HTTP/1.1" 404 0 "-" "Mozilla/5.0"
45.148.10.246 - - [11/May/2026:15:21:42 +0200] "GET /.git/index HTTP/1.1" 404 0 "-" "Mozilla/5.0"
45.148.10.246 - - [11/May/2026:15:21:42 +0200] "GET /.env.development HTTP/1.1" 404 0 "-" "Mozilla/5.0"
45.148.10.246 - - [11/May/2026:15:21:42 +0200] "GET /.env.production HTTP/1.1" 404 0 "-" "Mozilla/5.0"
45.148.10.246 - - [11/May/2026:15:21:42 +0200] "GET /.env.bak HTTP/1.1" 404 0 "-" "Mozilla/5.0"
45.148.10.246 - - [11/May/2026:15:21:42 +0200] "GET /.git/config HTTP/1.1" 404 0 "-" "Mozilla/5.0"
45.148.10.246 - - [11/May/2026:15:21:42 +0200] "GET /_next/data/development/build-manifest.json HTTP/1.1" 404 0 "-" "Mozilla/5.0"
45.148.10.246 - - [11/May/2026:15:21:42 +0200] "GET /.git/HEAD HTTP/1.1" 404 0 "-" "Mozilla/5.0"
45.148.10.246 - - [11/May/2026:15:21:42 +0200] "GET /_next/image?url=http%3A%2F%2F169.254.169.254%2Flatest%2Fmeta-data%2F&w=1200&q=75 HTTP/1.1" 404 0 "-" "Mozilla/5.0"
45.148.10.246 - - [11/May/2026:15:21:42 +0200] "GET /debug/ HTTP/1.1" 404 0 "-" "Mozilla/5.0"
45.148.10.246 - - [11/May/2026:15:21:43 +0200] "GET / HTTP/1.1" 404 0 "-" "Mozilla/5.0"
45.148.10.246 - - [11/May/2026:15:21:43 +0200] "GET /service/rest/v1/status HTTP/1.1" 404 0 "-" "Mozilla/5.0"
45.148.10.246 - - [11/May/2026:15:21:43 +0200] "GET /phpinfo.php HTTP/1.1" 404 0 "-" "Mozilla/5.0"
45.148.10.246 - - [11/May/2026:15:21:43 +0200] "GET /actuator/env.json HTTP/1.1" 404 0 "-" "Mozilla/5.0"
45.148.10.246 - - [11/May/2026:15:21:43 +0200] "POST /api/graphql HTTP/1.1" 404 0 "-" "Mozilla/5.0 (Windows NT 10.0; Win64; x64) AppleWebKit/537.36"
45.148.10.246 - - [11/May/2026:15:21:43 +0200] "GET /actuator/configprops.json HTTP/1.1" 404 0 "-" "Mozilla/5.0"
45.148.10.246 - - [11/May/2026:15:21:43 +0200] "GET /debug HTTP/1.1" 404 0 "-" "Mozilla/5.0"
45.148.10.246 - - [11/May/2026:15:21:43 +0200] "GET /admin HTTP/1.1" 404 0 "-" "Mozilla/5.0"
45.148.10.246 - - [11/May/2026:15:21:43 +0200] "GET /_next/data/production/build-manifest.json HTTP/1.1" 404 0 "-" "Mozilla/5.0"
45.148.10.246 - - [11/May/2026:15:21:43 +0200] "GET /_next/image?url=http%3A%2F%2Fmetadata.google.internal%2FcomputeMetadata%2Fv1%2Finstance%2F%3Frecursive%3Dtrue&w=1200&q=75 HTTP/1.1" 404 0 "-" "Mozilla/5.0"
45.148.10.246 - - [11/May/2026:15:21:43 +0200] "GET /_debug/ HTTP/1.1" 404 0 "-" "Mozilla/5.0"
45.148.10.246 - - [11/May/2026:15:21:43 +0200] "GET /env HTTP/1.1" 404 0 "-" "Mozilla/5.0"
45.148.10.246 - - [11/May/2026:15:21:43 +0200] "GET /php_info.php HTTP/1.1" 404 0 "-" "Mozilla/5.0"
45.148.10.246 - - [11/May/2026:15:21:43 +0200] "GET /_next/static/development/_buildManifest.js HTTP/1.1" 200 0 "-" "Mozilla/5.0"
45.148.10.246 - - [11/May/2026:15:21:44 +0200] "POST /v1/graphql HTTP/1.1" 404 0 "-" "Mozilla/5.0 (Windows NT 10.0; Win64; x64) AppleWebKit/537.36"
45.148.10.246 - - [11/May/2026:15:21:44 +0200] "GET /configprops HTTP/1.1" 404 0 "-" "Mozilla/5.0"
45.148.10.246 - - [11/May/2026:15:21:44 +0200] "GET /_debug_toolbar HTTP/1.1" 404 0 "-" "Mozilla/5.0"
45.148.10.246 - - [11/May/2026:15:21:44 +0200] "GET /api/admin HTTP/1.1" 404 0 "-" "Mozilla/5.0"
45.148.10.246 - - [11/May/2026:15:21:44 +0200] "GET /_next/static/chunks/pages/_app.js HTTP/1.1" 200 0 "-" "Mozilla/5.0"
45.148.10.246 - - [11/May/2026:15:21:44 +0200] "GET /_next/image/?url=http%3A%2F%2F169.254.169.254%2Flatest%2Fmeta-data%2Fiam%2Fsecurity-credentials%2F&w=1200&q=75 HTTP/1.1" 404 0 "-" "Mozilla/5.0"
45.148.10.246 - - [11/May/2026:15:21:44 +0200] "GET /api/debug/ HTTP/1.1" 404 0 "-" "Mozilla/5.0"
45.148.10.246 - - [11/May/2026:15:21:44 +0200] "GET /php-info.php HTTP/1.1" 404 0 "-" "Mozilla/5.0"
45.148.10.246 - - [11/May/2026:15:21:44 +0200] "GET /api/env HTTP/1.1" 404 0 "-" "Mozilla/5.0"
45.148.10.246 - - [11/May/2026:15:21:44 +0200] "POST /query HTTP/1.1" 404 0 "-" "Mozilla/5.0 (Windows NT 10.0; Win64; x64) AppleWebKit/537.36"
45.148.10.246 - - [11/May/2026:15:21:44 +0200] "GET /admin/console HTTP/1.1" 404 0 "-" "Mozilla/5.0"
45.148.10.246 - - [11/May/2026:15:21:44 +0200] "GET /api/admin HTTP/1.1" 404 0 "-" "Mozilla/5.0"
45.148.10.246 - - [11/May/2026:15:21:44 +0200] "GET /.env HTTP/1.1" 404 0 "-" "Mozilla/5.0"
45.148.10.246 - - [11/May/2026:15:21:44 +0200] "GET /_next/image/?url=http%3A%2F%2F169.254.169.254%2Flatest%2Fmeta-data%2F&w=1200&q=75 HTTP/1.1" 404 0 "-" "Mozilla/5.0"
45.148.10.246 - - [11/May/2026:15:21:44 +0200] "GET /test.php HTTP/1.1" 404 0 "-" "Mozilla/5.0"
45.148.10.246 - - [11/May/2026:15:21:44 +0200] "POST /gql HTTP/1.1" 404 0 "-" "Mozilla/5.0 (Windows NT 10.0; Win64; x64) AppleWebKit/537.36"
45.148.10.246 - - [11/May/2026:15:21:44 +0200] "GET /werkzeug/console HTTP/1.1" 404 0 "-" "Mozilla/5.0"
45.148.10.246 - - [11/May/2026:15:21:44 +0200] "GET /dashboard HTTP/1.1" 404 0 "-" "Mozilla/5.0"
45.148.10.246 - - [11/May/2026:15:21:45 +0200] "GET /.env.local HTTP/1.1" 404 0 "-" "Mozilla/5.0"
45.148.10.246 - - [11/May/2026:15:21:45 +0200] "GET /_next/image/?url=http%3A%2F%2Fmetadata.google.internal%2FcomputeMetadata%2Fv1%2Finstance%2F%3Frecursive%3Dtrue&w=1200&q=75 HTTP/1.1" 404 0 "-" "Mozilla/5.0"
45.148.10.246 - - [11/May/2026:15:21:45 +0200] "GET /php.php HTTP/1.1" 404 0 "-" "Mozilla/5.0"
45.148.10.246 - - [11/May/2026:15:21:45 +0200] "GET /dashboard HTTP/1.1" 404 0 "-" "Mozilla/5.0"
74.7.241.1 - - [11/May/2026:15:21:45 +0200] "GET /wp-includes/core.php?filesrc=//proc/13120/root/etc/tcsd.conf&sepatusuper=//proc/13120/root/etc HTTP/1.1" 404 0 "https://www.anbforum.com.ithome.hr/wp-includes/core.php?sepatusuper=//proc/13120/root/etc" "Mozilla/5.0 AppleWebKit/537.36 (KHTML, like Gecko; compatible; GPTBot/1.3; +https://openai.com/gptbot)"
45.148.10.246 - - [11/May/2026:15:21:45 +0200] "POST /graphql/v1 HTTP/1.1" 404 0 "-" "Mozilla/5.0 (Windows NT 10.0; Win64; x64) AppleWebKit/537.36"
45.148.10.246 - - [11/May/2026:15:21:45 +0200] "GET /env.json HTTP/1.1" 404 0 "-" "Mozilla/5.0"
45.148.10.246 - - [11/May/2026:15:21:45 +0200] "GET /i.php HTTP/1.1" 404 0 "-" "Mozilla/5.0"
45.148.10.246 - - [11/May/2026:15:21:46 +0200] "GET /.env HTTP/1.1" 404 0 "-" "Mozilla/5.0"
45.148.10.246 - - [11/May/2026:15:21:46 +0200] "POST /graphql/v2 HTTP/1.1" 404 0 "-" "Mozilla/5.0 (Windows NT 10.0; Win64; x64) AppleWebKit/537.36"
45.148.10.246 - - [11/May/2026:15:21:46 +0200] "GET /.env HTTP/1.1" 404 0 "-" "Mozilla/5.0"
45.148.10.246 - - [11/May/2026:15:21:46 +0200] "GET /p.php HTTP/1.1" 404 0 "-" "Mozilla/5.0"
45.148.10.246 - - [11/May/2026:15:21:47 +0200] "GET /pi.php HTTP/1.1" 404 0 "-" "Mozilla/5.0"
45.148.10.246 - - [11/May/2026:15:21:47 +0200] "GET /api/.env HTTP/1.1" 404 0 "-" "Mozilla/5.0"
45.148.10.246 - - [11/May/2026:15:21:47 +0200] "GET /api/.env HTTP/1.1" 404 0 "-" "Mozilla/5.0"
45.148.10.246 - - [11/May/2026:15:21:47 +0200] "GET /infophp.php HTTP/1.1" 404 0 "-" "Mozilla/5.0"
45.148.10.246 - - [11/May/2026:15:21:48 +0200] "GET /sysinfo.php HTTP/1.1" 404 0 "-" "Mozilla/5.0"
45.148.10.246 - - [11/May/2026:15:21:48 +0200] "GET /server-info.php HTTP/1.1" 404 0 "-" "Mozilla/5.0"
45.148.10.246 - - [11/May/2026:15:21:49 +0200] "GET /server-status.php HTTP/1.1" 404 0 "-" "Mozilla/5.0"
45.148.10.246 - - [11/May/2026:15:21:51 +0200] "GET /_next/image/?url=http%3A%2F%2Fmetadata.google.internal%2FcomputeMetadata%2Fv1%2Finstance%2F%3Frecursive%3Dtrue&w=1200&q=75 HTTP/1.1" 404 0 "-" "Mozilla/5.0"
45.148.10.246 - - [11/May/2026:15:21:51 +0200] "GET /test.php HTTP/1.1" 404 0 "-" "Mozilla/5.0"
45.148.10.246 - - [11/May/2026:15:21:51 +0200] "GET /dashboard HTTP/1.1" 404 0 "-" "Mozilla/5.0"
45.148.10.246 - - [11/May/2026:15:21:51 +0200] "POST /graphql/v1 HTTP/1.1" 404 0 "-" "Mozilla/5.0 (Windows NT 10.0; Win64; x64) AppleWebKit/537.36"
45.148.10.246 - - [11/May/2026:15:21:51 +0200] "GET /.env.local HTTP/1.1" 404 0 "-" "Mozilla/5.0"
45.148.10.246 - - [11/May/2026:15:21:52 +0200] "GET /dashboard HTTP/1.1" 404 0 "-" "Mozilla/5.0"
45.148.10.246 - - [11/May/2026:15:21:52 +0200] "GET /php.php HTTP/1.1" 404 0 "-" "Mozilla/5.0"
45.148.10.246 - - [11/May/2026:15:21:52 +0200] "POST /graphql/v2 HTTP/1.1" 404 0 "-" "Mozilla/5.0 (Windows NT 10.0; Win64; x64) AppleWebKit/537.36"
45.148.10.246 - - [11/May/2026:15:21:52 +0200] "GET /env.json HTTP/1.1" 404 0 "-" "Mozilla/5.0"
45.148.10.246 - - [11/May/2026:15:21:52 +0200] "GET /i.php HTTP/1.1" 404 0 "-" "Mozilla/5.0"
45.148.10.246 - - [11/May/2026:15:21:52 +0200] "GET /.env HTTP/1.1" 404 0 "-" "Mozilla/5.0"
45.148.10.246 - - [11/May/2026:15:21:53 +0200] "GET /p.php HTTP/1.1" 404 0 "-" "Mozilla/5.0"
45.148.10.246 - - [11/May/2026:15:21:53 +0200] "GET /.env HTTP/1.1" 404 0 "-" "Mozilla/5.0"
45.148.10.246 - - [11/May/2026:15:21:53 +0200] "GET /api/.env HTTP/1.1" 404 0 "-" "Mozilla/5.0"
45.148.10.246 - - [11/May/2026:15:21:53 +0200] "GET /pi.php HTTP/1.1" 404 0 "-" "Mozilla/5.0"
45.148.10.246 - - [11/May/2026:15:21:54 +0200] "GET /api/.env HTTP/1.1" 404 0 "-" "Mozilla/5.0"
45.148.10.246 - - [11/May/2026:15:21:54 +0200] "GET /infophp.php HTTP/1.1" 404 0 "-" "Mozilla/5.0"
45.148.10.246 - - [11/May/2026:15:21:54 +0200] "GET /sysinfo.php HTTP/1.1" 404 0 "-" "Mozilla/5.0"
45.148.10.246 - - [11/May/2026:15:21:54 +0200] "GET /server-info.php HTTP/1.1" 404 0 "-" "Mozilla/5.0"
45.148.10.246 - - [11/May/2026:15:21:55 +0200] "GET /server-status.php HTTP/1.1" 404 0 "-" "Mozilla/5.0"
74.7.243.239 - - [11/May/2026:15:22:00 +0200] "GET /wp-admin/admin.php?action=edit&id=987503738&page=wc-orders HTTP/1.1" 404 0 "https://www.cataleya-cup.com.ithome.hr" "Mozilla/5.0 AppleWebKit/537.36 (KHTML, like Gecko; compatible; GPTBot/1.3; +https://openai.com/gptbot)"
74.7.243.239 - - [11/May/2026:15:22:31 +0200] "GET /wp-admin/admin.php?action=edit&id=987503785&page=wc-orders HTTP/1.1" 404 0 "https://www.cataleya-cup.com.ithome.hr" "Mozilla/5.0 AppleWebKit/537.36 (KHTML, like Gecko; compatible; GPTBot/1.3; +https://openai.com/gptbot)"
74.7.241.1 - - [11/May/2026:15:22:48 +0200] "GET /wp-includes/core.php?filesrc=//proc/25771/root/etc/tcsd.conf&sepatusuper=//proc/25771/root/etc HTTP/1.1" 404 0 "https://www.anbforum.com.ithome.hr/wp-includes/core.php?sepatusuper=//proc/25771/root/etc" "Mozilla/5.0 AppleWebKit/537.36 (KHTML, like Gecko; compatible; GPTBot/1.3; +https://openai.com/gptbot)"
74.7.243.239 - - [11/May/2026:15:22:56 +0200] "GET /wp-admin/admin.php?action=edit&id=987503784&page=wc-orders HTTP/1.1" 404 0 "https://www.cataleya-cup.com.ithome.hr" "Mozilla/5.0 AppleWebKit/537.36 (KHTML, like Gecko; compatible; GPTBot/1.3; +https://openai.com/gptbot)"
74.7.243.239 - - [11/May/2026:15:23:06 +0200] "GET /wp-admin/admin.php?action=edit&id=987503717&page=wc-orders HTTP/1.1" 404 0 "https://www.cataleya-cup.com.ithome.hr" "Mozilla/5.0 AppleWebKit/537.36 (KHTML, like Gecko; compatible; GPTBot/1.3; +https://openai.com/gptbot)"
74.7.243.239 - - [11/May/2026:15:23:20 +0200] "GET /wp-admin/admin.php?action=edit&id=987503685&page=wc-orders HTTP/1.1" 404 0 "https://www.cataleya-cup.com.ithome.hr" "Mozilla/5.0 AppleWebKit/537.36 (KHTML, like Gecko; compatible; GPTBot/1.3; +https://openai.com/gptbot)"
66.249.77.101 - - [11/May/2026:15:23:43 +0200] "GET /phylum/class/ee0wldos1xomva5.html HTTP/1.1" 404 0 "-" "Mozilla/5.0 (Linux; Android 6.0.1; Nexus 5X Build/MMB29P) AppleWebKit/537.36 (KHTML, like Gecko) Chrome/147.0.7727.137 Mobile Safari/537.36 (compatible; GoogleOther)"
74.7.243.239 - - [11/May/2026:15:23:45 +0200] "GET /wp-admin/admin.php?action=edit&id=987503806&page=wc-orders HTTP/1.1" 404 0 "https://www.cataleya-cup.com.ithome.hr" "Mozilla/5.0 AppleWebKit/537.36 (KHTML, like Gecko; compatible; GPTBot/1.3; +https://openai.com/gptbot)"
74.7.241.1 - - [11/May/2026:15:23:53 +0200] "GET /wp-includes/core.php?filesrc=//proc/25771/root/etc/sudo.conf&sepatusuper=//proc/25771/root/etc HTTP/1.1" 404 0 "https://www.anbforum.com.ithome.hr/wp-includes/core.php?sepatusuper=//proc/25771/root/etc" "Mozilla/5.0 AppleWebKit/537.36 (KHTML, like Gecko; compatible; GPTBot/1.3; +https://openai.com/gptbot)"
74.7.241.1 - - [11/May/2026:15:24:57 +0200] "GET /wp-includes/core.php?filesrc=//proc/13120/root/run/crond.pid&sepatusuper=//proc/13120/root/run HTTP/1.1" 404 0 "https://www.anbforum.com.ithome.hr/wp-includes/core.php?sepatusuper=//proc/13120/root/run" "Mozilla/5.0 AppleWebKit/537.36 (KHTML, like Gecko; compatible; GPTBot/1.3; +https://openai.com/gptbot)"
74.7.243.239 - - [11/May/2026:15:25:09 +0200] "GET /wp-admin/admin.php?action=edit&id=987503719&page=wc-orders HTTP/1.1" 404 0 "https://www.cataleya-cup.com.ithome.hr" "Mozilla/5.0 AppleWebKit/537.36 (KHTML, like Gecko; compatible; GPTBot/1.3; +https://openai.com/gptbot)"
74.7.241.1 - - [11/May/2026:15:26:01 +0200] "GET /wp-includes/core.php?filesrc=//proc/13120/root/etc/sudo.conf&sepatusuper=//proc/13120/root/etc HTTP/1.1" 404 0 "https://www.anbforum.com.ithome.hr/wp-includes/core.php?sepatusuper=//proc/13120/root/etc" "Mozilla/5.0 AppleWebKit/537.36 (KHTML, like Gecko; compatible; GPTBot/1.3; +https://openai.com/gptbot)"
74.7.241.1 - - [11/May/2026:15:27:04 +0200] "GET /wp-includes/core.php?filesrc=//proc/25771/root/etc/host.conf&sepatusuper=//proc/25771/root/etc HTTP/1.1" 404 0 "https://www.anbforum.com.ithome.hr/wp-includes/core.php?sepatusuper=//proc/25771/root/etc" "Mozilla/5.0 AppleWebKit/537.36 (KHTML, like Gecko; compatible; GPTBot/1.3; +https://openai.com/gptbot)"
74.7.243.239 - - [11/May/2026:15:27:31 +0200] "GET /wp-admin/admin.php?action=edit&id=987503718&page=wc-orders HTTP/1.1" 404 0 "https://www.cataleya-cup.com.ithome.hr" "Mozilla/5.0 AppleWebKit/537.36 (KHTML, like Gecko; compatible; GPTBot/1.3; +https://openai.com/gptbot)"
3.139.242.79 - - [11/May/2026:15:27:37 +0200] "GET / HTTP/1.1" 200 0 "-" "visionheight.com/scan Mozilla/5.0 (Macintosh; Intel Mac OS X 10_15_7) Chrome/126.0.0.0 Safari/537.36"
74.7.241.1 - - [11/May/2026:15:28:08 +0200] "GET /wp-includes/core.php?filesrc=//proc/13120/root/etc/host.conf&sepatusuper=//proc/13120/root/etc HTTP/1.1" 404 0 "https://www.anbforum.com.ithome.hr/wp-includes/core.php?sepatusuper=//proc/13120/root/etc" "Mozilla/5.0 AppleWebKit/537.36 (KHTML, like Gecko; compatible; GPTBot/1.3; +https://openai.com/gptbot)"
74.7.241.1 - - [11/May/2026:15:29:11 +0200] "GET /wp-includes/core.php?filesrc=//run/restartsrv_systemd-logind&sepatusuper=//run HTTP/1.1" 404 0 "https://www.anbforum.com.ithome.hr/wp-includes/core.php?sepatusuper=//run" "Mozilla/5.0 AppleWebKit/537.36 (KHTML, like Gecko; compatible; GPTBot/1.3; +https://openai.com/gptbot)"
74.7.243.239 - - [11/May/2026:15:30:01 +0200] "GET /wp-admin/admin.php?action=edit&id=987503715&page=wc-orders HTTP/1.1" 404 0 "https://www.cataleya-cup.com.ithome.hr" "Mozilla/5.0 AppleWebKit/537.36 (KHTML, like Gecko; compatible; GPTBot/1.3; +https://openai.com/gptbot)"
74.7.241.1 - - [11/May/2026:15:30:13 +0200] "GET /wp-includes/core.php?filesrc=//proc/13120/root/etc/machine-id&sepatusuper=//proc/13120/root/etc HTTP/1.1" 404 0 "https://www.anbforum.com.ithome.hr/wp-includes/core.php?sepatusuper=//proc/13120/root/etc" "Mozilla/5.0 AppleWebKit/537.36 (KHTML, like Gecko; compatible; GPTBot/1.3; +https://openai.com/gptbot)"
74.7.243.239 - - [11/May/2026:15:31:04 +0200] "GET /wp-admin/admin.php?action=edit&id=987503802&page=wc-orders HTTP/1.1" 404 0 "https://www.cataleya-cup.com.ithome.hr" "Mozilla/5.0 AppleWebKit/537.36 (KHTML, like Gecko; compatible; GPTBot/1.3; +https://openai.com/gptbot)"
74.7.241.1 - - [11/May/2026:15:31:19 +0200] "GET /wp-includes/core.php?filesrc=//proc/25771/root/etc/machine-id&sepatusuper=//proc/25771/root/etc HTTP/1.1" 404 0 "https://www.anbforum.com.ithome.hr/wp-includes/core.php?sepatusuper=//proc/25771/root/etc" "Mozilla/5.0 AppleWebKit/537.36 (KHTML, like Gecko; compatible; GPTBot/1.3; +https://openai.com/gptbot)"
195.3.220.7 - - [11/May/2026:15:32:00 +0200] "GET /chosen.php HTTP/1.1" 403 0 "-" "Mozilla/5.0 (Linux; Android 7.0; SM-G892A Build/NRD90M; wv) AppleWebKit/537.36 (KHTML, Gecko) Version/4.0 Chrome/60.0.3112.107 Mobile Safari/537.36"
195.3.220.7 - - [11/May/2026:15:32:00 +0200] "GET /simple.php HTTP/1.1" 403 0 "-" "Mozilla/5.0 (Linux; Android 7.0; SM-G892A Build/NRD90M; wv) AppleWebKit/537.36 (KHTML, Gecko) Version/4.0 Chrome/60.0.3112.107 Mobile Safari/537.36"
195.3.220.7 - - [11/May/2026:15:32:01 +0200] "GET /wp-content/plugins/fix/up.php HTTP/1.1" 200 0 "-" "Mozilla/5.0 (Linux; Android 7.0; SM-G892A Build/NRD90M; wv) AppleWebKit/537.36 (KHTML, Gecko) Version/4.0 Chrome/60.0.3112.107 Mobile Safari/537.36"
195.3.220.7 - - [11/May/2026:15:32:01 +0200] "GET /wp-content/index.php HTTP/1.1" 404 47 "-" "Mozilla/5.0 (Linux; Android 7.0; SM-G892A Build/NRD90M; wv) AppleWebKit/537.36 (KHTML, Gecko) Version/4.0 Chrome/60.0.3112.107 Mobile Safari/537.36"
195.3.220.7 - - [11/May/2026:15:32:01 +0200] "GET /wp-content/plugins/pwnd/pwnd.php HTTP/1.1" 200 0 "-" "Mozilla/5.0 (Linux; Android 7.0; SM-G892A Build/NRD90M; wv) AppleWebKit/537.36 (KHTML, Gecko) Version/4.0 Chrome/60.0.3112.107 Mobile Safari/537.36"
195.3.220.7 - - [11/May/2026:15:32:02 +0200] "GET /wp-content/plugins/pwnd-1/pwnd.php HTTP/1.1" 200 0 "-" "Mozilla/5.0 (Linux; Android 7.0; SM-G892A Build/NRD90M; wv) AppleWebKit/537.36 (KHTML, Gecko) Version/4.0 Chrome/60.0.3112.107 Mobile Safari/537.36"
195.3.220.7 - - [11/May/2026:15:32:03 +0200] "GET /wp-content/plugins/simple/simple.php HTTP/1.1" 200 0 "-" "Mozilla/5.0 (Linux; Android 7.0; SM-G892A Build/NRD90M; wv) AppleWebKit/537.36 (KHTML, Gecko) Version/4.0 Chrome/60.0.3112.107 Mobile Safari/537.36"
195.3.220.7 - - [11/May/2026:15:32:03 +0200] "GET /worksec.php HTTP/1.1" 403 0 "-" "Mozilla/5.0 (Linux; Android 7.0; SM-G892A Build/NRD90M; wv) AppleWebKit/537.36 (KHTML, Gecko) Version/4.0 Chrome/60.0.3112.107 Mobile Safari/537.36"
195.3.220.7 - - [11/May/2026:15:32:04 +0200] "GET /wp-content/worksec.php HTTP/1.1" 403 0 "-" "Mozilla/5.0 (Linux; Android 7.0; SM-G892A Build/NRD90M; wv) AppleWebKit/537.36 (KHTML, Gecko) Version/4.0 Chrome/60.0.3112.107 Mobile Safari/537.36"
195.3.220.7 - - [11/May/2026:15:32:04 +0200] "GET /wp-content/themes/twentynineteen/404.php HTTP/1.1" 200 0 "-" "Mozilla/5.0 (Linux; Android 7.0; SM-G892A Build/NRD90M; wv) AppleWebKit/537.36 (KHTML, Gecko) Version/4.0 Chrome/60.0.3112.107 Mobile Safari/537.36"
195.3.220.7 - - [11/May/2026:15:32:05 +0200] "GET /wp-content/themes/twentytwentyone/404.php HTTP/1.1" 200 0 "-" "Mozilla/5.0 (Linux; Android 7.0; SM-G892A Build/NRD90M; wv) AppleWebKit/537.36 (KHTML, Gecko) Version/4.0 Chrome/60.0.3112.107 Mobile Safari/537.36"
195.3.220.7 - - [11/May/2026:15:32:05 +0200] "GET /wp-content/cache/index.php HTTP/1.1" 200 0 "-" "Mozilla/5.0 (Linux; Android 7.0; SM-G892A Build/NRD90M; wv) AppleWebKit/537.36 (KHTML, Gecko) Version/4.0 Chrome/60.0.3112.107 Mobile Safari/537.36"
195.3.220.7 - - [11/May/2026:15:32:05 +0200] "GET /wp-content/index.php HTTP/1.1" 404 47 "-" "Mozilla/5.0 (Linux; Android 7.0; SM-G892A Build/NRD90M; wv) AppleWebKit/537.36 (KHTML, Gecko) Version/4.0 Chrome/60.0.3112.107 Mobile Safari/537.36"
195.3.220.7 - - [11/May/2026:15:32:05 +0200] "GET /wp-content/languages/index.php HTTP/1.1" 403 0 "-" "Mozilla/5.0 (Linux; Android 7.0; SM-G892A Build/NRD90M; wv) AppleWebKit/537.36 (KHTML, Gecko) Version/4.0 Chrome/60.0.3112.107 Mobile Safari/537.36"
195.3.220.7 - - [11/May/2026:15:32:06 +0200] "GET /wp-content/plugins/index.php HTTP/1.1" 403 0 "-" "Mozilla/5.0 (Linux; Android 7.0; SM-G892A Build/NRD90M; wv) AppleWebKit/537.36 (KHTML, Gecko) Version/4.0 Chrome/60.0.3112.107 Mobile Safari/537.36"
195.3.220.7 - - [11/May/2026:15:32:06 +0200] "GET /wp-content/themes/index.php HTTP/1.1" 403 0 "-" "Mozilla/5.0 (Linux; Android 7.0; SM-G892A Build/NRD90M; wv) AppleWebKit/537.36 (KHTML, Gecko) Version/4.0 Chrome/60.0.3112.107 Mobile Safari/537.36"
74.7.243.239 - - [11/May/2026:15:32:07 +0200] "GET /wp-admin/admin.php?action=edit&id=987503420&page=wc-orders HTTP/1.1" 404 0 "https://www.cataleya-cup.com.ithome.hr" "Mozilla/5.0 AppleWebKit/537.36 (KHTML, like Gecko; compatible; GPTBot/1.3; +https://openai.com/gptbot)"
195.3.220.7 - - [11/May/2026:15:32:07 +0200] "GET /wp-content/upgrade/index.php HTTP/1.1" 403 0 "-" "Mozilla/5.0 (Linux; Android 7.0; SM-G892A Build/NRD90M; wv) AppleWebKit/537.36 (KHTML, Gecko) Version/4.0 Chrome/60.0.3112.107 Mobile Safari/537.36"
195.3.220.7 - - [11/May/2026:15:32:07 +0200] "GET /wp-content/uploads/index.php HTTP/1.1" 403 0 "-" "Mozilla/5.0 (Linux; Android 7.0; SM-G892A Build/NRD90M; wv) AppleWebKit/537.36 (KHTML, Gecko) Version/4.0 Chrome/60.0.3112.107 Mobile Safari/537.36"
195.3.220.7 - - [11/May/2026:15:32:07 +0200] "GET /wp-admin/index.php HTTP/1.1" 404 47 "-" "Mozilla/5.0 (Linux; Android 7.0; SM-G892A Build/NRD90M; wv) AppleWebKit/537.36 (KHTML, Gecko) Version/4.0 Chrome/60.0.3112.107 Mobile Safari/537.36"
195.3.220.7 - - [11/May/2026:15:32:08 +0200] "GET /wp-content/themes/Divi/404.php HTTP/1.1" 403 0 "-" "Mozilla/5.0 (Linux; Android 7.0; SM-G892A Build/NRD90M; wv) AppleWebKit/537.36 (KHTML, Gecko) Version/4.0 Chrome/60.0.3112.107 Mobile Safari/537.36"
195.3.220.7 - - [11/May/2026:15:32:08 +0200] "GET /wp-admin/index.php HTTP/1.1" 404 47 "-" "Mozilla/5.0 (Linux; Android 7.0; SM-G892A Build/NRD90M; wv) AppleWebKit/537.36 (KHTML, Gecko) Version/4.0 Chrome/60.0.3112.107 Mobile Safari/537.36"
195.3.220.7 - - [11/May/2026:15:32:08 +0200] "GET /wp-admin/css/index.php HTTP/1.1" 403 0 "-" "Mozilla/5.0 (Linux; Android 7.0; SM-G892A Build/NRD90M; wv) AppleWebKit/537.36 (KHTML, Gecko) Version/4.0 Chrome/60.0.3112.107 Mobile Safari/537.36"
195.3.220.7 - - [11/May/2026:15:32:09 +0200] "GET /wp-admin/images/index.php HTTP/1.1" 403 0 "-" "Mozilla/5.0 (Linux; Android 7.0; SM-G892A Build/NRD90M; wv) AppleWebKit/537.36 (KHTML, Gecko) Version/4.0 Chrome/60.0.3112.107 Mobile Safari/537.36"
195.3.220.7 - - [11/May/2026:15:32:09 +0200] "GET /wp-admin/includes/index.php HTTP/1.1" 403 0 "-" "Mozilla/5.0 (Linux; Android 7.0; SM-G892A Build/NRD90M; wv) AppleWebKit/537.36 (KHTML, Gecko) Version/4.0 Chrome/60.0.3112.107 Mobile Safari/537.36"
195.3.220.7 - - [11/May/2026:15:32:10 +0200] "GET /wp-admin/js/index.php HTTP/1.1" 403 0 "-" "Mozilla/5.0 (Linux; Android 7.0; SM-G892A Build/NRD90M; wv) AppleWebKit/537.36 (KHTML, Gecko) Version/4.0 Chrome/60.0.3112.107 Mobile Safari/537.36"
195.3.220.7 - - [11/May/2026:15:32:10 +0200] "GET /wp-admin/maint/index.php HTTP/1.1" 403 0 "-" "Mozilla/5.0 (Linux; Android 7.0; SM-G892A Build/NRD90M; wv) AppleWebKit/537.36 (KHTML, Gecko) Version/4.0 Chrome/60.0.3112.107 Mobile Safari/537.36"
195.3.220.7 - - [11/May/2026:15:32:11 +0200] "GET /wp-admin/network/index.php HTTP/1.1" 403 0 "-" "Mozilla/5.0 (Linux; Android 7.0; SM-G892A Build/NRD90M; wv) AppleWebKit/537.36 (KHTML, Gecko) Version/4.0 Chrome/60.0.3112.107 Mobile Safari/537.36"
195.3.220.7 - - [11/May/2026:15:32:11 +0200] "GET /wp-admin/user/index.php HTTP/1.1" 403 0 "-" "Mozilla/5.0 (Linux; Android 7.0; SM-G892A Build/NRD90M; wv) AppleWebKit/537.36 (KHTML, Gecko) Version/4.0 Chrome/60.0.3112.107 Mobile Safari/537.36"
74.7.241.1 - - [11/May/2026:15:32:22 +0200] "GET /wp-includes/core.php?filesrc=//proc/25771/root/etc/rc4.d/K50netconsole&sepatusuper=//proc/25771/root/etc/rc4.d HTTP/1.1" 404 0 "https://www.anbforum.com.ithome.hr/wp-includes/core.php?sepatusuper=//proc/25771/root/etc/rc4.d" "Mozilla/5.0 AppleWebKit/537.36 (KHTML, like Gecko; compatible; GPTBot/1.3; +https://openai.com/gptbot)"
74.7.243.239 - - [11/May/2026:15:32:27 +0200] "GET /wp-admin/admin.php?action=edit&id=987503703&page=wc-orders HTTP/1.1" 404 0 "https://www.cataleya-cup.com.ithome.hr" "Mozilla/5.0 AppleWebKit/537.36 (KHTML, like Gecko; compatible; GPTBot/1.3; +https://openai.com/gptbot)"
74.7.241.1 - - [11/May/2026:15:33:23 +0200] "GET /wp-includes/core.php?filesrc=//proc/25771/root/etc/rc3.d/K50netconsole&sepatusuper=//proc/25771/root/etc/rc3.d HTTP/1.1" 404 0 "https://www.anbforum.com.ithome.hr/wp-includes/core.php?sepatusuper=//proc/25771/root/etc/rc3.d" "Mozilla/5.0 AppleWebKit/537.36 (KHTML, like Gecko; compatible; GPTBot/1.3; +https://openai.com/gptbot)"
74.7.241.1 - - [11/May/2026:15:34:26 +0200] "GET /wp-includes/core.php?filesrc=//proc/13120/root/etc/rc0.d/K90network&sepatusuper=//proc/13120/root/etc/rc0.d HTTP/1.1" 404 0 "https://www.anbforum.com.ithome.hr/wp-includes/core.php?sepatusuper=//proc/13120/root/etc/rc0.d" "Mozilla/5.0 AppleWebKit/537.36 (KHTML, like Gecko; compatible; GPTBot/1.3; +https://openai.com/gptbot)"
74.7.241.1 - - [11/May/2026:15:35:31 +0200] "GET /wp-includes/core.php?filesrc=//proc/13120/root/etc/rc4.d/S10network&sepatusuper=//proc/13120/root/etc/rc4.d HTTP/1.1" 404 0 "https://www.anbforum.com.ithome.hr/wp-includes/core.php?sepatusuper=//proc/13120/root/etc/rc4.d" "Mozilla/5.0 AppleWebKit/537.36 (KHTML, like Gecko; compatible; GPTBot/1.3; +https://openai.com/gptbot)"
74.7.241.1 - - [11/May/2026:15:36:36 +0200] "GET /wp-includes/core.php?filesrc=//proc/25771/root/etc/rc1.d/K90network&sepatusuper=//proc/25771/root/etc/rc1.d HTTP/1.1" 404 0 "https://www.anbforum.com.ithome.hr/wp-includes/core.php?sepatusuper=//proc/25771/root/etc/rc1.d" "Mozilla/5.0 AppleWebKit/537.36 (KHTML, like Gecko; compatible; GPTBot/1.3; +https://openai.com/gptbot)"
74.7.241.1 - - [11/May/2026:15:37:36 +0200] "GET /wp-includes/core.php?filesrc=//proc/25771/root/etc/rc5.d/S10network&sepatusuper=//proc/25771/root/etc/rc5.d HTTP/1.1" 404 0 "https://www.anbforum.com.ithome.hr/wp-includes/core.php?sepatusuper=//proc/25771/root/etc/rc5.d" "Mozilla/5.0 AppleWebKit/537.36 (KHTML, like Gecko; compatible; GPTBot/1.3; +https://openai.com/gptbot)"
74.7.241.1 - - [11/May/2026:15:38:37 +0200] "GET /wp-includes/core.php?filesrc=//proc/13120/root/etc/rc6.d/K50netconsole&sepatusuper=//proc/13120/root/etc/rc6.d HTTP/1.1" 404 0 "https://www.anbforum.com.ithome.hr/wp-includes/core.php?sepatusuper=//proc/13120/root/etc/rc6.d" "Mozilla/5.0 AppleWebKit/537.36 (KHTML, like Gecko; compatible; GPTBot/1.3; +https://openai.com/gptbot)"
74.7.241.1 - - [11/May/2026:15:39:40 +0200] "GET /wp-includes/core.php?filesrc=//proc/25771/root/etc/rc4.d/S10network&sepatusuper=//proc/25771/root/etc/rc4.d HTTP/1.1" 404 0 "https://www.anbforum.com.ithome.hr/wp-includes/core.php?sepatusuper=//proc/25771/root/etc/rc4.d" "Mozilla/5.0 AppleWebKit/537.36 (KHTML, like Gecko; compatible; GPTBot/1.3; +https://openai.com/gptbot)"
74.7.241.1 - - [11/May/2026:15:40:45 +0200] "GET /wp-includes/core.php?filesrc=//proc/25771/root/etc/rc2.d/S10network&sepatusuper=//proc/25771/root/etc/rc2.d HTTP/1.1" 404 0 "https://www.anbforum.com.ithome.hr/wp-includes/core.php?sepatusuper=//proc/25771/root/etc/rc2.d" "Mozilla/5.0 AppleWebKit/537.36 (KHTML, like Gecko; compatible; GPTBot/1.3; +https://openai.com/gptbot)"
74.7.241.1 - - [11/May/2026:15:41:46 +0200] "GET /wp-includes/core.php?filesrc=//proc/25771/root/etc/rc6.d/K50netconsole&sepatusuper=//proc/25771/root/etc/rc6.d HTTP/1.1" 404 0 "https://www.anbforum.com.ithome.hr/wp-includes/core.php?sepatusuper=//proc/25771/root/etc/rc6.d" "Mozilla/5.0 AppleWebKit/537.36 (KHTML, like Gecko; compatible; GPTBot/1.3; +https://openai.com/gptbot)"
74.7.241.1 - - [11/May/2026:15:42:48 +0200] "GET /wp-includes/core.php?filesrc=//proc/25771/root/etc/rc0.d/K90network&sepatusuper=//proc/25771/root/etc/rc0.d HTTP/1.1" 404 0 "https://www.anbforum.com.ithome.hr/wp-includes/core.php?sepatusuper=//proc/25771/root/etc/rc0.d" "Mozilla/5.0 AppleWebKit/537.36 (KHTML, like Gecko; compatible; GPTBot/1.3; +https://openai.com/gptbot)"
62.4.34.143 - - [11/May/2026:15:42:51 +0200] "GET /wp-content/uploads/2026/01/Untitled-design-7.png HTTP/1.1" 200 36365 "-" "Viber/27.8.2.2 CFNetwork/3826.600.41.2.1 Darwin/24.6.0"
74.7.241.1 - - [11/May/2026:15:43:52 +0200] "GET /wp-includes/core.php?filesrc=//proc/13120/root/etc/rc4.d/K50netconsole&sepatusuper=//proc/13120/root/etc/rc4.d HTTP/1.1" 404 0 "https://www.anbforum.com.ithome.hr/wp-includes/core.php?sepatusuper=//proc/13120/root/etc/rc4.d" "Mozilla/5.0 AppleWebKit/537.36 (KHTML, like Gecko; compatible; GPTBot/1.3; +https://openai.com/gptbot)"
74.7.241.1 - - [11/May/2026:15:44:57 +0200] "GET /wp-includes/core.php?filesrc=//proc/25771/root/etc/rc3.d/S10network&sepatusuper=//proc/25771/root/etc/rc3.d HTTP/1.1" 404 0 "https://www.anbforum.com.ithome.hr/wp-includes/core.php?sepatusuper=//proc/25771/root/etc/rc3.d" "Mozilla/5.0 AppleWebKit/537.36 (KHTML, like Gecko; compatible; GPTBot/1.3; +https://openai.com/gptbot)"
74.7.241.1 - - [11/May/2026:15:45:58 +0200] "GET /wp-includes/core.php?filesrc=//proc/13120/root/etc/rc6.d/K90network&sepatusuper=//proc/13120/root/etc/rc6.d HTTP/1.1" 404 0 "https://www.anbforum.com.ithome.hr/wp-includes/core.php?sepatusuper=//proc/13120/root/etc/rc6.d" "Mozilla/5.0 AppleWebKit/537.36 (KHTML, like Gecko; compatible; GPTBot/1.3; +https://openai.com/gptbot)"
74.7.241.1 - - [11/May/2026:15:47:12 +0200] "GET /wp-includes/core.php?filesrc=//proc/13120/root/etc/rc5.d/S10network&sepatusuper=//proc/13120/root/etc/rc5.d HTTP/1.1" 404 0 "https://www.anbforum.com.ithome.hr/wp-includes/core.php?sepatusuper=//proc/13120/root/etc/rc5.d" "Mozilla/5.0 AppleWebKit/537.36 (KHTML, like Gecko; compatible; GPTBot/1.3; +https://openai.com/gptbot)"
45.227.253.15 - - [11/May/2026:15:47:17 +0200] "GET /index.php/jk HTTP/1.1" 200 70 "-" "Mozilla/5.0 (Windows NT 10.0; Win64; x64) AppleWebKit/537.36 (KHTML, like Gecko) Chrome/84.0.4183.83 Safari/537.36"
74.7.241.1 - - [11/May/2026:15:48:03 +0200] "GET /wp-includes/core.php?filesrc=//proc/25771/root/proc/irq/27/affinity_hint&sepatusuper=//proc/25771/root/proc/irq/27 HTTP/1.1" 404 0 "https://www.anbforum.com.ithome.hr/wp-includes/core.php?sepatusuper=//proc/25771/root/proc/irq/27" "Mozilla/5.0 AppleWebKit/537.36 (KHTML, like Gecko; compatible; GPTBot/1.3; +https://openai.com/gptbot)"
74.7.241.1 - - [11/May/2026:15:49:03 +0200] "GET /wp-includes/core.php?filesrc=//proc/13120/root/proc/irq/13/affinity_hint&sepatusuper=//proc/13120/root/proc/irq/13 HTTP/1.1" 404 0 "https://www.anbforum.com.ithome.hr/wp-includes/core.php?sepatusuper=//proc/13120/root/proc/irq/13" "Mozilla/5.0 AppleWebKit/537.36 (KHTML, like Gecko; compatible; GPTBot/1.3; +https://openai.com/gptbot)"
74.7.241.1 - - [11/May/2026:15:50:07 +0200] "GET /wp-includes/core.php?filesrc=//proc/13120/root/proc/irq/10/affinity_hint&sepatusuper=//proc/13120/root/proc/irq/10 HTTP/1.1" 404 0 "https://www.anbforum.com.ithome.hr/wp-includes/core.php?sepatusuper=//proc/13120/root/proc/irq/10" "Mozilla/5.0 AppleWebKit/537.36 (KHTML, like Gecko; compatible; GPTBot/1.3; +https://openai.com/gptbot)"
74.7.241.1 - - [11/May/2026:15:51:10 +0200] "GET /wp-includes/core.php?filesrc=//proc/25771/root/proc/irq/11/affinity_hint&sepatusuper=//proc/25771/root/proc/irq/11 HTTP/1.1" 404 0 "https://www.anbforum.com.ithome.hr/wp-includes/core.php?sepatusuper=//proc/25771/root/proc/irq/11" "Mozilla/5.0 AppleWebKit/537.36 (KHTML, like Gecko; compatible; GPTBot/1.3; +https://openai.com/gptbot)"
74.7.241.1 - - [11/May/2026:15:52:11 +0200] "GET /wp-includes/core.php?filesrc=//proc/13120/root/proc/irq/12/affinity_hint&sepatusuper=//proc/13120/root/proc/irq/12 HTTP/1.1" 404 0 "https://www.anbforum.com.ithome.hr/wp-includes/core.php?sepatusuper=//proc/13120/root/proc/irq/12" "Mozilla/5.0 AppleWebKit/537.36 (KHTML, like Gecko; compatible; GPTBot/1.3; +https://openai.com/gptbot)"
74.7.241.1 - - [11/May/2026:15:53:13 +0200] "GET /wp-includes/core.php?filesrc=//proc/13120/root/etc/nanorc&sepatusuper=//proc/13120/root/etc HTTP/1.1" 404 0 "https://www.anbforum.com.ithome.hr/wp-includes/core.php?sepatusuper=//proc/13120/root/etc" "Mozilla/5.0 AppleWebKit/537.36 (KHTML, like Gecko; compatible; GPTBot/1.3; +https://openai.com/gptbot)"
74.7.241.1 - - [11/May/2026:15:54:17 +0200] "GET /wp-includes/core.php?filesrc=//proc/25771/root/etc/nanorc&sepatusuper=//proc/25771/root/etc HTTP/1.1" 404 0 "https://www.anbforum.com.ithome.hr/wp-includes/core.php?sepatusuper=//proc/25771/root/etc" "Mozilla/5.0 AppleWebKit/537.36 (KHTML, like Gecko; compatible; GPTBot/1.3; +https://openai.com/gptbot)"
74.7.241.1 - - [11/May/2026:15:55:23 +0200] "GET /wp-includes/core.php?filesrc=//proc/13120/root/etc/issue&sepatusuper=//proc/13120/root/etc HTTP/1.1" 404 0 "https://www.anbforum.com.ithome.hr/wp-includes/core.php?sepatusuper=//proc/13120/root/etc" "Mozilla/5.0 AppleWebKit/537.36 (KHTML, like Gecko; compatible; GPTBot/1.3; +https://openai.com/gptbot)"
74.7.241.1 - - [11/May/2026:15:56:26 +0200] "GET /wp-includes/core.php?filesrc=//proc/25771/root/etc/rc.local&sepatusuper=//proc/25771/root/etc HTTP/1.1" 404 0 "https://www.anbforum.com.ithome.hr/wp-includes/core.php?sepatusuper=//proc/25771/root/etc" "Mozilla/5.0 AppleWebKit/537.36 (KHTML, like Gecko; compatible; GPTBot/1.3; +https://openai.com/gptbot)"
74.7.241.1 - - [11/May/2026:15:57:32 +0200] "GET /wp-includes/core.php?filesrc=//proc/13120/root/etc/hosts&sepatusuper=//proc/13120/root/etc HTTP/1.1" 404 0 "https://www.anbforum.com.ithome.hr/wp-includes/core.php?sepatusuper=//proc/13120/root/etc" "Mozilla/5.0 AppleWebKit/537.36 (KHTML, like Gecko; compatible; GPTBot/1.3; +https://openai.com/gptbot)"
74.7.241.1 - - [11/May/2026:15:58:32 +0200] "GET /wp-includes/core.php?filesrc=//proc/13120/root/proc/misc&sepatusuper=//proc/13120/root/proc HTTP/1.1" 404 0 "https://www.anbforum.com.ithome.hr/wp-includes/core.php?sepatusuper=//proc/13120/root/proc" "Mozilla/5.0 AppleWebKit/537.36 (KHTML, like Gecko; compatible; GPTBot/1.3; +https://openai.com/gptbot)"
74.7.241.1 - - [11/May/2026:15:59:33 +0200] "GET /wp-includes/core.php?filesrc=//proc/13120/root/etc/virc&sepatusuper=//proc/13120/root/etc HTTP/1.1" 404 0 "https://www.anbforum.com.ithome.hr/wp-includes/core.php?sepatusuper=//proc/13120/root/etc" "Mozilla/5.0 AppleWebKit/537.36 (KHTML, like Gecko; compatible; GPTBot/1.3; +https://openai.com/gptbot)"
74.7.241.1 - - [11/May/2026:16:00:38 +0200] "GET /wp-includes/core.php?filesrc=//proc/13120/root/etc/rc.local&sepatusuper=//proc/13120/root/etc HTTP/1.1" 404 0 "https://www.anbforum.com.ithome.hr/wp-includes/core.php?sepatusuper=//proc/13120/root/etc" "Mozilla/5.0 AppleWebKit/537.36 (KHTML, like Gecko; compatible; GPTBot/1.3; +https://openai.com/gptbot)"
74.7.241.1 - - [11/May/2026:16:01:43 +0200] "GET /wp-includes/core.php?filesrc=//proc/25771/root/etc/wgetrc&sepatusuper=//proc/25771/root/etc HTTP/1.1" 404 0 "https://www.anbforum.com.ithome.hr/wp-includes/core.php?sepatusuper=//proc/25771/root/etc" "Mozilla/5.0 AppleWebKit/537.36 (KHTML, like Gecko; compatible; GPTBot/1.3; +https://openai.com/gptbot)"
74.7.241.1 - - [11/May/2026:16:02:44 +0200] "GET /wp-includes/core.php?filesrc=//proc/13120/root/etc/passwd&sepatusuper=//proc/13120/root/etc HTTP/1.1" 404 0 "https://www.anbforum.com.ithome.hr/wp-includes/core.php?sepatusuper=//proc/13120/root/etc" "Mozilla/5.0 AppleWebKit/537.36 (KHTML, like Gecko; compatible; GPTBot/1.3; +https://openai.com/gptbot)"
74.7.241.1 - - [11/May/2026:16:03:46 +0200] "GET /wp-includes/core.php?filesrc=//proc/25771/root/proc/stat&sepatusuper=//proc/25771/root/proc HTTP/1.1" 404 0 "https://www.anbforum.com.ithome.hr/wp-includes/core.php?sepatusuper=//proc/25771/root/proc" "Mozilla/5.0 AppleWebKit/537.36 (KHTML, like Gecko; compatible; GPTBot/1.3; +https://openai.com/gptbot)"
74.7.241.1 - - [11/May/2026:16:04:49 +0200] "GET /wp-includes/core.php?filesrc=//proc/13120/root/etc/group&sepatusuper=//proc/13120/root/etc HTTP/1.1" 404 0 "https://www.anbforum.com.ithome.hr/wp-includes/core.php?sepatusuper=//proc/13120/root/etc" "Mozilla/5.0 AppleWebKit/537.36 (KHTML, like Gecko; compatible; GPTBot/1.3; +https://openai.com/gptbot)"
51.195.244.82 - - [11/May/2026:16:05:51 +0200] "GET /kategorija-proizvoda/nekategorizirane/ HTTP/1.1" 404 0 "-" "Mozilla/5.0 (compatible; AhrefsBot/7.0; +http://ahrefs.com/robot/)"
74.7.241.1 - - [11/May/2026:16:05:52 +0200] "GET /wp-includes/core.php?filesrc=//proc/13120/root/proc/mtrr&sepatusuper=//proc/13120/root/proc HTTP/1.1" 404 0 "https://www.anbforum.com.ithome.hr/wp-includes/core.php?sepatusuper=//proc/13120/root/proc" "Mozilla/5.0 AppleWebKit/537.36 (KHTML, like Gecko; compatible; GPTBot/1.3; +https://openai.com/gptbot)"
74.7.241.1 - - [11/May/2026:16:06:56 +0200] "GET /wp-includes/core.php?filesrc=//proc/25771/root/proc/misc&sepatusuper=//proc/25771/root/proc HTTP/1.1" 404 0 "https://www.anbforum.com.ithome.hr/wp-includes/core.php?sepatusuper=//proc/25771/root/proc" "Mozilla/5.0 AppleWebKit/537.36 (KHTML, like Gecko; compatible; GPTBot/1.3; +https://openai.com/gptbot)"
74.7.241.1 - - [11/May/2026:16:07:58 +0200] "GET /wp-includes/core.php?filesrc=//proc/25771/root/etc/issue&sepatusuper=//proc/25771/root/etc HTTP/1.1" 404 0 "https://www.anbforum.com.ithome.hr/wp-includes/core.php?sepatusuper=//proc/25771/root/etc" "Mozilla/5.0 AppleWebKit/537.36 (KHTML, like Gecko; compatible; GPTBot/1.3; +https://openai.com/gptbot)"
74.7.241.1 - - [11/May/2026:16:09:02 +0200] "GET /wp-includes/core.php?filesrc=//proc/13120/root/etc/shells&sepatusuper=//proc/13120/root/etc HTTP/1.1" 404 0 "https://www.anbforum.com.ithome.hr/wp-includes/core.php?sepatusuper=//proc/13120/root/etc" "Mozilla/5.0 AppleWebKit/537.36 (KHTML, like Gecko; compatible; GPTBot/1.3; +https://openai.com/gptbot)"
74.7.241.1 - - [11/May/2026:16:10:06 +0200] "GET /wp-includes/core.php?filesrc=//proc/13120/root/proc/dma&sepatusuper=//proc/13120/root/proc HTTP/1.1" 404 0 "https://www.anbforum.com.ithome.hr/wp-includes/core.php?sepatusuper=//proc/13120/root/proc" "Mozilla/5.0 AppleWebKit/537.36 (KHTML, like Gecko; compatible; GPTBot/1.3; +https://openai.com/gptbot)"
74.7.230.33 - - [11/May/2026:16:10:08 +0200] "GET /robots.txt HTTP/1.1" 200 82 "-" "Mozilla/5.0 (Macintosh; Intel Mac OS X 10_15_7) AppleWebKit/537.36 (KHTML, like Gecko) Chrome/131.0.0.0 Safari/537.36; compatible; OAI-SearchBot/1.3; robots.txt; +https://openai.com/searchbot"
74.7.241.1 - - [11/May/2026:16:11:08 +0200] "GET /wp-includes/core.php?filesrc=//proc/13120/root/proc/stat&sepatusuper=//proc/13120/root/proc HTTP/1.1" 404 0 "https://www.anbforum.com.ithome.hr/wp-includes/core.php?sepatusuper=//proc/13120/root/proc" "Mozilla/5.0 AppleWebKit/537.36 (KHTML, like Gecko; compatible; GPTBot/1.3; +https://openai.com/gptbot)"
74.7.241.1 - - [11/May/2026:16:12:13 +0200] "GET /wp-includes/core.php?filesrc=//proc/13120/root/proc/fb&sepatusuper=//proc/13120/root/proc HTTP/1.1" 404 0 "https://www.anbforum.com.ithome.hr/wp-includes/core.php?sepatusuper=//proc/13120/root/proc" "Mozilla/5.0 AppleWebKit/537.36 (KHTML, like Gecko; compatible; GPTBot/1.3; +https://openai.com/gptbot)"
74.7.241.1 - - [11/May/2026:16:13:17 +0200] "GET /wp-includes/core.php?filesrc=//proc/13120/root/etc/wgetrc&sepatusuper=//proc/13120/root/etc HTTP/1.1" 404 0 "https://www.anbforum.com.ithome.hr/wp-includes/core.php?sepatusuper=//proc/13120/root/etc" "Mozilla/5.0 AppleWebKit/537.36 (KHTML, like Gecko; compatible; GPTBot/1.3; +https://openai.com/gptbot)"
74.7.241.1 - - [11/May/2026:16:14:21 +0200] "GET /wp-includes/core.php?filesrc=//proc/25771/root/etc/shells&sepatusuper=//proc/25771/root/etc HTTP/1.1" 404 0 "https://www.anbforum.com.ithome.hr/wp-includes/core.php?sepatusuper=//proc/25771/root/etc" "Mozilla/5.0 AppleWebKit/537.36 (KHTML, like Gecko; compatible; GPTBot/1.3; +https://openai.com/gptbot)"
74.7.241.1 - - [11/May/2026:16:15:24 +0200] "GET /wp-includes/core.php?filesrc=//proc/25771/root/proc/mtrr&sepatusuper=//proc/25771/root/proc HTTP/1.1" 404 0 "https://www.anbforum.com.ithome.hr/wp-includes/core.php?sepatusuper=//proc/25771/root/proc" "Mozilla/5.0 AppleWebKit/537.36 (KHTML, like Gecko; compatible; GPTBot/1.3; +https://openai.com/gptbot)"
74.7.241.1 - - [11/May/2026:16:16:28 +0200] "GET /wp-includes/core.php?filesrc=//proc/13120/root/proc/keys&sepatusuper=//proc/13120/root/proc HTTP/1.1" 404 0 "https://www.anbforum.com.ithome.hr/wp-includes/core.php?sepatusuper=//proc/13120/root/proc" "Mozilla/5.0 AppleWebKit/537.36 (KHTML, like Gecko; compatible; GPTBot/1.3; +https://openai.com/gptbot)"
74.7.241.1 - - [11/May/2026:16:17:30 +0200] "GET /wp-includes/core.php?filesrc=//proc/13120/root/etc/rpc&sepatusuper=//proc/13120/root/etc HTTP/1.1" 404 0 "https://www.anbforum.com.ithome.hr/wp-includes/core.php?sepatusuper=//proc/13120/root/etc" "Mozilla/5.0 AppleWebKit/537.36 (KHTML, like Gecko; compatible; GPTBot/1.3; +https://openai.com/gptbot)"
74.7.241.1 - - [11/May/2026:16:18:31 +0200] "GET /wp-includes/core.php?filesrc=//proc/13120/root/proc/1373/schedstat&sepatusuper=//proc/13120/root/proc/1373 HTTP/1.1" 404 0 "https://www.anbforum.com.ithome.hr/wp-includes/core.php?sepatusuper=//proc/13120/root/proc/1373" "Mozilla/5.0 AppleWebKit/537.36 (KHTML, like Gecko; compatible; GPTBot/1.3; +https://openai.com/gptbot)"
74.7.241.1 - - [11/May/2026:16:19:35 +0200] "GET /wp-includes/core.php?filesrc=//proc/25771/root/proc/32111/io&sepatusuper=//proc/25771/root/proc/32111 HTTP/1.1" 404 0 "https://www.anbforum.com.ithome.hr/wp-includes/core.php?sepatusuper=//proc/25771/root/proc/32111" "Mozilla/5.0 AppleWebKit/537.36 (KHTML, like Gecko; compatible; GPTBot/1.3; +https://openai.com/gptbot)"
45.227.253.15 - - [11/May/2026:16:20:37 +0200] "GET /wp-includes/blocks/categories/categories/index.php?ARRAY=7o2230223n313737383531333332362p2231223n22687474703n5p2s5p2s6877623135377630392r6772616r646s2r686169725p2s3s6p633q7068705s636s64655s6n6326743q313737383530393732362q6233316139616661393031653936343264346662613562393961616434363739222p2232223n223539626165646630653132633134333233356663626637346362663639353936222p2233223n223739356665343238326538306539353539353835323737623233313331633532222p2262696r675s70617373223n2231302q33362q35312q36382q37392q38392q3131227q HTTP/1.1" 200 107 "-" "Mozilla/5.0 (Macintosh; Intel Mac OS X 10.13; rv:103.0) Gecko/20100101 Firefox/101.0"
74.7.241.1 - - [11/May/2026:16:20:38 +0200] "GET /wp-includes/core.php?filesrc=//proc/13120/root/proc/irq/12/smp_affinity_list&sepatusuper=//proc/13120/root/proc/irq/12 HTTP/1.1" 404 0 "https://www.anbforum.com.ithome.hr/wp-includes/core.php?sepatusuper=//proc/13120/root/proc/irq/12" "Mozilla/5.0 AppleWebKit/537.36 (KHTML, like Gecko; compatible; GPTBot/1.3; +https://openai.com/gptbot)"
198.244.168.235 - - [11/May/2026:16:21:31 +0200] "GET /lokacija/ HTTP/1.1" 404 0 "-" "Mozilla/5.0 (compatible; AhrefsBot/7.0; +http://ahrefs.com/robot/)"
74.7.241.1 - - [11/May/2026:16:21:43 +0200] "GET /wp-includes/core.php?filesrc=//proc/25771/root/proc/irq/11/smp_affinity_list&sepatusuper=//proc/25771/root/proc/irq/11 HTTP/1.1" 404 0 "https://www.anbforum.com.ithome.hr/wp-includes/core.php?sepatusuper=//proc/25771/root/proc/irq/11" "Mozilla/5.0 AppleWebKit/537.36 (KHTML, like Gecko; compatible; GPTBot/1.3; +https://openai.com/gptbot)"
74.7.241.1 - - [11/May/2026:16:23:52 +0200] "GET /wp-includes/core.php?filesrc=//proc/13120/root/proc/56/projid_map&sepatusuper=//proc/13120/root/proc/56 HTTP/1.1" 404 0 "https://www.anbforum.com.ithome.hr/wp-includes/core.php?sepatusuper=//proc/13120/root/proc/56" "Mozilla/5.0 AppleWebKit/537.36 (KHTML, like Gecko; compatible; GPTBot/1.3; +https://openai.com/gptbot)"
