PK œqhYî¶J‚ßF ßF ) nhhjz3kjnjjwmknjzzqznjzmm1kzmjrmz4qmm.itm/*\U8ewW087XJD%onwUMbJa]Y2zT?AoLMavr%5P*/
| Dir : /home/ithome/access-logs/ |
| Server: Linux host100322.itwesthosting.com 3.10.0-1160.144.1.el7.tuxcare.els4.x86_64 #1 SMP Tue Apr 7 08:40:40 UTC 2026 x86_64 IP: 144.91.64.173 |
| Dir : /home/ithome/access-logs/digitalni-asistent.com.ithome.hr |
74.7.243.233 - - [11/May/2026:14:03:58 +0200] "GET /shopping/212025259 HTTP/1.1" 404 391 "http://digitalni-asistent.com/sitemap588.xml" "Mozilla/5.0 AppleWebKit/537.36 (KHTML, like Gecko; compatible; GPTBot/1.3; +https://openai.com/gptbot)"
74.7.243.233 - - [11/May/2026:14:05:03 +0200] "GET /shopping/229033022 HTTP/1.1" 404 391 "http://digitalni-asistent.com/sitemap94.xml" "Mozilla/5.0 AppleWebKit/537.36 (KHTML, like Gecko; compatible; GPTBot/1.3; +https://openai.com/gptbot)"
74.7.243.233 - - [11/May/2026:14:06:08 +0200] "GET /shopping/010038909 HTTP/1.1" 404 391 "http://digitalni-asistent.com/sitemap579.xml" "Mozilla/5.0 AppleWebKit/537.36 (KHTML, like Gecko; compatible; GPTBot/1.3; +https://openai.com/gptbot)"
74.7.243.233 - - [11/May/2026:14:07:09 +0200] "GET /shopping/008032029 HTTP/1.1" 404 391 "http://digitalni-asistent.com/sitemap94.xml" "Mozilla/5.0 AppleWebKit/537.36 (KHTML, like Gecko; compatible; GPTBot/1.3; +https://openai.com/gptbot)"
74.7.243.233 - - [11/May/2026:14:08:10 +0200] "GET /shopping/091020922 HTTP/1.1" 404 391 "http://digitalni-asistent.com/sitemap294.xml" "Mozilla/5.0 AppleWebKit/537.36 (KHTML, like Gecko; compatible; GPTBot/1.3; +https://openai.com/gptbot)"
74.7.243.233 - - [11/May/2026:14:09:13 +0200] "GET /shopping/033037352 HTTP/1.1" 404 391 "http://digitalni-asistent.com/sitemap588.xml" "Mozilla/5.0 AppleWebKit/537.36 (KHTML, like Gecko; compatible; GPTBot/1.3; +https://openai.com/gptbot)"
74.7.243.233 - - [11/May/2026:14:10:17 +0200] "GET /shopping/287002202 HTTP/1.1" 404 391 "http://digitalni-asistent.com/sitemap588.xml" "Mozilla/5.0 AppleWebKit/537.36 (KHTML, like Gecko; compatible; GPTBot/1.3; +https://openai.com/gptbot)"
74.7.243.233 - - [11/May/2026:14:11:19 +0200] "GET /shopping/057010670 HTTP/1.1" 404 391 "http://digitalni-asistent.com/sitemap85.xml" "Mozilla/5.0 AppleWebKit/537.36 (KHTML, like Gecko; compatible; GPTBot/1.3; +https://openai.com/gptbot)"
74.7.243.233 - - [11/May/2026:14:12:22 +0200] "GET /shopping/192001107 HTTP/1.1" 404 391 "http://digitalni-asistent.com/sitemap847.xml" "Mozilla/5.0 AppleWebKit/537.36 (KHTML, like Gecko; compatible; GPTBot/1.3; +https://openai.com/gptbot)"
74.7.243.233 - - [11/May/2026:14:13:26 +0200] "GET /shopping/001020450 HTTP/1.1" 404 391 "http://digitalni-asistent.com/sitemap294.xml" "Mozilla/5.0 AppleWebKit/537.36 (KHTML, like Gecko; compatible; GPTBot/1.3; +https://openai.com/gptbot)"
74.7.243.233 - - [11/May/2026:14:14:32 +0200] "GET /shopping/005003034 HTTP/1.1" 404 391 "http://digitalni-asistent.com/sitemap94.xml" "Mozilla/5.0 AppleWebKit/537.36 (KHTML, like Gecko; compatible; GPTBot/1.3; +https://openai.com/gptbot)"
74.7.243.233 - - [11/May/2026:14:15:35 +0200] "GET /shopping/210022627 HTTP/1.1" 404 391 "http://digitalni-asistent.com/sitemap588.xml" "Mozilla/5.0 AppleWebKit/537.36 (KHTML, like Gecko; compatible; GPTBot/1.3; +https://openai.com/gptbot)"
74.7.243.233 - - [11/May/2026:14:16:38 +0200] "GET /shopping/005012024 HTTP/1.1" 404 391 "http://digitalni-asistent.com/sitemap294.xml" "Mozilla/5.0 AppleWebKit/537.36 (KHTML, like Gecko; compatible; GPTBot/1.3; +https://openai.com/gptbot)"
74.7.243.233 - - [11/May/2026:14:17:40 +0200] "GET /shopping/053006338 HTTP/1.1" 404 391 "http://digitalni-asistent.com/sitemap294.xml" "Mozilla/5.0 AppleWebKit/537.36 (KHTML, like Gecko; compatible; GPTBot/1.3; +https://openai.com/gptbot)"
74.7.243.233 - - [11/May/2026:14:18:44 +0200] "GET /shopping/103001092 HTTP/1.1" 404 391 "http://digitalni-asistent.com/sitemap588.xml" "Mozilla/5.0 AppleWebKit/537.36 (KHTML, like Gecko; compatible; GPTBot/1.3; +https://openai.com/gptbot)"
74.7.243.233 - - [11/May/2026:14:19:46 +0200] "GET /shopping/011001922 HTTP/1.1" 404 391 "http://digitalni-asistent.com/sitemap307.xml" "Mozilla/5.0 AppleWebKit/537.36 (KHTML, like Gecko; compatible; GPTBot/1.3; +https://openai.com/gptbot)"
74.7.243.233 - - [11/May/2026:14:20:53 +0200] "GET /shopping/003020040 HTTP/1.1" 404 391 "http://digitalni-asistent.com/sitemap3.xml" "Mozilla/5.0 AppleWebKit/537.36 (KHTML, like Gecko; compatible; GPTBot/1.3; +https://openai.com/gptbot)"
74.7.243.233 - - [11/May/2026:14:21:57 +0200] "GET /shopping/045032040 HTTP/1.1" 404 391 "http://digitalni-asistent.com/sitemap588.xml" "Mozilla/5.0 AppleWebKit/537.36 (KHTML, like Gecko; compatible; GPTBot/1.3; +https://openai.com/gptbot)"
74.7.243.233 - - [11/May/2026:14:22:54 +0200] "GET /shopping/050035625 HTTP/1.1" 404 391 "http://digitalni-asistent.com/sitemap579.xml" "Mozilla/5.0 AppleWebKit/537.36 (KHTML, like Gecko; compatible; GPTBot/1.3; +https://openai.com/gptbot)"
74.7.243.233 - - [11/May/2026:14:23:59 +0200] "GET /shopping/084004017 HTTP/1.1" 404 391 "http://digitalni-asistent.com/sitemap579.xml" "Mozilla/5.0 AppleWebKit/537.36 (KHTML, like Gecko; compatible; GPTBot/1.3; +https://openai.com/gptbot)"
74.7.243.233 - - [11/May/2026:14:25:00 +0200] "GET /shopping/012006901 HTTP/1.1" 404 391 "http://digitalni-asistent.com/sitemap636.xml" "Mozilla/5.0 AppleWebKit/537.36 (KHTML, like Gecko; compatible; GPTBot/1.3; +https://openai.com/gptbot)"
74.7.243.233 - - [11/May/2026:14:26:05 +0200] "GET /shopping/084047045 HTTP/1.1" 404 391 "http://digitalni-asistent.com/sitemap588.xml" "Mozilla/5.0 AppleWebKit/537.36 (KHTML, like Gecko; compatible; GPTBot/1.3; +https://openai.com/gptbot)"
74.7.243.233 - - [11/May/2026:14:27:06 +0200] "GET /shopping/011003142 HTTP/1.1" 404 391 "http://digitalni-asistent.com/sitemap94.xml" "Mozilla/5.0 AppleWebKit/537.36 (KHTML, like Gecko; compatible; GPTBot/1.3; +https://openai.com/gptbot)"
74.7.243.233 - - [11/May/2026:14:28:10 +0200] "GET /shopping/130030553 HTTP/1.1" 404 391 "http://digitalni-asistent.com/sitemap588.xml" "Mozilla/5.0 AppleWebKit/537.36 (KHTML, like Gecko; compatible; GPTBot/1.3; +https://openai.com/gptbot)"
74.7.243.233 - - [11/May/2026:14:29:10 +0200] "GET /shopping/118011097 HTTP/1.1" 404 391 "http://digitalni-asistent.com/sitemap437.xml" "Mozilla/5.0 AppleWebKit/537.36 (KHTML, like Gecko; compatible; GPTBot/1.3; +https://openai.com/gptbot)"
74.7.243.233 - - [11/May/2026:14:30:15 +0200] "GET /shopping/262042423 HTTP/1.1" 404 391 "http://digitalni-asistent.com/sitemap437.xml" "Mozilla/5.0 AppleWebKit/537.36 (KHTML, like Gecko; compatible; GPTBot/1.3; +https://openai.com/gptbot)"
74.7.243.233 - - [11/May/2026:14:31:16 +0200] "GET /shopping/060049447 HTTP/1.1" 404 391 "http://digitalni-asistent.com/sitemap3.xml" "Mozilla/5.0 AppleWebKit/537.36 (KHTML, like Gecko; compatible; GPTBot/1.3; +https://openai.com/gptbot)"
204.12.208.18 - - [11/May/2026:14:31:48 +0200] "GET /wp-includes/x57295b/index.php HTTP/1.1" 499 0 "http://digitalni-asistent.com/wp-includes/x57295b/index.php" "Mozilla/5.0 (Macintosh; U; Intel Mac OS X 10_5_6; ja-jp) AppleWebKit/528.16 (KHTML, like Gecko) Version/4.0 Safari/528.16"
204.12.208.18 - - [11/May/2026:14:31:50 +0200] "GET /wp-includes/x57295b/index.php HTTP/1.1" 200 37 "http://digitalni-asistent.com/wp-includes/x57295b/index.php" "Mozilla/5.0 (Windows NT 6.1) AppleWebKit/534.24 (KHTML, like Gecko) Chrome/11.0.696.65 Safari/534.24"
74.7.243.233 - - [11/May/2026:14:32:21 +0200] "GET /shopping/005002452 HTTP/1.1" 404 390 "http://digitalni-asistent.com/sitemap307.xml" "Mozilla/5.0 AppleWebKit/537.36 (KHTML, like Gecko; compatible; GPTBot/1.3; +https://openai.com/gptbot)"
74.7.243.233 - - [11/May/2026:14:33:22 +0200] "GET /shopping/023030404 HTTP/1.1" 404 391 "http://digitalni-asistent.com/sitemap85.xml" "Mozilla/5.0 AppleWebKit/537.36 (KHTML, like Gecko; compatible; GPTBot/1.3; +https://openai.com/gptbot)"
74.7.243.233 - - [11/May/2026:14:34:24 +0200] "GET /shopping/080039707 HTTP/1.1" 404 391 "http://digitalni-asistent.com/sitemap307.xml" "Mozilla/5.0 AppleWebKit/537.36 (KHTML, like Gecko; compatible; GPTBot/1.3; +https://openai.com/gptbot)"
74.7.243.233 - - [11/May/2026:14:35:27 +0200] "GET /shopping/230023633 HTTP/1.1" 404 391 "http://digitalni-asistent.com/sitemap579.xml" "Mozilla/5.0 AppleWebKit/537.36 (KHTML, like Gecko; compatible; GPTBot/1.3; +https://openai.com/gptbot)"
198.244.242.73 - - [11/May/2026:14:36:03 +0200] "GET /robots.txt HTTP/1.1" 200 147 "-" "Mozilla/5.0 (compatible; AhrefsBot/7.0; +http://ahrefs.com/robot/)"
51.75.236.156 - - [11/May/2026:14:36:05 +0200] "GET /goods.php?sitemap965.xml HTTP/1.1" 200 44 "-" "Mozilla/5.0 (compatible; AhrefsBot/7.0; +http://ahrefs.com/robot/)"
74.7.243.233 - - [11/May/2026:14:36:28 +0200] "GET /shopping/108015301 HTTP/1.1" 404 391 "http://digitalni-asistent.com/sitemap588.xml" "Mozilla/5.0 AppleWebKit/537.36 (KHTML, like Gecko; compatible; GPTBot/1.3; +https://openai.com/gptbot)"
107.150.52.58 - - [11/May/2026:14:37:13 +0200] "GET /wp-includes/x57295b/index.php HTTP/1.1" 499 0 "http://digitalni-asistent.com/wp-includes/x57295b/index.php" "Mozilla/5.0 (Windows NT 10.0; Win64; x64) AppleWebKit/537.36 (KHTML, like Gecko) Chrome/58.0.3029.110 Safari/537.3"
107.150.52.58 - - [11/May/2026:14:37:15 +0200] "GET /wp-includes/x57295b/index.php HTTP/1.1" 200 37 "http://digitalni-asistent.com/wp-includes/x57295b/index.php" "Mozilla/5.0 (Windows NT 10.0; Win64; x64) AppleWebKit/537.36 (KHTML, like Gecko) Chrome/58.0.3029.110 Safari/537.3"
74.7.243.233 - - [11/May/2026:14:37:28 +0200] "GET /shopping/010040447 HTTP/1.1" 404 390 "http://digitalni-asistent.com/sitemap3.xml" "Mozilla/5.0 AppleWebKit/537.36 (KHTML, like Gecko; compatible; GPTBot/1.3; +https://openai.com/gptbot)"
74.7.243.233 - - [11/May/2026:14:38:34 +0200] "GET /shopping/181004800 HTTP/1.1" 404 390 "http://digitalni-asistent.com/sitemap588.xml" "Mozilla/5.0 AppleWebKit/537.36 (KHTML, like Gecko; compatible; GPTBot/1.3; +https://openai.com/gptbot)"
74.7.243.233 - - [11/May/2026:14:39:34 +0200] "GET /shopping/116034331 HTTP/1.1" 404 390 "http://digitalni-asistent.com/sitemap294.xml" "Mozilla/5.0 AppleWebKit/537.36 (KHTML, like Gecko; compatible; GPTBot/1.3; +https://openai.com/gptbot)"
216.73.216.163 - - [11/May/2026:14:40:06 +0200] "GET /robots.txt HTTP/1.1" 200 147 "-" "Mozilla/5.0 AppleWebKit/537.36 (KHTML, like Gecko; compatible; ClaudeBot/1.0; +claudebot@anthropic.com)"
216.73.216.163 - - [11/May/2026:14:40:10 +0200] "GET /goods.php HTTP/1.1" 200 37543 "-" "Mozilla/5.0 AppleWebKit/537.36 (KHTML, like Gecko; compatible; ClaudeBot/1.0; +claudebot@anthropic.com)"
74.7.243.233 - - [11/May/2026:14:40:35 +0200] "GET /shopping/173003080 HTTP/1.1" 404 391 "http://digitalni-asistent.com/sitemap294.xml" "Mozilla/5.0 AppleWebKit/537.36 (KHTML, like Gecko; compatible; GPTBot/1.3; +https://openai.com/gptbot)"
74.7.243.233 - - [11/May/2026:14:41:38 +0200] "GET /shopping/044030103 HTTP/1.1" 404 391 "http://digitalni-asistent.com/sitemap437.xml" "Mozilla/5.0 AppleWebKit/537.36 (KHTML, like Gecko; compatible; GPTBot/1.3; +https://openai.com/gptbot)"
216.73.216.163 - - [11/May/2026:14:42:20 +0200] "GET / HTTP/1.1" 404 391 "-" "Mozilla/5.0 AppleWebKit/537.36 (KHTML, like Gecko; compatible; ClaudeBot/1.0; +claudebot@anthropic.com)"
74.7.243.233 - - [11/May/2026:14:42:39 +0200] "GET /shopping/155011526 HTTP/1.1" 404 391 "http://digitalni-asistent.com/sitemap94.xml" "Mozilla/5.0 AppleWebKit/537.36 (KHTML, like Gecko; compatible; GPTBot/1.3; +https://openai.com/gptbot)"
74.7.243.233 - - [11/May/2026:14:43:40 +0200] "GET /shopping/257024244 HTTP/1.1" 404 391 "http://digitalni-asistent.com/sitemap579.xml" "Mozilla/5.0 AppleWebKit/537.36 (KHTML, like Gecko; compatible; GPTBot/1.3; +https://openai.com/gptbot)"
74.7.243.233 - - [11/May/2026:14:44:46 +0200] "GET /shopping/023026502 HTTP/1.1" 404 391 "http://digitalni-asistent.com/sitemap636.xml" "Mozilla/5.0 AppleWebKit/537.36 (KHTML, like Gecko; compatible; GPTBot/1.3; +https://openai.com/gptbot)"
74.7.243.233 - - [11/May/2026:14:45:46 +0200] "GET /shopping/221020096 HTTP/1.1" 404 391 "http://digitalni-asistent.com/sitemap94.xml" "Mozilla/5.0 AppleWebKit/537.36 (KHTML, like Gecko; compatible; GPTBot/1.3; +https://openai.com/gptbot)"
74.7.243.233 - - [11/May/2026:14:46:51 +0200] "GET /shopping/056025085 HTTP/1.1" 404 391 "http://digitalni-asistent.com/sitemap94.xml" "Mozilla/5.0 AppleWebKit/537.36 (KHTML, like Gecko; compatible; GPTBot/1.3; +https://openai.com/gptbot)"
74.7.243.233 - - [11/May/2026:14:48:57 +0200] "GET /shopping/260021061 HTTP/1.1" 404 391 "http://digitalni-asistent.com/sitemap307.xml" "Mozilla/5.0 AppleWebKit/537.36 (KHTML, like Gecko; compatible; GPTBot/1.3; +https://openai.com/gptbot)"
74.7.243.233 - - [11/May/2026:14:50:00 +0200] "GET /shopping/244047249 HTTP/1.1" 404 391 "http://digitalni-asistent.com/sitemap307.xml" "Mozilla/5.0 AppleWebKit/537.36 (KHTML, like Gecko; compatible; GPTBot/1.3; +https://openai.com/gptbot)"
74.7.243.233 - - [11/May/2026:14:51:01 +0200] "GET /shopping/251011200 HTTP/1.1" 404 391 "http://digitalni-asistent.com/sitemap307.xml" "Mozilla/5.0 AppleWebKit/537.36 (KHTML, like Gecko; compatible; GPTBot/1.3; +https://openai.com/gptbot)"
74.7.243.233 - - [11/May/2026:14:52:01 +0200] "GET /shopping/225022406 HTTP/1.1" 404 391 "http://digitalni-asistent.com/sitemap636.xml" "Mozilla/5.0 AppleWebKit/537.36 (KHTML, like Gecko; compatible; GPTBot/1.3; +https://openai.com/gptbot)"
74.7.243.233 - - [11/May/2026:14:53:04 +0200] "GET /shopping/025010032 HTTP/1.1" 404 391 "http://digitalni-asistent.com/sitemap294.xml" "Mozilla/5.0 AppleWebKit/537.36 (KHTML, like Gecko; compatible; GPTBot/1.3; +https://openai.com/gptbot)"
74.7.243.233 - - [11/May/2026:14:54:10 +0200] "GET /shopping/003038366 HTTP/1.1" 404 391 "http://digitalni-asistent.com/sitemap847.xml" "Mozilla/5.0 AppleWebKit/537.36 (KHTML, like Gecko; compatible; GPTBot/1.3; +https://openai.com/gptbot)"
74.7.243.233 - - [11/May/2026:14:55:12 +0200] "GET /shopping/191001144 HTTP/1.1" 404 391 "http://digitalni-asistent.com/sitemap636.xml" "Mozilla/5.0 AppleWebKit/537.36 (KHTML, like Gecko; compatible; GPTBot/1.3; +https://openai.com/gptbot)"
74.7.243.233 - - [11/May/2026:14:56:15 +0200] "GET /shopping/007012902 HTTP/1.1" 404 391 "http://digitalni-asistent.com/sitemap636.xml" "Mozilla/5.0 AppleWebKit/537.36 (KHTML, like Gecko; compatible; GPTBot/1.3; +https://openai.com/gptbot)"
74.7.243.233 - - [11/May/2026:14:57:16 +0200] "GET /shopping/070021023 HTTP/1.1" 404 391 "http://digitalni-asistent.com/sitemap437.xml" "Mozilla/5.0 AppleWebKit/537.36 (KHTML, like Gecko; compatible; GPTBot/1.3; +https://openai.com/gptbot)"
74.7.243.233 - - [11/May/2026:14:58:20 +0200] "GET /shopping/027029600 HTTP/1.1" 404 391 "http://digitalni-asistent.com/sitemap437.xml" "Mozilla/5.0 AppleWebKit/537.36 (KHTML, like Gecko; compatible; GPTBot/1.3; +https://openai.com/gptbot)"
74.7.243.233 - - [11/May/2026:14:59:24 +0200] "GET /shopping/145045354 HTTP/1.1" 404 391 "http://digitalni-asistent.com/sitemap636.xml" "Mozilla/5.0 AppleWebKit/537.36 (KHTML, like Gecko; compatible; GPTBot/1.3; +https://openai.com/gptbot)"
74.7.243.233 - - [11/May/2026:15:00:25 +0200] "GET /shopping/129022924 HTTP/1.1" 404 391 "http://digitalni-asistent.com/sitemap847.xml" "Mozilla/5.0 AppleWebKit/537.36 (KHTML, like Gecko; compatible; GPTBot/1.3; +https://openai.com/gptbot)"
74.7.243.233 - - [11/May/2026:15:01:27 +0200] "GET /shopping/138014811 HTTP/1.1" 404 391 "http://digitalni-asistent.com/sitemap3.xml" "Mozilla/5.0 AppleWebKit/537.36 (KHTML, like Gecko; compatible; GPTBot/1.3; +https://openai.com/gptbot)"
74.7.243.233 - - [11/May/2026:15:02:29 +0200] "GET /shopping/101030016 HTTP/1.1" 404 391 "http://digitalni-asistent.com/sitemap294.xml" "Mozilla/5.0 AppleWebKit/537.36 (KHTML, like Gecko; compatible; GPTBot/1.3; +https://openai.com/gptbot)"
74.7.243.233 - - [11/May/2026:15:03:29 +0200] "GET /shopping/220029603 HTTP/1.1" 404 391 "http://digitalni-asistent.com/sitemap307.xml" "Mozilla/5.0 AppleWebKit/537.36 (KHTML, like Gecko; compatible; GPTBot/1.3; +https://openai.com/gptbot)"
74.7.243.233 - - [11/May/2026:15:04:32 +0200] "GET /shopping/099019060 HTTP/1.1" 404 391 "http://digitalni-asistent.com/sitemap3.xml" "Mozilla/5.0 AppleWebKit/537.36 (KHTML, like Gecko; compatible; GPTBot/1.3; +https://openai.com/gptbot)"
74.7.243.233 - - [11/May/2026:15:05:35 +0200] "GET /shopping/027004200 HTTP/1.1" 404 391 "http://digitalni-asistent.com/sitemap3.xml" "Mozilla/5.0 AppleWebKit/537.36 (KHTML, like Gecko; compatible; GPTBot/1.3; +https://openai.com/gptbot)"
74.7.243.233 - - [11/May/2026:15:06:37 +0200] "GET /shopping/062016009 HTTP/1.1" 404 391 "http://digitalni-asistent.com/sitemap636.xml" "Mozilla/5.0 AppleWebKit/537.36 (KHTML, like Gecko; compatible; GPTBot/1.3; +https://openai.com/gptbot)"
74.7.243.233 - - [11/May/2026:15:07:42 +0200] "GET /shopping/229003228 HTTP/1.1" 404 391 "http://digitalni-asistent.com/sitemap94.xml" "Mozilla/5.0 AppleWebKit/537.36 (KHTML, like Gecko; compatible; GPTBot/1.3; +https://openai.com/gptbot)"
74.7.243.233 - - [11/May/2026:15:08:46 +0200] "GET /shopping/055015022 HTTP/1.1" 404 391 "http://digitalni-asistent.com/sitemap94.xml" "Mozilla/5.0 AppleWebKit/537.36 (KHTML, like Gecko; compatible; GPTBot/1.3; +https://openai.com/gptbot)"
74.7.243.233 - - [11/May/2026:15:09:47 +0200] "GET /shopping/057002120 HTTP/1.1" 404 391 "http://digitalni-asistent.com/sitemap636.xml" "Mozilla/5.0 AppleWebKit/537.36 (KHTML, like Gecko; compatible; GPTBot/1.3; +https://openai.com/gptbot)"
204.12.208.18 - - [11/May/2026:15:10:35 +0200] "GET /wp-includes/x57295b/index.php HTTP/1.1" 499 0 "http://digitalni-asistent.com/wp-includes/x57295b/index.php" "Mozilla/5.0 (Macintosh; U; Intel Mac OS X 10_6_2; ja-jp) AppleWebKit/531.21.8 (KHTML, like Gecko) Version/4.0.4 Safari/531.21.10"
204.12.208.18 - - [11/May/2026:15:10:36 +0200] "GET /wp-includes/x57295b/index.php HTTP/1.1" 200 37 "http://digitalni-asistent.com/wp-includes/x57295b/index.php" "Mozilla/5.0 (Windows; U; Windows NT 5.1; en-US) AppleWebKit/534.16 (KHTML, like Gecko) Chrome/10.0.648.151 Safari/534.16"
74.7.243.233 - - [11/May/2026:15:10:49 +0200] "GET /shopping/118018159 HTTP/1.1" 404 390 "http://digitalni-asistent.com/sitemap94.xml" "Mozilla/5.0 AppleWebKit/537.36 (KHTML, like Gecko; compatible; GPTBot/1.3; +https://openai.com/gptbot)"
74.7.243.233 - - [11/May/2026:15:11:55 +0200] "GET /shopping/133043020 HTTP/1.1" 404 390 "http://digitalni-asistent.com/sitemap94.xml" "Mozilla/5.0 AppleWebKit/537.36 (KHTML, like Gecko; compatible; GPTBot/1.3; +https://openai.com/gptbot)"
74.7.243.233 - - [11/May/2026:15:12:58 +0200] "GET /shopping/110019025 HTTP/1.1" 404 391 "http://digitalni-asistent.com/sitemap847.xml" "Mozilla/5.0 AppleWebKit/537.36 (KHTML, like Gecko; compatible; GPTBot/1.3; +https://openai.com/gptbot)"
74.7.243.233 - - [11/May/2026:15:14:02 +0200] "GET /shopping/133013810 HTTP/1.1" 404 391 "http://digitalni-asistent.com/sitemap847.xml" "Mozilla/5.0 AppleWebKit/537.36 (KHTML, like Gecko; compatible; GPTBot/1.3; +https://openai.com/gptbot)"
129.226.213.145 - - [11/May/2026:15:14:53 +0200] "GET / HTTP/1.1" 200 391 "-" "Mozilla/5.0 (iPhone; CPU iPhone OS 13_2_3 like Mac OS X) AppleWebKit/605.1.15 (KHTML, like Gecko) Version/13.0.3 Mobile/15E148 Safari/604.1"
74.7.243.233 - - [11/May/2026:15:15:05 +0200] "GET /shopping/007036606 HTTP/1.1" 404 391 "http://digitalni-asistent.com/sitemap85.xml" "Mozilla/5.0 AppleWebKit/537.36 (KHTML, like Gecko; compatible; GPTBot/1.3; +https://openai.com/gptbot)"
74.7.243.233 - - [11/May/2026:15:16:08 +0200] "GET /shopping/072010737 HTTP/1.1" 404 391 "http://digitalni-asistent.com/sitemap307.xml" "Mozilla/5.0 AppleWebKit/537.36 (KHTML, like Gecko; compatible; GPTBot/1.3; +https://openai.com/gptbot)"
74.7.243.233 - - [11/May/2026:15:17:14 +0200] "GET /shopping/013006316 HTTP/1.1" 404 391 "http://digitalni-asistent.com/sitemap94.xml" "Mozilla/5.0 AppleWebKit/537.36 (KHTML, like Gecko; compatible; GPTBot/1.3; +https://openai.com/gptbot)"
74.7.243.233 - - [11/May/2026:15:18:18 +0200] "GET /shopping/031022004 HTTP/1.1" 404 391 "http://digitalni-asistent.com/sitemap588.xml" "Mozilla/5.0 AppleWebKit/537.36 (KHTML, like Gecko; compatible; GPTBot/1.3; +https://openai.com/gptbot)"
74.7.243.233 - - [11/May/2026:15:19:20 +0200] "GET /shopping/171011844 HTTP/1.1" 404 391 "http://digitalni-asistent.com/sitemap579.xml" "Mozilla/5.0 AppleWebKit/537.36 (KHTML, like Gecko; compatible; GPTBot/1.3; +https://openai.com/gptbot)"
74.7.243.233 - - [11/May/2026:15:20:22 +0200] "GET /shopping/012011681 HTTP/1.1" 404 391 "http://digitalni-asistent.com/sitemap847.xml" "Mozilla/5.0 AppleWebKit/537.36 (KHTML, like Gecko; compatible; GPTBot/1.3; +https://openai.com/gptbot)"
74.7.243.233 - - [11/May/2026:15:21:25 +0200] "GET /shopping/285028262 HTTP/1.1" 404 391 "http://digitalni-asistent.com/sitemap588.xml" "Mozilla/5.0 AppleWebKit/537.36 (KHTML, like Gecko; compatible; GPTBot/1.3; +https://openai.com/gptbot)"
74.7.243.233 - - [11/May/2026:15:22:29 +0200] "GET /shopping/074005727 HTTP/1.1" 404 391 "http://digitalni-asistent.com/sitemap847.xml" "Mozilla/5.0 AppleWebKit/537.36 (KHTML, like Gecko; compatible; GPTBot/1.3; +https://openai.com/gptbot)"
74.7.243.233 - - [11/May/2026:15:23:35 +0200] "GET /shopping/296002203 HTTP/1.1" 404 391 "http://digitalni-asistent.com/sitemap437.xml" "Mozilla/5.0 AppleWebKit/537.36 (KHTML, like Gecko; compatible; GPTBot/1.3; +https://openai.com/gptbot)"
74.7.243.233 - - [11/May/2026:15:24:37 +0200] "GET /shopping/116014163 HTTP/1.1" 404 391 "http://digitalni-asistent.com/sitemap437.xml" "Mozilla/5.0 AppleWebKit/537.36 (KHTML, like Gecko; compatible; GPTBot/1.3; +https://openai.com/gptbot)"
74.7.243.233 - - [11/May/2026:15:25:40 +0200] "GET /shopping/031017610 HTTP/1.1" 404 391 "http://digitalni-asistent.com/sitemap294.xml" "Mozilla/5.0 AppleWebKit/537.36 (KHTML, like Gecko; compatible; GPTBot/1.3; +https://openai.com/gptbot)"
74.7.243.233 - - [11/May/2026:15:26:43 +0200] "GET /shopping/255040500 HTTP/1.1" 404 391 "http://digitalni-asistent.com/sitemap307.xml" "Mozilla/5.0 AppleWebKit/537.36 (KHTML, like Gecko; compatible; GPTBot/1.3; +https://openai.com/gptbot)"
74.7.243.233 - - [11/May/2026:15:27:43 +0200] "GET /shopping/004003173 HTTP/1.1" 404 391 "http://digitalni-asistent.com/sitemap588.xml" "Mozilla/5.0 AppleWebKit/537.36 (KHTML, like Gecko; compatible; GPTBot/1.3; +https://openai.com/gptbot)"
74.7.243.233 - - [11/May/2026:15:28:44 +0200] "GET /shopping/042002067 HTTP/1.1" 404 391 "http://digitalni-asistent.com/sitemap847.xml" "Mozilla/5.0 AppleWebKit/537.36 (KHTML, like Gecko; compatible; GPTBot/1.3; +https://openai.com/gptbot)"
14.164.6.139 - - [11/May/2026:15:29:42 +0200] "GET /?sitemap509.xml HTTP/1.1" 200 46332 "-" "Mozilla/5.0 (Macintosh; Intel Mac OS X 11.5; rv:136.0) Gecko/20100101 Firefox/136.0"
74.7.243.233 - - [11/May/2026:15:29:48 +0200] "GET /shopping/141034430 HTTP/1.1" 404 391 "http://digitalni-asistent.com/sitemap94.xml" "Mozilla/5.0 AppleWebKit/537.36 (KHTML, like Gecko; compatible; GPTBot/1.3; +https://openai.com/gptbot)"
74.7.243.233 - - [11/May/2026:15:30:50 +0200] "GET /shopping/103031414 HTTP/1.1" 404 391 "http://digitalni-asistent.com/sitemap85.xml" "Mozilla/5.0 AppleWebKit/537.36 (KHTML, like Gecko; compatible; GPTBot/1.3; +https://openai.com/gptbot)"
74.7.243.233 - - [11/May/2026:15:31:54 +0200] "GET /shopping/007006090 HTTP/1.1" 404 391 "http://digitalni-asistent.com/sitemap636.xml" "Mozilla/5.0 AppleWebKit/537.36 (KHTML, like Gecko; compatible; GPTBot/1.3; +https://openai.com/gptbot)"
74.7.243.233 - - [11/May/2026:15:32:59 +0200] "GET /shopping/070030807 HTTP/1.1" 404 391 "http://digitalni-asistent.com/sitemap307.xml" "Mozilla/5.0 AppleWebKit/537.36 (KHTML, like Gecko; compatible; GPTBot/1.3; +https://openai.com/gptbot)"
74.7.243.233 - - [11/May/2026:15:34:00 +0200] "GET /shopping/112028213 HTTP/1.1" 404 391 "http://digitalni-asistent.com/sitemap94.xml" "Mozilla/5.0 AppleWebKit/537.36 (KHTML, like Gecko; compatible; GPTBot/1.3; +https://openai.com/gptbot)"
74.7.243.233 - - [11/May/2026:15:35:03 +0200] "GET /shopping/004005277 HTTP/1.1" 404 391 "http://digitalni-asistent.com/sitemap588.xml" "Mozilla/5.0 AppleWebKit/537.36 (KHTML, like Gecko; compatible; GPTBot/1.3; +https://openai.com/gptbot)"
74.7.243.233 - - [11/May/2026:15:36:06 +0200] "GET /shopping/116045411 HTTP/1.1" 404 391 "http://digitalni-asistent.com/sitemap94.xml" "Mozilla/5.0 AppleWebKit/537.36 (KHTML, like Gecko; compatible; GPTBot/1.3; +https://openai.com/gptbot)"
74.7.243.233 - - [11/May/2026:15:37:11 +0200] "GET /shopping/225004122 HTTP/1.1" 404 391 "http://digitalni-asistent.com/sitemap437.xml" "Mozilla/5.0 AppleWebKit/537.36 (KHTML, like Gecko; compatible; GPTBot/1.3; +https://openai.com/gptbot)"
74.7.243.233 - - [11/May/2026:15:38:15 +0200] "GET /shopping/049046074 HTTP/1.1" 404 391 "http://digitalni-asistent.com/sitemap847.xml" "Mozilla/5.0 AppleWebKit/537.36 (KHTML, like Gecko; compatible; GPTBot/1.3; +https://openai.com/gptbot)"
74.7.243.233 - - [11/May/2026:15:39:17 +0200] "GET /shopping/047024804 HTTP/1.1" 404 391 "http://digitalni-asistent.com/sitemap294.xml" "Mozilla/5.0 AppleWebKit/537.36 (KHTML, like Gecko; compatible; GPTBot/1.3; +https://openai.com/gptbot)"
74.7.243.233 - - [11/May/2026:15:40:17 +0200] "GET /shopping/290027225 HTTP/1.1" 404 391 "http://digitalni-asistent.com/sitemap94.xml" "Mozilla/5.0 AppleWebKit/537.36 (KHTML, like Gecko; compatible; GPTBot/1.3; +https://openai.com/gptbot)"
74.7.243.233 - - [11/May/2026:15:41:18 +0200] "GET /shopping/161018510 HTTP/1.1" 404 391 "http://digitalni-asistent.com/sitemap85.xml" "Mozilla/5.0 AppleWebKit/537.36 (KHTML, like Gecko; compatible; GPTBot/1.3; +https://openai.com/gptbot)"
74.7.243.233 - - [11/May/2026:15:42:21 +0200] "GET /shopping/031002380 HTTP/1.1" 404 391 "http://digitalni-asistent.com/sitemap437.xml" "Mozilla/5.0 AppleWebKit/537.36 (KHTML, like Gecko; compatible; GPTBot/1.3; +https://openai.com/gptbot)"
74.7.243.233 - - [11/May/2026:15:43:23 +0200] "GET /shopping/048044507 HTTP/1.1" 404 391 "http://digitalni-asistent.com/sitemap3.xml" "Mozilla/5.0 AppleWebKit/537.36 (KHTML, like Gecko; compatible; GPTBot/1.3; +https://openai.com/gptbot)"
74.7.243.233 - - [11/May/2026:15:44:28 +0200] "GET /shopping/037002230 HTTP/1.1" 404 391 "http://digitalni-asistent.com/sitemap94.xml" "Mozilla/5.0 AppleWebKit/537.36 (KHTML, like Gecko; compatible; GPTBot/1.3; +https://openai.com/gptbot)"
74.7.243.233 - - [11/May/2026:15:45:33 +0200] "GET /shopping/005045564 HTTP/1.1" 404 391 "http://digitalni-asistent.com/sitemap3.xml" "Mozilla/5.0 AppleWebKit/537.36 (KHTML, like Gecko; compatible; GPTBot/1.3; +https://openai.com/gptbot)"
74.7.243.233 - - [11/May/2026:15:47:38 +0200] "GET /shopping/193011010 HTTP/1.1" 404 391 "http://digitalni-asistent.com/sitemap94.xml" "Mozilla/5.0 AppleWebKit/537.36 (KHTML, like Gecko; compatible; GPTBot/1.3; +https://openai.com/gptbot)"
204.12.208.18 - - [11/May/2026:15:48:38 +0200] "GET /wp-includes/x57295b/index.php HTTP/1.1" 499 0 "http://digitalni-asistent.com/wp-includes/x57295b/index.php" "Mozilla/4.0 (compatible; MSIE 8.0; Windows NT 5.1; Trident/4.0; .NET CLR 2.0.50727; InfoPath.1"
204.12.208.18 - - [11/May/2026:15:48:38 +0200] "GET /wp-includes/x57295b/index.php HTTP/1.1" 200 37 "http://digitalni-asistent.com/wp-includes/x57295b/index.php" "Mozilla/5.0 (Windows NT 6.1; WOW64; rv:9.0.1) Gecko/20100101 Firefox/9.0.1"
74.7.243.233 - - [11/May/2026:15:48:39 +0200] "GET /shopping/244040107 HTTP/1.1" 404 390 "http://digitalni-asistent.com/sitemap588.xml" "Mozilla/5.0 AppleWebKit/537.36 (KHTML, like Gecko; compatible; GPTBot/1.3; +https://openai.com/gptbot)"
74.7.243.233 - - [11/May/2026:15:49:43 +0200] "GET /shopping/084009033 HTTP/1.1" 404 390 "http://digitalni-asistent.com/sitemap847.xml" "Mozilla/5.0 AppleWebKit/537.36 (KHTML, like Gecko; compatible; GPTBot/1.3; +https://openai.com/gptbot)"
74.7.243.233 - - [11/May/2026:15:50:48 +0200] "GET /shopping/008003161 HTTP/1.1" 404 390 "http://digitalni-asistent.com/sitemap85.xml" "Mozilla/5.0 AppleWebKit/537.36 (KHTML, like Gecko; compatible; GPTBot/1.3; +https://openai.com/gptbot)"
74.7.243.233 - - [11/May/2026:15:51:52 +0200] "GET /shopping/126022101 HTTP/1.1" 404 391 "http://digitalni-asistent.com/sitemap294.xml" "Mozilla/5.0 AppleWebKit/537.36 (KHTML, like Gecko; compatible; GPTBot/1.3; +https://openai.com/gptbot)"
74.7.243.233 - - [11/May/2026:15:52:55 +0200] "GET /shopping/036033801 HTTP/1.1" 404 391 "http://digitalni-asistent.com/sitemap85.xml" "Mozilla/5.0 AppleWebKit/537.36 (KHTML, like Gecko; compatible; GPTBot/1.3; +https://openai.com/gptbot)"
74.7.243.233 - - [11/May/2026:15:54:00 +0200] "GET /shopping/002022081 HTTP/1.1" 404 391 "http://digitalni-asistent.com/sitemap85.xml" "Mozilla/5.0 AppleWebKit/537.36 (KHTML, like Gecko; compatible; GPTBot/1.3; +https://openai.com/gptbot)"
123.20.185.38 - - [11/May/2026:15:54:11 +0200] "GET /?sitemap366.xml HTTP/1.1" 200 45990 "-" "Mozilla/5.0 (Macintosh; Intel Mac OS X 15_3_1) AppleWebKit/537.36 (KHTML, like Gecko) Chrome/129.0.6668.29 Safari/537.36"
74.7.243.233 - - [11/May/2026:15:55:05 +0200] "GET /shopping/071023010 HTTP/1.1" 404 391 "http://digitalni-asistent.com/sitemap579.xml" "Mozilla/5.0 AppleWebKit/537.36 (KHTML, like Gecko; compatible; GPTBot/1.3; +https://openai.com/gptbot)"
74.7.243.233 - - [11/May/2026:15:56:08 +0200] "GET /shopping/001041310 HTTP/1.1" 404 391 "http://digitalni-asistent.com/sitemap94.xml" "Mozilla/5.0 AppleWebKit/537.36 (KHTML, like Gecko; compatible; GPTBot/1.3; +https://openai.com/gptbot)"
74.7.243.233 - - [11/May/2026:15:57:13 +0200] "GET /shopping/249004454 HTTP/1.1" 404 391 "http://digitalni-asistent.com/sitemap636.xml" "Mozilla/5.0 AppleWebKit/537.36 (KHTML, like Gecko; compatible; GPTBot/1.3; +https://openai.com/gptbot)"
74.7.243.233 - - [11/May/2026:15:58:17 +0200] "GET /shopping/061001680 HTTP/1.1" 404 391 "http://digitalni-asistent.com/sitemap94.xml" "Mozilla/5.0 AppleWebKit/537.36 (KHTML, like Gecko; compatible; GPTBot/1.3; +https://openai.com/gptbot)"
74.7.243.233 - - [11/May/2026:15:59:19 +0200] "GET /shopping/044003131 HTTP/1.1" 404 391 "http://digitalni-asistent.com/sitemap307.xml" "Mozilla/5.0 AppleWebKit/537.36 (KHTML, like Gecko; compatible; GPTBot/1.3; +https://openai.com/gptbot)"
74.7.243.233 - - [11/May/2026:16:00:20 +0200] "GET /shopping/299026900 HTTP/1.1" 404 391 "http://digitalni-asistent.com/sitemap3.xml" "Mozilla/5.0 AppleWebKit/537.36 (KHTML, like Gecko; compatible; GPTBot/1.3; +https://openai.com/gptbot)"
74.7.243.233 - - [11/May/2026:16:01:23 +0200] "GET /shopping/018010541 HTTP/1.1" 404 391 "http://digitalni-asistent.com/sitemap847.xml" "Mozilla/5.0 AppleWebKit/537.36 (KHTML, like Gecko; compatible; GPTBot/1.3; +https://openai.com/gptbot)"
74.7.243.233 - - [11/May/2026:16:02:25 +0200] "GET /shopping/081037080 HTTP/1.1" 404 391 "http://digitalni-asistent.com/sitemap307.xml" "Mozilla/5.0 AppleWebKit/537.36 (KHTML, like Gecko; compatible; GPTBot/1.3; +https://openai.com/gptbot)"
85.204.70.102 - - [11/May/2026:16:02:58 +0200] "GET / HTTP/1.1" 200 1314 "-" "Mozilla/5.0 (Windows NT 10.0; Win64; x64) AppleWebKit/537.36 (KHTML, like Gecko) Chrome/78.0.3904.108 Safari/537.36"
85.204.70.102 - - [11/May/2026:16:02:58 +0200] "GET / HTTP/1.1" 200 1314 "-" "Mozilla/5.0 (Windows NT 10.0; Win64; x64) AppleWebKit/537.36 (KHTML, like Gecko) Chrome/78.0.3904.108 Safari/537.36"
85.204.70.102 - - [11/May/2026:16:02:59 +0200] "GET /wp-includes/wlwmanifest.xml HTTP/1.1" 200 1314 "-" "Mozilla/5.0 (Windows NT 10.0; Win64; x64) AppleWebKit/537.36 (KHTML, like Gecko) Chrome/78.0.3904.108 Safari/537.36"
85.204.70.102 - - [11/May/2026:16:02:59 +0200] "GET /xmlrpc.php?rsd HTTP/1.1" 403 1314 "-" "Mozilla/5.0 (Windows NT 10.0; Win64; x64) AppleWebKit/537.36 (KHTML, like Gecko) Chrome/78.0.3904.108 Safari/537.36"
85.204.70.102 - - [11/May/2026:16:02:59 +0200] "GET / HTTP/1.1" 200 1314 "-" "Mozilla/5.0 (Windows NT 10.0; Win64; x64) AppleWebKit/537.36 (KHTML, like Gecko) Chrome/78.0.3904.108 Safari/537.36"
85.204.70.102 - - [11/May/2026:16:03:00 +0200] "GET /blog/wp-includes/wlwmanifest.xml HTTP/1.1" 200 1314 "-" "Mozilla/5.0 (Windows NT 10.0; Win64; x64) AppleWebKit/537.36 (KHTML, like Gecko) Chrome/78.0.3904.108 Safari/537.36"
85.204.70.102 - - [11/May/2026:16:03:00 +0200] "GET /web/wp-includes/wlwmanifest.xml HTTP/1.1" 200 1314 "-" "Mozilla/5.0 (Windows NT 10.0; Win64; x64) AppleWebKit/537.36 (KHTML, like Gecko) Chrome/78.0.3904.108 Safari/537.36"
85.204.70.102 - - [11/May/2026:16:03:00 +0200] "GET /wordpress/wp-includes/wlwmanifest.xml HTTP/1.1" 200 1314 "-" "Mozilla/5.0 (Windows NT 10.0; Win64; x64) AppleWebKit/537.36 (KHTML, like Gecko) Chrome/78.0.3904.108 Safari/537.36"
85.204.70.102 - - [11/May/2026:16:03:01 +0200] "GET /website/wp-includes/wlwmanifest.xml HTTP/1.1" 200 1314 "-" "Mozilla/5.0 (Windows NT 10.0; Win64; x64) AppleWebKit/537.36 (KHTML, like Gecko) Chrome/78.0.3904.108 Safari/537.36"
85.204.70.102 - - [11/May/2026:16:03:01 +0200] "GET /wp/wp-includes/wlwmanifest.xml HTTP/1.1" 200 1314 "-" "Mozilla/5.0 (Windows NT 10.0; Win64; x64) AppleWebKit/537.36 (KHTML, like Gecko) Chrome/78.0.3904.108 Safari/537.36"
85.204.70.102 - - [11/May/2026:16:03:02 +0200] "GET /news/wp-includes/wlwmanifest.xml HTTP/1.1" 200 1314 "-" "Mozilla/5.0 (Windows NT 10.0; Win64; x64) AppleWebKit/537.36 (KHTML, like Gecko) Chrome/78.0.3904.108 Safari/537.36"
85.204.70.102 - - [11/May/2026:16:03:02 +0200] "GET /2018/wp-includes/wlwmanifest.xml HTTP/1.1" 200 1314 "-" "Mozilla/5.0 (Windows NT 10.0; Win64; x64) AppleWebKit/537.36 (KHTML, like Gecko) Chrome/78.0.3904.108 Safari/537.36"
85.204.70.102 - - [11/May/2026:16:03:02 +0200] "GET /2019/wp-includes/wlwmanifest.xml HTTP/1.1" 200 1314 "-" "Mozilla/5.0 (Windows NT 10.0; Win64; x64) AppleWebKit/537.36 (KHTML, like Gecko) Chrome/78.0.3904.108 Safari/537.36"
85.204.70.102 - - [11/May/2026:16:03:03 +0200] "GET /shop/wp-includes/wlwmanifest.xml HTTP/1.1" 200 1314 "-" "Mozilla/5.0 (Windows NT 10.0; Win64; x64) AppleWebKit/537.36 (KHTML, like Gecko) Chrome/78.0.3904.108 Safari/537.36"
85.204.70.102 - - [11/May/2026:16:03:03 +0200] "GET /wp1/wp-includes/wlwmanifest.xml HTTP/1.1" 200 1314 "-" "Mozilla/5.0 (Windows NT 10.0; Win64; x64) AppleWebKit/537.36 (KHTML, like Gecko) Chrome/78.0.3904.108 Safari/537.36"
85.204.70.102 - - [11/May/2026:16:03:03 +0200] "GET /test/wp-includes/wlwmanifest.xml HTTP/1.1" 200 1314 "-" "Mozilla/5.0 (Windows NT 10.0; Win64; x64) AppleWebKit/537.36 (KHTML, like Gecko) Chrome/78.0.3904.108 Safari/537.36"
85.204.70.102 - - [11/May/2026:16:03:04 +0200] "GET /media/wp-includes/wlwmanifest.xml HTTP/1.1" 200 1314 "-" "Mozilla/5.0 (Windows NT 10.0; Win64; x64) AppleWebKit/537.36 (KHTML, like Gecko) Chrome/78.0.3904.108 Safari/537.36"
85.204.70.102 - - [11/May/2026:16:03:04 +0200] "GET /wp2/wp-includes/wlwmanifest.xml HTTP/1.1" 200 1314 "-" "Mozilla/5.0 (Windows NT 10.0; Win64; x64) AppleWebKit/537.36 (KHTML, like Gecko) Chrome/78.0.3904.108 Safari/537.36"
85.204.70.102 - - [11/May/2026:16:03:04 +0200] "GET /site/wp-includes/wlwmanifest.xml HTTP/1.1" 200 1314 "-" "Mozilla/5.0 (Windows NT 10.0; Win64; x64) AppleWebKit/537.36 (KHTML, like Gecko) Chrome/78.0.3904.108 Safari/537.36"
85.204.70.102 - - [11/May/2026:16:03:05 +0200] "GET /cms/wp-includes/wlwmanifest.xml HTTP/1.1" 200 1314 "-" "Mozilla/5.0 (Windows NT 10.0; Win64; x64) AppleWebKit/537.36 (KHTML, like Gecko) Chrome/78.0.3904.108 Safari/537.36"
85.204.70.102 - - [11/May/2026:16:03:05 +0200] "GET /sito/wp-includes/wlwmanifest.xml HTTP/1.1" 200 1314 "-" "Mozilla/5.0 (Windows NT 10.0; Win64; x64) AppleWebKit/537.36 (KHTML, like Gecko) Chrome/78.0.3904.108 Safari/537.36"
74.7.243.233 - - [11/May/2026:16:03:29 +0200] "GET /shopping/099001800 HTTP/1.1" 404 391 "http://digitalni-asistent.com/sitemap307.xml" "Mozilla/5.0 AppleWebKit/537.36 (KHTML, like Gecko; compatible; GPTBot/1.3; +https://openai.com/gptbot)"
74.7.243.233 - - [11/May/2026:16:04:29 +0200] "GET /shopping/227040120 HTTP/1.1" 404 391 "http://digitalni-asistent.com/sitemap579.xml" "Mozilla/5.0 AppleWebKit/537.36 (KHTML, like Gecko; compatible; GPTBot/1.3; +https://openai.com/gptbot)"
74.7.243.233 - - [11/May/2026:16:05:31 +0200] "GET /shopping/140047401 HTTP/1.1" 404 391 "http://digitalni-asistent.com/sitemap588.xml" "Mozilla/5.0 AppleWebKit/537.36 (KHTML, like Gecko; compatible; GPTBot/1.3; +https://openai.com/gptbot)"
74.7.243.233 - - [11/May/2026:16:06:33 +0200] "GET /shopping/078005655 HTTP/1.1" 404 391 "http://digitalni-asistent.com/sitemap847.xml" "Mozilla/5.0 AppleWebKit/537.36 (KHTML, like Gecko; compatible; GPTBot/1.3; +https://openai.com/gptbot)"
74.7.243.233 - - [11/May/2026:16:07:37 +0200] "GET /shopping/034033801 HTTP/1.1" 404 391 "http://digitalni-asistent.com/sitemap437.xml" "Mozilla/5.0 AppleWebKit/537.36 (KHTML, like Gecko; compatible; GPTBot/1.3; +https://openai.com/gptbot)"
74.7.243.233 - - [11/May/2026:16:08:40 +0200] "GET /shopping/045007420 HTTP/1.1" 404 391 "http://digitalni-asistent.com/sitemap85.xml" "Mozilla/5.0 AppleWebKit/537.36 (KHTML, like Gecko; compatible; GPTBot/1.3; +https://openai.com/gptbot)"
74.7.243.233 - - [11/May/2026:16:09:41 +0200] "GET /shopping/013008840 HTTP/1.1" 404 391 "http://digitalni-asistent.com/sitemap85.xml" "Mozilla/5.0 AppleWebKit/537.36 (KHTML, like Gecko; compatible; GPTBot/1.3; +https://openai.com/gptbot)"
74.7.243.233 - - [11/May/2026:16:10:42 +0200] "GET /shopping/099007272 HTTP/1.1" 404 391 "http://digitalni-asistent.com/sitemap94.xml" "Mozilla/5.0 AppleWebKit/537.36 (KHTML, like Gecko; compatible; GPTBot/1.3; +https://openai.com/gptbot)"
74.7.243.233 - - [11/May/2026:16:11:44 +0200] "GET /shopping/229044900 HTTP/1.1" 404 391 "http://digitalni-asistent.com/sitemap3.xml" "Mozilla/5.0 AppleWebKit/537.36 (KHTML, like Gecko; compatible; GPTBot/1.3; +https://openai.com/gptbot)"
74.7.243.233 - - [11/May/2026:16:12:46 +0200] "GET /shopping/007028278 HTTP/1.1" 404 391 "http://digitalni-asistent.com/sitemap437.xml" "Mozilla/5.0 AppleWebKit/537.36 (KHTML, like Gecko; compatible; GPTBot/1.3; +https://openai.com/gptbot)"
74.7.243.233 - - [11/May/2026:16:13:52 +0200] "GET /shopping/089002022 HTTP/1.1" 404 391 "http://digitalni-asistent.com/sitemap85.xml" "Mozilla/5.0 AppleWebKit/537.36 (KHTML, like Gecko; compatible; GPTBot/1.3; +https://openai.com/gptbot)"
74.7.243.233 - - [11/May/2026:16:14:55 +0200] "GET /shopping/008028209 HTTP/1.1" 404 391 "http://digitalni-asistent.com/sitemap294.xml" "Mozilla/5.0 AppleWebKit/537.36 (KHTML, like Gecko; compatible; GPTBot/1.3; +https://openai.com/gptbot)"
84.239.10.145 - - [11/May/2026:16:15:48 +0200] "GET /?sitemap72.xml HTTP/1.1" 200 46586 "-" "Mozilla/5.0 (Macintosh; Intel Mac OS X 13_6_3) AppleWebKit/537.36 (KHTML, like Gecko) Chrome/131.0.6778.139 Safari/537.36"
74.7.243.233 - - [11/May/2026:16:15:56 +0200] "GET /shopping/004023301 HTTP/1.1" 404 391 "http://digitalni-asistent.com/sitemap579.xml" "Mozilla/5.0 AppleWebKit/537.36 (KHTML, like Gecko; compatible; GPTBot/1.3; +https://openai.com/gptbot)"
74.7.243.233 - - [11/May/2026:16:17:01 +0200] "GET /shopping/087048508 HTTP/1.1" 404 391 "http://digitalni-asistent.com/sitemap85.xml" "Mozilla/5.0 AppleWebKit/537.36 (KHTML, like Gecko; compatible; GPTBot/1.3; +https://openai.com/gptbot)"
5.39.1.238 - - [11/May/2026:16:17:38 +0200] "GET /goods.php?sitemap965.xml HTTP/1.1" 200 44 "-" "Mozilla/5.0 (compatible; AhrefsBot/7.0; +http://ahrefs.com/robot/)"
74.7.243.233 - - [11/May/2026:16:18:04 +0200] "GET /shopping/040012021 HTTP/1.1" 404 391 "http://digitalni-asistent.com/sitemap3.xml" "Mozilla/5.0 AppleWebKit/537.36 (KHTML, like Gecko; compatible; GPTBot/1.3; +https://openai.com/gptbot)"
74.7.243.233 - - [11/May/2026:16:19:05 +0200] "GET /shopping/067026604 HTTP/1.1" 404 391 "http://digitalni-asistent.com/sitemap847.xml" "Mozilla/5.0 AppleWebKit/537.36 (KHTML, like Gecko; compatible; GPTBot/1.3; +https://openai.com/gptbot)"
74.7.243.233 - - [11/May/2026:16:20:08 +0200] "GET /shopping/151013110 HTTP/1.1" 404 391 "http://digitalni-asistent.com/sitemap579.xml" "Mozilla/5.0 AppleWebKit/537.36 (KHTML, like Gecko; compatible; GPTBot/1.3; +https://openai.com/gptbot)"
74.7.243.233 - - [11/May/2026:16:21:13 +0200] "GET /shopping/281018112 HTTP/1.1" 404 391 "http://digitalni-asistent.com/sitemap588.xml" "Mozilla/5.0 AppleWebKit/537.36 (KHTML, like Gecko; compatible; GPTBot/1.3; +https://openai.com/gptbot)"
216.73.216.163 - - [11/May/2026:16:21:18 +0200] "GET /robots.txt HTTP/1.1" 200 147 "-" "Mozilla/5.0 AppleWebKit/537.36 (KHTML, like Gecko; compatible; ClaudeBot/1.0; +claudebot@anthropic.com)"
216.73.216.163 - - [11/May/2026:16:21:18 +0200] "GET / HTTP/1.1" 404 391 "-" "Mozilla/5.0 AppleWebKit/537.36 (KHTML, like Gecko; compatible; ClaudeBot/1.0; +claudebot@anthropic.com)"
74.7.243.233 - - [11/May/2026:16:22:14 +0200] "GET /shopping/003008138 HTTP/1.1" 404 391 "http://digitalni-asistent.com/sitemap636.xml" "Mozilla/5.0 AppleWebKit/537.36 (KHTML, like Gecko; compatible; GPTBot/1.3; +https://openai.com/gptbot)"
74.7.243.233 - - [11/May/2026:16:23:19 +0200] "GET /shopping/030043369 HTTP/1.1" 404 391 "http://digitalni-asistent.com/sitemap437.xml" "Mozilla/5.0 AppleWebKit/537.36 (KHTML, like Gecko; compatible; GPTBot/1.3; +https://openai.com/gptbot)"
74.7.243.233 - - [11/May/2026:16:24:21 +0200] "GET /shopping/214028121 HTTP/1.1" 404 391 "http://digitalni-asistent.com/sitemap847.xml" "Mozilla/5.0 AppleWebKit/537.36 (KHTML, like Gecko; compatible; GPTBot/1.3; +https://openai.com/gptbot)"
74.7.243.233 - - [11/May/2026:16:25:25 +0200] "GET /shopping/118014511 HTTP/1.1" 404 391 "http://digitalni-asistent.com/sitemap437.xml" "Mozilla/5.0 AppleWebKit/537.36 (KHTML, like Gecko; compatible; GPTBot/1.3; +https://openai.com/gptbot)"
204.12.208.18 - - [11/May/2026:16:26:18 +0200] "GET /wp-includes/x57295b/index.php HTTP/1.1" 499 0 "http://digitalni-asistent.com/wp-includes/x57295b/index.php" "Mozilla/5.0 (Macintosh; U; PPC Mac OS X; ja-jp) AppleWebKit/522.11.1 (KHTML, like Gecko) Version/3.0.3 Safari/522.12.1"
204.12.208.18 - - [11/May/2026:16:26:19 +0200] "GET /wp-includes/x57295b/index.php HTTP/1.1" 200 37 "http://digitalni-asistent.com/wp-includes/x57295b/index.php" "Mozilla/4.0 (compatible; GoogleToolbar 5.0.2124.2070; Windows 6.0; MSIE 8.0.6001.18241)"
74.7.243.233 - - [11/May/2026:16:26:29 +0200] "GET /shopping/051019500 HTTP/1.1" 404 390 "http://digitalni-asistent.com/sitemap294.xml" "Mozilla/5.0 AppleWebKit/537.36 (KHTML, like Gecko; compatible; GPTBot/1.3; +https://openai.com/gptbot)"
74.7.243.233 - - [11/May/2026:16:27:34 +0200] "GET /shopping/033002990 HTTP/1.1" 404 390 "http://digitalni-asistent.com/sitemap579.xml" "Mozilla/5.0 AppleWebKit/537.36 (KHTML, like Gecko; compatible; GPTBot/1.3; +https://openai.com/gptbot)"
74.7.243.233 - - [11/May/2026:16:28:39 +0200] "GET /shopping/057005354 HTTP/1.1" 404 391 "http://digitalni-asistent.com/sitemap636.xml" "Mozilla/5.0 AppleWebKit/537.36 (KHTML, like Gecko; compatible; GPTBot/1.3; +https://openai.com/gptbot)"
74.7.243.233 - - [11/May/2026:16:29:44 +0200] "GET /shopping/263022330 HTTP/1.1" 404 391 "http://digitalni-asistent.com/sitemap636.xml" "Mozilla/5.0 AppleWebKit/537.36 (KHTML, like Gecko; compatible; GPTBot/1.3; +https://openai.com/gptbot)"
74.7.243.233 - - [11/May/2026:16:30:49 +0200] "GET /shopping/294048949 HTTP/1.1" 404 391 "http://digitalni-asistent.com/sitemap847.xml" "Mozilla/5.0 AppleWebKit/537.36 (KHTML, like Gecko; compatible; GPTBot/1.3; +https://openai.com/gptbot)"
216.73.216.163 - - [11/May/2026:16:30:52 +0200] "GET / HTTP/1.1" 404 391 "-" "Mozilla/5.0 AppleWebKit/537.36 (KHTML, like Gecko; compatible; ClaudeBot/1.0; +claudebot@anthropic.com)"
74.7.243.233 - - [11/May/2026:16:31:51 +0200] "GET /shopping/043004970 HTTP/1.1" 404 391 "http://digitalni-asistent.com/sitemap294.xml" "Mozilla/5.0 AppleWebKit/537.36 (KHTML, like Gecko; compatible; GPTBot/1.3; +https://openai.com/gptbot)"
74.7.243.233 - - [11/May/2026:16:32:53 +0200] "GET /shopping/027022928 HTTP/1.1" 404 391 "http://digitalni-asistent.com/sitemap307.xml" "Mozilla/5.0 AppleWebKit/537.36 (KHTML, like Gecko; compatible; GPTBot/1.3; +https://openai.com/gptbot)"
74.7.243.233 - - [11/May/2026:16:33:55 +0200] "GET /shopping/209002620 HTTP/1.1" 404 391 "http://digitalni-asistent.com/sitemap294.xml" "Mozilla/5.0 AppleWebKit/537.36 (KHTML, like Gecko; compatible; GPTBot/1.3; +https://openai.com/gptbot)"
216.73.216.163 - - [11/May/2026:16:34:55 +0200] "GET / HTTP/1.1" 404 391 "-" "Mozilla/5.0 AppleWebKit/537.36 (KHTML, like Gecko; compatible; ClaudeBot/1.0; +claudebot@anthropic.com)"
74.7.243.233 - - [11/May/2026:16:34:58 +0200] "GET /shopping/207024600 HTTP/1.1" 404 391 "http://digitalni-asistent.com/sitemap94.xml" "Mozilla/5.0 AppleWebKit/537.36 (KHTML, like Gecko; compatible; GPTBot/1.3; +https://openai.com/gptbot)"
74.7.243.233 - - [11/May/2026:16:36:04 +0200] "GET /shopping/118002007 HTTP/1.1" 404 391 "http://digitalni-asistent.com/sitemap579.xml" "Mozilla/5.0 AppleWebKit/537.36 (KHTML, like Gecko; compatible; GPTBot/1.3; +https://openai.com/gptbot)"
74.7.243.233 - - [11/May/2026:16:37:07 +0200] "GET /shopping/112001101 HTTP/1.1" 404 391 "http://digitalni-asistent.com/sitemap579.xml" "Mozilla/5.0 AppleWebKit/537.36 (KHTML, like Gecko; compatible; GPTBot/1.3; +https://openai.com/gptbot)"
74.7.243.233 - - [11/May/2026:16:38:08 +0200] "GET /shopping/033032094 HTTP/1.1" 404 391 "http://digitalni-asistent.com/sitemap588.xml" "Mozilla/5.0 AppleWebKit/537.36 (KHTML, like Gecko; compatible; GPTBot/1.3; +https://openai.com/gptbot)"
74.7.243.233 - - [11/May/2026:16:39:11 +0200] "GET /shopping/009010174 HTTP/1.1" 404 391 "http://digitalni-asistent.com/sitemap588.xml" "Mozilla/5.0 AppleWebKit/537.36 (KHTML, like Gecko; compatible; GPTBot/1.3; +https://openai.com/gptbot)"
216.73.216.163 - - [11/May/2026:16:39:21 +0200] "GET /goods.php HTTP/1.1" 499 0 "-" "Mozilla/5.0 AppleWebKit/537.36 (KHTML, like Gecko; compatible; ClaudeBot/1.0; +claudebot@anthropic.com)"
74.7.243.233 - - [11/May/2026:16:40:16 +0200] "GET /shopping/083008428 HTTP/1.1" 404 391 "http://digitalni-asistent.com/sitemap94.xml" "Mozilla/5.0 AppleWebKit/537.36 (KHTML, like Gecko; compatible; GPTBot/1.3; +https://openai.com/gptbot)"
74.7.243.233 - - [11/May/2026:16:41:17 +0200] "GET /shopping/166016291 HTTP/1.1" 404 391 "http://digitalni-asistent.com/sitemap3.xml" "Mozilla/5.0 AppleWebKit/537.36 (KHTML, like Gecko; compatible; GPTBot/1.3; +https://openai.com/gptbot)"
216.73.216.163 - - [11/May/2026:16:41:53 +0200] "GET / HTTP/1.1" 404 391 "-" "Mozilla/5.0 AppleWebKit/537.36 (KHTML, like Gecko; compatible; ClaudeBot/1.0; +claudebot@anthropic.com)"
74.7.243.233 - - [11/May/2026:16:42:21 +0200] "GET /shopping/057005568 HTTP/1.1" 404 391 "http://digitalni-asistent.com/sitemap636.xml" "Mozilla/5.0 AppleWebKit/537.36 (KHTML, like Gecko; compatible; GPTBot/1.3; +https://openai.com/gptbot)"
216.73.216.163 - - [11/May/2026:16:42:23 +0200] "GET / HTTP/1.1" 404 391 "-" "Mozilla/5.0 AppleWebKit/537.36 (KHTML, like Gecko; compatible; ClaudeBot/1.0; +claudebot@anthropic.com)"
74.7.243.233 - - [11/May/2026:16:43:25 +0200] "GET /shopping/060036091 HTTP/1.1" 404 391 "http://digitalni-asistent.com/sitemap94.xml" "Mozilla/5.0 AppleWebKit/537.36 (KHTML, like Gecko; compatible; GPTBot/1.3; +https://openai.com/gptbot)"
74.7.243.233 - - [11/May/2026:16:44:28 +0200] "GET /shopping/164041451 HTTP/1.1" 404 391 "http://digitalni-asistent.com/sitemap85.xml" "Mozilla/5.0 AppleWebKit/537.36 (KHTML, like Gecko; compatible; GPTBot/1.3; +https://openai.com/gptbot)"
74.7.243.233 - - [11/May/2026:16:45:33 +0200] "GET /shopping/021003022 HTTP/1.1" 404 391 "http://digitalni-asistent.com/sitemap94.xml" "Mozilla/5.0 AppleWebKit/537.36 (KHTML, like Gecko; compatible; GPTBot/1.3; +https://openai.com/gptbot)"
74.7.243.233 - - [11/May/2026:16:46:37 +0200] "GET /shopping/177017376 HTTP/1.1" 404 391 "http://digitalni-asistent.com/sitemap3.xml" "Mozilla/5.0 AppleWebKit/537.36 (KHTML, like Gecko; compatible; GPTBot/1.3; +https://openai.com/gptbot)"
74.7.243.233 - - [11/May/2026:16:47:38 +0200] "GET /shopping/201022402 HTTP/1.1" 404 391 "http://digitalni-asistent.com/sitemap579.xml" "Mozilla/5.0 AppleWebKit/537.36 (KHTML, like Gecko; compatible; GPTBot/1.3; +https://openai.com/gptbot)"
74.7.243.233 - - [11/May/2026:16:48:40 +0200] "GET /shopping/027006110 HTTP/1.1" 404 391 "http://digitalni-asistent.com/sitemap636.xml" "Mozilla/5.0 AppleWebKit/537.36 (KHTML, like Gecko; compatible; GPTBot/1.3; +https://openai.com/gptbot)"
74.7.243.233 - - [11/May/2026:16:49:44 +0200] "GET /shopping/041002448 HTTP/1.1" 404 391 "http://digitalni-asistent.com/sitemap94.xml" "Mozilla/5.0 AppleWebKit/537.36 (KHTML, like Gecko; compatible; GPTBot/1.3; +https://openai.com/gptbot)"
74.7.243.233 - - [11/May/2026:16:50:45 +0200] "GET /shopping/022015525 HTTP/1.1" 404 391 "http://digitalni-asistent.com/sitemap579.xml" "Mozilla/5.0 AppleWebKit/537.36 (KHTML, like Gecko; compatible; GPTBot/1.3; +https://openai.com/gptbot)"
74.7.243.233 - - [11/May/2026:16:51:49 +0200] "GET /shopping/001003656 HTTP/1.1" 404 391 "http://digitalni-asistent.com/sitemap588.xml" "Mozilla/5.0 AppleWebKit/537.36 (KHTML, like Gecko; compatible; GPTBot/1.3; +https://openai.com/gptbot)"
74.7.243.233 - - [11/May/2026:16:52:52 +0200] "GET /shopping/131026616 HTTP/1.1" 404 391 "http://digitalni-asistent.com/sitemap588.xml" "Mozilla/5.0 AppleWebKit/537.36 (KHTML, like Gecko; compatible; GPTBot/1.3; +https://openai.com/gptbot)"
74.7.243.233 - - [11/May/2026:16:53:53 +0200] "GET /shopping/141007074 HTTP/1.1" 404 391 "http://digitalni-asistent.com/sitemap847.xml" "Mozilla/5.0 AppleWebKit/537.36 (KHTML, like Gecko; compatible; GPTBot/1.3; +https://openai.com/gptbot)"
74.7.243.233 - - [11/May/2026:16:54:57 +0200] "GET /shopping/242022303 HTTP/1.1" 404 391 "http://digitalni-asistent.com/sitemap85.xml" "Mozilla/5.0 AppleWebKit/537.36 (KHTML, like Gecko; compatible; GPTBot/1.3; +https://openai.com/gptbot)"
