74.7.241.51 - - [11/May/2026:16:42:10 +0200] "GET /brzitest.com.hr/6.php?sepatusuper=//proc/self/root/sys/class/tty/tty41/subsystem/tty43 HTTP/1.1" 403 285 "http://ithome.hr/brzitest.com.hr/6.php?sepatusuper=//proc/self/root/sys/class/tty/tty41/subsystem" "Mozilla/5.0 AppleWebKit/537.36 (KHTML, like Gecko; compatible; GPTBot/1.3; +https://openai.com/gptbot)"
74.7.241.51 - - [11/May/2026:16:42:47 +0200] "GET /brzitest.com.hr/6.php?sepatusuper=//proc/self/root/sys/class/tty/tty25/subsystem/tty22 HTTP/1.1" 403 285 "http://ithome.hr/brzitest.com.hr/6.php?sepatusuper=//proc/self/root/sys/class/tty/tty25/subsystem" "Mozilla/5.0 AppleWebKit/537.36 (KHTML, like Gecko; compatible; GPTBot/1.3; +https://openai.com/gptbot)"
74.7.227.10 - - [11/May/2026:16:42:55 +0200] "GET /brzitest.com.hr/6.php?sepatusuper=//proc/self/root/sys/devices/system/cpu/cpu7/driver/cpu5/node0/memory88/subsystem HTTP/1.1" 403 285 "http://mail.ithome.hr/brzitest.com.hr/6.php?sepatusuper=//proc/self/root/sys/devices/system/cpu/cpu7/driver/cpu5/node0/memory88" "Mozilla/5.0 AppleWebKit/537.36 (KHTML, like Gecko; compatible; GPTBot/1.3; +https://openai.com/gptbot)"
74.7.241.51 - - [11/May/2026:16:43:25 +0200] "GET /brzitest.com.hr/6.php?sepatusuper=//proc/self/root/sys/class/tty/tty56/subsystem/tty53 HTTP/1.1" 403 285 "http://ithome.hr/brzitest.com.hr/6.php?sepatusuper=//proc/self/root/sys/class/tty/tty56/subsystem" "Mozilla/5.0 AppleWebKit/537.36 (KHTML, like Gecko; compatible; GPTBot/1.3; +https://openai.com/gptbot)"
74.7.227.10 - - [11/May/2026:16:43:56 +0200] "GET /brzitest.com.hr/6.php?sepatusuper=//proc/self/root/sys/devices/system/cpu/cpu2/driver/cpu4/node0/memory59/subsystem HTTP/1.1" 403 285 "http://mail.ithome.hr/brzitest.com.hr/6.php?sepatusuper=//proc/self/root/sys/devices/system/cpu/cpu2/driver/cpu4/node0/memory59" "Mozilla/5.0 AppleWebKit/537.36 (KHTML, like Gecko; compatible; GPTBot/1.3; +https://openai.com/gptbot)"
74.7.241.51 - - [11/May/2026:16:44:01 +0200] "GET /brzitest.com.hr/6.php?sepatusuper=//proc/self/root/sys/class/tty/tty37/subsystem/tty33 HTTP/1.1" 403 285 "http://ithome.hr/brzitest.com.hr/6.php?sepatusuper=//proc/self/root/sys/class/tty/tty37/subsystem" "Mozilla/5.0 AppleWebKit/537.36 (KHTML, like Gecko; compatible; GPTBot/1.3; +https://openai.com/gptbot)"
74.7.241.51 - - [11/May/2026:16:44:38 +0200] "GET /brzitest.com.hr/6.php?sepatusuper=//proc/self/root/sys/class/tty/tty26/subsystem/tty2 HTTP/1.1" 403 285 "http://ithome.hr/brzitest.com.hr/6.php?sepatusuper=//proc/self/root/sys/class/tty/tty26/subsystem" "Mozilla/5.0 AppleWebKit/537.36 (KHTML, like Gecko; compatible; GPTBot/1.3; +https://openai.com/gptbot)"
74.7.227.10 - - [11/May/2026:16:44:58 +0200] "GET /brzitest.com.hr/6.php?sepatusuper=//proc/self/root/sys/devices/system/cpu/cpu2/driver/cpu3/node0/memory96/subsystem HTTP/1.1" 403 285 "http://mail.ithome.hr/brzitest.com.hr/6.php?sepatusuper=//proc/self/root/sys/devices/system/cpu/cpu2/driver/cpu3/node0/memory96" "Mozilla/5.0 AppleWebKit/537.36 (KHTML, like Gecko; compatible; GPTBot/1.3; +https://openai.com/gptbot)"
74.7.241.51 - - [11/May/2026:16:45:17 +0200] "GET /brzitest.com.hr/6.php?sepatusuper=//proc/self/root/sys/class/tty/tty31/subsystem/tty37 HTTP/1.1" 403 285 "http://ithome.hr/brzitest.com.hr/6.php?sepatusuper=//proc/self/root/sys/class/tty/tty31/subsystem" "Mozilla/5.0 AppleWebKit/537.36 (KHTML, like Gecko; compatible; GPTBot/1.3; +https://openai.com/gptbot)"
74.7.241.51 - - [11/May/2026:16:45:54 +0200] "GET /brzitest.com.hr/6.php?sepatusuper=//proc/self/root/sys/kernel/slab/task_delay_info HTTP/1.1" 403 285 "http://ithome.hr/brzitest.com.hr/6.php?sepatusuper=//proc/self/root/sys/kernel/slab" "Mozilla/5.0 AppleWebKit/537.36 (KHTML, like Gecko; compatible; GPTBot/1.3; +https://openai.com/gptbot)"
74.7.227.10 - - [11/May/2026:16:45:58 +0200] "GET /brzitest.com.hr/6.php?sepatusuper=//proc/self/root/sys/devices/system/cpu/cpu4/driver/cpu1/node0/memory43/subsystem HTTP/1.1" 403 285 "http://mail.ithome.hr/brzitest.com.hr/6.php?sepatusuper=//proc/self/root/sys/devices/system/cpu/cpu4/driver/cpu1/node0/memory43" "Mozilla/5.0 AppleWebKit/537.36 (KHTML, like Gecko; compatible; GPTBot/1.3; +https://openai.com/gptbot)"
74.7.241.51 - - [11/May/2026:16:46:31 +0200] "GET /brzitest.com.hr/6.php?filesrc=//proc/sys/net/ipv4/conf/default/bootp_relay&sepatusuper=//proc/sys/net/ipv4/conf/default HTTP/1.1" 403 285 "http://ithome.hr/brzitest.com.hr/6.php?sepatusuper=//proc/sys/net/ipv4/conf/default" "Mozilla/5.0 AppleWebKit/537.36 (KHTML, like Gecko; compatible; GPTBot/1.3; +https://openai.com/gptbot)"
74.7.227.10 - - [11/May/2026:16:47:02 +0200] "GET /brzitest.com.hr/6.php?sepatusuper=//proc/self/root/sys/devices/system/cpu/cpu7/driver/cpu2/node0/memory33/subsystem HTTP/1.1" 403 285 "http://mail.ithome.hr/brzitest.com.hr/6.php?sepatusuper=//proc/self/root/sys/devices/system/cpu/cpu7/driver/cpu2/node0/memory33" "Mozilla/5.0 AppleWebKit/537.36 (KHTML, like Gecko; compatible; GPTBot/1.3; +https://openai.com/gptbot)"
74.7.241.51 - - [11/May/2026:16:47:07 +0200] "GET /brzitest.com.hr/6.php?filesrc=//proc/sys/net/ipv4/conf/default/rp_filter&sepatusuper=//proc/sys/net/ipv4/conf/default HTTP/1.1" 403 285 "http://ithome.hr/brzitest.com.hr/6.php?sepatusuper=//proc/sys/net/ipv4/conf/default" "Mozilla/5.0 AppleWebKit/537.36 (KHTML, like Gecko; compatible; GPTBot/1.3; +https://openai.com/gptbot)"
74.7.241.51 - - [11/May/2026:16:47:45 +0200] "GET /brzitest.com.hr/6.php?filesrc=//proc/sys/net/ipv4/conf/default/arp_notify&sepatusuper=//proc/sys/net/ipv4/conf/default HTTP/1.1" 403 285 "http://ithome.hr/brzitest.com.hr/6.php?sepatusuper=//proc/sys/net/ipv4/conf/default" "Mozilla/5.0 AppleWebKit/537.36 (KHTML, like Gecko; compatible; GPTBot/1.3; +https://openai.com/gptbot)"
74.7.227.10 - - [11/May/2026:16:48:05 +0200] "GET /brzitest.com.hr/6.php?sepatusuper=//proc/self/root/sys/devices/system/cpu/cpu4/driver/cpu1/node0/cpu3/node0 HTTP/1.1" 403 285 "http://mail.ithome.hr/brzitest.com.hr/6.php?sepatusuper=//proc/self/root/sys/devices/system/cpu/cpu4/driver/cpu1/node0/cpu3" "Mozilla/5.0 AppleWebKit/537.36 (KHTML, like Gecko; compatible; GPTBot/1.3; +https://openai.com/gptbot)"
74.7.241.51 - - [11/May/2026:16:48:23 +0200] "GET /brzitest.com.hr/6.php?filesrc=//proc/sys/net/ipv4/neigh/default/app_solicit&sepatusuper=//proc/sys/net/ipv4/neigh/default HTTP/1.1" 403 285 "http://ithome.hr/brzitest.com.hr/6.php?sepatusuper=//proc/sys/net/ipv4/neigh/default" "Mozilla/5.0 AppleWebKit/537.36 (KHTML, like Gecko; compatible; GPTBot/1.3; +https://openai.com/gptbot)"
74.7.241.51 - - [11/May/2026:16:49:00 +0200] "GET /brzitest.com.hr/6.php?filesrc=//proc/sys/net/ipv4/conf/default/arp_filter&sepatusuper=//proc/sys/net/ipv4/conf/default HTTP/1.1" 403 285 "http://ithome.hr/brzitest.com.hr/6.php?sepatusuper=//proc/sys/net/ipv4/conf/default" "Mozilla/5.0 AppleWebKit/537.36 (KHTML, like Gecko; compatible; GPTBot/1.3; +https://openai.com/gptbot)"
74.7.227.10 - - [11/May/2026:16:49:10 +0200] "GET /brzitest.com.hr/6.php?sepatusuper=//proc/self/root/sys/devices/system/cpu/cpu7/driver/cpu5/node0/memory47/subsystem HTTP/1.1" 403 285 "http://mail.ithome.hr/brzitest.com.hr/6.php?sepatusuper=//proc/self/root/sys/devices/system/cpu/cpu7/driver/cpu5/node0/memory47" "Mozilla/5.0 AppleWebKit/537.36 (KHTML, like Gecko; compatible; GPTBot/1.3; +https://openai.com/gptbot)"
204.76.203.206 - - [11/May/2026:16:49:18 +0200] "GET / HTTP/1.1" 200 163 "-" "Mozilla/5.0"
74.7.241.51 - - [11/May/2026:16:49:37 +0200] "GET /brzitest.com.hr/6.php?filesrc=//proc/sys/net/ipv4/conf/default/proxy_arp&sepatusuper=//proc/sys/net/ipv4/conf/default HTTP/1.1" 403 285 "http://ithome.hr/brzitest.com.hr/6.php?sepatusuper=//proc/sys/net/ipv4/conf/default" "Mozilla/5.0 AppleWebKit/537.36 (KHTML, like Gecko; compatible; GPTBot/1.3; +https://openai.com/gptbot)"
74.7.227.10 - - [11/May/2026:16:50:10 +0200] "GET /brzitest.com.hr/6.php?sepatusuper=//proc/self/root/sys/devices/system/cpu/cpu7/driver/cpu1/node0/memory97/subsystem HTTP/1.1" 403 285 "http://mail.ithome.hr/brzitest.com.hr/6.php?sepatusuper=//proc/self/root/sys/devices/system/cpu/cpu7/driver/cpu1/node0/memory97" "Mozilla/5.0 AppleWebKit/537.36 (KHTML, like Gecko; compatible; GPTBot/1.3; +https://openai.com/gptbot)"
74.7.241.51 - - [11/May/2026:16:50:12 +0200] "GET /brzitest.com.hr/6.php?filesrc=//proc/sys/net/ipv4/conf/default/arp_announce&sepatusuper=//proc/sys/net/ipv4/conf/default HTTP/1.1" 403 285 "http://ithome.hr/brzitest.com.hr/6.php?sepatusuper=//proc/sys/net/ipv4/conf/default" "Mozilla/5.0 AppleWebKit/537.36 (KHTML, like Gecko; compatible; GPTBot/1.3; +https://openai.com/gptbot)"
5.226.140.117 - - [11/May/2026:16:50:13 +0200] "GET / HTTP/1.1" 200 163 "-" "Mozilla/5.0 (compatible; Infrawatch/1.0; +https://infrawat.ch/)"
74.7.241.51 - - [11/May/2026:16:50:50 +0200] "GET /brzitest.com.hr/6.php?filesrc=//proc/sys/net/ipv4/conf/default/arp_ignore&sepatusuper=//proc/sys/net/ipv4/conf/default HTTP/1.1" 403 285 "http://ithome.hr/brzitest.com.hr/6.php?sepatusuper=//proc/sys/net/ipv4/conf/default" "Mozilla/5.0 AppleWebKit/537.36 (KHTML, like Gecko; compatible; GPTBot/1.3; +https://openai.com/gptbot)"
74.7.227.10 - - [11/May/2026:16:51:12 +0200] "GET /brzitest.com.hr/6.php?sepatusuper=//proc/self/root/sys/devices/system/cpu/cpu7/driver/cpu4/node0/memory79/subsystem HTTP/1.1" 403 285 "http://mail.ithome.hr/brzitest.com.hr/6.php?sepatusuper=//proc/self/root/sys/devices/system/cpu/cpu7/driver/cpu4/node0/memory79" "Mozilla/5.0 AppleWebKit/537.36 (KHTML, like Gecko; compatible; GPTBot/1.3; +https://openai.com/gptbot)"
74.7.241.51 - - [11/May/2026:16:51:25 +0200] "GET /brzitest.com.hr/6.php?filesrc=//proc/sys/net/ipv4/conf/default/shared_media&sepatusuper=//proc/sys/net/ipv4/conf/default HTTP/1.1" 403 285 "http://ithome.hr/brzitest.com.hr/6.php?sepatusuper=//proc/sys/net/ipv4/conf/default" "Mozilla/5.0 AppleWebKit/537.36 (KHTML, like Gecko; compatible; GPTBot/1.3; +https://openai.com/gptbot)"
74.7.241.51 - - [11/May/2026:16:52:03 +0200] "GET /brzitest.com.hr/6.php?filesrc=//proc/sys/net/ipv4/conf/default/accept_local&sepatusuper=//proc/sys/net/ipv4/conf/default HTTP/1.1" 403 285 "http://ithome.hr/brzitest.com.hr/6.php?sepatusuper=//proc/sys/net/ipv4/conf/default" "Mozilla/5.0 AppleWebKit/537.36 (KHTML, like Gecko; compatible; GPTBot/1.3; +https://openai.com/gptbot)"
43.166.1.243 - - [11/May/2026:16:52:07 +0200] "GET /?C=S;O=A HTTP/1.1" 200 1310 "-" "Mozilla/5.0 (iPhone; CPU iPhone OS 13_2_3 like Mac OS X) AppleWebKit/605.1.15 (KHTML, like Gecko) Version/13.0.3 Mobile/15E148 Safari/604.1"
74.7.227.10 - - [11/May/2026:16:52:16 +0200] "GET /brzitest.com.hr/6.php?sepatusuper=//proc/self/root/sys/devices/system/cpu/cpu5/driver/cpu0/node0/memory49/subsystem HTTP/1.1" 403 285 "http://mail.ithome.hr/brzitest.com.hr/6.php?sepatusuper=//proc/self/root/sys/devices/system/cpu/cpu5/driver/cpu0/node0/memory49" "Mozilla/5.0 AppleWebKit/537.36 (KHTML, like Gecko; compatible; GPTBot/1.3; +https://openai.com/gptbot)"
74.7.241.51 - - [11/May/2026:16:52:40 +0200] "GET /brzitest.com.hr/6.php?sepatusuper=//proc/self/root/sys/devices/system/cpu/cpu2/driver/cpu0/node0/memory222/subsystem/drivers HTTP/1.1" 403 285 "http://ithome.hr/brzitest.com.hr/6.php?sepatusuper=//proc/self/root/sys/devices/system/cpu/cpu2/driver/cpu0/node0/memory222/subsystem" "Mozilla/5.0 AppleWebKit/537.36 (KHTML, like Gecko; compatible; GPTBot/1.3; +https://openai.com/gptbot)"
74.7.241.51 - - [11/May/2026:16:53:17 +0200] "GET /brzitest.com.hr/6.php?sepatusuper=//proc/self/root/sys/devices/system/cpu/cpu2/driver/cpu6/node0/memory222/subsystem/drivers HTTP/1.1" 403 285 "http://ithome.hr/brzitest.com.hr/6.php?sepatusuper=//proc/self/root/sys/devices/system/cpu/cpu2/driver/cpu6/node0/memory222/subsystem" "Mozilla/5.0 AppleWebKit/537.36 (KHTML, like Gecko; compatible; GPTBot/1.3; +https://openai.com/gptbot)"
74.7.227.10 - - [11/May/2026:16:53:19 +0200] "GET /brzitest.com.hr/6.php?sepatusuper=//proc/self/root/sys/devices/system/cpu/cpu4/driver/cpu7/node0/memory53/subsystem HTTP/1.1" 403 285 "http://mail.ithome.hr/brzitest.com.hr/6.php?sepatusuper=//proc/self/root/sys/devices/system/cpu/cpu4/driver/cpu7/node0/memory53" "Mozilla/5.0 AppleWebKit/537.36 (KHTML, like Gecko; compatible; GPTBot/1.3; +https://openai.com/gptbot)"
74.7.241.51 - - [11/May/2026:16:53:55 +0200] "GET /brzitest.com.hr/6.php?filesrc=//proc/sys/net/ipv4/conf/eth0/mc_forwarding&sepatusuper=//proc/sys/net/ipv4/conf/eth0 HTTP/1.1" 403 285 "http://ithome.hr/brzitest.com.hr/6.php?sepatusuper=//proc/sys/net/ipv4/conf/eth0" "Mozilla/5.0 AppleWebKit/537.36 (KHTML, like Gecko; compatible; GPTBot/1.3; +https://openai.com/gptbot)"
74.7.227.10 - - [11/May/2026:16:54:23 +0200] "GET /brzitest.com.hr/6.php?sepatusuper=//proc/self/root/sys/devices/system/cpu/cpu2/driver/cpu6/node0/memory18/subsystem HTTP/1.1" 403 285 "http://mail.ithome.hr/brzitest.com.hr/6.php?sepatusuper=//proc/self/root/sys/devices/system/cpu/cpu2/driver/cpu6/node0/memory18" "Mozilla/5.0 AppleWebKit/537.36 (KHTML, like Gecko; compatible; GPTBot/1.3; +https://openai.com/gptbot)"
74.7.241.51 - - [11/May/2026:16:54:31 +0200] "GET /brzitest.com.hr/6.php?filesrc=//proc/sys/net/ipv4/neigh/eth0/proxy_delay&sepatusuper=//proc/sys/net/ipv4/neigh/eth0 HTTP/1.1" 403 285 "http://ithome.hr/brzitest.com.hr/6.php?sepatusuper=//proc/sys/net/ipv4/neigh/eth0" "Mozilla/5.0 AppleWebKit/537.36 (KHTML, like Gecko; compatible; GPTBot/1.3; +https://openai.com/gptbot)"
74.7.241.51 - - [11/May/2026:16:55:08 +0200] "GET /brzitest.com.hr/6.php?filesrc=//proc/sys/net/ipv6/conf/eth0/max_desync_factor&sepatusuper=//proc/sys/net/ipv6/conf/eth0 HTTP/1.1" 403 285 "http://ithome.hr/brzitest.com.hr/6.php?sepatusuper=//proc/sys/net/ipv6/conf/eth0" "Mozilla/5.0 AppleWebKit/537.36 (KHTML, like Gecko; compatible; GPTBot/1.3; +https://openai.com/gptbot)"
74.7.227.10 - - [11/May/2026:16:55:29 +0200] "GET /brzitest.com.hr/6.php?sepatusuper=//proc/self/root/sys/devices/system/cpu/cpu5/driver/cpu4/node0/memory73/subsystem HTTP/1.1" 403 285 "http://mail.ithome.hr/brzitest.com.hr/6.php?sepatusuper=//proc/self/root/sys/devices/system/cpu/cpu5/driver/cpu4/node0/memory73" "Mozilla/5.0 AppleWebKit/537.36 (KHTML, like Gecko; compatible; GPTBot/1.3; +https://openai.com/gptbot)"
74.7.241.51 - - [11/May/2026:16:55:44 +0200] "GET /brzitest.com.hr/6.php?filesrc=//proc/sys/net/ipv6/conf/eth0/mc_forwarding&sepatusuper=//proc/sys/net/ipv6/conf/eth0 HTTP/1.1" 403 285 "http://ithome.hr/brzitest.com.hr/6.php?sepatusuper=//proc/sys/net/ipv6/conf/eth0" "Mozilla/5.0 AppleWebKit/537.36 (KHTML, like Gecko; compatible; GPTBot/1.3; +https://openai.com/gptbot)"
74.7.241.51 - - [11/May/2026:16:56:21 +0200] "GET /brzitest.com.hr/6.php?filesrc=//proc/sys/net/ipv6/conf/eth0/keep_addr_on_down&sepatusuper=//proc/sys/net/ipv6/conf/eth0 HTTP/1.1" 403 285 "http://ithome.hr/brzitest.com.hr/6.php?sepatusuper=//proc/sys/net/ipv6/conf/eth0" "Mozilla/5.0 AppleWebKit/537.36 (KHTML, like Gecko; compatible; GPTBot/1.3; +https://openai.com/gptbot)"
74.7.244.28 - - [11/May/2026:16:56:22 +0200] "GET /robots.txt HTTP/1.1" 404 277 "-" "Mozilla/5.0 (Macintosh; Intel Mac OS X 10_15_7) AppleWebKit/537.36 (KHTML, like Gecko) Chrome/131.0.0.0 Safari/537.36; compatible; OAI-SearchBot/1.3; robots.txt; +https://openai.com/searchbot"
74.7.227.10 - - [11/May/2026:16:56:34 +0200] "GET /brzitest.com.hr/6.php?sepatusuper=//proc/self/root/sys/devices/system/cpu/cpu5/driver/cpu4/node0/memory80/subsystem HTTP/1.1" 403 285 "http://mail.ithome.hr/brzitest.com.hr/6.php?sepatusuper=//proc/self/root/sys/devices/system/cpu/cpu5/driver/cpu4/node0/memory80" "Mozilla/5.0 AppleWebKit/537.36 (KHTML, like Gecko; compatible; GPTBot/1.3; +https://openai.com/gptbot)"
74.7.241.51 - - [11/May/2026:16:56:58 +0200] "GET /brzitest.com.hr/6.php?filesrc=//proc/sys/net/ipv4/conf/eth0/disable_xfrm&sepatusuper=//proc/sys/net/ipv4/conf/eth0 HTTP/1.1" 403 285 "http://ithome.hr/brzitest.com.hr/6.php?sepatusuper=//proc/sys/net/ipv4/conf/eth0" "Mozilla/5.0 AppleWebKit/537.36 (KHTML, like Gecko; compatible; GPTBot/1.3; +https://openai.com/gptbot)"
74.7.241.51 - - [11/May/2026:16:57:35 +0200] "GET /brzitest.com.hr/6.php?filesrc=//proc/sys/net/ipv4/conf/eth0/src_valid_mark&sepatusuper=//proc/sys/net/ipv4/conf/eth0 HTTP/1.1" 403 285 "http://ithome.hr/brzitest.com.hr/6.php?sepatusuper=//proc/sys/net/ipv4/conf/eth0" "Mozilla/5.0 AppleWebKit/537.36 (KHTML, like Gecko; compatible; GPTBot/1.3; +https://openai.com/gptbot)"
74.7.227.10 - - [11/May/2026:16:57:35 +0200] "GET /brzitest.com.hr/6.php?sepatusuper=//proc/self/root/sys/devices/system/cpu/cpu2/driver/cpu5/node0/memory40/subsystem HTTP/1.1" 403 285 "http://mail.ithome.hr/brzitest.com.hr/6.php?sepatusuper=//proc/self/root/sys/devices/system/cpu/cpu2/driver/cpu5/node0/memory40" "Mozilla/5.0 AppleWebKit/537.36 (KHTML, like Gecko; compatible; GPTBot/1.3; +https://openai.com/gptbot)"
74.7.241.51 - - [11/May/2026:16:58:13 +0200] "GET /brzitest.com.hr/6.php?sepatusuper=//proc/self/root/opt/cpanel/ea-wappspector/vendor/symfony/polyfill-php80 HTTP/1.1" 403 285 "http://ithome.hr/brzitest.com.hr/6.php?sepatusuper=//proc/self/root/opt/cpanel/ea-wappspector/vendor/symfony" "Mozilla/5.0 AppleWebKit/537.36 (KHTML, like Gecko; compatible; GPTBot/1.3; +https://openai.com/gptbot)"
74.7.227.10 - - [11/May/2026:16:58:37 +0200] "GET /brzitest.com.hr/6.php?sepatusuper=//proc/self/root/sys/devices/system/cpu/cpu4/driver/cpu7/node0/memory93/subsystem HTTP/1.1" 403 285 "http://mail.ithome.hr/brzitest.com.hr/6.php?sepatusuper=//proc/self/root/sys/devices/system/cpu/cpu4/driver/cpu7/node0/memory93" "Mozilla/5.0 AppleWebKit/537.36 (KHTML, like Gecko; compatible; GPTBot/1.3; +https://openai.com/gptbot)"
74.7.241.51 - - [11/May/2026:16:58:52 +0200] "GET /brzitest.com.hr/6.php?sepatusuper=//proc/self/root/opt/cpanel/ea-wappspector/vendor/symfony/polyfill-php73 HTTP/1.1" 403 285 "http://ithome.hr/brzitest.com.hr/6.php?sepatusuper=//proc/self/root/opt/cpanel/ea-wappspector/vendor/symfony" "Mozilla/5.0 AppleWebKit/537.36 (KHTML, like Gecko; compatible; GPTBot/1.3; +https://openai.com/gptbot)"
204.76.203.206 - - [11/May/2026:16:59:30 +0200] "GET / HTTP/1.1" 200 163 "-" "Mozilla/5.0"
74.7.241.51 - - [11/May/2026:16:59:30 +0200] "GET /brzitest.com.hr/6.php?sepatusuper=//proc/self/root/var/imunify360 HTTP/1.1" 403 285 "http://ithome.hr/brzitest.com.hr/6.php?sepatusuper=//proc/self/root/var" "Mozilla/5.0 AppleWebKit/537.36 (KHTML, like Gecko; compatible; GPTBot/1.3; +https://openai.com/gptbot)"
74.7.227.10 - - [11/May/2026:16:59:42 +0200] "GET /brzitest.com.hr/6.php?sepatusuper=//proc/self/root/sys/devices/system/cpu/cpu4/driver/cpu6/node0/memory13/subsystem HTTP/1.1" 403 285 "http://mail.ithome.hr/brzitest.com.hr/6.php?sepatusuper=//proc/self/root/sys/devices/system/cpu/cpu4/driver/cpu6/node0/memory13" "Mozilla/5.0 AppleWebKit/537.36 (KHTML, like Gecko; compatible; GPTBot/1.3; +https://openai.com/gptbot)"
74.7.241.51 - - [11/May/2026:17:00:07 +0200] "GET /brzitest.com.hr/6.php?sepatusuper=//proc/self/root/lib/firmware/av7110 HTTP/1.1" 403 285 "http://ithome.hr/brzitest.com.hr/6.php?sepatusuper=//proc/self/root/lib/firmware" "Mozilla/5.0 AppleWebKit/537.36 (KHTML, like Gecko; compatible; GPTBot/1.3; +https://openai.com/gptbot)"
74.7.241.51 - - [11/May/2026:17:00:42 +0200] "GET /brzitest.com.hr/6.php?sepatusuper=//proc/self/root/usr/lib64/girepository-1.0 HTTP/1.1" 403 285 "http://ithome.hr/brzitest.com.hr/6.php?sepatusuper=//proc/self/root/usr/lib64" "Mozilla/5.0 AppleWebKit/537.36 (KHTML, like Gecko; compatible; GPTBot/1.3; +https://openai.com/gptbot)"
74.7.227.10 - - [11/May/2026:17:00:45 +0200] "GET /brzitest.com.hr/6.php?sepatusuper=//proc/self/root/sys/devices/system/cpu/cpu7/driver/cpu3/node0/memory40/subsystem HTTP/1.1" 403 285 "http://mail.ithome.hr/brzitest.com.hr/6.php?sepatusuper=//proc/self/root/sys/devices/system/cpu/cpu7/driver/cpu3/node0/memory40" "Mozilla/5.0 AppleWebKit/537.36 (KHTML, like Gecko; compatible; GPTBot/1.3; +https://openai.com/gptbot)"
43.159.63.116 - - [11/May/2026:17:01:12 +0200] "GET /cataleya-cup.com/ HTTP/1.1" 404 0 "-" "Mozilla/5.0 (iPhone; CPU iPhone OS 13_2_3 like Mac OS X) AppleWebKit/605.1.15 (KHTML, like Gecko) Version/13.0.3 Mobile/15E148 Safari/604.1"
74.7.241.51 - - [11/May/2026:17:01:21 +0200] "GET /brzitest.com.hr/6.php?filesrc=//proc/self/root/sys/class/net/eth0/power/runtime_active_kids&sepatusuper=//proc/self/root/sys/class/net/eth0/power HTTP/1.1" 403 285 "http://ithome.hr/brzitest.com.hr/6.php?sepatusuper=//proc/self/root/sys/class/net/eth0/power" "Mozilla/5.0 AppleWebKit/537.36 (KHTML, like Gecko; compatible; GPTBot/1.3; +https://openai.com/gptbot)"
152.32.233.183 - - [11/May/2026:17:01:47 +0200] "GET / HTTP/1.1" 200 1311 "-" "Mozilla/5.0 (X11; Linux i686) AppleWebKit/537.36 (KHTML, like Gecko) Chrome/142.0.0.0 Safari/537.36"
74.7.227.10 - - [11/May/2026:17:01:51 +0200] "GET /brzitest.com.hr/6.php?sepatusuper=//proc/self/root/sys/devices/system/cpu/cpu5/driver/cpu4/node0/memory52/subsystem HTTP/1.1" 403 285 "http://mail.ithome.hr/brzitest.com.hr/6.php?sepatusuper=//proc/self/root/sys/devices/system/cpu/cpu5/driver/cpu4/node0/memory52" "Mozilla/5.0 AppleWebKit/537.36 (KHTML, like Gecko; compatible; GPTBot/1.3; +https://openai.com/gptbot)"
74.7.241.51 - - [11/May/2026:17:01:57 +0200] "GET /brzitest.com.hr/6.php?sepatusuper=//proc/self/root/sys/devices/virtual/misc/nvram/subsystem/hw_random HTTP/1.1" 403 285 "http://ithome.hr/brzitest.com.hr/6.php?sepatusuper=//proc/self/root/sys/devices/virtual/misc/nvram/subsystem" "Mozilla/5.0 AppleWebKit/537.36 (KHTML, like Gecko; compatible; GPTBot/1.3; +https://openai.com/gptbot)"
152.32.233.183 - - [11/May/2026:17:01:59 +0200] "GET /favicon.ico HTTP/1.1" 404 277 "-" "Mozilla/5.0 (X11; Linux i686) AppleWebKit/537.36 (KHTML, like Gecko) Chrome/142.0.0.0 Safari/537.36"
74.7.241.51 - - [11/May/2026:17:02:33 +0200] "GET /brzitest.com.hr/6.php?sepatusuper=//proc/self/root/sys/devices/virtual/misc/kvm/subsystem/hw_random HTTP/1.1" 403 285 "http://ithome.hr/brzitest.com.hr/6.php?sepatusuper=//proc/self/root/sys/devices/virtual/misc/kvm/subsystem" "Mozilla/5.0 AppleWebKit/537.36 (KHTML, like Gecko; compatible; GPTBot/1.3; +https://openai.com/gptbot)"
74.7.227.10 - - [11/May/2026:17:02:51 +0200] "GET /brzitest.com.hr/6.php?sepatusuper=//proc/self/root/sys/devices/system/cpu/cpu4/driver/cpu5/node0/memory98/subsystem HTTP/1.1" 403 285 "http://mail.ithome.hr/brzitest.com.hr/6.php?sepatusuper=//proc/self/root/sys/devices/system/cpu/cpu4/driver/cpu5/node0/memory98" "Mozilla/5.0 AppleWebKit/537.36 (KHTML, like Gecko; compatible; GPTBot/1.3; +https://openai.com/gptbot)"
74.7.241.51 - - [11/May/2026:17:03:11 +0200] "GET /brzitest.com.hr/6.php?sepatusuper=//proc/self/root/sys/class/misc/hw_random/subsystem/network_latency HTTP/1.1" 403 285 "http://ithome.hr/brzitest.com.hr/6.php?sepatusuper=//proc/self/root/sys/class/misc/hw_random/subsystem" "Mozilla/5.0 AppleWebKit/537.36 (KHTML, like Gecko; compatible; GPTBot/1.3; +https://openai.com/gptbot)"
74.7.241.51 - - [11/May/2026:17:03:50 +0200] "GET /brzitest.com.hr/6.php?sepatusuper=//proc/self/root/sys/class/misc/vga_arbiter/subsystem/hw_random HTTP/1.1" 403 285 "http://ithome.hr/brzitest.com.hr/6.php?sepatusuper=//proc/self/root/sys/class/misc/vga_arbiter/subsystem" "Mozilla/5.0 AppleWebKit/537.36 (KHTML, like Gecko; compatible; GPTBot/1.3; +https://openai.com/gptbot)"
74.7.227.10 - - [11/May/2026:17:03:55 +0200] "GET /brzitest.com.hr/6.php?sepatusuper=//proc/self/root/sys/devices/system/cpu/cpu7/driver/cpu6/node0/memory12/subsystem HTTP/1.1" 403 285 "http://mail.ithome.hr/brzitest.com.hr/6.php?sepatusuper=//proc/self/root/sys/devices/system/cpu/cpu7/driver/cpu6/node0/memory12" "Mozilla/5.0 AppleWebKit/537.36 (KHTML, like Gecko; compatible; GPTBot/1.3; +https://openai.com/gptbot)"
204.76.203.206 - - [11/May/2026:17:04:22 +0200] "GET / HTTP/1.1" 200 163 "-" "Mozilla/5.0"
74.7.241.51 - - [11/May/2026:17:04:28 +0200] "GET /brzitest.com.hr/6.php?sepatusuper=//proc/self/root/sys/class/misc/vga_arbiter/subsystem/network_latency HTTP/1.1" 403 285 "http://ithome.hr/brzitest.com.hr/6.php?sepatusuper=//proc/self/root/sys/class/misc/vga_arbiter/subsystem" "Mozilla/5.0 AppleWebKit/537.36 (KHTML, like Gecko; compatible; GPTBot/1.3; +https://openai.com/gptbot)"
74.7.227.10 - - [11/May/2026:17:04:56 +0200] "GET /brzitest.com.hr/6.php?sepatusuper=//proc/self/root/sys/devices/system/cpu/cpu5/driver/cpu2/node0/memory83/subsystem HTTP/1.1" 403 285 "http://mail.ithome.hr/brzitest.com.hr/6.php?sepatusuper=//proc/self/root/sys/devices/system/cpu/cpu5/driver/cpu2/node0/memory83" "Mozilla/5.0 AppleWebKit/537.36 (KHTML, like Gecko; compatible; GPTBot/1.3; +https://openai.com/gptbot)"
74.7.241.51 - - [11/May/2026:17:05:04 +0200] "GET /brzitest.com.hr/6.php?sepatusuper=//proc/self/root/sys/devices/virtual/misc/mcelog/subsystem/hw_random HTTP/1.1" 403 285 "http://ithome.hr/brzitest.com.hr/6.php?sepatusuper=//proc/self/root/sys/devices/virtual/misc/mcelog/subsystem" "Mozilla/5.0 AppleWebKit/537.36 (KHTML, like Gecko; compatible; GPTBot/1.3; +https://openai.com/gptbot)"
74.7.241.51 - - [11/May/2026:17:05:43 +0200] "GET /brzitest.com.hr/6.php?sepatusuper=//proc/self/root/sys/class/misc/hw_random/subsystem/vga_arbiter HTTP/1.1" 403 285 "http://ithome.hr/brzitest.com.hr/6.php?sepatusuper=//proc/self/root/sys/class/misc/hw_random/subsystem" "Mozilla/5.0 AppleWebKit/537.36 (KHTML, like Gecko; compatible; GPTBot/1.3; +https://openai.com/gptbot)"
74.7.227.10 - - [11/May/2026:17:05:56 +0200] "GET /brzitest.com.hr/6.php?sepatusuper=//proc/self/root/sys/devices/system/cpu/cpu4/driver/cpu2/node0/memory14/subsystem HTTP/1.1" 403 285 "http://mail.ithome.hr/brzitest.com.hr/6.php?sepatusuper=//proc/self/root/sys/devices/system/cpu/cpu4/driver/cpu2/node0/memory14" "Mozilla/5.0 AppleWebKit/537.36 (KHTML, like Gecko; compatible; GPTBot/1.3; +https://openai.com/gptbot)"
172.234.217.129 - - [11/May/2026:17:06:14 +0200] "GET / HTTP/1.1" 200 163 "-" "Mozilla/5.0 (Macintosh; Intel Mac OS X 13_1) AppleWebKit/537.36 (KHTML, like Gecko) Chrome/108.0.0.0 Safari/537.36"
74.7.241.51 - - [11/May/2026:17:06:19 +0200] "GET /brzitest.com.hr/6.php?sepatusuper=//proc/self/root/sys/devices/virtual/misc/kcare/subsystem/hw_random HTTP/1.1" 403 285 "http://ithome.hr/brzitest.com.hr/6.php?sepatusuper=//proc/self/root/sys/devices/virtual/misc/kcare/subsystem" "Mozilla/5.0 AppleWebKit/537.36 (KHTML, like Gecko; compatible; GPTBot/1.3; +https://openai.com/gptbot)"
152.32.233.183 - - [11/May/2026:17:06:25 +0200] "GET /favicon.ico HTTP/1.1" 404 277 "-" "Go-http-client/1.1"
74.7.241.51 - - [11/May/2026:17:06:56 +0200] "GET /brzitest.com.hr/6.php?sepatusuper=//proc/self/root/sys/kernel/slab/selinux_inode_security HTTP/1.1" 403 285 "http://ithome.hr/brzitest.com.hr/6.php?sepatusuper=//proc/self/root/sys/kernel/slab" "Mozilla/5.0 AppleWebKit/537.36 (KHTML, like Gecko; compatible; GPTBot/1.3; +https://openai.com/gptbot)"
74.7.227.10 - - [11/May/2026:17:07:01 +0200] "GET /brzitest.com.hr/6.php?sepatusuper=//proc/self/root/sys/devices/system/cpu/cpu4/driver/cpu1/node0/memory94/subsystem HTTP/1.1" 403 285 "http://mail.ithome.hr/brzitest.com.hr/6.php?sepatusuper=//proc/self/root/sys/devices/system/cpu/cpu4/driver/cpu1/node0/memory94" "Mozilla/5.0 AppleWebKit/537.36 (KHTML, like Gecko; compatible; GPTBot/1.3; +https://openai.com/gptbot)"
74.7.241.51 - - [11/May/2026:17:07:32 +0200] "GET /brzitest.com.hr/6.php?sepatusuper=//proc/self/root/usr/lib64/gems/ruby/bigdecimal-1.2.0 HTTP/1.1" 403 285 "http://ithome.hr/brzitest.com.hr/6.php?sepatusuper=//proc/self/root/usr/lib64/gems/ruby" "Mozilla/5.0 AppleWebKit/537.36 (KHTML, like Gecko; compatible; GPTBot/1.3; +https://openai.com/gptbot)"
172.212.217.10 - - [11/May/2026:17:07:45 +0200] "GET /wp-content/plugins/hellopress/wp_filemanager.php HTTP/1.1" 404 355 "-" "-"
172.212.217.10 - - [11/May/2026:17:07:45 +0200] "GET /moon.php?p= HTTP/1.1" 404 27 "-" "-"
172.212.217.10 - - [11/May/2026:17:07:45 +0200] "GET /a1.php HTTP/1.1" 404 27 "-" "-"
172.212.217.10 - - [11/May/2026:17:07:45 +0200] "GET /ahax.php HTTP/1.1" 404 27 "-" "-"
172.212.217.10 - - [11/May/2026:17:07:46 +0200] "GET /lite.php?p= HTTP/1.1" 404 27 "-" "-"
172.212.217.10 - - [11/May/2026:17:07:46 +0200] "GET /k.php HTTP/1.1" 404 27 "-" "-"
172.212.217.10 - - [11/May/2026:17:07:46 +0200] "GET /leaf.php HTTP/1.1" 404 27 "-" "-"
172.212.217.10 - - [11/May/2026:17:07:46 +0200] "GET /wp-conflg.php?p= HTTP/1.1" 404 27 "-" "-"
172.212.217.10 - - [11/May/2026:17:07:46 +0200] "GET /wp_filemanager.php?p= HTTP/1.1" 404 27 "-" "-"
172.212.217.10 - - [11/May/2026:17:07:47 +0200] "GET /pp.php HTTP/1.1" 404 27 "-" "-"
172.212.217.10 - - [11/May/2026:17:07:47 +0200] "GET /index26.php HTTP/1.1" 404 27 "-" "-"
172.212.217.10 - - [11/May/2026:17:07:47 +0200] "GET /12.php HTTP/1.1" 404 27 "-" "-"
172.212.217.10 - - [11/May/2026:17:07:47 +0200] "GET /Marvins.php HTTP/1.1" 404 27 "-" "-"
172.212.217.10 - - [11/May/2026:17:07:47 +0200] "GET /wp-config.php.backup HTTP/1.1" 404 355 "-" "-"
172.212.217.10 - - [11/May/2026:17:07:48 +0200] "GET /aa.php HTTP/1.1" 404 27 "-" "-"
172.212.217.10 - - [11/May/2026:17:07:48 +0200] "GET /abcd.php HTTP/1.1" 404 27 "-" "-"
172.212.217.10 - - [11/May/2026:17:07:48 +0200] "GET /a2.php HTTP/1.1" 404 27 "-" "-"
172.212.217.10 - - [11/May/2026:17:07:48 +0200] "GET /wp-gr.php HTTP/1.1" 404 27 "-" "-"
172.212.217.10 - - [11/May/2026:17:07:49 +0200] "GET /xynz1.php HTTP/1.1" 404 27 "-" "-"
172.212.217.10 - - [11/May/2026:17:07:49 +0200] "GET /uqcxit7i.php HTTP/1.1" 404 27 "-" "-"
172.212.217.10 - - [11/May/2026:17:07:49 +0200] "GET /display_info.php HTTP/1.1" 404 27 "-" "-"
172.212.217.10 - - [11/May/2026:17:07:49 +0200] "GET /wp-config-disabled.php HTTP/1.1" 404 27 "-" "-"
172.212.217.10 - - [11/May/2026:17:07:49 +0200] "GET /test_info.php HTTP/1.1" 404 27 "-" "-"
172.212.217.10 - - [11/May/2026:17:07:49 +0200] "GET /spip.php HTTP/1.1" 404 27 "-" "-"
172.212.217.10 - - [11/May/2026:17:07:49 +0200] "GET /wp-index.php HTTP/1.1" 404 27 "-" "-"
172.212.217.10 - - [11/May/2026:17:07:50 +0200] "GET /php-nginx.php HTTP/1.1" 404 27 "-" "-"
172.212.217.10 - - [11/May/2026:17:07:50 +0200] "GET /wp-config.test.php HTTP/1.1" 404 27 "-" "-"
172.212.217.10 - - [11/May/2026:17:07:50 +0200] "GET /op.php HTTP/1.1" 404 27 "-" "-"
172.212.217.10 - - [11/May/2026:17:07:50 +0200] "GET /mandrill.php HTTP/1.1" 404 27 "-" "-"
172.212.217.10 - - [11/May/2026:17:07:50 +0200] "GET /backup.wp-config.php HTTP/1.1" 404 27 "-" "-"
172.212.217.10 - - [11/May/2026:17:07:51 +0200] "GET /20.php HTTP/1.1" 404 27 "-" "-"
172.212.217.10 - - [11/May/2026:17:07:51 +0200] "GET /upload_file.php HTTP/1.1" 404 27 "-" "-"
172.212.217.10 - - [11/May/2026:17:07:51 +0200] "GET /aws.settings.php HTTP/1.1" 404 27 "-" "-"
172.212.217.10 - - [11/May/2026:17:07:51 +0200] "GET /payout.php HTTP/1.1" 404 27 "-" "-"
172.212.217.10 - - [11/May/2026:17:07:51 +0200] "GET /pqr.php HTTP/1.1" 404 27 "-" "-"
172.212.217.10 - - [11/May/2026:17:07:51 +0200] "GET /phpinfo.php HTTP/1.1" 404 27 "-" "-"
172.212.217.10 - - [11/May/2026:17:07:51 +0200] "GET /tmp.php HTTP/1.1" 404 27 "-" "-"
172.212.217.10 - - [11/May/2026:17:07:52 +0200] "GET /456.php HTTP/1.1" 404 27 "-" "-"
172.212.217.10 - - [11/May/2026:17:07:52 +0200] "GET /new2.php HTTP/1.1" 404 27 "-" "-"
172.212.217.10 - - [11/May/2026:17:07:52 +0200] "GET /server.php HTTP/1.1" 404 27 "-" "-"
172.212.217.10 - - [11/May/2026:17:07:53 +0200] "GET /extension-info.php HTTP/1.1" 404 27 "-" "-"
172.212.217.10 - - [11/May/2026:17:07:53 +0200] "GET /conn_test.php HTTP/1.1" 404 27 "-" "-"
172.212.217.10 - - [11/May/2026:17:07:53 +0200] "GET /information.php HTTP/1.1" 404 27 "-" "-"
172.212.217.10 - - [11/May/2026:17:07:54 +0200] "GET /credentials.php HTTP/1.1" 404 27 "-" "-"
172.212.217.10 - - [11/May/2026:17:07:54 +0200] "GET /phphph.php HTTP/1.1" 404 27 "-" "-"
172.212.217.10 - - [11/May/2026:17:07:54 +0200] "GET /test-cgi.php HTTP/1.1" 404 27 "-" "-"
172.212.217.10 - - [11/May/2026:17:07:54 +0200] "GET /twin.php HTTP/1.1" 404 27 "-" "-"
172.212.217.10 - - [11/May/2026:17:07:54 +0200] "GET /pi.php7 HTTP/1.1" 404 27 "-" "-"
172.212.217.10 - - [11/May/2026:17:07:54 +0200] "GET /display_phpinfo.php HTTP/1.1" 404 27 "-" "-"
172.212.217.10 - - [11/May/2026:17:07:54 +0200] "GET /webserver-info.php HTTP/1.1" 404 27 "-" "-"
172.212.217.10 - - [11/May/2026:17:07:54 +0200] "GET /new-wp-config.php HTTP/1.1" 404 27 "-" "-"
172.212.217.10 - - [11/May/2026:17:07:55 +0200] "GET /env-info.php HTTP/1.1" 404 27 "-" "-"
172.212.217.10 - - [11/May/2026:17:07:55 +0200] "GET /moderator.php HTTP/1.1" 404 27 "-" "-"
172.212.217.10 - - [11/May/2026:17:07:55 +0200] "GET /23.php HTTP/1.1" 404 27 "-" "-"
172.212.217.10 - - [11/May/2026:17:07:55 +0200] "GET /summary.php HTTP/1.1" 404 27 "-" "-"
172.212.217.10 - - [11/May/2026:17:07:55 +0200] "GET /globals.php HTTP/1.1" 404 27 "-" "-"
172.212.217.10 - - [11/May/2026:17:07:55 +0200] "GET /evil.php HTTP/1.1" 404 27 "-" "-"
74.7.227.10 - - [11/May/2026:17:08:01 +0200] "GET /brzitest.com.hr/6.php?sepatusuper=//proc/self/root/sys/devices/system/cpu/cpu4/driver/cpu5/node0/memory43/subsystem HTTP/1.1" 403 285 "http://mail.ithome.hr/brzitest.com.hr/6.php?sepatusuper=//proc/self/root/sys/devices/system/cpu/cpu4/driver/cpu5/node0/memory43" "Mozilla/5.0 AppleWebKit/537.36 (KHTML, like Gecko; compatible; GPTBot/1.3; +https://openai.com/gptbot)"
74.7.241.51 - - [11/May/2026:17:08:08 +0200] "GET /brzitest.com.hr/6.php?sepatusuper=//proc/self/root/sys/devices/system/cpu/cpu6/driver/cpu7/node0/memory46/subsystem/devices HTTP/1.1" 403 285 "http://ithome.hr/brzitest.com.hr/6.php?sepatusuper=//proc/self/root/sys/devices/system/cpu/cpu6/driver/cpu7/node0/memory46/subsystem" "Mozilla/5.0 AppleWebKit/537.36 (KHTML, like Gecko; compatible; GPTBot/1.3; +https://openai.com/gptbot)"
74.7.241.51 - - [11/May/2026:17:08:46 +0200] "GET /brzitest.com.hr/6.php?sepatusuper=//proc/self/root/sys/devices/system/cpu/cpu6/driver/cpu1/node0/memory12/subsystem/devices HTTP/1.1" 403 285 "http://ithome.hr/brzitest.com.hr/6.php?sepatusuper=//proc/self/root/sys/devices/system/cpu/cpu6/driver/cpu1/node0/memory12/subsystem" "Mozilla/5.0 AppleWebKit/537.36 (KHTML, like Gecko; compatible; GPTBot/1.3; +https://openai.com/gptbot)"
74.7.227.10 - - [11/May/2026:17:09:02 +0200] "GET /brzitest.com.hr/6.php?sepatusuper=//proc/self/root/sys/devices/system/cpu/cpu7/driver/cpu5/node0/memory59/subsystem HTTP/1.1" 403 285 "http://mail.ithome.hr/brzitest.com.hr/6.php?sepatusuper=//proc/self/root/sys/devices/system/cpu/cpu7/driver/cpu5/node0/memory59" "Mozilla/5.0 AppleWebKit/537.36 (KHTML, like Gecko; compatible; GPTBot/1.3; +https://openai.com/gptbot)"
81.19.219.247 - - [11/May/2026:17:09:04 +0200] "GET / HTTP/1.1" 200 163 "-" "Mozilla/5.0 (compatible; Infrawatch/1.0; +https://infrawat.ch/)"
5.226.140.85 - - [11/May/2026:17:09:16 +0200] "GET /favicon.ico HTTP/1.1" 404 4810 "-" "Mozilla/5.0 (compatible; Infrawatch/1.0; +https://infrawat.ch/)"
74.7.241.51 - - [11/May/2026:17:09:23 +0200] "GET /brzitest.com.hr/6.php?sepatusuper=//proc/self/root/sys/devices/system/cpu/cpu7/driver/cpu3/node0/cpu5/driver HTTP/1.1" 403 285 "http://ithome.hr/brzitest.com.hr/6.php?sepatusuper=//proc/self/root/sys/devices/system/cpu/cpu7/driver/cpu3/node0/cpu5" "Mozilla/5.0 AppleWebKit/537.36 (KHTML, like Gecko; compatible; GPTBot/1.3; +https://openai.com/gptbot)"
50.16.248.61 - - [11/May/2026:17:09:54 +0200] "GET /vanado.zaljepsunasu.hr/ HTTP/1.1" 403 285 "-" "Mozilla/5.0 AppleWebKit/537.36 (KHTML, like Gecko; compatible; Amazonbot/0.1; +https://developer.amazon.com/support/amazonbot) Chrome/119.0.6045.214 Safari/537.36"
52.1.106.130 - - [11/May/2026:17:09:58 +0200] "GET /agroturizamzagorje/ HTTP/1.1" 200 444 "-" "Mozilla/5.0 AppleWebKit/537.36 (KHTML, like Gecko; compatible; Amazonbot/0.1; +https://developer.amazon.com/support/amazonbot) Chrome/119.0.6045.214 Safari/537.36"
74.7.241.51 - - [11/May/2026:17:09:59 +0200] "GET /brzitest.com.hr/6.php?sepatusuper=//proc/self/root/sys/devices/system/cpu/cpu0/driver/cpu5/node0/memory99/subsystem/drivers HTTP/1.1" 403 285 "http://ithome.hr/brzitest.com.hr/6.php?sepatusuper=//proc/self/root/sys/devices/system/cpu/cpu0/driver/cpu5/node0/memory99/subsystem" "Mozilla/5.0 AppleWebKit/537.36 (KHTML, like Gecko; compatible; GPTBot/1.3; +https://openai.com/gptbot)"
74.7.227.10 - - [11/May/2026:17:10:08 +0200] "GET /brzitest.com.hr/6.php?sepatusuper=//proc/self/root/sys/devices/system/cpu/cpu7/driver/cpu1/node0/memory91/subsystem HTTP/1.1" 403 285 "http://mail.ithome.hr/brzitest.com.hr/6.php?sepatusuper=//proc/self/root/sys/devices/system/cpu/cpu7/driver/cpu1/node0/memory91" "Mozilla/5.0 AppleWebKit/537.36 (KHTML, like Gecko; compatible; GPTBot/1.3; +https://openai.com/gptbot)"
74.7.241.51 - - [11/May/2026:17:10:35 +0200] "GET /brzitest.com.hr/6.php?sepatusuper=//proc/self/root/sys/devices/system/cpu/cpu0/driver/cpu7/node0/memory55/subsystem/devices HTTP/1.1" 403 285 "http://ithome.hr/brzitest.com.hr/6.php?sepatusuper=//proc/self/root/sys/devices/system/cpu/cpu0/driver/cpu7/node0/memory55/subsystem" "Mozilla/5.0 AppleWebKit/537.36 (KHTML, like Gecko; compatible; GPTBot/1.3; +https://openai.com/gptbot)"
43.157.175.122 - - [11/May/2026:17:10:58 +0200] "GET /education/ HTTP/1.1" 200 479 "-" "Mozilla/5.0 (iPhone; CPU iPhone OS 13_2_3 like Mac OS X) AppleWebKit/605.1.15 (KHTML, like Gecko) Version/13.0.3 Mobile/15E148 Safari/604.1"
74.7.241.51 - - [11/May/2026:17:11:13 +0200] "GET /brzitest.com.hr/6.php?sepatusuper=//proc/self/root/sys/devices/system/cpu/cpu2/driver/cpu7/node0/memory66/subsystem/drivers HTTP/1.1" 403 285 "http://ithome.hr/brzitest.com.hr/6.php?sepatusuper=//proc/self/root/sys/devices/system/cpu/cpu2/driver/cpu7/node0/memory66/subsystem" "Mozilla/5.0 AppleWebKit/537.36 (KHTML, like Gecko; compatible; GPTBot/1.3; +https://openai.com/gptbot)"
5.61.209.102 - - [11/May/2026:17:11:34 +0200] "GET /SDK/webLanguage HTTP/1.1" 404 4812 "-" "Mozilla/5.0 (Windows NT 10.0; Win64; x64) AppleWebKit/537.36 (KHTML, like Gecko) Chrome/90.0.4430.85 Safari/537.36 Edg/90.0.818.46"
74.7.241.51 - - [11/May/2026:17:11:51 +0200] "GET /brzitest.com.hr/6.php?sepatusuper=//proc/self/root/sys/devices/system/cpu/cpu0/driver/cpu5/node0/memory58/subsystem/devices HTTP/1.1" 403 285 "http://ithome.hr/brzitest.com.hr/6.php?sepatusuper=//proc/self/root/sys/devices/system/cpu/cpu0/driver/cpu5/node0/memory58/subsystem" "Mozilla/5.0 AppleWebKit/537.36 (KHTML, like Gecko; compatible; GPTBot/1.3; +https://openai.com/gptbot)"
74.7.227.10 - - [11/May/2026:17:12:15 +0200] "GET /brzitest.com.hr/6.php?sepatusuper=//proc/self/root/sys/devices/system/cpu/cpu5/driver/cpu4/node0/memory85/subsystem HTTP/1.1" 403 285 "http://mail.ithome.hr/brzitest.com.hr/6.php?sepatusuper=//proc/self/root/sys/devices/system/cpu/cpu5/driver/cpu4/node0/memory85" "Mozilla/5.0 AppleWebKit/537.36 (KHTML, like Gecko; compatible; GPTBot/1.3; +https://openai.com/gptbot)"
74.7.241.51 - - [11/May/2026:17:12:26 +0200] "GET /brzitest.com.hr/6.php?sepatusuper=//proc/self/root/sys/devices/system/cpu/cpu6/driver/cpu3/node0/memory6/node0/power HTTP/1.1" 403 285 "http://ithome.hr/brzitest.com.hr/6.php?sepatusuper=//proc/self/root/sys/devices/system/cpu/cpu6/driver/cpu3/node0/memory6/node0" "Mozilla/5.0 AppleWebKit/537.36 (KHTML, like Gecko; compatible; GPTBot/1.3; +https://openai.com/gptbot)"
74.7.241.51 - - [11/May/2026:17:13:04 +0200] "GET /brzitest.com.hr/6.php?sepatusuper=//proc/self/root/sys/devices/system/cpu/cpu2/driver/cpu1/node0/memory10/subsystem/drivers HTTP/1.1" 403 285 "http://ithome.hr/brzitest.com.hr/6.php?sepatusuper=//proc/self/root/sys/devices/system/cpu/cpu2/driver/cpu1/node0/memory10/subsystem" "Mozilla/5.0 AppleWebKit/537.36 (KHTML, like Gecko; compatible; GPTBot/1.3; +https://openai.com/gptbot)"
74.7.227.10 - - [11/May/2026:17:13:20 +0200] "GET /brzitest.com.hr/6.php?sepatusuper=//proc/self/root/sys/devices/system/cpu/cpu5/driver/cpu1/node0/memory70/subsystem HTTP/1.1" 403 285 "http://mail.ithome.hr/brzitest.com.hr/6.php?sepatusuper=//proc/self/root/sys/devices/system/cpu/cpu5/driver/cpu1/node0/memory70" "Mozilla/5.0 AppleWebKit/537.36 (KHTML, like Gecko; compatible; GPTBot/1.3; +https://openai.com/gptbot)"
74.7.241.51 - - [11/May/2026:17:13:40 +0200] "GET /brzitest.com.hr/6.php?sepatusuper=//proc/self/root/sys/devices/system/cpu/cpu0/driver/cpu2/node0/memory68/subsystem/devices HTTP/1.1" 403 285 "http://ithome.hr/brzitest.com.hr/6.php?sepatusuper=//proc/self/root/sys/devices/system/cpu/cpu0/driver/cpu2/node0/memory68/subsystem" "Mozilla/5.0 AppleWebKit/537.36 (KHTML, like Gecko; compatible; GPTBot/1.3; +https://openai.com/gptbot)"
74.7.241.51 - - [11/May/2026:17:14:18 +0200] "GET /brzitest.com.hr/6.php?sepatusuper=//proc/self/root/sys/devices/system/cpu/cpu0/driver/cpu5/node0/memory6/node0/power HTTP/1.1" 403 285 "http://ithome.hr/brzitest.com.hr/6.php?sepatusuper=//proc/self/root/sys/devices/system/cpu/cpu0/driver/cpu5/node0/memory6/node0" "Mozilla/5.0 AppleWebKit/537.36 (KHTML, like Gecko; compatible; GPTBot/1.3; +https://openai.com/gptbot)"
74.7.227.10 - - [11/May/2026:17:14:22 +0200] "GET /brzitest.com.hr/6.php?sepatusuper=//proc/self/root/sys/devices/system/cpu/cpu4/driver/cpu0/node0/memory95/subsystem HTTP/1.1" 403 285 "http://mail.ithome.hr/brzitest.com.hr/6.php?sepatusuper=//proc/self/root/sys/devices/system/cpu/cpu4/driver/cpu0/node0/memory95" "Mozilla/5.0 AppleWebKit/537.36 (KHTML, like Gecko; compatible; GPTBot/1.3; +https://openai.com/gptbot)"
204.76.203.206 - - [11/May/2026:17:14:40 +0200] "GET / HTTP/1.1" 200 163 "-" "Mozilla/5.0"
74.7.241.51 - - [11/May/2026:17:14:55 +0200] "GET /brzitest.com.hr/6.php?sepatusuper=//proc/self/root/sys/devices/system/cpu/cpu6/driver/cpu3/node0/memory88/subsystem/devices HTTP/1.1" 403 285 "http://ithome.hr/brzitest.com.hr/6.php?sepatusuper=//proc/self/root/sys/devices/system/cpu/cpu6/driver/cpu3/node0/memory88/subsystem" "Mozilla/5.0 AppleWebKit/537.36 (KHTML, like Gecko; compatible; GPTBot/1.3; +https://openai.com/gptbot)"
74.7.227.10 - - [11/May/2026:17:15:26 +0200] "GET /brzitest.com.hr/6.php?sepatusuper=//proc/self/root/sys/devices/system/cpu/cpu2/driver/cpu6/node0/memory13/subsystem HTTP/1.1" 403 285 "http://mail.ithome.hr/brzitest.com.hr/6.php?sepatusuper=//proc/self/root/sys/devices/system/cpu/cpu2/driver/cpu6/node0/memory13" "Mozilla/5.0 AppleWebKit/537.36 (KHTML, like Gecko; compatible; GPTBot/1.3; +https://openai.com/gptbot)"
74.7.241.51 - - [11/May/2026:17:15:33 +0200] "GET /brzitest.com.hr/6.php?sepatusuper=//proc/self/root/sys/devices/system/cpu/cpu6/driver/cpu0/node0/memory72/subsystem/drivers HTTP/1.1" 403 285 "http://ithome.hr/brzitest.com.hr/6.php?sepatusuper=//proc/self/root/sys/devices/system/cpu/cpu6/driver/cpu0/node0/memory72/subsystem" "Mozilla/5.0 AppleWebKit/537.36 (KHTML, like Gecko; compatible; GPTBot/1.3; +https://openai.com/gptbot)"
74.7.241.51 - - [11/May/2026:17:16:12 +0200] "GET /brzitest.com.hr/6.php?sepatusuper=//proc/self/root/sys/devices/system/cpu/cpu2/driver/cpu6/node0/memory96/subsystem/devices HTTP/1.1" 403 285 "http://ithome.hr/brzitest.com.hr/6.php?sepatusuper=//proc/self/root/sys/devices/system/cpu/cpu2/driver/cpu6/node0/memory96/subsystem" "Mozilla/5.0 AppleWebKit/537.36 (KHTML, like Gecko; compatible; GPTBot/1.3; +https://openai.com/gptbot)"
74.7.227.10 - - [11/May/2026:17:16:28 +0200] "GET /brzitest.com.hr/6.php?sepatusuper=//proc/self/root/sys/devices/system/cpu/cpu7/driver/cpu2/node0/memory61/subsystem HTTP/1.1" 403 285 "http://mail.ithome.hr/brzitest.com.hr/6.php?sepatusuper=//proc/self/root/sys/devices/system/cpu/cpu7/driver/cpu2/node0/memory61" "Mozilla/5.0 AppleWebKit/537.36 (KHTML, like Gecko; compatible; GPTBot/1.3; +https://openai.com/gptbot)"
74.7.241.51 - - [11/May/2026:17:16:50 +0200] "GET /brzitest.com.hr/6.php?sepatusuper=//proc/self/root/sys/devices/system/cpu/cpu2/driver/cpu6/node0/memory82/subsystem/devices HTTP/1.1" 403 285 "http://ithome.hr/brzitest.com.hr/6.php?sepatusuper=//proc/self/root/sys/devices/system/cpu/cpu2/driver/cpu6/node0/memory82/subsystem" "Mozilla/5.0 AppleWebKit/537.36 (KHTML, like Gecko; compatible; GPTBot/1.3; +https://openai.com/gptbot)"
74.7.241.51 - - [11/May/2026:17:17:27 +0200] "GET /brzitest.com.hr/6.php?sepatusuper=//proc/self/root/sys/devices/system/cpu/cpu2/driver/cpu1/node0/memory10/subsystem/devices HTTP/1.1" 403 285 "http://ithome.hr/brzitest.com.hr/6.php?sepatusuper=//proc/self/root/sys/devices/system/cpu/cpu2/driver/cpu1/node0/memory10/subsystem" "Mozilla/5.0 AppleWebKit/537.36 (KHTML, like Gecko; compatible; GPTBot/1.3; +https://openai.com/gptbot)"
74.7.227.10 - - [11/May/2026:17:17:28 +0200] "GET /brzitest.com.hr/6.php?sepatusuper=//proc/self/root/sys/devices/system/cpu/cpu4/driver/cpu0/node0/memory72/subsystem HTTP/1.1" 403 285 "http://mail.ithome.hr/brzitest.com.hr/6.php?sepatusuper=//proc/self/root/sys/devices/system/cpu/cpu4/driver/cpu0/node0/memory72" "Mozilla/5.0 AppleWebKit/537.36 (KHTML, like Gecko; compatible; GPTBot/1.3; +https://openai.com/gptbot)"
74.7.241.51 - - [11/May/2026:17:18:05 +0200] "GET /brzitest.com.hr/6.php?sepatusuper=//proc/self/root/sys/devices/system/cpu/cpu2/driver/cpu5/node0/cpu6/node0/power HTTP/1.1" 403 285 "http://ithome.hr/brzitest.com.hr/6.php?sepatusuper=//proc/self/root/sys/devices/system/cpu/cpu2/driver/cpu5/node0/cpu6/node0" "Mozilla/5.0 AppleWebKit/537.36 (KHTML, like Gecko; compatible; GPTBot/1.3; +https://openai.com/gptbot)"
74.7.227.10 - - [11/May/2026:17:18:33 +0200] "GET /brzitest.com.hr/6.php?sepatusuper=//proc/self/root/sys/devices/system/cpu/cpu2/driver/cpu1/node0/memory85/subsystem HTTP/1.1" 403 285 "http://mail.ithome.hr/brzitest.com.hr/6.php?sepatusuper=//proc/self/root/sys/devices/system/cpu/cpu2/driver/cpu1/node0/memory85" "Mozilla/5.0 AppleWebKit/537.36 (KHTML, like Gecko; compatible; GPTBot/1.3; +https://openai.com/gptbot)"
74.7.241.51 - - [11/May/2026:17:18:44 +0200] "GET /brzitest.com.hr/6.php?sepatusuper=//proc/self/root/sys/devices/system/cpu/cpu2/node0/cpu0/driver/cpu5/node0/power HTTP/1.1" 403 285 "http://ithome.hr/brzitest.com.hr/6.php?sepatusuper=//proc/self/root/sys/devices/system/cpu/cpu2/node0/cpu0/driver/cpu5/node0" "Mozilla/5.0 AppleWebKit/537.36 (KHTML, like Gecko; compatible; GPTBot/1.3; +https://openai.com/gptbot)"
74.7.241.51 - - [11/May/2026:17:19:22 +0200] "GET /brzitest.com.hr/6.php?sepatusuper=//proc/self/root/sys/devices/system/cpu/cpu2/driver/cpu6/node0/memory80/subsystem/devices HTTP/1.1" 403 285 "http://ithome.hr/brzitest.com.hr/6.php?sepatusuper=//proc/self/root/sys/devices/system/cpu/cpu2/driver/cpu6/node0/memory80/subsystem" "Mozilla/5.0 AppleWebKit/537.36 (KHTML, like Gecko; compatible; GPTBot/1.3; +https://openai.com/gptbot)"
74.7.227.10 - - [11/May/2026:17:19:34 +0200] "GET /brzitest.com.hr/6.php?sepatusuper=//proc/self/root/sys/devices/system/cpu/cpu5/driver/cpu3/node0/memory44/subsystem HTTP/1.1" 403 285 "http://mail.ithome.hr/brzitest.com.hr/6.php?sepatusuper=//proc/self/root/sys/devices/system/cpu/cpu5/driver/cpu3/node0/memory44" "Mozilla/5.0 AppleWebKit/537.36 (KHTML, like Gecko; compatible; GPTBot/1.3; +https://openai.com/gptbot)"
74.7.241.51 - - [11/May/2026:17:20:00 +0200] "GET /brzitest.com.hr/6.php?sepatusuper=//proc/self/root/sys/devices/system/cpu/cpu0/driver/cpu5/node0/memory45/subsystem/devices HTTP/1.1" 403 285 "http://ithome.hr/brzitest.com.hr/6.php?sepatusuper=//proc/self/root/sys/devices/system/cpu/cpu0/driver/cpu5/node0/memory45/subsystem" "Mozilla/5.0 AppleWebKit/537.36 (KHTML, like Gecko; compatible; GPTBot/1.3; +https://openai.com/gptbot)"
74.7.227.10 - - [11/May/2026:17:20:36 +0200] "GET /brzitest.com.hr/6.php?sepatusuper=//proc/self/root/sys/devices/system/cpu/cpu5/driver/cpu0/node0/memory47/subsystem HTTP/1.1" 403 285 "http://mail.ithome.hr/brzitest.com.hr/6.php?sepatusuper=//proc/self/root/sys/devices/system/cpu/cpu5/driver/cpu0/node0/memory47" "Mozilla/5.0 AppleWebKit/537.36 (KHTML, like Gecko; compatible; GPTBot/1.3; +https://openai.com/gptbot)"
74.7.241.51 - - [11/May/2026:17:20:37 +0200] "GET /brzitest.com.hr/6.php?sepatusuper=//proc/self/root/sys/devices/system/cpu/cpu6/driver/cpu5/node0/memory6/node0/power HTTP/1.1" 403 285 "http://ithome.hr/brzitest.com.hr/6.php?sepatusuper=//proc/self/root/sys/devices/system/cpu/cpu6/driver/cpu5/node0/memory6/node0" "Mozilla/5.0 AppleWebKit/537.36 (KHTML, like Gecko; compatible; GPTBot/1.3; +https://openai.com/gptbot)"
43.157.170.13 - - [11/May/2026:17:20:48 +0200] "GET /fumitech.hr/ HTTP/1.1" 200 277 "-" "Mozilla/5.0 (iPhone; CPU iPhone OS 13_2_3 like Mac OS X) AppleWebKit/605.1.15 (KHTML, like Gecko) Version/13.0.3 Mobile/15E148 Safari/604.1"
74.7.241.51 - - [11/May/2026:17:21:15 +0200] "GET /brzitest.com.hr/6.php?sepatusuper=//proc/self/root/sys/devices/system/cpu/cpu2/driver/cpu7/node0/memory67/subsystem/drivers HTTP/1.1" 403 285 "http://ithome.hr/brzitest.com.hr/6.php?sepatusuper=//proc/self/root/sys/devices/system/cpu/cpu2/driver/cpu7/node0/memory67/subsystem" "Mozilla/5.0 AppleWebKit/537.36 (KHTML, like Gecko; compatible; GPTBot/1.3; +https://openai.com/gptbot)"
74.7.227.10 - - [11/May/2026:17:21:41 +0200] "GET /brzitest.com.hr/6.php?sepatusuper=//proc/self/root/sys/devices/system/cpu/cpu5/driver/cpu7/node0/memory40/subsystem HTTP/1.1" 403 285 "http://mail.ithome.hr/brzitest.com.hr/6.php?sepatusuper=//proc/self/root/sys/devices/system/cpu/cpu5/driver/cpu7/node0/memory40" "Mozilla/5.0 AppleWebKit/537.36 (KHTML, like Gecko; compatible; GPTBot/1.3; +https://openai.com/gptbot)"
74.7.241.51 - - [11/May/2026:17:21:52 +0200] "GET /brzitest.com.hr/6.php?sepatusuper=//proc/self/root/sys/devices/system/cpu/cpu0/driver/cpu5/node0/memory54/subsystem/drivers HTTP/1.1" 403 285 "http://ithome.hr/brzitest.com.hr/6.php?sepatusuper=//proc/self/root/sys/devices/system/cpu/cpu0/driver/cpu5/node0/memory54/subsystem" "Mozilla/5.0 AppleWebKit/537.36 (KHTML, like Gecko; compatible; GPTBot/1.3; +https://openai.com/gptbot)"
