74.7.241.51 - - [11/May/2026:17:22:30 +0200] "GET /brzitest.com.hr/6.php?sepatusuper=//proc/self/root/sys/devices/system/cpu/cpu6/driver/cpu0/node0/memory48/subsystem/devices HTTP/1.1" 403 285 "http://ithome.hr/brzitest.com.hr/6.php?sepatusuper=//proc/self/root/sys/devices/system/cpu/cpu6/driver/cpu0/node0/memory48/subsystem" "Mozilla/5.0 AppleWebKit/537.36 (KHTML, like Gecko; compatible; GPTBot/1.3; +https://openai.com/gptbot)"
74.7.227.10 - - [11/May/2026:17:22:42 +0200] "GET /brzitest.com.hr/6.php?sepatusuper=//proc/self/root/sys/devices/system/cpu/cpu4/driver/cpu3/node0/memory77/subsystem HTTP/1.1" 403 285 "http://mail.ithome.hr/brzitest.com.hr/6.php?sepatusuper=//proc/self/root/sys/devices/system/cpu/cpu4/driver/cpu3/node0/memory77" "Mozilla/5.0 AppleWebKit/537.36 (KHTML, like Gecko; compatible; GPTBot/1.3; +https://openai.com/gptbot)"
74.7.241.51 - - [11/May/2026:17:23:07 +0200] "GET /brzitest.com.hr/6.php?sepatusuper=//proc/self/root/sys/devices/system/cpu/cpu7/driver/cpu4/node0/cpu3/driver HTTP/1.1" 403 285 "http://ithome.hr/brzitest.com.hr/6.php?sepatusuper=//proc/self/root/sys/devices/system/cpu/cpu7/driver/cpu4/node0/cpu3" "Mozilla/5.0 AppleWebKit/537.36 (KHTML, like Gecko; compatible; GPTBot/1.3; +https://openai.com/gptbot)"
204.76.203.206 - - [11/May/2026:17:23:35 +0200] "GET / HTTP/1.1" 200 163 "-" "Mozilla/5.0"
74.7.241.51 - - [11/May/2026:17:23:43 +0200] "GET /brzitest.com.hr/6.php?sepatusuper=//proc/self/root/sys/devices/system/cpu/cpu2/driver/cpu6/node0/memory23/subsystem/drivers HTTP/1.1" 403 285 "http://ithome.hr/brzitest.com.hr/6.php?sepatusuper=//proc/self/root/sys/devices/system/cpu/cpu2/driver/cpu6/node0/memory23/subsystem" "Mozilla/5.0 AppleWebKit/537.36 (KHTML, like Gecko; compatible; GPTBot/1.3; +https://openai.com/gptbot)"
74.7.227.10 - - [11/May/2026:17:23:44 +0200] "GET /brzitest.com.hr/6.php?sepatusuper=//proc/self/root/sys/devices/system/cpu/cpu2/driver/cpu4/node0/memory67/subsystem HTTP/1.1" 403 285 "http://mail.ithome.hr/brzitest.com.hr/6.php?sepatusuper=//proc/self/root/sys/devices/system/cpu/cpu2/driver/cpu4/node0/memory67" "Mozilla/5.0 AppleWebKit/537.36 (KHTML, like Gecko; compatible; GPTBot/1.3; +https://openai.com/gptbot)"
74.7.241.51 - - [11/May/2026:17:24:20 +0200] "GET /brzitest.com.hr/6.php?sepatusuper=//proc/self/root/sys/devices/system/cpu/cpu6/driver/cpu7/node0/memory55/subsystem/drivers HTTP/1.1" 403 285 "http://ithome.hr/brzitest.com.hr/6.php?sepatusuper=//proc/self/root/sys/devices/system/cpu/cpu6/driver/cpu7/node0/memory55/subsystem" "Mozilla/5.0 AppleWebKit/537.36 (KHTML, like Gecko; compatible; GPTBot/1.3; +https://openai.com/gptbot)"
74.7.227.10 - - [11/May/2026:17:24:45 +0200] "GET /brzitest.com.hr/6.php?sepatusuper=//proc/self/root/sys/devices/system/cpu/cpu5/driver/cpu3/node0/memory96/subsystem HTTP/1.1" 403 285 "http://mail.ithome.hr/brzitest.com.hr/6.php?sepatusuper=//proc/self/root/sys/devices/system/cpu/cpu5/driver/cpu3/node0/memory96" "Mozilla/5.0 AppleWebKit/537.36 (KHTML, like Gecko; compatible; GPTBot/1.3; +https://openai.com/gptbot)"
74.7.241.51 - - [11/May/2026:17:24:56 +0200] "GET /brzitest.com.hr/6.php?sepatusuper=//proc/self/root/sys/devices/system/cpu/cpu7/driver/cpu2/node0/memory20/subsystem/devices HTTP/1.1" 403 285 "http://ithome.hr/brzitest.com.hr/6.php?sepatusuper=//proc/self/root/sys/devices/system/cpu/cpu7/driver/cpu2/node0/memory20/subsystem" "Mozilla/5.0 AppleWebKit/537.36 (KHTML, like Gecko; compatible; GPTBot/1.3; +https://openai.com/gptbot)"
74.7.241.51 - - [11/May/2026:17:25:33 +0200] "GET /brzitest.com.hr/6.php?sepatusuper=//proc/self/root/sys/devices/system/cpu/cpu6/driver/cpu0/node0/memory95/subsystem/devices HTTP/1.1" 403 285 "http://ithome.hr/brzitest.com.hr/6.php?sepatusuper=//proc/self/root/sys/devices/system/cpu/cpu6/driver/cpu0/node0/memory95/subsystem" "Mozilla/5.0 AppleWebKit/537.36 (KHTML, like Gecko; compatible; GPTBot/1.3; +https://openai.com/gptbot)"
74.7.227.10 - - [11/May/2026:17:25:46 +0200] "GET /brzitest.com.hr/6.php?sepatusuper=//proc/self/root/sys/devices/system/cpu/cpu7/driver/cpu2/node0/memory78/subsystem HTTP/1.1" 403 285 "http://mail.ithome.hr/brzitest.com.hr/6.php?sepatusuper=//proc/self/root/sys/devices/system/cpu/cpu7/driver/cpu2/node0/memory78" "Mozilla/5.0 AppleWebKit/537.36 (KHTML, like Gecko; compatible; GPTBot/1.3; +https://openai.com/gptbot)"
74.7.241.51 - - [11/May/2026:17:26:11 +0200] "GET /brzitest.com.hr/6.php?sepatusuper=//proc/self/root/sys/devices/system/cpu/cpu7/driver/cpu1/node0/memory90/subsystem/drivers HTTP/1.1" 403 285 "http://ithome.hr/brzitest.com.hr/6.php?sepatusuper=//proc/self/root/sys/devices/system/cpu/cpu7/driver/cpu1/node0/memory90/subsystem" "Mozilla/5.0 AppleWebKit/537.36 (KHTML, like Gecko; compatible; GPTBot/1.3; +https://openai.com/gptbot)"
74.7.227.10 - - [11/May/2026:17:26:46 +0200] "GET /brzitest.com.hr/6.php?sepatusuper=//proc/self/root/sys/devices/system/cpu/cpu7/driver/cpu5/node0/memory42/subsystem HTTP/1.1" 403 285 "http://mail.ithome.hr/brzitest.com.hr/6.php?sepatusuper=//proc/self/root/sys/devices/system/cpu/cpu7/driver/cpu5/node0/memory42" "Mozilla/5.0 AppleWebKit/537.36 (KHTML, like Gecko; compatible; GPTBot/1.3; +https://openai.com/gptbot)"
74.7.241.51 - - [11/May/2026:17:26:47 +0200] "GET /brzitest.com.hr/6.php?sepatusuper=//proc/self/root/sys/devices/system/cpu/cpu6/driver/cpu5/node0/memory94/subsystem/devices HTTP/1.1" 403 285 "http://ithome.hr/brzitest.com.hr/6.php?sepatusuper=//proc/self/root/sys/devices/system/cpu/cpu6/driver/cpu5/node0/memory94/subsystem" "Mozilla/5.0 AppleWebKit/537.36 (KHTML, like Gecko; compatible; GPTBot/1.3; +https://openai.com/gptbot)"
74.7.241.51 - - [11/May/2026:17:27:22 +0200] "GET /brzitest.com.hr/6.php?sepatusuper=//proc/self/root/sys/devices/system/cpu/cpu0/driver/cpu7/node0/memory17/subsystem/drivers HTTP/1.1" 403 285 "http://ithome.hr/brzitest.com.hr/6.php?sepatusuper=//proc/self/root/sys/devices/system/cpu/cpu0/driver/cpu7/node0/memory17/subsystem" "Mozilla/5.0 AppleWebKit/537.36 (KHTML, like Gecko; compatible; GPTBot/1.3; +https://openai.com/gptbot)"
74.7.227.10 - - [11/May/2026:17:27:48 +0200] "GET /brzitest.com.hr/6.php?sepatusuper=//proc/self/root/sys/devices/system/cpu/cpu2/driver/cpu0/node0/memory43/subsystem HTTP/1.1" 403 285 "http://mail.ithome.hr/brzitest.com.hr/6.php?sepatusuper=//proc/self/root/sys/devices/system/cpu/cpu2/driver/cpu0/node0/memory43" "Mozilla/5.0 AppleWebKit/537.36 (KHTML, like Gecko; compatible; GPTBot/1.3; +https://openai.com/gptbot)"
74.7.241.51 - - [11/May/2026:17:27:59 +0200] "GET /brzitest.com.hr/6.php?sepatusuper=//proc/self/root/sys/devices/system/cpu/cpu2/driver/cpu6/node0/memory96/subsystem/drivers HTTP/1.1" 403 285 "http://ithome.hr/brzitest.com.hr/6.php?sepatusuper=//proc/self/root/sys/devices/system/cpu/cpu2/driver/cpu6/node0/memory96/subsystem" "Mozilla/5.0 AppleWebKit/537.36 (KHTML, like Gecko; compatible; GPTBot/1.3; +https://openai.com/gptbot)"
74.7.241.51 - - [11/May/2026:17:28:37 +0200] "GET /brzitest.com.hr/6.php?sepatusuper=//proc/self/root/sys/devices/system/cpu/cpu2/driver/cpu6/node0/cpu4/node0/power HTTP/1.1" 403 285 "http://ithome.hr/brzitest.com.hr/6.php?sepatusuper=//proc/self/root/sys/devices/system/cpu/cpu2/driver/cpu6/node0/cpu4/node0" "Mozilla/5.0 AppleWebKit/537.36 (KHTML, like Gecko; compatible; GPTBot/1.3; +https://openai.com/gptbot)"
74.7.227.10 - - [11/May/2026:17:28:53 +0200] "GET /brzitest.com.hr/6.php?sepatusuper=//proc/self/root/sys/devices/system/cpu/cpu2/driver/cpu4/node0/cpu3/node0 HTTP/1.1" 403 285 "http://mail.ithome.hr/brzitest.com.hr/6.php?sepatusuper=//proc/self/root/sys/devices/system/cpu/cpu2/driver/cpu4/node0/cpu3" "Mozilla/5.0 AppleWebKit/537.36 (KHTML, like Gecko; compatible; GPTBot/1.3; +https://openai.com/gptbot)"
74.7.241.51 - - [11/May/2026:17:29:14 +0200] "GET /brzitest.com.hr/6.php?sepatusuper=//proc/self/root/sys/devices/system/cpu/cpu2/driver/cpu7/node0/memory72/subsystem/drivers HTTP/1.1" 403 285 "http://ithome.hr/brzitest.com.hr/6.php?sepatusuper=//proc/self/root/sys/devices/system/cpu/cpu2/driver/cpu7/node0/memory72/subsystem" "Mozilla/5.0 AppleWebKit/537.36 (KHTML, like Gecko; compatible; GPTBot/1.3; +https://openai.com/gptbot)"
204.76.203.206 - - [11/May/2026:17:29:46 +0200] "GET / HTTP/1.1" 200 163 "-" "Mozilla/5.0"
74.7.241.51 - - [11/May/2026:17:29:50 +0200] "GET /brzitest.com.hr/6.php?sepatusuper=//proc/self/root/sys/devices/system/cpu/cpu2/node0/cpu7/driver/cpu5/driver HTTP/1.1" 403 285 "http://ithome.hr/brzitest.com.hr/6.php?sepatusuper=//proc/self/root/sys/devices/system/cpu/cpu2/node0/cpu7/driver/cpu5" "Mozilla/5.0 AppleWebKit/537.36 (KHTML, like Gecko; compatible; GPTBot/1.3; +https://openai.com/gptbot)"
74.7.227.10 - - [11/May/2026:17:29:57 +0200] "GET /brzitest.com.hr/6.php?sepatusuper=//proc/self/root/sys/devices/system/cpu/cpu4/driver/cpu5/node0/memory51/subsystem HTTP/1.1" 403 285 "http://mail.ithome.hr/brzitest.com.hr/6.php?sepatusuper=//proc/self/root/sys/devices/system/cpu/cpu4/driver/cpu5/node0/memory51" "Mozilla/5.0 AppleWebKit/537.36 (KHTML, like Gecko; compatible; GPTBot/1.3; +https://openai.com/gptbot)"
51.68.233.44 - - [11/May/2026:17:30:25 +0200] "GET /robots.txt HTTP/1.1" 404 355 "-" "Mozilla/5.0 (compatible; MJ12bot/v1.4.8; http://mj12bot.com/)"
51.68.233.44 - - [11/May/2026:17:30:27 +0200] "GET /novastvarnost/wp-includes/core.php?filesrc=//lib64/libcurl.so.4&sepatusuper=//lib64 HTTP/1.1" 200 181046 "-" "Mozilla/5.0 (compatible; MJ12bot/v1.4.8; http://mj12bot.com/)"
74.7.241.51 - - [11/May/2026:17:30:29 +0200] "GET /brzitest.com.hr/6.php?sepatusuper=//proc/self/root/sys/devices/system/cpu/cpu6/driver/cpu7/node0/memory56/subsystem/drivers HTTP/1.1" 403 285 "http://ithome.hr/brzitest.com.hr/6.php?sepatusuper=//proc/self/root/sys/devices/system/cpu/cpu6/driver/cpu7/node0/memory56/subsystem" "Mozilla/5.0 AppleWebKit/537.36 (KHTML, like Gecko; compatible; GPTBot/1.3; +https://openai.com/gptbot)"
51.68.233.44 - - [11/May/2026:17:30:33 +0200] "GET /novastvarnost/wp-includes/core.php?filesrc=//lib64/libcurl.so.4.3.0&sepatusuper=//lib64 HTTP/1.1" 200 181053 "-" "Mozilla/5.0 (compatible; MJ12bot/v1.4.8; http://mj12bot.com/)"
51.68.233.44 - - [11/May/2026:17:30:44 +0200] "GET /novastvarnost/wp-includes/core.php?filesrc=//lib64/libcurses.so&sepatusuper=//lib64 HTTP/1.1" 200 1014 "-" "Mozilla/5.0 (compatible; MJ12bot/v1.4.8; http://mj12bot.com/)"
51.68.233.44 - - [11/May/2026:17:30:56 +0200] "GET /novastvarnost/wp-includes/core.php?filesrc=//lib64/libcursesw.so&sepatusuper=//lib64 HTTP/1.1" 200 1015 "-" "Mozilla/5.0 (compatible; MJ12bot/v1.4.8; http://mj12bot.com/)"
74.7.227.10 - - [11/May/2026:17:31:02 +0200] "GET /brzitest.com.hr/6.php?sepatusuper=//proc/self/root/sys/devices/system/cpu/cpu2/driver/cpu3/node0/memory86/subsystem HTTP/1.1" 403 285 "http://mail.ithome.hr/brzitest.com.hr/6.php?sepatusuper=//proc/self/root/sys/devices/system/cpu/cpu2/driver/cpu3/node0/memory86" "Mozilla/5.0 AppleWebKit/537.36 (KHTML, like Gecko; compatible; GPTBot/1.3; +https://openai.com/gptbot)"
74.7.241.51 - - [11/May/2026:17:31:07 +0200] "GET /brzitest.com.hr/6.php?sepatusuper=//proc/self/root/sys/devices/system/cpu/cpu6/driver/cpu3/node0/memory44/subsystem/drivers HTTP/1.1" 403 285 "http://ithome.hr/brzitest.com.hr/6.php?sepatusuper=//proc/self/root/sys/devices/system/cpu/cpu6/driver/cpu3/node0/memory44/subsystem" "Mozilla/5.0 AppleWebKit/537.36 (KHTML, like Gecko; compatible; GPTBot/1.3; +https://openai.com/gptbot)"
51.68.233.44 - - [11/May/2026:17:31:08 +0200] "GET /novastvarnost/wp-includes/core.php?filesrc=//lib64/libdaemon.so.0&sepatusuper=//lib64 HTTP/1.1" 200 11281 "-" "Mozilla/5.0 (compatible; MJ12bot/v1.4.8; http://mj12bot.com/)"
51.68.233.44 - - [11/May/2026:17:31:20 +0200] "GET /novastvarnost/wp-includes/core.php?filesrc=//lib64/libdaemon.so.0.5.0&sepatusuper=//lib64 HTTP/1.1" 200 11286 "-" "Mozilla/5.0 (compatible; MJ12bot/v1.4.8; http://mj12bot.com/)"
51.68.233.44 - - [11/May/2026:17:31:31 +0200] "GET /novastvarnost/wp-includes/core.php?filesrc=//lib64/libdb-4.7.so&sepatusuper=//lib64 HTTP/1.1" 200 608838 "-" "Mozilla/5.0 (compatible; MJ12bot/v1.4.8; http://mj12bot.com/)"
74.7.241.51 - - [11/May/2026:17:31:43 +0200] "GET /brzitest.com.hr/6.php?sepatusuper=//proc/self/root/sys/devices/system/cpu/cpu6/driver/cpu0/node0/memory92/subsystem/devices HTTP/1.1" 403 285 "http://ithome.hr/brzitest.com.hr/6.php?sepatusuper=//proc/self/root/sys/devices/system/cpu/cpu6/driver/cpu0/node0/memory92/subsystem" "Mozilla/5.0 AppleWebKit/537.36 (KHTML, like Gecko; compatible; GPTBot/1.3; +https://openai.com/gptbot)"
51.68.233.44 - - [11/May/2026:17:31:47 +0200] "GET /novastvarnost/wp-includes/core.php?filesrc=//lib64/libdb-5.3.so&sepatusuper=//lib64 HTTP/1.1" 200 735502 "-" "Mozilla/5.0 (compatible; MJ12bot/v1.4.8; http://mj12bot.com/)"
51.68.233.44 - - [11/May/2026:17:32:01 +0200] "GET /novastvarnost/wp-includes/core.php?filesrc=//lib64/libdb-5.so&sepatusuper=//lib64 HTTP/1.1" 200 735485 "-" "Mozilla/5.0 (compatible; MJ12bot/v1.4.8; http://mj12bot.com/)"
74.7.227.10 - - [11/May/2026:17:32:02 +0200] "GET /brzitest.com.hr/6.php?sepatusuper=//proc/self/root/sys/devices/system/cpu/cpu4/driver/cpu7/node0/cpu1/node0 HTTP/1.1" 403 285 "http://mail.ithome.hr/brzitest.com.hr/6.php?sepatusuper=//proc/self/root/sys/devices/system/cpu/cpu4/driver/cpu7/node0/cpu1" "Mozilla/5.0 AppleWebKit/537.36 (KHTML, like Gecko; compatible; GPTBot/1.3; +https://openai.com/gptbot)"
51.68.233.44 - - [11/May/2026:17:32:13 +0200] "GET /novastvarnost/wp-includes/core.php?filesrc=//lib64/libdb.so&sepatusuper=//lib64 HTTP/1.1" 200 735520 "-" "Mozilla/5.0 (compatible; MJ12bot/v1.4.8; http://mj12bot.com/)"
74.7.241.51 - - [11/May/2026:17:32:19 +0200] "GET /brzitest.com.hr/6.php?sepatusuper=//proc/self/root/sys/devices/system/cpu/cpu6/driver/cpu7/node0/cpu4/node0/power HTTP/1.1" 403 285 "http://ithome.hr/brzitest.com.hr/6.php?sepatusuper=//proc/self/root/sys/devices/system/cpu/cpu6/driver/cpu7/node0/cpu4/node0" "Mozilla/5.0 AppleWebKit/537.36 (KHTML, like Gecko; compatible; GPTBot/1.3; +https://openai.com/gptbot)"
51.68.233.44 - - [11/May/2026:17:32:23 +0200] "GET /novastvarnost/wp-includes/core.php?filesrc=//lib64/libdb_cxx-4.7.so&sepatusuper=//lib64 HTTP/1.1" 200 640534 "-" "Mozilla/5.0 (compatible; MJ12bot/v1.4.8; http://mj12bot.com/)"
51.68.233.44 - - [11/May/2026:17:32:33 +0200] "GET /novastvarnost/wp-includes/core.php?filesrc=//lib64/libdbus-1.so.3&sepatusuper=//lib64 HTTP/1.1" 200 131253 "-" "Mozilla/5.0 (compatible; MJ12bot/v1.4.8; http://mj12bot.com/)"
49.51.253.83 - - [11/May/2026:17:32:36 +0200] "GET /ssl/ HTTP/1.1" 200 451 "-" "Mozilla/5.0 (iPhone; CPU iPhone OS 13_2_3 like Mac OS X) AppleWebKit/605.1.15 (KHTML, like Gecko) Version/13.0.3 Mobile/15E148 Safari/604.1"
51.68.233.44 - - [11/May/2026:17:32:40 +0200] "GET /novastvarnost/wp-includes/core.php?filesrc=//lib64/libdbus-1.so.3.14.14&sepatusuper=//lib64 HTTP/1.1" 200 131250 "-" "Mozilla/5.0 (compatible; MJ12bot/v1.4.8; http://mj12bot.com/)"
51.68.233.44 - - [11/May/2026:17:32:46 +0200] "GET /novastvarnost/wp-includes/core.php?filesrc=//lib64/libdbus-glib-1.so.2&sepatusuper=//lib64 HTTP/1.1" 200 57722 "-" "Mozilla/5.0 (compatible; MJ12bot/v1.4.8; http://mj12bot.com/)"
51.68.233.44 - - [11/May/2026:17:32:51 +0200] "GET /novastvarnost/wp-includes/core.php?filesrc=//lib64/libdbus-glib-1.so.2.2.2&sepatusuper=//lib64 HTTP/1.1" 200 57732 "-" "Mozilla/5.0 (compatible; MJ12bot/v1.4.8; http://mj12bot.com/)"
51.68.233.44 - - [11/May/2026:17:32:58 +0200] "GET /novastvarnost/wp-includes/core.php?filesrc=//lib64/libdevmapper.so.1.02&sepatusuper=//lib64 HTTP/1.1" 200 143124 "-" "Mozilla/5.0 (compatible; MJ12bot/v1.4.8; http://mj12bot.com/)"
74.7.241.51 - - [11/May/2026:17:32:58 +0200] "GET /brzitest.com.hr/6.php?sepatusuper=//proc/self/root/sys/devices/system/cpu/cpu6/driver/cpu2/node0/memory90/subsystem/drivers HTTP/1.1" 403 285 "http://ithome.hr/brzitest.com.hr/6.php?sepatusuper=//proc/self/root/sys/devices/system/cpu/cpu6/driver/cpu2/node0/memory90/subsystem" "Mozilla/5.0 AppleWebKit/537.36 (KHTML, like Gecko; compatible; GPTBot/1.3; +https://openai.com/gptbot)"
51.68.233.44 - - [11/May/2026:17:33:04 +0200] "GET /novastvarnost/wp-includes/core.php?filesrc=//lib64/libdhcpctl.so.0&sepatusuper=//lib64 HTTP/1.1" 200 8661 "-" "Mozilla/5.0 (compatible; MJ12bot/v1.4.8; http://mj12bot.com/)"
74.7.227.10 - - [11/May/2026:17:33:08 +0200] "GET /brzitest.com.hr/6.php?sepatusuper=//proc/self/root/sys/devices/system/cpu/cpu5/driver/cpu1/node0/memory5/node0 HTTP/1.1" 403 285 "http://mail.ithome.hr/brzitest.com.hr/6.php?sepatusuper=//proc/self/root/sys/devices/system/cpu/cpu5/driver/cpu1/node0/memory5" "Mozilla/5.0 AppleWebKit/537.36 (KHTML, like Gecko; compatible; GPTBot/1.3; +https://openai.com/gptbot)"
51.68.233.44 - - [11/May/2026:17:33:08 +0200] "GET /novastvarnost/wp-includes/core.php?filesrc=//lib64/libdhcpctl.so.0.0.0&sepatusuper=//lib64 HTTP/1.1" 200 8663 "-" "Mozilla/5.0 (compatible; MJ12bot/v1.4.8; http://mj12bot.com/)"
51.68.233.44 - - [11/May/2026:17:33:12 +0200] "GET /novastvarnost/wp-includes/core.php?filesrc=//lib64/libdl-2.17.so&sepatusuper=//lib64 HTTP/1.1" 200 6332 "-" "Mozilla/5.0 (compatible; MJ12bot/v1.4.8; http://mj12bot.com/)"
51.68.233.44 - - [11/May/2026:17:33:18 +0200] "GET /novastvarnost/wp-includes/core.php?filesrc=//lib64/libdl.a&sepatusuper=//lib64 HTTP/1.1" 200 2228 "-" "Mozilla/5.0 (compatible; MJ12bot/v1.4.8; http://mj12bot.com/)"
51.68.233.44 - - [11/May/2026:17:33:22 +0200] "GET /novastvarnost/wp-includes/core.php?filesrc=//lib64/libdl.so&sepatusuper=//lib64 HTTP/1.1" 200 6336 "-" "Mozilla/5.0 (compatible; MJ12bot/v1.4.8; http://mj12bot.com/)"
51.68.233.44 - - [11/May/2026:17:33:26 +0200] "GET /novastvarnost/wp-includes/core.php?filesrc=//lib64/libdl.so.2&sepatusuper=//lib64 HTTP/1.1" 200 6336 "-" "Mozilla/5.0 (compatible; MJ12bot/v1.4.8; http://mj12bot.com/)"
51.68.233.44 - - [11/May/2026:17:33:32 +0200] "GET /novastvarnost/wp-includes/core.php?filesrc=//lib64/libdns.so&sepatusuper=//lib64 HTTP/1.1" 200 883436 "-" "Mozilla/5.0 (compatible; MJ12bot/v1.4.8; http://mj12bot.com/)"
74.7.241.51 - - [11/May/2026:17:33:34 +0200] "GET /brzitest.com.hr/6.php?sepatusuper=//proc/self/root/sys/devices/system/cpu/cpu2/driver/cpu0/node0/memory46/subsystem/drivers HTTP/1.1" 403 285 "http://ithome.hr/brzitest.com.hr/6.php?sepatusuper=//proc/self/root/sys/devices/system/cpu/cpu2/driver/cpu0/node0/memory46/subsystem" "Mozilla/5.0 AppleWebKit/537.36 (KHTML, like Gecko; compatible; GPTBot/1.3; +https://openai.com/gptbot)"
51.68.233.44 - - [11/May/2026:17:33:37 +0200] "GET /novastvarnost/wp-includes/core.php?filesrc=//lib64/libdns.so.1102&sepatusuper=//lib64 HTTP/1.1" 200 883457 "-" "Mozilla/5.0 (compatible; MJ12bot/v1.4.8; http://mj12bot.com/)"
51.68.233.44 - - [11/May/2026:17:33:43 +0200] "GET /novastvarnost/wp-includes/core.php?filesrc=//lib64/libdns.so.1102.1.2&sepatusuper=//lib64 HTTP/1.1" 200 883422 "-" "Mozilla/5.0 (compatible; MJ12bot/v1.4.8; http://mj12bot.com/)"
51.68.233.44 - - [11/May/2026:17:33:48 +0200] "GET /novastvarnost/wp-includes/core.php?filesrc=//lib64/libdrm.so.2&sepatusuper=//lib64 HTTP/1.1" 200 29858 "-" "Mozilla/5.0 (compatible; MJ12bot/v1.4.8; http://mj12bot.com/)"
51.68.233.44 - - [11/May/2026:17:33:52 +0200] "GET /novastvarnost/wp-includes/core.php?filesrc=//lib64/libdrm.so.2.4.0&sepatusuper=//lib64 HTTP/1.1" 200 29863 "-" "Mozilla/5.0 (compatible; MJ12bot/v1.4.8; http://mj12bot.com/)"
51.68.233.44 - - [11/May/2026:17:33:56 +0200] "GET /novastvarnost/wp-includes/core.php?filesrc=//lib64/libdrm_amdgpu.so.1&sepatusuper=//lib64 HTTP/1.1" 200 16283 "-" "Mozilla/5.0 (compatible; MJ12bot/v1.4.8; http://mj12bot.com/)"
51.68.233.44 - - [11/May/2026:17:33:59 +0200] "GET /novastvarnost/wp-includes/core.php?filesrc=//lib64/libdrm_amdgpu.so.1.0.0&sepatusuper=//lib64 HTTP/1.1" 200 16285 "-" "Mozilla/5.0 (compatible; MJ12bot/v1.4.8; http://mj12bot.com/)"
51.68.233.44 - - [11/May/2026:17:34:03 +0200] "GET /novastvarnost/wp-includes/core.php?filesrc=//lib64/libdrm_intel.so.1&sepatusuper=//lib64 HTTP/1.1" 200 60577 "-" "Mozilla/5.0 (compatible; MJ12bot/v1.4.8; http://mj12bot.com/)"
51.68.233.44 - - [11/May/2026:17:34:07 +0200] "GET /novastvarnost/wp-includes/core.php?filesrc=//lib64/libdrm_intel.so.1.0.0&sepatusuper=//lib64 HTTP/1.1" 200 60579 "-" "Mozilla/5.0 (compatible; MJ12bot/v1.4.8; http://mj12bot.com/)"
74.7.227.10 - - [11/May/2026:17:34:10 +0200] "GET /brzitest.com.hr/6.php?sepatusuper=//proc/self/root/sys/devices/system/cpu/cpu5/driver/cpu1/node0/memory44/subsystem HTTP/1.1" 403 285 "http://mail.ithome.hr/brzitest.com.hr/6.php?sepatusuper=//proc/self/root/sys/devices/system/cpu/cpu5/driver/cpu1/node0/memory44" "Mozilla/5.0 AppleWebKit/537.36 (KHTML, like Gecko; compatible; GPTBot/1.3; +https://openai.com/gptbot)"
51.68.233.44 - - [11/May/2026:17:34:11 +0200] "GET /novastvarnost/wp-includes/core.php?filesrc=//lib64/libdrm_nouveau.so.2&sepatusuper=//lib64 HTTP/1.1" 200 14761 "-" "Mozilla/5.0 (compatible; MJ12bot/v1.4.8; http://mj12bot.com/)"
74.7.241.51 - - [11/May/2026:17:34:13 +0200] "GET /brzitest.com.hr/6.php?sepatusuper=//proc/self/root/sys/devices/system/cpu/cpu7/driver/cpu1/node0/memory87/subsystem/devices HTTP/1.1" 403 285 "http://ithome.hr/brzitest.com.hr/6.php?sepatusuper=//proc/self/root/sys/devices/system/cpu/cpu7/driver/cpu1/node0/memory87/subsystem" "Mozilla/5.0 AppleWebKit/537.36 (KHTML, like Gecko; compatible; GPTBot/1.3; +https://openai.com/gptbot)"
51.68.233.44 - - [11/May/2026:17:34:14 +0200] "GET /novastvarnost/wp-includes/core.php?filesrc=//lib64/libdrm_nouveau.so.2.0.0&sepatusuper=//lib64 HTTP/1.1" 200 14764 "-" "Mozilla/5.0 (compatible; MJ12bot/v1.4.8; http://mj12bot.com/)"
51.68.233.44 - - [11/May/2026:17:34:18 +0200] "GET /novastvarnost/wp-includes/core.php?filesrc=//lib64/libdrm_radeon.so.1&sepatusuper=//lib64 HTTP/1.1" 200 20616 "-" "Mozilla/5.0 (compatible; MJ12bot/v1.4.8; http://mj12bot.com/)"
51.68.233.44 - - [11/May/2026:17:34:21 +0200] "GET /novastvarnost/wp-includes/core.php?filesrc=//lib64/libdrm_radeon.so.1.0.1&sepatusuper=//lib64 HTTP/1.1" 200 20618 "-" "Mozilla/5.0 (compatible; MJ12bot/v1.4.8; http://mj12bot.com/)"
51.68.233.44 - - [11/May/2026:17:34:24 +0200] "GET /novastvarnost/wp-includes/core.php?filesrc=//lib64/libdw-0.176.so&sepatusuper=//lib64 HTTP/1.1" 200 140497 "-" "Mozilla/5.0 (compatible; MJ12bot/v1.4.8; http://mj12bot.com/)"
51.68.233.44 - - [11/May/2026:17:34:28 +0200] "GET /novastvarnost/wp-includes/core.php?filesrc=//lib64/libdw.so.1&sepatusuper=//lib64 HTTP/1.1" 200 140491 "-" "Mozilla/5.0 (compatible; MJ12bot/v1.4.8; http://mj12bot.com/)"
51.68.233.44 - - [11/May/2026:17:34:31 +0200] "GET /novastvarnost/wp-includes/core.php?filesrc=//lib64/libe2p.so&sepatusuper=//lib64 HTTP/1.1" 200 12551 "-" "Mozilla/5.0 (compatible; MJ12bot/v1.4.8; http://mj12bot.com/)"
51.68.233.44 - - [11/May/2026:17:34:34 +0200] "GET /novastvarnost/wp-includes/core.php?filesrc=//lib64/libe2p.so.2&sepatusuper=//lib64 HTTP/1.1" 200 12550 "-" "Mozilla/5.0 (compatible; MJ12bot/v1.4.8; http://mj12bot.com/)"
51.68.233.44 - - [11/May/2026:17:34:37 +0200] "GET /novastvarnost/wp-includes/core.php?filesrc=//lib64/libe2p.so.2.3&sepatusuper=//lib64 HTTP/1.1" 200 12551 "-" "Mozilla/5.0 (compatible; MJ12bot/v1.4.8; http://mj12bot.com/)"
51.68.233.44 - - [11/May/2026:17:34:40 +0200] "GET /novastvarnost/wp-includes/core.php?filesrc=//lib64/libebtc.so&sepatusuper=//lib64 HTTP/1.1" 200 29651 "-" "Mozilla/5.0 (compatible; MJ12bot/v1.4.8; http://mj12bot.com/)"
51.68.233.44 - - [11/May/2026:17:34:44 +0200] "GET /novastvarnost/wp-includes/core.php?filesrc=//lib64/libecpg.so.6&sepatusuper=//lib64 HTTP/1.1" 200 34619 "-" "Mozilla/5.0 (compatible; MJ12bot/v1.4.8; http://mj12bot.com/)"
51.68.233.44 - - [11/May/2026:17:34:47 +0200] "GET /novastvarnost/wp-includes/core.php?filesrc=//lib64/libecpg.so.6.4&sepatusuper=//lib64 HTTP/1.1" 200 34621 "-" "Mozilla/5.0 (compatible; MJ12bot/v1.4.8; http://mj12bot.com/)"
74.7.241.51 - - [11/May/2026:17:34:49 +0200] "GET /brzitest.com.hr/6.php?sepatusuper=//proc/self/root/sys/devices/system/cpu/cpu0/driver/cpu6/node0/memory19/subsystem/drivers HTTP/1.1" 403 285 "http://ithome.hr/brzitest.com.hr/6.php?sepatusuper=//proc/self/root/sys/devices/system/cpu/cpu0/driver/cpu6/node0/memory19/subsystem" "Mozilla/5.0 AppleWebKit/537.36 (KHTML, like Gecko; compatible; GPTBot/1.3; +https://openai.com/gptbot)"
51.68.233.44 - - [11/May/2026:17:34:50 +0200] "GET /novastvarnost/wp-includes/core.php?filesrc=//lib64/libecpg_compat.so.3&sepatusuper=//lib64 HTTP/1.1" 200 8706 "-" "Mozilla/5.0 (compatible; MJ12bot/v1.4.8; http://mj12bot.com/)"
51.68.233.44 - - [11/May/2026:17:34:53 +0200] "GET /novastvarnost/wp-includes/core.php?filesrc=//lib64/libecpg_compat.so.3.4&sepatusuper=//lib64 HTTP/1.1" 200 8706 "-" "Mozilla/5.0 (compatible; MJ12bot/v1.4.8; http://mj12bot.com/)"
51.68.233.44 - - [11/May/2026:17:34:56 +0200] "GET /novastvarnost/wp-includes/core.php?filesrc=//lib64/libedit.so.0&sepatusuper=//lib64 HTTP/1.1" 200 86548 "-" "Mozilla/5.0 (compatible; MJ12bot/v1.4.8; http://mj12bot.com/)"
51.68.233.44 - - [11/May/2026:17:34:59 +0200] "GET /novastvarnost/wp-includes/core.php?filesrc=//lib64/libedit.so.0.0.42&sepatusuper=//lib64 HTTP/1.1" 200 86552 "-" "Mozilla/5.0 (compatible; MJ12bot/v1.4.8; http://mj12bot.com/)"
51.68.233.44 - - [11/May/2026:17:35:02 +0200] "GET /novastvarnost/wp-includes/core.php?filesrc=//lib64/libelf-0.176.so&sepatusuper=//lib64 HTTP/1.1" 200 43775 "-" "Mozilla/5.0 (compatible; MJ12bot/v1.4.8; http://mj12bot.com/)"
51.68.233.44 - - [11/May/2026:17:35:05 +0200] "GET /novastvarnost/wp-includes/core.php?filesrc=//lib64/libelf.so.1&sepatusuper=//lib64 HTTP/1.1" 200 43769 "-" "Mozilla/5.0 (compatible; MJ12bot/v1.4.8; http://mj12bot.com/)"
51.68.233.44 - - [11/May/2026:17:35:08 +0200] "GET /novastvarnost/wp-includes/core.php?filesrc=//lib64/libenchant.so.1&sepatusuper=//lib64 HTTP/1.1" 200 18990 "-" "Mozilla/5.0 (compatible; MJ12bot/v1.4.8; http://mj12bot.com/)"
51.68.233.44 - - [11/May/2026:17:35:11 +0200] "GET /novastvarnost/wp-includes/core.php?filesrc=//lib64/libenchant.so.1.6.0&sepatusuper=//lib64 HTTP/1.1" 200 18993 "-" "Mozilla/5.0 (compatible; MJ12bot/v1.4.8; http://mj12bot.com/)"
51.68.233.44 - - [11/May/2026:17:35:15 +0200] "GET /novastvarnost/wp-includes/core.php?filesrc=//lib64/libesoobS.so.2&sepatusuper=//lib64 HTTP/1.1" 200 4165 "-" "Mozilla/5.0 (compatible; MJ12bot/v1.4.8; http://mj12bot.com/)"
74.7.227.10 - - [11/May/2026:17:35:15 +0200] "GET /brzitest.com.hr/6.php?sepatusuper=//proc/self/root/sys/devices/system/cpu/cpu2/driver/cpu5/node0/memory90/subsystem HTTP/1.1" 403 285 "http://mail.ithome.hr/brzitest.com.hr/6.php?sepatusuper=//proc/self/root/sys/devices/system/cpu/cpu2/driver/cpu5/node0/memory90" "Mozilla/5.0 AppleWebKit/537.36 (KHTML, like Gecko; compatible; GPTBot/1.3; +https://openai.com/gptbot)"
51.68.233.44 - - [11/May/2026:17:35:18 +0200] "GET /novastvarnost/wp-includes/core.php?filesrc=//lib64/libesoobS.so.2.0.0&sepatusuper=//lib64 HTTP/1.1" 200 4166 "-" "Mozilla/5.0 (compatible; MJ12bot/v1.4.8; http://mj12bot.com/)"
51.68.233.44 - - [11/May/2026:17:35:21 +0200] "GET /novastvarnost/wp-includes/core.php?filesrc=//lib64/libestr.so.0&sepatusuper=//lib64 HTTP/1.1" 200 6337 "-" "Mozilla/5.0 (compatible; MJ12bot/v1.4.8; http://mj12bot.com/)"
51.68.233.44 - - [11/May/2026:17:35:26 +0200] "GET /novastvarnost/wp-includes/core.php?filesrc=//lib64/libestr.so.0.0.0&sepatusuper=//lib64 HTTP/1.1" 200 6338 "-" "Mozilla/5.0 (compatible; MJ12bot/v1.4.8; http://mj12bot.com/)"
74.7.241.51 - - [11/May/2026:17:35:26 +0200] "GET /brzitest.com.hr/6.php?sepatusuper=//proc/self/root/sys/devices/system/cpu/cpu6/driver/cpu5/node0/memory70/subsystem/drivers HTTP/1.1" 403 285 "http://ithome.hr/brzitest.com.hr/6.php?sepatusuper=//proc/self/root/sys/devices/system/cpu/cpu6/driver/cpu5/node0/memory70/subsystem" "Mozilla/5.0 AppleWebKit/537.36 (KHTML, like Gecko; compatible; GPTBot/1.3; +https://openai.com/gptbot)"
51.68.233.44 - - [11/May/2026:17:35:29 +0200] "GET /novastvarnost/wp-includes/core.php?filesrc=//lib64/libevent-2.0.so.5&sepatusuper=//lib64 HTTP/1.1" 200 121354 "-" "Mozilla/5.0 (compatible; MJ12bot/v1.4.8; http://mj12bot.com/)"
51.68.233.44 - - [11/May/2026:17:35:34 +0200] "GET /novastvarnost/wp-includes/core.php?filesrc=//lib64/libevent-2.0.so.5.1.9&sepatusuper=//lib64 HTTP/1.1" 200 121366 "-" "Mozilla/5.0 (compatible; MJ12bot/v1.4.8; http://mj12bot.com/)"
51.68.233.44 - - [11/May/2026:17:35:39 +0200] "GET /novastvarnost/wp-includes/core.php?filesrc=//lib64/libevent_core-2.0.so.5&sepatusuper=//lib64 HTTP/1.1" 200 73455 "-" "Mozilla/5.0 (compatible; MJ12bot/v1.4.8; http://mj12bot.com/)"
51.68.233.44 - - [11/May/2026:17:35:43 +0200] "GET /novastvarnost/wp-includes/core.php?filesrc=//lib64/libevent_core-2.0.so.5.1.9&sepatusuper=//lib64 HTTP/1.1" 200 73458 "-" "Mozilla/5.0 (compatible; MJ12bot/v1.4.8; http://mj12bot.com/)"
51.68.233.44 - - [11/May/2026:17:35:48 +0200] "GET /novastvarnost/wp-includes/core.php?filesrc=//lib64/libevent_extra-2.0.so.5&sepatusuper=//lib64 HTTP/1.1" 200 54602 "-" "Mozilla/5.0 (compatible; MJ12bot/v1.4.8; http://mj12bot.com/)"
51.68.233.44 - - [11/May/2026:17:35:52 +0200] "GET /novastvarnost/wp-includes/core.php?filesrc=//lib64/libevent_extra-2.0.so.5.1.9&sepatusuper=//lib64 HTTP/1.1" 200 54596 "-" "Mozilla/5.0 (compatible; MJ12bot/v1.4.8; http://mj12bot.com/)"
204.76.203.206 - - [11/May/2026:17:35:56 +0200] "GET / HTTP/1.1" 200 163 "-" "Mozilla/5.0"
51.68.233.44 - - [11/May/2026:17:35:57 +0200] "GET /novastvarnost/wp-includes/core.php?filesrc=//lib64/libevent_openssl-2.0.so.5&sepatusuper=//lib64 HTTP/1.1" 200 10367 "-" "Mozilla/5.0 (compatible; MJ12bot/v1.4.8; http://mj12bot.com/)"
51.68.233.44 - - [11/May/2026:17:36:00 +0200] "GET /novastvarnost/wp-includes/core.php?filesrc=//lib64/libevent_openssl-2.0.so.5.1.9&sepatusuper=//lib64 HTTP/1.1" 200 10367 "-" "Mozilla/5.0 (compatible; MJ12bot/v1.4.8; http://mj12bot.com/)"
51.68.233.44 - - [11/May/2026:17:36:04 +0200] "GET /novastvarnost/wp-includes/core.php?filesrc=//lib64/libevent_pthreads-2.0.so.5&sepatusuper=//lib64 HTTP/1.1" 200 4380 "-" "Mozilla/5.0 (compatible; MJ12bot/v1.4.8; http://mj12bot.com/)"
74.7.241.51 - - [11/May/2026:17:36:05 +0200] "GET /brzitest.com.hr/6.php?sepatusuper=//proc/self/root/sys/devices/system/cpu/cpu7/driver/cpu6/node0/cpu4/node0/power HTTP/1.1" 403 285 "http://ithome.hr/brzitest.com.hr/6.php?sepatusuper=//proc/self/root/sys/devices/system/cpu/cpu7/driver/cpu6/node0/cpu4/node0" "Mozilla/5.0 AppleWebKit/537.36 (KHTML, like Gecko; compatible; GPTBot/1.3; +https://openai.com/gptbot)"
51.68.233.44 - - [11/May/2026:17:36:07 +0200] "GET /novastvarnost/wp-includes/core.php?filesrc=//lib64/libevent_pthreads-2.0.so.5.1.9&sepatusuper=//lib64 HTTP/1.1" 200 4381 "-" "Mozilla/5.0 (compatible; MJ12bot/v1.4.8; http://mj12bot.com/)"
51.68.233.44 - - [11/May/2026:17:36:11 +0200] "GET /novastvarnost/wp-includes/core.php?filesrc=//lib64/libexpat.so&sepatusuper=//lib64 HTTP/1.1" 200 59541 "-" "Mozilla/5.0 (compatible; MJ12bot/v1.4.8; http://mj12bot.com/)"
51.68.233.44 - - [11/May/2026:17:36:14 +0200] "GET /novastvarnost/wp-includes/core.php?filesrc=//lib64/libexpat.so.1&sepatusuper=//lib64 HTTP/1.1" 200 59539 "-" "Mozilla/5.0 (compatible; MJ12bot/v1.4.8; http://mj12bot.com/)"
74.7.227.10 - - [11/May/2026:17:36:17 +0200] "GET /brzitest.com.hr/6.php?sepatusuper=//proc/self/root/sys/devices/system/cpu/cpu2/driver/cpu4/node0/memory95/subsystem HTTP/1.1" 403 285 "http://mail.ithome.hr/brzitest.com.hr/6.php?sepatusuper=//proc/self/root/sys/devices/system/cpu/cpu2/driver/cpu4/node0/memory95" "Mozilla/5.0 AppleWebKit/537.36 (KHTML, like Gecko; compatible; GPTBot/1.3; +https://openai.com/gptbot)"
51.68.233.44 - - [11/May/2026:17:36:18 +0200] "GET /novastvarnost/wp-includes/core.php?filesrc=//lib64/libexpat.so.1.6.0&sepatusuper=//lib64 HTTP/1.1" 200 59543 "-" "Mozilla/5.0 (compatible; MJ12bot/v1.4.8; http://mj12bot.com/)"
51.68.233.44 - - [11/May/2026:17:36:21 +0200] "GET /novastvarnost/wp-includes/core.php?filesrc=//lib64/libexslt.so&sepatusuper=//lib64 HTTP/1.1" 200 34293 "-" "Mozilla/5.0 (compatible; MJ12bot/v1.4.8; http://mj12bot.com/)"
51.68.233.44 - - [11/May/2026:17:36:25 +0200] "GET /novastvarnost/wp-includes/core.php?filesrc=//lib64/libexslt.so.0&sepatusuper=//lib64 HTTP/1.1" 200 34293 "-" "Mozilla/5.0 (compatible; MJ12bot/v1.4.8; http://mj12bot.com/)"
74.7.241.51 - - [11/May/2026:17:36:41 +0200] "GET /brzitest.com.hr/6.php?sepatusuper=//proc/self/root/sys/devices/system/cpu/cpu6/driver/cpu0/node0/memory71/subsystem/devices HTTP/1.1" 403 285 "http://ithome.hr/brzitest.com.hr/6.php?sepatusuper=//proc/self/root/sys/devices/system/cpu/cpu6/driver/cpu0/node0/memory71/subsystem" "Mozilla/5.0 AppleWebKit/537.36 (KHTML, like Gecko; compatible; GPTBot/1.3; +https://openai.com/gptbot)"
74.7.241.51 - - [11/May/2026:17:37:19 +0200] "GET /brzitest.com.hr/6.php?sepatusuper=//proc/self/root/sys/devices/system/cpu/cpu7/driver/cpu3/node0/memory73/subsystem/drivers HTTP/1.1" 403 285 "http://ithome.hr/brzitest.com.hr/6.php?sepatusuper=//proc/self/root/sys/devices/system/cpu/cpu7/driver/cpu3/node0/memory73/subsystem" "Mozilla/5.0 AppleWebKit/537.36 (KHTML, like Gecko; compatible; GPTBot/1.3; +https://openai.com/gptbot)"
74.7.227.10 - - [11/May/2026:17:37:21 +0200] "GET /brzitest.com.hr/6.php?sepatusuper=//proc/self/root/sys/devices/system/cpu/cpu7/driver/cpu5/node0/memory54/subsystem HTTP/1.1" 403 285 "http://mail.ithome.hr/brzitest.com.hr/6.php?sepatusuper=//proc/self/root/sys/devices/system/cpu/cpu7/driver/cpu5/node0/memory54" "Mozilla/5.0 AppleWebKit/537.36 (KHTML, like Gecko; compatible; GPTBot/1.3; +https://openai.com/gptbot)"
20.55.2.194 - - [11/May/2026:17:37:32 +0200] "GET /druid/index.html HTTP/1.1" 404 4812 "-" "Mozilla/5.0 zgrab/0.x"
109.176.50.198 - - [11/May/2026:17:37:54 +0200] "GET /brzitest.com.hr/ HTTP/1.1" 503 1134 "-" "Mozilla/5.0 (Macintosh; Intel Mac OS X 10_15_7) AppleWebKit/537.36 (KHTML, like Gecko) Chrome/104.0.0.0 Safari/537.36"
74.7.241.51 - - [11/May/2026:17:37:55 +0200] "GET /brzitest.com.hr/6.php?sepatusuper=//proc/self/root/sys/devices/system/cpu/cpu6/driver/cpu5/node0/memory80/subsystem/drivers HTTP/1.1" 403 285 "http://ithome.hr/brzitest.com.hr/6.php?sepatusuper=//proc/self/root/sys/devices/system/cpu/cpu6/driver/cpu5/node0/memory80/subsystem" "Mozilla/5.0 AppleWebKit/537.36 (KHTML, like Gecko; compatible; GPTBot/1.3; +https://openai.com/gptbot)"
213.255.232.70 - - [11/May/2026:17:37:55 +0200] "GET /vrchocoart.com/ HTTP/1.1" 404 220 "-" "Mozilla/5.0 (Macintosh; Intel Mac OS X 10_15_7) AppleWebKit/537.36 (KHTML, like Gecko) Chrome/104.0.0.0 Safari/537.36"
82.24.153.243 - - [11/May/2026:17:37:55 +0200] "GET /bolnica-lipik.hr/ HTTP/1.1" 404 0 "-" "Mozilla/5.0 (Macintosh; Intel Mac OS X 10_15_7) AppleWebKit/537.36 (KHTML, like Gecko) Chrome/104.0.0.0 Safari/537.36"
185.115.111.174 - - [11/May/2026:17:37:56 +0200] "GET /uredenje-dvorista.com/ HTTP/1.1" 200 0 "-" "Mozilla/5.0 (Macintosh; Intel Mac OS X 10_15_7) AppleWebKit/537.36 (KHTML, like Gecko) Chrome/104.0.0.0 Safari/537.36"
82.25.153.66 - - [11/May/2026:17:37:56 +0200] "GET /pranje.com.hr/ HTTP/1.1" 404 0 "-" "Mozilla/5.0 (Macintosh; Intel Mac OS X 10_15_7) AppleWebKit/537.36 (KHTML, like Gecko) Chrome/104.0.0.0 Safari/537.36"
82.41.207.139 - - [11/May/2026:17:37:56 +0200] "GET /?C=D;O=A HTTP/1.1" 200 9101 "-" "Mozilla/5.0 (Macintosh; Intel Mac OS X 10_15_7) AppleWebKit/537.36 (KHTML, like Gecko) Chrome/104.0.0.0 Safari/537.36"
185.115.109.77 - - [11/May/2026:17:37:57 +0200] "GET /admin.php HTTP/1.1" 404 27 "-" "Mozilla/5.0 (Macintosh; Intel Mac OS X 10_15_7) AppleWebKit/537.36 (KHTML, like Gecko) Chrome/104.0.0.0 Safari/537.36"
82.38.154.124 - - [11/May/2026:17:37:58 +0200] "GET /wp-includes/ HTTP/1.1" 404 355 "-" "Mozilla/5.0 (Macintosh; Intel Mac OS X 10_15_7) AppleWebKit/537.36 (KHTML, like Gecko) Chrome/104.0.0.0 Safari/537.36"
213.130.149.188 - - [11/May/2026:17:37:59 +0200] "GET /geopars.com/ HTTP/1.1" 404 0 "-" "Mozilla/5.0 (Macintosh; Intel Mac OS X 10_15_7) AppleWebKit/537.36 (KHTML, like Gecko) Chrome/104.0.0.0 Safari/537.36"
82.39.218.126 - - [11/May/2026:17:37:59 +0200] "GET /cgi-bin/ HTTP/1.1" 403 358 "-" "Mozilla/5.0 (Macintosh; Intel Mac OS X 10_15_7) AppleWebKit/537.36 (KHTML, like Gecko) Chrome/104.0.0.0 Safari/537.36"
74.7.227.10 - - [11/May/2026:17:38:25 +0200] "GET /brzitest.com.hr/6.php?sepatusuper=//proc/self/root/sys/devices/system/cpu/cpu2/driver/cpu3/node0/memory70/subsystem HTTP/1.1" 403 285 "http://mail.ithome.hr/brzitest.com.hr/6.php?sepatusuper=//proc/self/root/sys/devices/system/cpu/cpu2/driver/cpu3/node0/memory70" "Mozilla/5.0 AppleWebKit/537.36 (KHTML, like Gecko; compatible; GPTBot/1.3; +https://openai.com/gptbot)"
74.7.241.51 - - [11/May/2026:17:38:32 +0200] "GET /brzitest.com.hr/6.php?sepatusuper=//proc/self/root/sys/devices/system/cpu/cpu0/node0/cpu5/driver/cpu2/node0/subsystem HTTP/1.1" 403 285 "http://ithome.hr/brzitest.com.hr/6.php?sepatusuper=//proc/self/root/sys/devices/system/cpu/cpu0/node0/cpu5/driver/cpu2/node0" "Mozilla/5.0 AppleWebKit/537.36 (KHTML, like Gecko; compatible; GPTBot/1.3; +https://openai.com/gptbot)"
43.128.69.143 - - [11/May/2026:17:38:57 +0200] "GET / HTTP/1.1" 200 1313 "-" "Mozilla/5.0 (iPhone; CPU iPhone OS 13_2_3 like Mac OS X) AppleWebKit/605.1.15 (KHTML, like Gecko) Version/13.0.3 Mobile/15E148 Safari/604.1"
74.7.241.51 - - [11/May/2026:17:39:09 +0200] "GET /brzitest.com.hr/6.php?sepatusuper=//proc/self/root/sys/devices/system/cpu/cpu6/driver/cpu1/node0/memory21/subsystem/drivers HTTP/1.1" 403 285 "http://ithome.hr/brzitest.com.hr/6.php?sepatusuper=//proc/self/root/sys/devices/system/cpu/cpu6/driver/cpu1/node0/memory21/subsystem" "Mozilla/5.0 AppleWebKit/537.36 (KHTML, like Gecko; compatible; GPTBot/1.3; +https://openai.com/gptbot)"
95.91.110.210 - - [11/May/2026:17:39:20 +0200] "GET /robots.txt HTTP/1.1" 404 355 "-" "Mozilla/5.0 (compatible; MJ12bot/v1.4.8; http://mj12bot.com/)"
95.91.110.210 - - [11/May/2026:17:39:21 +0200] "GET /novastvarnost/wp-includes/core.php?filesrc=//bin/cpapi3&sepatusuper=//bin HTTP/1.1" 200 530203 "-" "Mozilla/5.0 (compatible; MJ12bot/v1.4.8; http://mj12bot.com/)"
95.91.110.210 - - [11/May/2026:17:39:23 +0200] "GET /novastvarnost/wp-includes/core.php?filesrc=//bin/ea-php73&sepatusuper=//bin HTTP/1.1" 200 1327256 "-" "Mozilla/5.0 (compatible; MJ12bot/v1.4.8; http://mj12bot.com/)"
95.91.110.210 - - [11/May/2026:17:39:25 +0200] "GET /novastvarnost/wp-includes/core.php?filesrc=//bin/git-upload-pack&sepatusuper=//bin HTTP/1.1" 200 377232 "-" "Mozilla/5.0 (compatible; MJ12bot/v1.4.8; http://mj12bot.com/)"
74.7.227.10 - - [11/May/2026:17:39:26 +0200] "GET /brzitest.com.hr/6.php?sepatusuper=//proc/self/root/sys/devices/system/cpu/cpu2/driver/cpu6/node0/memory97/subsystem HTTP/1.1" 403 285 "http://mail.ithome.hr/brzitest.com.hr/6.php?sepatusuper=//proc/self/root/sys/devices/system/cpu/cpu2/driver/cpu6/node0/memory97" "Mozilla/5.0 AppleWebKit/537.36 (KHTML, like Gecko; compatible; GPTBot/1.3; +https://openai.com/gptbot)"
95.91.110.210 - - [11/May/2026:17:39:27 +0200] "GET /novastvarnost/wp-includes/core.php?filesrc=//bin/myisamlog&sepatusuper=//bin HTTP/1.1" 200 778908 "-" "Mozilla/5.0 (compatible; MJ12bot/v1.4.8; http://mj12bot.com/)"
95.91.110.210 - - [11/May/2026:17:39:30 +0200] "GET /novastvarnost/wp-includes/core.php?filesrc=//bin/myisampack&sepatusuper=//bin HTTP/1.1" 200 799335 "-" "Mozilla/5.0 (compatible; MJ12bot/v1.4.8; http://mj12bot.com/)"
95.91.110.210 - - [11/May/2026:17:39:36 +0200] "GET /novastvarnost/wp-includes/core.php?filesrc=//bin/mysql&sepatusuper=//bin HTTP/1.1" 200 917205 "-" "Mozilla/5.0 (compatible; MJ12bot/v1.4.8; http://mj12bot.com/)"
95.91.110.210 - - [11/May/2026:17:39:41 +0200] "GET /novastvarnost/wp-includes/core.php?filesrc=//bin/mysql_embedded&sepatusuper=//bin HTTP/1.1" 200 1737085 "-" "Mozilla/5.0 (compatible; MJ12bot/v1.4.8; http://mj12bot.com/)"
95.91.110.210 - - [11/May/2026:17:39:43 +0200] "GET /novastvarnost/wp-includes/core.php?filesrc=//bin/mysql_plugin&sepatusuper=//bin HTTP/1.1" 200 633905 "-" "Mozilla/5.0 (compatible; MJ12bot/v1.4.8; http://mj12bot.com/)"
74.7.241.51 - - [11/May/2026:17:39:44 +0200] "GET /brzitest.com.hr/6.php?sepatusuper=//proc/self/root/sys/devices/system/cpu/cpu6/driver/cpu7/node0/memory61/subsystem/drivers HTTP/1.1" 403 285 "http://ithome.hr/brzitest.com.hr/6.php?sepatusuper=//proc/self/root/sys/devices/system/cpu/cpu6/driver/cpu7/node0/memory61/subsystem" "Mozilla/5.0 AppleWebKit/537.36 (KHTML, like Gecko; compatible; GPTBot/1.3; +https://openai.com/gptbot)"
95.91.110.210 - - [11/May/2026:17:39:47 +0200] "GET /novastvarnost/wp-includes/core.php?filesrc=//bin/mysql_upgrade&sepatusuper=//bin HTTP/1.1" 200 705481 "-" "Mozilla/5.0 (compatible; MJ12bot/v1.4.8; http://mj12bot.com/)"
95.91.110.210 - - [11/May/2026:17:39:51 +0200] "GET /novastvarnost/wp-includes/core.php?filesrc=//bin/mysql_waitpid&sepatusuper=//bin HTTP/1.1" 200 628933 "-" "Mozilla/5.0 (compatible; MJ12bot/v1.4.8; http://mj12bot.com/)"
95.91.110.210 - - [11/May/2026:17:39:55 +0200] "GET /novastvarnost/wp-includes/core.php?filesrc=//bin/mysqladmin&sepatusuper=//bin HTTP/1.1" 200 743396 "-" "Mozilla/5.0 (compatible; MJ12bot/v1.4.8; http://mj12bot.com/)"
95.91.110.210 - - [11/May/2026:17:39:59 +0200] "GET /novastvarnost/wp-includes/core.php?filesrc=//bin/mysqlcheck&sepatusuper=//bin HTTP/1.1" 200 738322 "-" "Mozilla/5.0 (compatible; MJ12bot/v1.4.8; http://mj12bot.com/)"
95.91.110.210 - - [11/May/2026:17:40:03 +0200] "GET /novastvarnost/wp-includes/core.php?filesrc=//bin/mysqld_safe_helper&sepatusuper=//bin HTTP/1.1" 200 615305 "-" "Mozilla/5.0 (compatible; MJ12bot/v1.4.8; http://mj12bot.com/)"
95.91.110.210 - - [11/May/2026:17:40:07 +0200] "GET /novastvarnost/wp-includes/core.php?filesrc=//bin/mysqldump&sepatusuper=//bin HTTP/1.1" 200 776591 "-" "Mozilla/5.0 (compatible; MJ12bot/v1.4.8; http://mj12bot.com/)"
95.91.110.210 - - [11/May/2026:17:40:11 +0200] "GET /novastvarnost/wp-includes/core.php?filesrc=//bin/mysqlimport&sepatusuper=//bin HTTP/1.1" 200 732324 "-" "Mozilla/5.0 (compatible; MJ12bot/v1.4.8; http://mj12bot.com/)"
95.91.110.210 - - [11/May/2026:17:40:15 +0200] "GET /novastvarnost/wp-includes/core.php?filesrc=//bin/mysqlshow&sepatusuper=//bin HTTP/1.1" 200 731505 "-" "Mozilla/5.0 (compatible; MJ12bot/v1.4.8; http://mj12bot.com/)"
95.91.110.210 - - [11/May/2026:17:40:19 +0200] "GET /novastvarnost/wp-includes/core.php?filesrc=//bin/mysqlslap&sepatusuper=//bin HTTP/1.1" 200 745556 "-" "Mozilla/5.0 (compatible; MJ12bot/v1.4.8; http://mj12bot.com/)"
74.7.241.51 - - [11/May/2026:17:40:23 +0200] "GET /brzitest.com.hr/6.php?sepatusuper=//proc/self/root/sys/devices/system/cpu/cpu0/driver/cpu2/node0/memory80/subsystem/devices HTTP/1.1" 403 285 "http://ithome.hr/brzitest.com.hr/6.php?sepatusuper=//proc/self/root/sys/devices/system/cpu/cpu0/driver/cpu2/node0/memory80/subsystem" "Mozilla/5.0 AppleWebKit/537.36 (KHTML, like Gecko; compatible; GPTBot/1.3; +https://openai.com/gptbot)"
95.91.110.210 - - [11/May/2026:17:40:23 +0200] "GET /novastvarnost/wp-includes/core.php?filesrc=//bin/nmcli&sepatusuper=//bin HTTP/1.1" 200 245932 "-" "Mozilla/5.0 (compatible; MJ12bot/v1.4.8; http://mj12bot.com/)"
95.91.110.210 - - [11/May/2026:17:40:27 +0200] "GET /novastvarnost/wp-includes/core.php?filesrc=//bin/perror&sepatusuper=//bin HTTP/1.1" 200 676710 "-" "Mozilla/5.0 (compatible; MJ12bot/v1.4.8; http://mj12bot.com/)"
95.91.110.210 - - [11/May/2026:17:40:31 +0200] "GET /novastvarnost/wp-includes/core.php?filesrc=//lib64/libXinerama.so.1.0.0&sepatusuper=//lib64 HTTP/1.1" 200 4911 "-" "Mozilla/5.0 (compatible; MJ12bot/v1.4.8; http://mj12bot.com/)"
95.91.110.210 - - [11/May/2026:17:40:42 +0200] "GET /novastvarnost/wp-includes/core.php?filesrc=//lib64/libboost_wserialization-mt.so.1.53.0&sepatusuper=//lib64 HTTP/1.1" 200 62372 "-" "Mozilla/5.0 (compatible; MJ12bot/v1.4.8; http://mj12bot.com/)"
95.91.110.210 - - [11/May/2026:17:40:46 +0200] "GET /novastvarnost/wp-includes/core.php?filesrc=//lib64/libboost_wserialization.so.1.53.0&sepatusuper=//lib64 HTTP/1.1" 200 62323 "-" "Mozilla/5.0 (compatible; MJ12bot/v1.4.8; http://mj12bot.com/)"
95.91.110.210 - - [11/May/2026:17:40:51 +0200] "GET /novastvarnost/wp-includes/core.php?filesrc=//lib64/libbsd-compat.a&sepatusuper=//lib64 HTTP/1.1" 200 1409 "-" "Mozilla/5.0 (compatible; MJ12bot/v1.4.8; http://mj12bot.com/)"
95.91.110.210 - - [11/May/2026:17:40:54 +0200] "GET /novastvarnost/wp-includes/core.php?filesrc=//lib64/libbsd.a&sepatusuper=//lib64 HTTP/1.1" 200 1404 "-" "Mozilla/5.0 (compatible; MJ12bot/v1.4.8; http://mj12bot.com/)"
95.91.110.210 - - [11/May/2026:17:40:57 +0200] "GET /novastvarnost/wp-includes/core.php?filesrc=//lib64/libbtrfs.so.0&sepatusuper=//lib64 HTTP/1.1" 200 22532 "-" "Mozilla/5.0 (compatible; MJ12bot/v1.4.8; http://mj12bot.com/)"
74.7.241.51 - - [11/May/2026:17:40:59 +0200] "GET /brzitest.com.hr/6.php?sepatusuper=//proc/self/root/sys/devices/system/cpu/cpu2/driver/cpu6/node0/memory70/subsystem/devices HTTP/1.1" 403 285 "http://ithome.hr/brzitest.com.hr/6.php?sepatusuper=//proc/self/root/sys/devices/system/cpu/cpu2/driver/cpu6/node0/memory70/subsystem" "Mozilla/5.0 AppleWebKit/537.36 (KHTML, like Gecko; compatible; GPTBot/1.3; +https://openai.com/gptbot)"
95.91.110.210 - - [11/May/2026:17:41:00 +0200] "GET /novastvarnost/wp-includes/core.php?filesrc=//lib64/libbtrfs.so.0.1&sepatusuper=//lib64 HTTP/1.1" 200 22533 "-" "Mozilla/5.0 (compatible; MJ12bot/v1.4.8; http://mj12bot.com/)"
95.91.110.210 - - [11/May/2026:17:41:03 +0200] "GET /novastvarnost/wp-includes/core.php?filesrc=//lib64/libbz2.so.1&sepatusuper=//lib64 HTTP/1.1" 200 27873 "-" "Mozilla/5.0 (compatible; MJ12bot/v1.4.8; http://mj12bot.com/)"
95.91.110.210 - - [11/May/2026:17:41:06 +0200] "GET /novastvarnost/wp-includes/core.php?filesrc=//lib64/libbz2.so.1.0.6&sepatusuper=//lib64 HTTP/1.1" 200 27878 "-" "Mozilla/5.0 (compatible; MJ12bot/v1.4.8; http://mj12bot.com/)"
95.91.110.210 - - [11/May/2026:17:41:10 +0200] "GET /novastvarnost/wp-includes/core.php?filesrc=//lib64/libc-2.17.so&sepatusuper=//lib64 HTTP/1.1" 200 756216 "-" "Mozilla/5.0 (compatible; MJ12bot/v1.4.8; http://mj12bot.com/)"
95.91.110.210 - - [11/May/2026:17:41:15 +0200] "GET /novastvarnost/wp-includes/core.php?filesrc=//lib64/libc.a&sepatusuper=//lib64 HTTP/1.1" 200 1077280 "-" "Mozilla/5.0 (compatible; MJ12bot/v1.4.8; http://mj12bot.com/)"
95.91.110.210 - - [11/May/2026:17:41:20 +0200] "GET /novastvarnost/wp-includes/core.php?filesrc=//lib64/libc.so&sepatusuper=//lib64 HTTP/1.1" 200 1149 "-" "Mozilla/5.0 (compatible; MJ12bot/v1.4.8; http://mj12bot.com/)"
95.91.110.210 - - [11/May/2026:17:41:21 +0200] "GET /novastvarnost/wp-includes/core.php?filesrc=//lib64/libcrack.so.2.9.0&sepatusuper=//lib64 HTTP/1.1" 200 13800 "-" "Mozilla/5.0 (compatible; MJ12bot/v1.4.8; http://mj12bot.com/)"
95.91.110.210 - - [11/May/2026:17:41:23 +0200] "GET /novastvarnost/wp-includes/core.php?filesrc=//lib64/libcroco-0.6.so.3&sepatusuper=//lib64 HTTP/1.1" 200 85229 "-" "Mozilla/5.0 (compatible; MJ12bot/v1.4.8; http://mj12bot.com/)"
95.91.110.210 - - [11/May/2026:17:41:26 +0200] "GET /novastvarnost/wp-includes/core.php?filesrc=//lib64/libcroco-0.6.so.3.0.1&sepatusuper=//lib64 HTTP/1.1" 200 85233 "-" "Mozilla/5.0 (compatible; MJ12bot/v1.4.8; http://mj12bot.com/)"
95.91.110.210 - - [11/May/2026:17:41:29 +0200] "GET /novastvarnost/wp-includes/core.php?filesrc=//lib64/libcrypt-2.17.so&sepatusuper=//lib64 HTTP/1.1" 200 15188 "-" "Mozilla/5.0 (compatible; MJ12bot/v1.4.8; http://mj12bot.com/)"
95.91.110.210 - - [11/May/2026:17:41:32 +0200] "GET /novastvarnost/wp-includes/core.php?filesrc=//lib64/libcrypt.a&sepatusuper=//lib64 HTTP/1.1" 200 14468 "-" "Mozilla/5.0 (compatible; MJ12bot/v1.4.8; http://mj12bot.com/)"
95.91.110.210 - - [11/May/2026:17:41:35 +0200] "GET /novastvarnost/wp-includes/core.php?filesrc=//lib64/libcrypt.so&sepatusuper=//lib64 HTTP/1.1" 200 15184 "-" "Mozilla/5.0 (compatible; MJ12bot/v1.4.8; http://mj12bot.com/)"
74.7.241.51 - - [11/May/2026:17:41:36 +0200] "GET /brzitest.com.hr/6.php?sepatusuper=//proc/self/root/sys/devices/system/cpu/cpu6/driver/cpu7/node0/cpu2/node0/power HTTP/1.1" 403 285 "http://ithome.hr/brzitest.com.hr/6.php?sepatusuper=//proc/self/root/sys/devices/system/cpu/cpu6/driver/cpu7/node0/cpu2/node0" "Mozilla/5.0 AppleWebKit/537.36 (KHTML, like Gecko; compatible; GPTBot/1.3; +https://openai.com/gptbot)"
74.7.227.10 - - [11/May/2026:17:41:36 +0200] "GET /brzitest.com.hr/6.php?sepatusuper=//proc/self/root/sys/devices/system/cpu/cpu4/driver/cpu2/node0/memory87/subsystem HTTP/1.1" 403 285 "http://mail.ithome.hr/brzitest.com.hr/6.php?sepatusuper=//proc/self/root/sys/devices/system/cpu/cpu4/driver/cpu2/node0/memory87" "Mozilla/5.0 AppleWebKit/537.36 (KHTML, like Gecko; compatible; GPTBot/1.3; +https://openai.com/gptbot)"
95.91.110.210 - - [11/May/2026:17:41:38 +0200] "GET /novastvarnost/wp-includes/core.php?filesrc=//lib64/libcrypt.so.1&sepatusuper=//lib64 HTTP/1.1" 200 15184 "-" "Mozilla/5.0 (compatible; MJ12bot/v1.4.8; http://mj12bot.com/)"
95.91.110.210 - - [11/May/2026:17:41:42 +0200] "GET /novastvarnost/wp-includes/core.php?filesrc=//lib64/libcrypto.so&sepatusuper=//lib64 HTTP/1.1" 200 965700 "-" "Mozilla/5.0 (compatible; MJ12bot/v1.4.8; http://mj12bot.com/)"
95.91.110.210 - - [11/May/2026:17:41:46 +0200] "GET /novastvarnost/wp-includes/core.php?filesrc=//lib64/libcrypto.so.1.0.2k&sepatusuper=//lib64 HTTP/1.1" 200 965729 "-" "Mozilla/5.0 (compatible; MJ12bot/v1.4.8; http://mj12bot.com/)"
95.91.110.210 - - [11/May/2026:17:41:51 +0200] "GET /novastvarnost/wp-includes/core.php?filesrc=//lib64/libcrypto.so.10&sepatusuper=//lib64 HTTP/1.1" 200 965741 "-" "Mozilla/5.0 (compatible; MJ12bot/v1.4.8; http://mj12bot.com/)"
95.91.110.210 - - [11/May/2026:17:41:59 +0200] "GET /novastvarnost/wp-includes/core.php?filesrc=//lib64/libcryptsetup.so.12&sepatusuper=//lib64 HTTP/1.1" 200 146530 "-" "Mozilla/5.0 (compatible; MJ12bot/v1.4.8; http://mj12bot.com/)"
