20.151.175.120 - - [11/May/2026:15:58:34 +0200] "GET /wp-admin/js/wp-conflg.php?p= HTTP/1.1" 404 355 "-" "-"
20.151.175.120 - - [11/May/2026:15:58:35 +0200] "GET /wp-admin/wp-conflg.php?p= HTTP/1.1" 404 355 "-" "-"
20.151.175.120 - - [11/May/2026:15:58:35 +0200] "GET /wp-admin/css/wp-conflg.php?p= HTTP/1.1" 404 355 "-" "-"
20.151.175.120 - - [11/May/2026:15:58:35 +0200] "GET /manager.php?p= HTTP/1.1" 404 27 "-" "-"
20.151.175.120 - - [11/May/2026:15:58:36 +0200] "GET /item.php HTTP/1.1" 404 27 "-" "-"
20.151.175.120 - - [11/May/2026:15:58:36 +0200] "GET /plugins/Cache/footer.php HTTP/1.1" 404 355 "-" "-"
20.151.175.120 - - [11/May/2026:15:58:36 +0200] "GET /404.php HTTP/1.1" 404 27 "-" "-"
20.151.175.120 - - [11/May/2026:15:58:36 +0200] "GET /mail.php HTTP/1.1" 404 27 "-" "-"
20.151.175.120 - - [11/May/2026:15:58:36 +0200] "GET /wp-content/plugins/index.php HTTP/1.1" 404 355 "-" "-"
20.151.175.120 - - [11/May/2026:15:58:36 +0200] "GET /sx.php HTTP/1.1" 404 27 "-" "-"
20.151.175.120 - - [11/May/2026:15:58:36 +0200] "GET /wp-admin/maint/admin.php HTTP/1.1" 404 355 "-" "-"
20.151.175.120 - - [11/May/2026:15:58:37 +0200] "GET /alfa.php HTTP/1.1" 404 27 "-" "-"
74.7.227.10 - - [11/May/2026:15:58:38 +0200] "GET /brzitest.com.hr/6.php?sepatusuper=//proc/self/root/sys/devices/system/cpu/cpu4/driver/cpu2/node0/memory89/subsystem HTTP/1.1" 403 285 "http://mail.ithome.hr/brzitest.com.hr/6.php?sepatusuper=//proc/self/root/sys/devices/system/cpu/cpu4/driver/cpu2/node0/memory89" "Mozilla/5.0 AppleWebKit/537.36 (KHTML, like Gecko; compatible; GPTBot/1.3; +https://openai.com/gptbot)"
20.151.175.120 - - [11/May/2026:15:58:39 +0200] "GET /1.php HTTP/1.1" 404 27 "-" "-"
20.151.175.120 - - [11/May/2026:15:58:39 +0200] "GET /byp.php HTTP/1.1" 404 27 "-" "-"
20.151.175.120 - - [11/May/2026:15:58:40 +0200] "GET /wp-trackback.php HTTP/1.1" 404 27 "-" "-"
20.151.175.120 - - [11/May/2026:15:58:40 +0200] "GET /.well-known/index.php HTTP/1.1" 404 27 "-" "-"
20.151.175.120 - - [11/May/2026:15:58:40 +0200] "GET /wp-admin/network/plugins.php HTTP/1.1" 404 355 "-" "-"
20.151.175.120 - - [11/May/2026:15:58:40 +0200] "GET /wp-admin/about.php HTTP/1.1" 404 355 "-" "-"
20.151.175.120 - - [11/May/2026:15:58:41 +0200] "GET /gmo.php HTTP/1.1" 404 27 "-" "-"
20.151.175.120 - - [11/May/2026:15:58:41 +0200] "GET /wp-includes/ID3/about.php HTTP/1.1" 404 355 "-" "-"
20.151.175.120 - - [11/May/2026:15:58:41 +0200] "GET /css/index.php HTTP/1.1" 404 355 "-" "-"
20.151.175.120 - - [11/May/2026:15:58:41 +0200] "GET /wp-includes/SimplePie/wp-login.php HTTP/1.1" 404 355 "-" "-"
20.151.175.120 - - [11/May/2026:15:58:41 +0200] "GET /wp-content/themes/about.php HTTP/1.1" 404 355 "-" "-"
20.151.175.120 - - [11/May/2026:15:58:41 +0200] "GET /filemanager/dialog.php HTTP/1.1" 404 355 "-" "-"
20.151.175.120 - - [11/May/2026:15:58:41 +0200] "GET /wp-admin/maint/index.php HTTP/1.1" 404 355 "-" "-"
20.151.175.120 - - [11/May/2026:15:58:42 +0200] "GET /wp-includes/customize/about.php HTTP/1.1" 404 355 "-" "-"
20.151.175.120 - - [11/May/2026:15:58:43 +0200] "GET /index/function.php HTTP/1.1" 404 355 "-" "-"
20.151.175.120 - - [11/May/2026:15:58:43 +0200] "GET /uploads/autoload_classmap.php HTTP/1.1" 404 355 "-" "-"
20.151.175.120 - - [11/May/2026:15:58:45 +0200] "GET /wp-includes/style-engine/about.php HTTP/1.1" 404 355 "-" "-"
20.151.175.120 - - [11/May/2026:15:58:46 +0200] "GET /ww1.php HTTP/1.1" 404 27 "-" "-"
20.151.175.120 - - [11/May/2026:15:58:46 +0200] "GET /about/function.php HTTP/1.1" 404 355 "-" "-"
20.151.175.120 - - [11/May/2026:15:58:47 +0200] "GET /admin/function.php HTTP/1.1" 404 355 "-" "-"
20.151.175.120 - - [11/May/2026:15:58:47 +0200] "GET /.well-known/acme-challenge/index.php HTTP/1.1" 404 27 "-" "-"
20.151.175.120 - - [11/May/2026:15:58:47 +0200] "GET /css/colors/blue/index.php HTTP/1.1" 404 355 "-" "-"
20.151.175.120 - - [11/May/2026:15:58:47 +0200] "GET /security.php HTTP/1.1" 404 27 "-" "-"
20.151.175.120 - - [11/May/2026:15:58:49 +0200] "GET /wp-admin/user/about.php HTTP/1.1" 404 355 "-" "-"
20.151.175.120 - - [11/May/2026:15:58:49 +0200] "GET /wp-admin/js/index.php HTTP/1.1" 404 355 "-" "-"
20.151.175.120 - - [11/May/2026:15:58:49 +0200] "GET /wp-content/upgrade/about.php HTTP/1.1" 404 355 "-" "-"
20.151.175.120 - - [11/May/2026:15:58:50 +0200] "GET /wp-includes/assets/index.php HTTP/1.1" 404 355 "-" "-"
20.151.175.120 - - [11/May/2026:15:58:50 +0200] "GET /wp-content/radio.php HTTP/1.1" 404 355 "-" "-"
20.151.175.120 - - [11/May/2026:15:58:50 +0200] "GET /wp-includes/fonts/index.php?p= HTTP/1.1" 404 355 "-" "-"
20.151.175.120 - - [11/May/2026:15:58:52 +0200] "GET /.well-known/admin.php HTTP/1.1" 200 13825 "-" "-"
20.151.175.120 - - [11/May/2026:15:58:53 +0200] "GET /wp-content/admin.php HTTP/1.1" 404 355 "-" "-"
20.151.175.120 - - [11/May/2026:15:58:55 +0200] "GET /wp-content/plugins/admin.php HTTP/1.1" 404 355 "-" "-"
20.151.175.120 - - [11/May/2026:15:58:55 +0200] "GET /wp-content/themes/twentytwentytwo/index.php?p= HTTP/1.1" 404 355 "-" "-"
20.151.175.120 - - [11/May/2026:15:58:55 +0200] "GET /.well-known/log.php HTTP/1.1" 404 27 "-" "-"
20.151.175.120 - - [11/May/2026:15:58:55 +0200] "GET /class.php HTTP/1.1" 404 27 "-" "-"
20.151.175.120 - - [11/May/2026:15:58:55 +0200] "GET /bless5.php HTTP/1.1" 404 27 "-" "-"
20.151.175.120 - - [11/May/2026:15:58:55 +0200] "GET /wp-includes/js/codemirror/index.php HTTP/1.1" 404 355 "-" "-"
20.151.175.120 - - [11/May/2026:15:58:56 +0200] "GET /wp-includes/block-patterns/index.php HTTP/1.1" 404 355 "-" "-"
20.151.175.120 - - [11/May/2026:15:58:56 +0200] "GET /lock360.php HTTP/1.1" 404 27 "-" "-"
20.151.175.120 - - [11/May/2026:15:58:56 +0200] "GET /f35.php HTTP/1.1" 404 27 "-" "-"
20.151.175.120 - - [11/May/2026:15:58:56 +0200] "GET /ioxi-o1.php HTTP/1.1" 404 27 "-" "-"
20.151.175.120 - - [11/May/2026:15:58:56 +0200] "GET /juuuu.php HTTP/1.1" 404 27 "-" "-"
20.151.175.120 - - [11/May/2026:15:58:56 +0200] "GET /ha.php HTTP/1.1" 404 27 "-" "-"
20.151.175.120 - - [11/May/2026:15:58:56 +0200] "GET /gg.php HTTP/1.1" 404 27 "-" "-"
20.151.175.120 - - [11/May/2026:15:58:56 +0200] "GET /we2.php HTTP/1.1" 404 27 "-" "-"
20.151.175.120 - - [11/May/2026:15:58:56 +0200] "GET /04.php HTTP/1.1" 404 27 "-" "-"
20.151.175.120 - - [11/May/2026:15:58:57 +0200] "GET /333.php HTTP/1.1" 404 27 "-" "-"
20.151.175.120 - - [11/May/2026:15:58:57 +0200] "GET /520.php HTTP/1.1" 404 27 "-" "-"
20.151.175.120 - - [11/May/2026:15:58:57 +0200] "GET /ar.php HTTP/1.1" 404 27 "-" "-"
20.151.175.120 - - [11/May/2026:15:58:57 +0200] "GET /x.php HTTP/1.1" 404 27 "-" "-"
20.151.175.120 - - [11/May/2026:15:58:57 +0200] "GET /xx.php HTTP/1.1" 404 27 "-" "-"
20.151.175.120 - - [11/May/2026:15:58:57 +0200] "GET /gifclass4.php HTTP/1.1" 404 27 "-" "-"
20.151.175.120 - - [11/May/2026:15:58:57 +0200] "GET /2clas.php HTTP/1.1" 404 27 "-" "-"
20.151.175.120 - - [11/May/2026:15:58:58 +0200] "GET /ave.php HTTP/1.1" 404 27 "-" "-"
20.151.175.120 - - [11/May/2026:15:58:58 +0200] "GET /wrt.php HTTP/1.1" 404 27 "-" "-"
20.151.175.120 - - [11/May/2026:15:58:58 +0200] "GET /bibil.php HTTP/1.1" 404 27 "-" "-"
20.151.175.120 - - [11/May/2026:15:58:58 +0200] "GET /radio.php HTTP/1.1" 404 27 "-" "-"
20.151.175.120 - - [11/May/2026:15:58:58 +0200] "GET /files.php HTTP/1.1" 404 27 "-" "-"
20.151.175.120 - - [11/May/2026:15:58:59 +0200] "GET /file7.php HTTP/1.1" 404 27 "-" "-"
20.151.175.120 - - [11/May/2026:15:58:59 +0200] "GET /gifclass.php HTTP/1.1" 404 27 "-" "-"
20.151.175.120 - - [11/May/2026:15:58:59 +0200] "GET /wp-admin/css/colors/midnight/about.php HTTP/1.1" 404 355 "-" "-"
20.151.175.120 - - [11/May/2026:15:58:59 +0200] "GET /nox.php HTTP/1.1" 404 27 "-" "-"
20.151.175.120 - - [11/May/2026:15:58:59 +0200] "GET /file48.php HTTP/1.1" 404 27 "-" "-"
20.151.175.120 - - [11/May/2026:15:59:00 +0200] "GET /info.php HTTP/1.1" 404 27 "-" "-"
20.151.175.120 - - [11/May/2026:15:59:00 +0200] "GET /class9.php HTTP/1.1" 404 27 "-" "-"
20.151.175.120 - - [11/May/2026:15:59:00 +0200] "GET /la.php HTTP/1.1" 404 27 "-" "-"
20.151.175.120 - - [11/May/2026:15:59:00 +0200] "GET /bless11.php HTTP/1.1" 404 27 "-" "-"
20.151.175.120 - - [11/May/2026:15:59:00 +0200] "GET /ccou.php HTTP/1.1" 404 27 "-" "-"
20.151.175.120 - - [11/May/2026:15:59:00 +0200] "GET /ton.php HTTP/1.1" 404 27 "-" "-"
20.151.175.120 - - [11/May/2026:15:59:00 +0200] "GET /403.php HTTP/1.1" 404 27 "-" "-"
20.151.175.120 - - [11/May/2026:15:59:00 +0200] "GET /file9.php HTTP/1.1" 404 27 "-" "-"
20.151.175.120 - - [11/May/2026:15:59:01 +0200] "GET /ac.php HTTP/1.1" 404 27 "-" "-"
20.151.175.120 - - [11/May/2026:15:59:01 +0200] "GET /new4.php HTTP/1.1" 404 27 "-" "-"
20.151.175.120 - - [11/May/2026:15:59:01 +0200] "GET /pop.php HTTP/1.1" 404 27 "-" "-"
20.151.175.120 - - [11/May/2026:15:59:01 +0200] "GET /az.php HTTP/1.1" 404 27 "-" "-"
20.151.175.120 - - [11/May/2026:15:59:01 +0200] "GET /xaz.php HTTP/1.1" 404 27 "-" "-"
20.151.175.120 - - [11/May/2026:15:59:01 +0200] "GET /up4.php HTTP/1.1" 404 27 "-" "-"
20.151.175.120 - - [11/May/2026:15:59:02 +0200] "GET /1aa.php HTTP/1.1" 404 27 "-" "-"
20.151.175.120 - - [11/May/2026:15:59:03 +0200] "GET /elp.php HTTP/1.1" 404 27 "-" "-"
20.151.175.120 - - [11/May/2026:15:59:03 +0200] "GET /wtz.php HTTP/1.1" 404 27 "-" "-"
20.151.175.120 - - [11/May/2026:15:59:04 +0200] "GET /galex.php HTTP/1.1" 404 27 "-" "-"
20.151.175.120 - - [11/May/2026:15:59:06 +0200] "GET /xb.php HTTP/1.1" 404 27 "-" "-"
74.7.241.51 - - [11/May/2026:15:59:06 +0200] "GET /brzitest.com.hr/6.php?sepatusuper=//proc/self/root/sys/class/tty/tty49/subsystem/tty41 HTTP/1.1" 403 285 "http://ithome.hr/brzitest.com.hr/6.php?sepatusuper=//proc/self/root/sys/class/tty/tty49/subsystem" "Mozilla/5.0 AppleWebKit/537.36 (KHTML, like Gecko; compatible; GPTBot/1.3; +https://openai.com/gptbot)"
20.151.175.120 - - [11/May/2026:15:59:07 +0200] "GET /ova.php HTTP/1.1" 404 27 "-" "-"
20.151.175.120 - - [11/May/2026:15:59:07 +0200] "GET /vx.php HTTP/1.1" 404 27 "-" "-"
20.151.175.120 - - [11/May/2026:15:59:07 +0200] "GET /rh.php HTTP/1.1" 404 27 "-" "-"
20.151.175.120 - - [11/May/2026:15:59:07 +0200] "GET /webindex.php HTTP/1.1" 404 27 "-" "-"
173.197.14.231 - - [11/May/2026:15:59:10 +0200] "HEAD /invoker/EJBInvokerServlet HTTP/1.1" 404 0 "-" "Mozilla/5.0 (Windows NT 6.1; WOW64; rv:41.0) Gecko/20100101 Firefox/41.0"
173.197.14.231 - - [11/May/2026:15:59:12 +0200] "HEAD /jmx-console/HtmlAdaptor?action=inspectMBean&name=jboss.system:type=ServerInfo HTTP/1.1" 404 0 "-" "Mozilla/5.0 (Windows NT 6.1; WOW64; rv:41.0) Gecko/20100101 Firefox/41.0"
173.197.14.231 - - [11/May/2026:15:59:14 +0200] "HEAD /invoker/JMXInvokerServlet HTTP/1.1" 404 0 "-" "Mozilla/5.0 (Windows NT 6.1; WOW64; rv:41.0) Gecko/20100101 Firefox/41.0"
173.197.14.231 - - [11/May/2026:15:59:17 +0200] "HEAD /web-console/ServerInfo.jsp HTTP/1.1" 404 0 "-" "Mozilla/5.0 (Windows NT 6.1; WOW64; rv:41.0) Gecko/20100101 Firefox/41.0"
74.7.227.10 - - [11/May/2026:15:59:42 +0200] "GET /brzitest.com.hr/6.php?sepatusuper=//proc/self/root/sys/devices/system/cpu/cpu2/driver/cpu1/node0/memory42/subsystem HTTP/1.1" 403 285 "http://mail.ithome.hr/brzitest.com.hr/6.php?sepatusuper=//proc/self/root/sys/devices/system/cpu/cpu2/driver/cpu1/node0/memory42" "Mozilla/5.0 AppleWebKit/537.36 (KHTML, like Gecko; compatible; GPTBot/1.3; +https://openai.com/gptbot)"
74.7.241.51 - - [11/May/2026:16:00:08 +0200] "GET /brzitest.com.hr/6.php?sepatusuper=//proc/self/root/sys/class/tty/tty53/subsystem/tty57 HTTP/1.1" 403 285 "http://ithome.hr/brzitest.com.hr/6.php?sepatusuper=//proc/self/root/sys/class/tty/tty53/subsystem" "Mozilla/5.0 AppleWebKit/537.36 (KHTML, like Gecko; compatible; GPTBot/1.3; +https://openai.com/gptbot)"
78.153.140.147 - - [11/May/2026:16:00:24 +0200] "GET /.env HTTP/1.1" 404 4806 "-" "Mozilla/5.0 (Windows NT 10.0; Win64; x64) AppleWebKit/537.36 (KHTML, like Gecko) Chrome/116.0.5845.140 Safari/537.36"
78.153.140.147 - - [11/May/2026:16:00:24 +0200] "POST / HTTP/1.1" 200 163 "-" "Mozilla/5.0 (Windows NT 10.0; Win64; x64) AppleWebKit/537.36 (KHTML, like Gecko) Chrome/116.0.5845.140 Safari/537.36"
74.7.227.10 - - [11/May/2026:16:00:43 +0200] "GET /brzitest.com.hr/6.php?sepatusuper=//proc/self/root/sys/devices/system/cpu/cpu4/driver/cpu0/node0/memory9/node0 HTTP/1.1" 403 285 "http://mail.ithome.hr/brzitest.com.hr/6.php?sepatusuper=//proc/self/root/sys/devices/system/cpu/cpu4/driver/cpu0/node0/memory9" "Mozilla/5.0 AppleWebKit/537.36 (KHTML, like Gecko; compatible; GPTBot/1.3; +https://openai.com/gptbot)"
74.7.241.51 - - [11/May/2026:16:01:13 +0200] "GET /brzitest.com.hr/6.php?sepatusuper=//proc/self/root/sys/class/tty/tty57/subsystem/tty5 HTTP/1.1" 403 285 "http://ithome.hr/brzitest.com.hr/6.php?sepatusuper=//proc/self/root/sys/class/tty/tty57/subsystem" "Mozilla/5.0 AppleWebKit/537.36 (KHTML, like Gecko; compatible; GPTBot/1.3; +https://openai.com/gptbot)"
74.7.227.10 - - [11/May/2026:16:01:48 +0200] "GET /brzitest.com.hr/6.php?sepatusuper=//proc/self/root/sys/devices/system/cpu/cpu5/driver/cpu1/node0/memory62/subsystem HTTP/1.1" 403 285 "http://mail.ithome.hr/brzitest.com.hr/6.php?sepatusuper=//proc/self/root/sys/devices/system/cpu/cpu5/driver/cpu1/node0/memory62" "Mozilla/5.0 AppleWebKit/537.36 (KHTML, like Gecko; compatible; GPTBot/1.3; +https://openai.com/gptbot)"
170.106.180.153 - - [11/May/2026:16:02:03 +0200] "GET /agroturizamzagorje/cgi-bin/wp-cron.php HTTP/1.1" 200 0 "-" "Mozilla/5.0 (iPhone; CPU iPhone OS 13_2_3 like Mac OS X) AppleWebKit/605.1.15 (KHTML, like Gecko) Version/13.0.3 Mobile/15E148 Safari/604.1"
74.7.241.51 - - [11/May/2026:16:02:16 +0200] "GET /brzitest.com.hr/6.php?sepatusuper=//proc/self/root/sys/class/tty/tty39/subsystem/tty31 HTTP/1.1" 403 285 "http://ithome.hr/brzitest.com.hr/6.php?sepatusuper=//proc/self/root/sys/class/tty/tty39/subsystem" "Mozilla/5.0 AppleWebKit/537.36 (KHTML, like Gecko; compatible; GPTBot/1.3; +https://openai.com/gptbot)"
74.7.227.10 - - [11/May/2026:16:02:52 +0200] "GET /brzitest.com.hr/6.php?sepatusuper=//proc/self/root/sys/devices/system/cpu/cpu2/driver/cpu3/node0/memory18/subsystem HTTP/1.1" 403 285 "http://mail.ithome.hr/brzitest.com.hr/6.php?sepatusuper=//proc/self/root/sys/devices/system/cpu/cpu2/driver/cpu3/node0/memory18" "Mozilla/5.0 AppleWebKit/537.36 (KHTML, like Gecko; compatible; GPTBot/1.3; +https://openai.com/gptbot)"
74.7.241.51 - - [11/May/2026:16:03:18 +0200] "GET /brzitest.com.hr/6.php?sepatusuper=//proc/self/root/sys/class/tty/tty10/subsystem/tty12 HTTP/1.1" 403 285 "http://ithome.hr/brzitest.com.hr/6.php?sepatusuper=//proc/self/root/sys/class/tty/tty10/subsystem" "Mozilla/5.0 AppleWebKit/537.36 (KHTML, like Gecko; compatible; GPTBot/1.3; +https://openai.com/gptbot)"
74.7.227.10 - - [11/May/2026:16:03:56 +0200] "GET /brzitest.com.hr/6.php?sepatusuper=//proc/self/root/sys/devices/system/cpu/cpu7/driver/cpu5/node0/memory69/subsystem HTTP/1.1" 403 285 "http://mail.ithome.hr/brzitest.com.hr/6.php?sepatusuper=//proc/self/root/sys/devices/system/cpu/cpu7/driver/cpu5/node0/memory69" "Mozilla/5.0 AppleWebKit/537.36 (KHTML, like Gecko; compatible; GPTBot/1.3; +https://openai.com/gptbot)"
74.7.241.51 - - [11/May/2026:16:04:20 +0200] "GET /brzitest.com.hr/6.php?sepatusuper=//proc/self/root/sys/class/tty/tty26/subsystem/tty20 HTTP/1.1" 403 285 "http://ithome.hr/brzitest.com.hr/6.php?sepatusuper=//proc/self/root/sys/class/tty/tty26/subsystem" "Mozilla/5.0 AppleWebKit/537.36 (KHTML, like Gecko; compatible; GPTBot/1.3; +https://openai.com/gptbot)"
74.7.227.10 - - [11/May/2026:16:05:00 +0200] "GET /brzitest.com.hr/6.php?sepatusuper=//proc/self/root/sys/devices/system/cpu/cpu5/driver/cpu7/node0/memory90/subsystem HTTP/1.1" 403 285 "http://mail.ithome.hr/brzitest.com.hr/6.php?sepatusuper=//proc/self/root/sys/devices/system/cpu/cpu5/driver/cpu7/node0/memory90" "Mozilla/5.0 AppleWebKit/537.36 (KHTML, like Gecko; compatible; GPTBot/1.3; +https://openai.com/gptbot)"
74.7.241.51 - - [11/May/2026:16:05:21 +0200] "GET /brzitest.com.hr/6.php?sepatusuper=//proc/self/root/sys/class/tty/tty30/subsystem/tty38 HTTP/1.1" 403 285 "http://ithome.hr/brzitest.com.hr/6.php?sepatusuper=//proc/self/root/sys/class/tty/tty30/subsystem" "Mozilla/5.0 AppleWebKit/537.36 (KHTML, like Gecko; compatible; GPTBot/1.3; +https://openai.com/gptbot)"
74.7.227.10 - - [11/May/2026:16:06:06 +0200] "GET /brzitest.com.hr/6.php?sepatusuper=//proc/self/root/sys/devices/system/cpu/cpu5/driver/cpu2/node0/memory85/subsystem HTTP/1.1" 403 285 "http://mail.ithome.hr/brzitest.com.hr/6.php?sepatusuper=//proc/self/root/sys/devices/system/cpu/cpu5/driver/cpu2/node0/memory85" "Mozilla/5.0 AppleWebKit/537.36 (KHTML, like Gecko; compatible; GPTBot/1.3; +https://openai.com/gptbot)"
74.7.241.51 - - [11/May/2026:16:06:26 +0200] "GET /brzitest.com.hr/6.php?sepatusuper=//proc/self/root/sys/class/tty/tty53/subsystem/tty51 HTTP/1.1" 403 285 "http://ithome.hr/brzitest.com.hr/6.php?sepatusuper=//proc/self/root/sys/class/tty/tty53/subsystem" "Mozilla/5.0 AppleWebKit/537.36 (KHTML, like Gecko; compatible; GPTBot/1.3; +https://openai.com/gptbot)"
74.7.227.10 - - [11/May/2026:16:07:11 +0200] "GET /brzitest.com.hr/6.php?sepatusuper=//proc/self/root/sys/devices/system/cpu/cpu2/driver/cpu6/node0/memory1/node0 HTTP/1.1" 403 285 "http://mail.ithome.hr/brzitest.com.hr/6.php?sepatusuper=//proc/self/root/sys/devices/system/cpu/cpu2/driver/cpu6/node0/memory1" "Mozilla/5.0 AppleWebKit/537.36 (KHTML, like Gecko; compatible; GPTBot/1.3; +https://openai.com/gptbot)"
74.7.241.51 - - [11/May/2026:16:07:29 +0200] "GET /brzitest.com.hr/6.php?sepatusuper=//proc/self/root/sys/class/tty/tty21/subsystem/tty24 HTTP/1.1" 403 285 "http://ithome.hr/brzitest.com.hr/6.php?sepatusuper=//proc/self/root/sys/class/tty/tty21/subsystem" "Mozilla/5.0 AppleWebKit/537.36 (KHTML, like Gecko; compatible; GPTBot/1.3; +https://openai.com/gptbot)"
74.7.227.10 - - [11/May/2026:16:08:11 +0200] "GET /brzitest.com.hr/6.php?sepatusuper=//proc/self/root/sys/devices/system/cpu/cpu5/driver/cpu0/node0/memory21/subsystem HTTP/1.1" 403 285 "http://mail.ithome.hr/brzitest.com.hr/6.php?sepatusuper=//proc/self/root/sys/devices/system/cpu/cpu5/driver/cpu0/node0/memory21" "Mozilla/5.0 AppleWebKit/537.36 (KHTML, like Gecko; compatible; GPTBot/1.3; +https://openai.com/gptbot)"
74.7.241.51 - - [11/May/2026:16:08:32 +0200] "GET /brzitest.com.hr/6.php?sepatusuper=//proc/self/root/sys/class/tty/tty43/subsystem/tty42 HTTP/1.1" 403 285 "http://ithome.hr/brzitest.com.hr/6.php?sepatusuper=//proc/self/root/sys/class/tty/tty43/subsystem" "Mozilla/5.0 AppleWebKit/537.36 (KHTML, like Gecko; compatible; GPTBot/1.3; +https://openai.com/gptbot)"
74.7.227.10 - - [11/May/2026:16:09:12 +0200] "GET /brzitest.com.hr/6.php?sepatusuper=//proc/self/root/sys/devices/system/cpu/cpu7/driver/cpu3/node0/memory87/subsystem HTTP/1.1" 403 285 "http://mail.ithome.hr/brzitest.com.hr/6.php?sepatusuper=//proc/self/root/sys/devices/system/cpu/cpu7/driver/cpu3/node0/memory87" "Mozilla/5.0 AppleWebKit/537.36 (KHTML, like Gecko; compatible; GPTBot/1.3; +https://openai.com/gptbot)"
46.202.241.46 - - [11/May/2026:16:10:05 +0200] "GET /brzitest.com.hr/ HTTP/1.1" 503 1134 "-" "Mozilla/5.0 (Macintosh; Intel Mac OS X 10_15_7) AppleWebKit/537.36 (KHTML, like Gecko) Chrome/104.0.0.0 Safari/537.36"
82.38.250.8 - - [11/May/2026:16:10:07 +0200] "GET /fumitech.hr/ HTTP/1.1" 200 811 "-" "Mozilla/5.0 (Macintosh; Intel Mac OS X 10_15_7) AppleWebKit/537.36 (KHTML, like Gecko) Chrome/104.0.0.0 Safari/537.36"
82.38.157.69 - - [11/May/2026:16:10:07 +0200] "GET /wp-admin/ HTTP/1.1" 404 355 "-" "Mozilla/5.0 (Macintosh; Intel Mac OS X 10_15_7) AppleWebKit/537.36 (KHTML, like Gecko) Chrome/104.0.0.0 Safari/537.36"
82.38.244.106 - - [11/May/2026:16:10:08 +0200] "GET /itaiboats.com/ HTTP/1.1" 200 0 "-" "Mozilla/5.0 (Macintosh; Intel Mac OS X 10_15_7) AppleWebKit/537.36 (KHTML, like Gecko) Chrome/104.0.0.0 Safari/537.36"
82.24.117.115 - - [11/May/2026:16:10:08 +0200] "GET /evrobook.rs/ HTTP/1.1" 503 1134 "-" "Mozilla/5.0 (Macintosh; Intel Mac OS X 10_15_7) AppleWebKit/537.36 (KHTML, like Gecko) Chrome/104.0.0.0 Safari/537.36"
82.41.230.127 - - [11/May/2026:16:10:09 +0200] "GET /novastvarnost/ HTTP/1.1" 200 1718 "-" "Mozilla/5.0 (Macintosh; Intel Mac OS X 10_15_7) AppleWebKit/537.36 (KHTML, like Gecko) Chrome/104.0.0.0 Safari/537.36"
82.39.218.137 - - [11/May/2026:16:10:09 +0200] "GET /cataleya-cup.com/ HTTP/1.1" 404 0 "-" "Mozilla/5.0 (Macintosh; Intel Mac OS X 10_15_7) AppleWebKit/537.36 (KHTML, like Gecko) Chrome/104.0.0.0 Safari/537.36"
82.40.4.205 - - [11/May/2026:16:10:10 +0200] "GET /wp-blog-header.php HTTP/1.1" 200 0 "-" "Mozilla/5.0 (Macintosh; Intel Mac OS X 10_15_7) AppleWebKit/537.36 (KHTML, like Gecko) Chrome/104.0.0.0 Safari/537.36"
82.25.163.199 - - [11/May/2026:16:10:10 +0200] "GET /?C=N;O=A HTTP/1.1" 200 9101 "-" "Mozilla/5.0 (Macintosh; Intel Mac OS X 10_15_7) AppleWebKit/537.36 (KHTML, like Gecko) Chrome/104.0.0.0 Safari/537.36"
74.7.227.10 - - [11/May/2026:16:10:14 +0200] "GET /brzitest.com.hr/6.php?sepatusuper=//proc/self/root/sys/devices/system/cpu/cpu5/driver/cpu4/node0/memory63/subsystem HTTP/1.1" 403 285 "http://mail.ithome.hr/brzitest.com.hr/6.php?sepatusuper=//proc/self/root/sys/devices/system/cpu/cpu5/driver/cpu4/node0/memory63" "Mozilla/5.0 AppleWebKit/537.36 (KHTML, like Gecko; compatible; GPTBot/1.3; +https://openai.com/gptbot)"
74.7.241.51 - - [11/May/2026:16:10:43 +0200] "GET /brzitest.com.hr/6.php?sepatusuper=//proc/self/root/sys/class/tty/tty14/subsystem/tty12 HTTP/1.1" 403 285 "http://ithome.hr/brzitest.com.hr/6.php?sepatusuper=//proc/self/root/sys/class/tty/tty14/subsystem" "Mozilla/5.0 AppleWebKit/537.36 (KHTML, like Gecko; compatible; GPTBot/1.3; +https://openai.com/gptbot)"
43.157.179.227 - - [11/May/2026:16:11:02 +0200] "GET /agroturizamzagorje/images/?C=N;O=D HTTP/1.1" 200 420 "-" "Mozilla/5.0 (iPhone; CPU iPhone OS 13_2_3 like Mac OS X) AppleWebKit/605.1.15 (KHTML, like Gecko) Version/13.0.3 Mobile/15E148 Safari/604.1"
74.7.227.10 - - [11/May/2026:16:11:18 +0200] "GET /brzitest.com.hr/6.php?sepatusuper=//proc/self/root/sys/devices/system/cpu/cpu2/driver/cpu3/node0/memory65/subsystem HTTP/1.1" 403 285 "http://mail.ithome.hr/brzitest.com.hr/6.php?sepatusuper=//proc/self/root/sys/devices/system/cpu/cpu2/driver/cpu3/node0/memory65" "Mozilla/5.0 AppleWebKit/537.36 (KHTML, like Gecko; compatible; GPTBot/1.3; +https://openai.com/gptbot)"
74.7.241.51 - - [11/May/2026:16:11:39 +0200] "GET /brzitest.com.hr/6.php?sepatusuper=//proc/self/root/sys/class/tty/tty19/subsystem/tty11 HTTP/1.1" 403 285 "http://ithome.hr/brzitest.com.hr/6.php?sepatusuper=//proc/self/root/sys/class/tty/tty19/subsystem" "Mozilla/5.0 AppleWebKit/537.36 (KHTML, like Gecko; compatible; GPTBot/1.3; +https://openai.com/gptbot)"
74.7.227.10 - - [11/May/2026:16:12:21 +0200] "GET /brzitest.com.hr/6.php?sepatusuper=//proc/self/root/sys/devices/system/cpu/cpu2/driver/cpu4/node0/memory90/subsystem HTTP/1.1" 403 285 "http://mail.ithome.hr/brzitest.com.hr/6.php?sepatusuper=//proc/self/root/sys/devices/system/cpu/cpu2/driver/cpu4/node0/memory90" "Mozilla/5.0 AppleWebKit/537.36 (KHTML, like Gecko; compatible; GPTBot/1.3; +https://openai.com/gptbot)"
74.7.241.51 - - [11/May/2026:16:12:34 +0200] "GET /brzitest.com.hr/6.php?sepatusuper=//proc/self/root/sys/class/tty/tty62/subsystem/tty63 HTTP/1.1" 403 285 "http://ithome.hr/brzitest.com.hr/6.php?sepatusuper=//proc/self/root/sys/class/tty/tty62/subsystem" "Mozilla/5.0 AppleWebKit/537.36 (KHTML, like Gecko; compatible; GPTBot/1.3; +https://openai.com/gptbot)"
74.7.227.10 - - [11/May/2026:16:13:22 +0200] "GET /brzitest.com.hr/6.php?sepatusuper=//proc/self/root/sys/devices/system/cpu/cpu7/driver/cpu1/node0/memory42/subsystem HTTP/1.1" 403 285 "http://mail.ithome.hr/brzitest.com.hr/6.php?sepatusuper=//proc/self/root/sys/devices/system/cpu/cpu7/driver/cpu1/node0/memory42" "Mozilla/5.0 AppleWebKit/537.36 (KHTML, like Gecko; compatible; GPTBot/1.3; +https://openai.com/gptbot)"
74.7.241.51 - - [11/May/2026:16:13:33 +0200] "GET /brzitest.com.hr/6.php?sepatusuper=//proc/self/root/sys/class/tty/tty57/subsystem/tty59 HTTP/1.1" 403 285 "http://ithome.hr/brzitest.com.hr/6.php?sepatusuper=//proc/self/root/sys/class/tty/tty57/subsystem" "Mozilla/5.0 AppleWebKit/537.36 (KHTML, like Gecko; compatible; GPTBot/1.3; +https://openai.com/gptbot)"
213.255.252.20 - - [11/May/2026:16:13:56 +0200] "GET /royal-taxi.info/ HTTP/1.1" 200 1304 "-" "Mozilla/5.0 (Macintosh; Intel Mac OS X 10_15_7) AppleWebKit/537.36 (KHTML, like Gecko) Chrome/104.0.0.0 Safari/537.36"
82.24.98.252 - - [11/May/2026:16:13:57 +0200] "GET /upotrijebi-ponovno/ HTTP/1.1" 200 838 "-" "Mozilla/5.0 (Macintosh; Intel Mac OS X 10_15_7) AppleWebKit/537.36 (KHTML, like Gecko) Chrome/104.0.0.0 Safari/537.36"
82.40.4.236 - - [11/May/2026:16:13:57 +0200] "GET /wp-content/ HTTP/1.1" 404 355 "-" "Mozilla/5.0 (Macintosh; Intel Mac OS X 10_15_7) AppleWebKit/537.36 (KHTML, like Gecko) Chrome/104.0.0.0 Safari/537.36"
82.24.134.46 - - [11/May/2026:16:13:58 +0200] "GET /vinapetrisic.com/ HTTP/1.1" 200 0 "-" "Mozilla/5.0 (Macintosh; Intel Mac OS X 10_15_7) AppleWebKit/537.36 (KHTML, like Gecko) Chrome/104.0.0.0 Safari/537.36"
82.40.7.117 - - [11/May/2026:16:13:58 +0200] "GET /images/ HTTP/1.1" 404 355 "-" "Mozilla/5.0 (Macintosh; Intel Mac OS X 10_15_7) AppleWebKit/537.36 (KHTML, like Gecko) Chrome/104.0.0.0 Safari/537.36"
82.38.127.11 - - [11/May/2026:16:14:04 +0200] "GET /?C=S;O=D HTTP/1.1" 200 9101 "-" "Mozilla/5.0 (Macintosh; Intel Mac OS X 10_15_7) AppleWebKit/537.36 (KHTML, like Gecko) Chrome/104.0.0.0 Safari/537.36"
82.24.163.127 - - [11/May/2026:16:14:05 +0200] "GET /geopars.com/ HTTP/1.1" 404 0 "-" "Mozilla/5.0 (Macintosh; Intel Mac OS X 10_15_7) AppleWebKit/537.36 (KHTML, like Gecko) Chrome/104.0.0.0 Safari/537.36"
109.176.51.155 - - [11/May/2026:16:14:06 +0200] "GET /top-sport.hr/ HTTP/1.1" 404 0 "-" "Mozilla/5.0 (Macintosh; Intel Mac OS X 10_15_7) AppleWebKit/537.36 (KHTML, like Gecko) Chrome/104.0.0.0 Safari/537.36"
74.7.227.10 - - [11/May/2026:16:14:24 +0200] "GET /brzitest.com.hr/6.php?sepatusuper=//proc/self/root/sys/devices/system/cpu/cpu5/driver/cpu0/node0/memory72/subsystem HTTP/1.1" 403 285 "http://mail.ithome.hr/brzitest.com.hr/6.php?sepatusuper=//proc/self/root/sys/devices/system/cpu/cpu5/driver/cpu0/node0/memory72" "Mozilla/5.0 AppleWebKit/537.36 (KHTML, like Gecko; compatible; GPTBot/1.3; +https://openai.com/gptbot)"
74.7.241.51 - - [11/May/2026:16:14:28 +0200] "GET /brzitest.com.hr/6.php?sepatusuper=//proc/self/root/sys/class/tty/tty15/subsystem/tty10 HTTP/1.1" 403 285 "http://ithome.hr/brzitest.com.hr/6.php?sepatusuper=//proc/self/root/sys/class/tty/tty15/subsystem" "Mozilla/5.0 AppleWebKit/537.36 (KHTML, like Gecko; compatible; GPTBot/1.3; +https://openai.com/gptbot)"
74.7.241.51 - - [11/May/2026:16:15:26 +0200] "GET /brzitest.com.hr/6.php?sepatusuper=//proc/self/root/sys/class/tty/tty46/subsystem/tty42 HTTP/1.1" 403 285 "http://ithome.hr/brzitest.com.hr/6.php?sepatusuper=//proc/self/root/sys/class/tty/tty46/subsystem" "Mozilla/5.0 AppleWebKit/537.36 (KHTML, like Gecko; compatible; GPTBot/1.3; +https://openai.com/gptbot)"
74.7.227.10 - - [11/May/2026:16:15:29 +0200] "GET /brzitest.com.hr/6.php?sepatusuper=//proc/self/root/sys/devices/system/cpu/cpu5/driver/cpu1/node0/memory80/subsystem HTTP/1.1" 403 285 "http://mail.ithome.hr/brzitest.com.hr/6.php?sepatusuper=//proc/self/root/sys/devices/system/cpu/cpu5/driver/cpu1/node0/memory80" "Mozilla/5.0 AppleWebKit/537.36 (KHTML, like Gecko; compatible; GPTBot/1.3; +https://openai.com/gptbot)"
74.7.241.51 - - [11/May/2026:16:16:20 +0200] "GET /brzitest.com.hr/6.php?sepatusuper=//proc/self/root/sys/class/tty/tty40/subsystem/tty46 HTTP/1.1" 403 285 "http://ithome.hr/brzitest.com.hr/6.php?sepatusuper=//proc/self/root/sys/class/tty/tty40/subsystem" "Mozilla/5.0 AppleWebKit/537.36 (KHTML, like Gecko; compatible; GPTBot/1.3; +https://openai.com/gptbot)"
74.7.227.10 - - [11/May/2026:16:16:34 +0200] "GET /brzitest.com.hr/6.php?sepatusuper=//proc/self/root/sys/devices/system/cpu/cpu5/driver/cpu2/node0/memory14/subsystem HTTP/1.1" 403 285 "http://mail.ithome.hr/brzitest.com.hr/6.php?sepatusuper=//proc/self/root/sys/devices/system/cpu/cpu5/driver/cpu2/node0/memory14" "Mozilla/5.0 AppleWebKit/537.36 (KHTML, like Gecko; compatible; GPTBot/1.3; +https://openai.com/gptbot)"
74.7.241.51 - - [11/May/2026:16:17:14 +0200] "GET /brzitest.com.hr/6.php?sepatusuper=//proc/self/root/sys/class/tty/tty28/subsystem/tty20 HTTP/1.1" 403 285 "http://ithome.hr/brzitest.com.hr/6.php?sepatusuper=//proc/self/root/sys/class/tty/tty28/subsystem" "Mozilla/5.0 AppleWebKit/537.36 (KHTML, like Gecko; compatible; GPTBot/1.3; +https://openai.com/gptbot)"
74.7.227.10 - - [11/May/2026:16:17:40 +0200] "GET /brzitest.com.hr/6.php?sepatusuper=//proc/self/root/sys/devices/system/cpu/cpu2/driver/cpu7/node0/memory64/subsystem HTTP/1.1" 403 285 "http://mail.ithome.hr/brzitest.com.hr/6.php?sepatusuper=//proc/self/root/sys/devices/system/cpu/cpu2/driver/cpu7/node0/memory64" "Mozilla/5.0 AppleWebKit/537.36 (KHTML, like Gecko; compatible; GPTBot/1.3; +https://openai.com/gptbot)"
74.7.241.51 - - [11/May/2026:16:18:12 +0200] "GET /brzitest.com.hr/6.php?sepatusuper=//proc/self/root/sys/class/tty/tty45/subsystem/tty43 HTTP/1.1" 403 285 "http://ithome.hr/brzitest.com.hr/6.php?sepatusuper=//proc/self/root/sys/class/tty/tty45/subsystem" "Mozilla/5.0 AppleWebKit/537.36 (KHTML, like Gecko; compatible; GPTBot/1.3; +https://openai.com/gptbot)"
74.7.227.10 - - [11/May/2026:16:18:45 +0200] "GET /brzitest.com.hr/6.php?sepatusuper=//proc/self/root/sys/devices/system/cpu/cpu4/driver/cpu1/node0/memory51/subsystem HTTP/1.1" 403 285 "http://mail.ithome.hr/brzitest.com.hr/6.php?sepatusuper=//proc/self/root/sys/devices/system/cpu/cpu4/driver/cpu1/node0/memory51" "Mozilla/5.0 AppleWebKit/537.36 (KHTML, like Gecko; compatible; GPTBot/1.3; +https://openai.com/gptbot)"
74.7.241.51 - - [11/May/2026:16:19:08 +0200] "GET /brzitest.com.hr/6.php?sepatusuper=//proc/self/root/sys/class/tty/tty48/subsystem/tty44 HTTP/1.1" 403 285 "http://ithome.hr/brzitest.com.hr/6.php?sepatusuper=//proc/self/root/sys/class/tty/tty48/subsystem" "Mozilla/5.0 AppleWebKit/537.36 (KHTML, like Gecko; compatible; GPTBot/1.3; +https://openai.com/gptbot)"
170.106.180.246 - - [11/May/2026:16:19:37 +0200] "GET / HTTP/1.1" 200 1310 "-" "Mozilla/5.0 (iPhone; CPU iPhone OS 13_2_3 like Mac OS X) AppleWebKit/605.1.15 (KHTML, like Gecko) Version/13.0.3 Mobile/15E148 Safari/604.1"
74.7.227.10 - - [11/May/2026:16:19:46 +0200] "GET /brzitest.com.hr/6.php?sepatusuper=//proc/self/root/sys/devices/system/cpu/cpu2/driver/cpu3/node0/memory69/subsystem HTTP/1.1" 403 285 "http://mail.ithome.hr/brzitest.com.hr/6.php?sepatusuper=//proc/self/root/sys/devices/system/cpu/cpu2/driver/cpu3/node0/memory69" "Mozilla/5.0 AppleWebKit/537.36 (KHTML, like Gecko; compatible; GPTBot/1.3; +https://openai.com/gptbot)"
74.7.227.10 - - [11/May/2026:16:20:47 +0200] "GET /brzitest.com.hr/6.php?sepatusuper=//proc/self/root/sys/devices/system/cpu/cpu2/driver/cpu6/node0/memory83/subsystem HTTP/1.1" 403 285 "http://mail.ithome.hr/brzitest.com.hr/6.php?sepatusuper=//proc/self/root/sys/devices/system/cpu/cpu2/driver/cpu6/node0/memory83" "Mozilla/5.0 AppleWebKit/537.36 (KHTML, like Gecko; compatible; GPTBot/1.3; +https://openai.com/gptbot)"
74.7.227.10 - - [11/May/2026:16:21:48 +0200] "GET /brzitest.com.hr/6.php?sepatusuper=//proc/self/root/sys/devices/system/cpu/cpu7/driver/cpu4/node0/memory91/subsystem HTTP/1.1" 403 285 "http://mail.ithome.hr/brzitest.com.hr/6.php?sepatusuper=//proc/self/root/sys/devices/system/cpu/cpu7/driver/cpu4/node0/memory91" "Mozilla/5.0 AppleWebKit/537.36 (KHTML, like Gecko; compatible; GPTBot/1.3; +https://openai.com/gptbot)"
74.7.227.10 - - [11/May/2026:16:22:49 +0200] "GET /brzitest.com.hr/6.php?sepatusuper=//proc/self/root/sys/devices/system/cpu/cpu5/driver/cpu7/node0/memory19/subsystem HTTP/1.1" 403 285 "http://mail.ithome.hr/brzitest.com.hr/6.php?sepatusuper=//proc/self/root/sys/devices/system/cpu/cpu5/driver/cpu7/node0/memory19" "Mozilla/5.0 AppleWebKit/537.36 (KHTML, like Gecko; compatible; GPTBot/1.3; +https://openai.com/gptbot)"
43.165.7.74 - - [11/May/2026:16:23:14 +0200] "GET /agroturizamzagorje/images/?C=M;O=A HTTP/1.1" 200 423 "-" "Mozilla/5.0 (iPhone; CPU iPhone OS 13_2_3 like Mac OS X) AppleWebKit/605.1.15 (KHTML, like Gecko) Version/13.0.3 Mobile/15E148 Safari/604.1"
74.7.227.10 - - [11/May/2026:16:23:50 +0200] "GET /brzitest.com.hr/6.php?sepatusuper=//proc/self/root/sys/devices/system/cpu/cpu5/driver/cpu1/node0/memory96/subsystem HTTP/1.1" 403 285 "http://mail.ithome.hr/brzitest.com.hr/6.php?sepatusuper=//proc/self/root/sys/devices/system/cpu/cpu5/driver/cpu1/node0/memory96" "Mozilla/5.0 AppleWebKit/537.36 (KHTML, like Gecko; compatible; GPTBot/1.3; +https://openai.com/gptbot)"
74.7.227.10 - - [11/May/2026:16:24:51 +0200] "GET /brzitest.com.hr/6.php?sepatusuper=//proc/self/root/sys/devices/system/cpu/cpu4/driver/cpu5/node0/memory99/subsystem HTTP/1.1" 403 285 "http://mail.ithome.hr/brzitest.com.hr/6.php?sepatusuper=//proc/self/root/sys/devices/system/cpu/cpu4/driver/cpu5/node0/memory99" "Mozilla/5.0 AppleWebKit/537.36 (KHTML, like Gecko; compatible; GPTBot/1.3; +https://openai.com/gptbot)"
74.7.241.51 - - [11/May/2026:16:26:12 +0200] "GET /brzitest.com.hr/6.php?sepatusuper=//proc/self/root/sys/class/tty/tty15/subsystem/tty19 HTTP/1.1" 403 285 "http://ithome.hr/brzitest.com.hr/6.php?sepatusuper=//proc/self/root/sys/class/tty/tty15/subsystem" "Mozilla/5.0 AppleWebKit/537.36 (KHTML, like Gecko; compatible; GPTBot/1.3; +https://openai.com/gptbot)"
74.7.227.10 - - [11/May/2026:16:27:00 +0200] "GET /brzitest.com.hr/6.php?sepatusuper=//proc/self/root/sys/devices/system/cpu/cpu7/driver/cpu0/node0/memory93/subsystem HTTP/1.1" 403 285 "http://mail.ithome.hr/brzitest.com.hr/6.php?sepatusuper=//proc/self/root/sys/devices/system/cpu/cpu7/driver/cpu0/node0/memory93" "Mozilla/5.0 AppleWebKit/537.36 (KHTML, like Gecko; compatible; GPTBot/1.3; +https://openai.com/gptbot)"
74.7.241.51 - - [11/May/2026:16:27:08 +0200] "GET /brzitest.com.hr/6.php?sepatusuper=//proc/self/root/sys/class/tty/tty52/subsystem/tty56 HTTP/1.1" 403 285 "http://ithome.hr/brzitest.com.hr/6.php?sepatusuper=//proc/self/root/sys/class/tty/tty52/subsystem" "Mozilla/5.0 AppleWebKit/537.36 (KHTML, like Gecko; compatible; GPTBot/1.3; +https://openai.com/gptbot)"
204.76.203.206 - - [11/May/2026:16:27:47 +0200] "GET / HTTP/1.1" 200 163 "-" "Mozilla/5.0"
74.7.241.51 - - [11/May/2026:16:28:02 +0200] "GET /brzitest.com.hr/6.php?sepatusuper=//proc/self/root/sys/class/tty/tty33/subsystem/tty3 HTTP/1.1" 403 285 "http://ithome.hr/brzitest.com.hr/6.php?sepatusuper=//proc/self/root/sys/class/tty/tty33/subsystem" "Mozilla/5.0 AppleWebKit/537.36 (KHTML, like Gecko; compatible; GPTBot/1.3; +https://openai.com/gptbot)"
74.7.227.10 - - [11/May/2026:16:28:05 +0200] "GET /brzitest.com.hr/6.php?sepatusuper=//proc/self/root/sys/devices/system/cpu/cpu5/driver/cpu1/node0/memory34/subsystem HTTP/1.1" 403 285 "http://mail.ithome.hr/brzitest.com.hr/6.php?sepatusuper=//proc/self/root/sys/devices/system/cpu/cpu5/driver/cpu1/node0/memory34" "Mozilla/5.0 AppleWebKit/537.36 (KHTML, like Gecko; compatible; GPTBot/1.3; +https://openai.com/gptbot)"
74.7.227.10 - - [11/May/2026:16:29:10 +0200] "GET /brzitest.com.hr/6.php?sepatusuper=//proc/self/root/sys/devices/system/cpu/cpu2/driver/cpu5/node0/memory79/subsystem HTTP/1.1" 403 285 "http://mail.ithome.hr/brzitest.com.hr/6.php?sepatusuper=//proc/self/root/sys/devices/system/cpu/cpu2/driver/cpu5/node0/memory79" "Mozilla/5.0 AppleWebKit/537.36 (KHTML, like Gecko; compatible; GPTBot/1.3; +https://openai.com/gptbot)"
74.7.227.10 - - [11/May/2026:16:30:15 +0200] "GET /brzitest.com.hr/6.php?sepatusuper=//proc/self/root/sys/devices/system/cpu/cpu4/driver/cpu3/node0/memory50/subsystem HTTP/1.1" 403 285 "http://mail.ithome.hr/brzitest.com.hr/6.php?sepatusuper=//proc/self/root/sys/devices/system/cpu/cpu4/driver/cpu3/node0/memory50" "Mozilla/5.0 AppleWebKit/537.36 (KHTML, like Gecko; compatible; GPTBot/1.3; +https://openai.com/gptbot)"
43.134.57.179 - - [11/May/2026:16:30:57 +0200] "GET /education/cgi-bin/?C=N;O=D HTTP/1.1" 200 348 "-" "Mozilla/5.0 (iPhone; CPU iPhone OS 13_2_3 like Mac OS X) AppleWebKit/605.1.15 (KHTML, like Gecko) Version/13.0.3 Mobile/15E148 Safari/604.1"
74.7.227.10 - - [11/May/2026:16:31:19 +0200] "GET /brzitest.com.hr/6.php?sepatusuper=//proc/self/root/sys/devices/system/cpu/cpu5/driver/cpu2/node0/memory98/subsystem HTTP/1.1" 403 285 "http://mail.ithome.hr/brzitest.com.hr/6.php?sepatusuper=//proc/self/root/sys/devices/system/cpu/cpu5/driver/cpu2/node0/memory98" "Mozilla/5.0 AppleWebKit/537.36 (KHTML, like Gecko; compatible; GPTBot/1.3; +https://openai.com/gptbot)"
204.76.203.206 - - [11/May/2026:16:32:07 +0200] "GET / HTTP/1.1" 200 163 "-" "Mozilla/5.0"
74.7.241.51 - - [11/May/2026:16:32:17 +0200] "GET /brzitest.com.hr/6.php?sepatusuper=//proc/self/root/sys/class/tty/tty14/subsystem/tty15 HTTP/1.1" 403 285 "http://ithome.hr/brzitest.com.hr/6.php?sepatusuper=//proc/self/root/sys/class/tty/tty14/subsystem" "Mozilla/5.0 AppleWebKit/537.36 (KHTML, like Gecko; compatible; GPTBot/1.3; +https://openai.com/gptbot)"
74.7.227.10 - - [11/May/2026:16:32:20 +0200] "GET /brzitest.com.hr/6.php?sepatusuper=//proc/self/root/sys/devices/system/cpu/cpu2/driver/cpu6/node0/memory3/node0 HTTP/1.1" 403 285 "http://mail.ithome.hr/brzitest.com.hr/6.php?sepatusuper=//proc/self/root/sys/devices/system/cpu/cpu2/driver/cpu6/node0/memory3" "Mozilla/5.0 AppleWebKit/537.36 (KHTML, like Gecko; compatible; GPTBot/1.3; +https://openai.com/gptbot)"
82.40.0.18 - - [11/May/2026:16:32:25 +0200] "GET /agroturizamzagorje/ HTTP/1.1" 200 1189 "-" "Mozilla/5.0 (Macintosh; Intel Mac OS X 10_15_7) AppleWebKit/537.36 (KHTML, like Gecko) Chrome/104.0.0.0 Safari/537.36"
82.38.245.198 - - [11/May/2026:16:32:26 +0200] "GET /openai.com.hr/ HTTP/1.1" 404 0 "-" "Mozilla/5.0 (Macintosh; Intel Mac OS X 10_15_7) AppleWebKit/537.36 (KHTML, like Gecko) Chrome/104.0.0.0 Safari/537.36"
82.26.188.66 - - [11/May/2026:16:32:26 +0200] "GET /360vr/ HTTP/1.1" 200 812 "-" "Mozilla/5.0 (Macintosh; Intel Mac OS X 10_15_7) AppleWebKit/537.36 (KHTML, like Gecko) Chrome/104.0.0.0 Safari/537.36"
82.41.228.24 - - [11/May/2026:16:32:27 +0200] "GET /francteh.hr/ HTTP/1.1" 301 278 "-" "Mozilla/5.0 (Macintosh; Intel Mac OS X 10_15_7) AppleWebKit/537.36 (KHTML, like Gecko) Chrome/104.0.0.0 Safari/537.36"
213.255.212.0 - - [11/May/2026:16:32:27 +0200] "GET /superbrands.hr/ HTTP/1.1" 200 0 "-" "Mozilla/5.0 (Macintosh; Intel Mac OS X 10_15_7) AppleWebKit/537.36 (KHTML, like Gecko) Chrome/104.0.0.0 Safari/537.36"
82.38.254.113 - - [11/May/2026:16:32:28 +0200] "GET /?C=D;O=D HTTP/1.1" 200 9101 "-" "Mozilla/5.0 (Macintosh; Intel Mac OS X 10_15_7) AppleWebKit/537.36 (KHTML, like Gecko) Chrome/104.0.0.0 Safari/537.36"
78.138.39.249 - - [11/May/2026:16:32:28 +0200] "GET /h1telekom.hr/ HTTP/1.1" 200 0 "-" "Mozilla/5.0 (Macintosh; Intel Mac OS X 10_15_7) AppleWebKit/537.36 (KHTML, like Gecko) Chrome/104.0.0.0 Safari/537.36"
82.24.197.244 - - [11/May/2026:16:32:28 +0200] "GET /anbforum.com/ HTTP/1.1" 404 0 "-" "Mozilla/5.0 (Macintosh; Intel Mac OS X 10_15_7) AppleWebKit/537.36 (KHTML, like Gecko) Chrome/104.0.0.0 Safari/537.36"
82.25.153.254 - - [11/May/2026:16:32:30 +0200] "GET /zaljepsunasu.hr/ HTTP/1.1" 404 0 "-" "Mozilla/5.0 (Macintosh; Intel Mac OS X 10_15_7) AppleWebKit/537.36 (KHTML, like Gecko) Chrome/104.0.0.0 Safari/537.36"
82.41.166.71 - - [11/May/2026:16:32:30 +0200] "GET /servis-bojlera-klime.eu/ HTTP/1.1" 200 0 "-" "Mozilla/5.0 (Macintosh; Intel Mac OS X 10_15_7) AppleWebKit/537.36 (KHTML, like Gecko) Chrome/104.0.0.0 Safari/537.36"
74.7.241.51 - - [11/May/2026:16:32:53 +0200] "GET /brzitest.com.hr/6.php?sepatusuper=//proc/self/root/sys/class/tty/tty58/subsystem/tty55 HTTP/1.1" 403 285 "http://ithome.hr/brzitest.com.hr/6.php?sepatusuper=//proc/self/root/sys/class/tty/tty58/subsystem" "Mozilla/5.0 AppleWebKit/537.36 (KHTML, like Gecko; compatible; GPTBot/1.3; +https://openai.com/gptbot)"
74.7.227.10 - - [11/May/2026:16:33:23 +0200] "GET /brzitest.com.hr/6.php?sepatusuper=//proc/self/root/sys/devices/system/cpu/cpu2/driver/cpu5/node0/memory77/subsystem HTTP/1.1" 403 285 "http://mail.ithome.hr/brzitest.com.hr/6.php?sepatusuper=//proc/self/root/sys/devices/system/cpu/cpu2/driver/cpu5/node0/memory77" "Mozilla/5.0 AppleWebKit/537.36 (KHTML, like Gecko; compatible; GPTBot/1.3; +https://openai.com/gptbot)"
138.68.145.67 - - [11/May/2026:16:33:25 +0200] "GET /.git/config HTTP/1.1" 404 4808 "-" "Mozilla/5.0 (X11; Linux x86_64) AppleWebKit/537.36 (KHTML, like Gecko) Chrome/81.0.4044.129 Safari/537.36"
74.7.241.51 - - [11/May/2026:16:33:30 +0200] "GET /brzitest.com.hr/6.php?sepatusuper=//proc/self/root/sys/class/tty/tty39/subsystem/tty36 HTTP/1.1" 403 285 "http://ithome.hr/brzitest.com.hr/6.php?sepatusuper=//proc/self/root/sys/class/tty/tty39/subsystem" "Mozilla/5.0 AppleWebKit/537.36 (KHTML, like Gecko; compatible; GPTBot/1.3; +https://openai.com/gptbot)"
74.7.241.51 - - [11/May/2026:16:34:07 +0200] "GET /brzitest.com.hr/6.php?sepatusuper=//proc/self/root/sys/class/tty/tty26/subsystem/tty28 HTTP/1.1" 403 285 "http://ithome.hr/brzitest.com.hr/6.php?sepatusuper=//proc/self/root/sys/class/tty/tty26/subsystem" "Mozilla/5.0 AppleWebKit/537.36 (KHTML, like Gecko; compatible; GPTBot/1.3; +https://openai.com/gptbot)"
74.7.227.10 - - [11/May/2026:16:34:23 +0200] "GET /brzitest.com.hr/6.php?sepatusuper=//proc/self/root/sys/devices/system/cpu/cpu4/driver/cpu2/node0/memory4/node0 HTTP/1.1" 403 285 "http://mail.ithome.hr/brzitest.com.hr/6.php?sepatusuper=//proc/self/root/sys/devices/system/cpu/cpu4/driver/cpu2/node0/memory4" "Mozilla/5.0 AppleWebKit/537.36 (KHTML, like Gecko; compatible; GPTBot/1.3; +https://openai.com/gptbot)"
74.7.241.51 - - [11/May/2026:16:34:45 +0200] "GET /brzitest.com.hr/6.php?sepatusuper=//proc/self/root/sys/class/tty/tty27/subsystem/tty28 HTTP/1.1" 403 285 "http://ithome.hr/brzitest.com.hr/6.php?sepatusuper=//proc/self/root/sys/class/tty/tty27/subsystem" "Mozilla/5.0 AppleWebKit/537.36 (KHTML, like Gecko; compatible; GPTBot/1.3; +https://openai.com/gptbot)"
74.7.241.51 - - [11/May/2026:16:35:20 +0200] "GET /brzitest.com.hr/6.php?sepatusuper=//proc/self/root/sys/class/tty/tty22/subsystem/tty21 HTTP/1.1" 403 285 "http://ithome.hr/brzitest.com.hr/6.php?sepatusuper=//proc/self/root/sys/class/tty/tty22/subsystem" "Mozilla/5.0 AppleWebKit/537.36 (KHTML, like Gecko; compatible; GPTBot/1.3; +https://openai.com/gptbot)"
74.7.227.10 - - [11/May/2026:16:35:29 +0200] "GET /brzitest.com.hr/6.php?sepatusuper=//proc/self/root/sys/devices/system/cpu/cpu2/driver/cpu4/node0/memory72/subsystem HTTP/1.1" 403 285 "http://mail.ithome.hr/brzitest.com.hr/6.php?sepatusuper=//proc/self/root/sys/devices/system/cpu/cpu2/driver/cpu4/node0/memory72" "Mozilla/5.0 AppleWebKit/537.36 (KHTML, like Gecko; compatible; GPTBot/1.3; +https://openai.com/gptbot)"
74.7.241.51 - - [11/May/2026:16:35:58 +0200] "GET /brzitest.com.hr/6.php?sepatusuper=//proc/self/root/sys/class/tty/tty11/subsystem/tty18 HTTP/1.1" 403 285 "http://ithome.hr/brzitest.com.hr/6.php?sepatusuper=//proc/self/root/sys/class/tty/tty11/subsystem" "Mozilla/5.0 AppleWebKit/537.36 (KHTML, like Gecko; compatible; GPTBot/1.3; +https://openai.com/gptbot)"
74.7.241.51 - - [11/May/2026:16:36:34 +0200] "GET /brzitest.com.hr/6.php?sepatusuper=//proc/self/root/sys/class/tty/tty13/subsystem/tty19 HTTP/1.1" 403 285 "http://ithome.hr/brzitest.com.hr/6.php?sepatusuper=//proc/self/root/sys/class/tty/tty13/subsystem" "Mozilla/5.0 AppleWebKit/537.36 (KHTML, like Gecko; compatible; GPTBot/1.3; +https://openai.com/gptbot)"
74.7.227.10 - - [11/May/2026:16:36:35 +0200] "GET /brzitest.com.hr/6.php?sepatusuper=//proc/self/root/sys/devices/system/cpu/cpu7/driver/cpu4/node0/memory82/subsystem HTTP/1.1" 403 285 "http://mail.ithome.hr/brzitest.com.hr/6.php?sepatusuper=//proc/self/root/sys/devices/system/cpu/cpu7/driver/cpu4/node0/memory82" "Mozilla/5.0 AppleWebKit/537.36 (KHTML, like Gecko; compatible; GPTBot/1.3; +https://openai.com/gptbot)"
74.7.241.51 - - [11/May/2026:16:37:12 +0200] "GET /brzitest.com.hr/6.php?sepatusuper=//proc/self/root/sys/class/tty/tty12/subsystem/tty19 HTTP/1.1" 403 285 "http://ithome.hr/brzitest.com.hr/6.php?sepatusuper=//proc/self/root/sys/class/tty/tty12/subsystem" "Mozilla/5.0 AppleWebKit/537.36 (KHTML, like Gecko; compatible; GPTBot/1.3; +https://openai.com/gptbot)"
74.7.227.10 - - [11/May/2026:16:37:39 +0200] "GET /brzitest.com.hr/6.php?sepatusuper=//proc/self/root/sys/devices/system/cpu/cpu2/driver/cpu7/node0/memory89/subsystem HTTP/1.1" 403 285 "http://mail.ithome.hr/brzitest.com.hr/6.php?sepatusuper=//proc/self/root/sys/devices/system/cpu/cpu2/driver/cpu7/node0/memory89" "Mozilla/5.0 AppleWebKit/537.36 (KHTML, like Gecko; compatible; GPTBot/1.3; +https://openai.com/gptbot)"
74.7.241.51 - - [11/May/2026:16:37:49 +0200] "GET /brzitest.com.hr/6.php?sepatusuper=//proc/self/root/sys/class/tty/tty55/subsystem/tty59 HTTP/1.1" 403 285 "http://ithome.hr/brzitest.com.hr/6.php?sepatusuper=//proc/self/root/sys/class/tty/tty55/subsystem" "Mozilla/5.0 AppleWebKit/537.36 (KHTML, like Gecko; compatible; GPTBot/1.3; +https://openai.com/gptbot)"
34.53.252.202 - - [11/May/2026:16:38:25 +0200] "GET / HTTP/1.1" 200 163 "-" "python-requests/2.32.5"
74.7.241.51 - - [11/May/2026:16:38:27 +0200] "GET /brzitest.com.hr/6.php?sepatusuper=//proc/self/root/sys/class/tty/tty40/subsystem/tty44 HTTP/1.1" 403 285 "http://ithome.hr/brzitest.com.hr/6.php?sepatusuper=//proc/self/root/sys/class/tty/tty40/subsystem" "Mozilla/5.0 AppleWebKit/537.36 (KHTML, like Gecko; compatible; GPTBot/1.3; +https://openai.com/gptbot)"
74.7.227.10 - - [11/May/2026:16:38:43 +0200] "GET /brzitest.com.hr/6.php?sepatusuper=//proc/self/root/sys/devices/system/cpu/cpu5/driver/cpu4/node0/memory19/subsystem HTTP/1.1" 403 285 "http://mail.ithome.hr/brzitest.com.hr/6.php?sepatusuper=//proc/self/root/sys/devices/system/cpu/cpu5/driver/cpu4/node0/memory19" "Mozilla/5.0 AppleWebKit/537.36 (KHTML, like Gecko; compatible; GPTBot/1.3; +https://openai.com/gptbot)"
74.7.241.51 - - [11/May/2026:16:39:06 +0200] "GET /brzitest.com.hr/6.php?sepatusuper=//proc/self/root/sys/class/tty/tty11/subsystem/tty19 HTTP/1.1" 403 285 "http://ithome.hr/brzitest.com.hr/6.php?sepatusuper=//proc/self/root/sys/class/tty/tty11/subsystem" "Mozilla/5.0 AppleWebKit/537.36 (KHTML, like Gecko; compatible; GPTBot/1.3; +https://openai.com/gptbot)"
74.7.241.51 - - [11/May/2026:16:39:41 +0200] "GET /brzitest.com.hr/6.php?sepatusuper=//proc/self/root/sys/class/tty/tty31/subsystem/tty36 HTTP/1.1" 403 285 "http://ithome.hr/brzitest.com.hr/6.php?sepatusuper=//proc/self/root/sys/class/tty/tty31/subsystem" "Mozilla/5.0 AppleWebKit/537.36 (KHTML, like Gecko; compatible; GPTBot/1.3; +https://openai.com/gptbot)"
74.7.227.10 - - [11/May/2026:16:39:44 +0200] "GET /brzitest.com.hr/6.php?sepatusuper=//proc/self/root/sys/devices/system/cpu/cpu2/driver/cpu0/node0/memory45/subsystem HTTP/1.1" 403 285 "http://mail.ithome.hr/brzitest.com.hr/6.php?sepatusuper=//proc/self/root/sys/devices/system/cpu/cpu2/driver/cpu0/node0/memory45" "Mozilla/5.0 AppleWebKit/537.36 (KHTML, like Gecko; compatible; GPTBot/1.3; +https://openai.com/gptbot)"
74.7.241.51 - - [11/May/2026:16:40:17 +0200] "GET /brzitest.com.hr/6.php?sepatusuper=//proc/self/root/sys/class/tty/tty15/subsystem/tty16 HTTP/1.1" 403 285 "http://ithome.hr/brzitest.com.hr/6.php?sepatusuper=//proc/self/root/sys/class/tty/tty15/subsystem" "Mozilla/5.0 AppleWebKit/537.36 (KHTML, like Gecko; compatible; GPTBot/1.3; +https://openai.com/gptbot)"
204.76.203.206 - - [11/May/2026:16:40:44 +0200] "GET / HTTP/1.1" 200 163 "-" "Mozilla/5.0"
74.7.227.10 - - [11/May/2026:16:40:50 +0200] "GET /brzitest.com.hr/6.php?sepatusuper=//proc/self/root/sys/devices/system/cpu/cpu7/driver/cpu1/node0/cpu3/node0 HTTP/1.1" 403 285 "http://mail.ithome.hr/brzitest.com.hr/6.php?sepatusuper=//proc/self/root/sys/devices/system/cpu/cpu7/driver/cpu1/node0/cpu3" "Mozilla/5.0 AppleWebKit/537.36 (KHTML, like Gecko; compatible; GPTBot/1.3; +https://openai.com/gptbot)"
74.7.241.51 - - [11/May/2026:16:40:56 +0200] "GET /brzitest.com.hr/6.php?sepatusuper=//proc/self/root/sys/class/tty/tty24/subsystem/tty27 HTTP/1.1" 403 285 "http://ithome.hr/brzitest.com.hr/6.php?sepatusuper=//proc/self/root/sys/class/tty/tty24/subsystem" "Mozilla/5.0 AppleWebKit/537.36 (KHTML, like Gecko; compatible; GPTBot/1.3; +https://openai.com/gptbot)"
74.7.241.51 - - [11/May/2026:16:41:34 +0200] "GET /brzitest.com.hr/6.php?sepatusuper=//proc/self/root/sys/class/tty/tty20/subsystem/tty22 HTTP/1.1" 403 285 "http://ithome.hr/brzitest.com.hr/6.php?sepatusuper=//proc/self/root/sys/class/tty/tty20/subsystem" "Mozilla/5.0 AppleWebKit/537.36 (KHTML, like Gecko; compatible; GPTBot/1.3; +https://openai.com/gptbot)"
43.130.106.18 - - [11/May/2026:16:41:53 +0200] "GET /education/wp-admin/ HTTP/1.1" 200 519 "-" "Mozilla/5.0 (iPhone; CPU iPhone OS 13_2_3 like Mac OS X) AppleWebKit/605.1.15 (KHTML, like Gecko) Version/13.0.3 Mobile/15E148 Safari/604.1"
74.7.227.10 - - [11/May/2026:16:41:53 +0200] "GET /brzitest.com.hr/6.php?sepatusuper=//proc/self/root/sys/devices/system/cpu/cpu2/driver/cpu5/node0/memory44/subsystem HTTP/1.1" 403 285 "http://mail.ithome.hr/brzitest.com.hr/6.php?sepatusuper=//proc/self/root/sys/devices/system/cpu/cpu2/driver/cpu5/node0/memory44" "Mozilla/5.0 AppleWebKit/537.36 (KHTML, like Gecko; compatible; GPTBot/1.3; +https://openai.com/gptbot)"
74.7.244.28 - - [11/May/2026:16:41:54 +0200] "GET /robots.txt HTTP/1.1" 404 277 "-" "Mozilla/5.0 (Macintosh; Intel Mac OS X 10_15_7) AppleWebKit/537.36 (KHTML, like Gecko) Chrome/131.0.0.0 Safari/537.36; compatible; OAI-SearchBot/1.3; robots.txt; +https://openai.com/searchbot"
