74.7.241.51 - - [11/May/2026:14:59:08 +0200] "GET /brzitest.com.hr/6.php?sepatusuper=//proc/self/root/sys/class/tty/tty38/subsystem/tty37 HTTP/1.1" 403 285 "http://ithome.hr/brzitest.com.hr/6.php?sepatusuper=//proc/self/root/sys/class/tty/tty38/subsystem" "Mozilla/5.0 AppleWebKit/537.36 (KHTML, like Gecko; compatible; GPTBot/1.3; +https://openai.com/gptbot)"
74.7.227.10 - - [11/May/2026:15:00:04 +0200] "GET /brzitest.com.hr/6.php?sepatusuper=//proc/self/root/sys/devices/system/cpu/cpu2/driver/cpu3/node0/memory45/subsystem HTTP/1.1" 403 285 "http://mail.ithome.hr/brzitest.com.hr/6.php?sepatusuper=//proc/self/root/sys/devices/system/cpu/cpu2/driver/cpu3/node0/memory45" "Mozilla/5.0 AppleWebKit/537.36 (KHTML, like Gecko; compatible; GPTBot/1.3; +https://openai.com/gptbot)"
74.7.241.51 - - [11/May/2026:15:00:10 +0200] "GET /brzitest.com.hr/6.php?sepatusuper=//proc/self/root/sys/class/tty/tty37/subsystem/tty34 HTTP/1.1" 403 285 "http://ithome.hr/brzitest.com.hr/6.php?sepatusuper=//proc/self/root/sys/class/tty/tty37/subsystem" "Mozilla/5.0 AppleWebKit/537.36 (KHTML, like Gecko; compatible; GPTBot/1.3; +https://openai.com/gptbot)"
74.7.227.10 - - [11/May/2026:15:01:07 +0200] "GET /brzitest.com.hr/6.php?sepatusuper=//proc/self/root/sys/devices/system/cpu/cpu4/driver/cpu1/node0/memory77/subsystem HTTP/1.1" 403 285 "http://mail.ithome.hr/brzitest.com.hr/6.php?sepatusuper=//proc/self/root/sys/devices/system/cpu/cpu4/driver/cpu1/node0/memory77" "Mozilla/5.0 AppleWebKit/537.36 (KHTML, like Gecko; compatible; GPTBot/1.3; +https://openai.com/gptbot)"
74.7.241.51 - - [11/May/2026:15:01:11 +0200] "GET /brzitest.com.hr/6.php?sepatusuper=//proc/self/root/sys/class/tty/tty30/subsystem/tty31 HTTP/1.1" 403 285 "http://ithome.hr/brzitest.com.hr/6.php?sepatusuper=//proc/self/root/sys/class/tty/tty30/subsystem" "Mozilla/5.0 AppleWebKit/537.36 (KHTML, like Gecko; compatible; GPTBot/1.3; +https://openai.com/gptbot)"
204.76.203.206 - - [11/May/2026:15:01:48 +0200] "GET / HTTP/1.1" 200 163 "-" "Mozilla/5.0"
74.7.227.10 - - [11/May/2026:15:02:07 +0200] "GET /brzitest.com.hr/6.php?sepatusuper=//proc/self/root/sys/devices/system/cpu/cpu4/driver/cpu6/node0/memory95/subsystem HTTP/1.1" 403 285 "http://mail.ithome.hr/brzitest.com.hr/6.php?sepatusuper=//proc/self/root/sys/devices/system/cpu/cpu4/driver/cpu6/node0/memory95" "Mozilla/5.0 AppleWebKit/537.36 (KHTML, like Gecko; compatible; GPTBot/1.3; +https://openai.com/gptbot)"
74.7.241.51 - - [11/May/2026:15:02:15 +0200] "GET /brzitest.com.hr/6.php?sepatusuper=//proc/self/root/sys/class/tty/tty18/subsystem/tty12 HTTP/1.1" 403 285 "http://ithome.hr/brzitest.com.hr/6.php?sepatusuper=//proc/self/root/sys/class/tty/tty18/subsystem" "Mozilla/5.0 AppleWebKit/537.36 (KHTML, like Gecko; compatible; GPTBot/1.3; +https://openai.com/gptbot)"
74.7.227.10 - - [11/May/2026:15:03:07 +0200] "GET /brzitest.com.hr/6.php?sepatusuper=//proc/self/root/sys/devices/system/cpu/cpu2/driver/cpu4/node0/memory48/subsystem HTTP/1.1" 403 285 "http://mail.ithome.hr/brzitest.com.hr/6.php?sepatusuper=//proc/self/root/sys/devices/system/cpu/cpu2/driver/cpu4/node0/memory48" "Mozilla/5.0 AppleWebKit/537.36 (KHTML, like Gecko; compatible; GPTBot/1.3; +https://openai.com/gptbot)"
43.153.204.189 - - [11/May/2026:15:03:08 +0200] "GET /agroturizamzagorje/cgi-bin/ HTTP/1.1" 200 445 "-" "Mozilla/5.0 (iPhone; CPU iPhone OS 13_2_3 like Mac OS X) AppleWebKit/605.1.15 (KHTML, like Gecko) Version/13.0.3 Mobile/15E148 Safari/604.1"
43.133.54.83 - - [11/May/2026:15:03:09 +0200] "GET / HTTP/1.1" 200 163 "-" "Mozilla/5.0 (iPhone; CPU iPhone OS 13_2_3 like Mac OS X) AppleWebKit/605.1.15 (KHTML, like Gecko) Version/13.0.3 Mobile/15E148 Safari/604.1"
74.7.241.51 - - [11/May/2026:15:03:15 +0200] "GET /brzitest.com.hr/6.php?sepatusuper=//proc/self/root/sys/class/tty/tty34/subsystem/tty36 HTTP/1.1" 403 285 "http://ithome.hr/brzitest.com.hr/6.php?sepatusuper=//proc/self/root/sys/class/tty/tty34/subsystem" "Mozilla/5.0 AppleWebKit/537.36 (KHTML, like Gecko; compatible; GPTBot/1.3; +https://openai.com/gptbot)"
74.7.227.10 - - [11/May/2026:15:04:08 +0200] "GET /brzitest.com.hr/6.php?sepatusuper=//proc/self/root/sys/devices/system/cpu/cpu5/driver/cpu4/node0/cpu2/node0 HTTP/1.1" 403 285 "http://mail.ithome.hr/brzitest.com.hr/6.php?sepatusuper=//proc/self/root/sys/devices/system/cpu/cpu5/driver/cpu4/node0/cpu2" "Mozilla/5.0 AppleWebKit/537.36 (KHTML, like Gecko; compatible; GPTBot/1.3; +https://openai.com/gptbot)"
74.7.241.51 - - [11/May/2026:15:04:18 +0200] "GET /brzitest.com.hr/6.php?sepatusuper=//proc/self/root/sys/class/tty/tty12/subsystem/tty10 HTTP/1.1" 403 285 "http://ithome.hr/brzitest.com.hr/6.php?sepatusuper=//proc/self/root/sys/class/tty/tty12/subsystem" "Mozilla/5.0 AppleWebKit/537.36 (KHTML, like Gecko; compatible; GPTBot/1.3; +https://openai.com/gptbot)"
74.7.227.10 - - [11/May/2026:15:05:12 +0200] "GET /brzitest.com.hr/6.php?sepatusuper=//proc/self/root/sys/devices/system/cpu/cpu2/driver/cpu7/node0/memory71/subsystem HTTP/1.1" 403 285 "http://mail.ithome.hr/brzitest.com.hr/6.php?sepatusuper=//proc/self/root/sys/devices/system/cpu/cpu2/driver/cpu7/node0/memory71" "Mozilla/5.0 AppleWebKit/537.36 (KHTML, like Gecko; compatible; GPTBot/1.3; +https://openai.com/gptbot)"
74.7.241.51 - - [11/May/2026:15:05:22 +0200] "GET /brzitest.com.hr/6.php?sepatusuper=//proc/self/root/sys/class/tty/tty59/subsystem/tty5 HTTP/1.1" 403 285 "http://ithome.hr/brzitest.com.hr/6.php?sepatusuper=//proc/self/root/sys/class/tty/tty59/subsystem" "Mozilla/5.0 AppleWebKit/537.36 (KHTML, like Gecko; compatible; GPTBot/1.3; +https://openai.com/gptbot)"
74.7.227.10 - - [11/May/2026:15:06:15 +0200] "GET /brzitest.com.hr/6.php?sepatusuper=//proc/self/root/sys/devices/system/cpu/cpu4/driver/cpu5/node0/memory75/subsystem HTTP/1.1" 403 285 "http://mail.ithome.hr/brzitest.com.hr/6.php?sepatusuper=//proc/self/root/sys/devices/system/cpu/cpu4/driver/cpu5/node0/memory75" "Mozilla/5.0 AppleWebKit/537.36 (KHTML, like Gecko; compatible; GPTBot/1.3; +https://openai.com/gptbot)"
74.7.241.51 - - [11/May/2026:15:06:25 +0200] "GET /brzitest.com.hr/6.php?sepatusuper=//proc/self/root/sys/class/tty/tty14/subsystem/tty16 HTTP/1.1" 403 285 "http://ithome.hr/brzitest.com.hr/6.php?sepatusuper=//proc/self/root/sys/class/tty/tty14/subsystem" "Mozilla/5.0 AppleWebKit/537.36 (KHTML, like Gecko; compatible; GPTBot/1.3; +https://openai.com/gptbot)"
54.235.158.162 - - [11/May/2026:15:06:41 +0200] "GET /?C=D;O%3DA HTTP/1.1" 200 1313 "-" "Mozilla/5.0 AppleWebKit/537.36 (KHTML, like Gecko; compatible; Amazonbot/0.1; +https://developer.amazon.com/support/amazonbot) Chrome/119.0.6045.214 Safari/537.36"
98.82.40.168 - - [11/May/2026:15:06:45 +0200] "GET /?C=M;O%3DA HTTP/1.1" 200 1300 "-" "Mozilla/5.0 AppleWebKit/537.36 (KHTML, like Gecko; compatible; Amazonbot/0.1; +https://developer.amazon.com/support/amazonbot) Chrome/119.0.6045.214 Safari/537.36"
204.76.203.206 - - [11/May/2026:15:06:49 +0200] "GET / HTTP/1.1" 200 163 "-" "Mozilla/5.0"
34.234.206.30 - - [11/May/2026:15:06:51 +0200] "GET /?C=N;O%3DD HTTP/1.1" 200 1313 "-" "Mozilla/5.0 AppleWebKit/537.36 (KHTML, like Gecko; compatible; Amazonbot/0.1; +https://developer.amazon.com/support/amazonbot) Chrome/119.0.6045.214 Safari/537.36"
3.211.181.86 - - [11/May/2026:15:06:53 +0200] "GET /cgi-bin/ HTTP/1.1" 403 285 "-" "Mozilla/5.0 AppleWebKit/537.36 (KHTML, like Gecko; compatible; Amazonbot/0.1; +https://developer.amazon.com/support/amazonbot) Chrome/119.0.6045.214 Safari/537.36"
74.7.227.10 - - [11/May/2026:15:07:15 +0200] "GET /brzitest.com.hr/6.php?sepatusuper=//proc/self/root/sys/devices/system/cpu/cpu2/driver/cpu1/node0/memory65/subsystem HTTP/1.1" 403 285 "http://mail.ithome.hr/brzitest.com.hr/6.php?sepatusuper=//proc/self/root/sys/devices/system/cpu/cpu2/driver/cpu1/node0/memory65" "Mozilla/5.0 AppleWebKit/537.36 (KHTML, like Gecko; compatible; GPTBot/1.3; +https://openai.com/gptbot)"
74.7.241.51 - - [11/May/2026:15:07:28 +0200] "GET /brzitest.com.hr/6.php?sepatusuper=//proc/self/root/sys/class/tty/tty54/subsystem/tty52 HTTP/1.1" 403 285 "http://ithome.hr/brzitest.com.hr/6.php?sepatusuper=//proc/self/root/sys/class/tty/tty54/subsystem" "Mozilla/5.0 AppleWebKit/537.36 (KHTML, like Gecko; compatible; GPTBot/1.3; +https://openai.com/gptbot)"
74.7.227.10 - - [11/May/2026:15:08:18 +0200] "GET /brzitest.com.hr/6.php?sepatusuper=//proc/self/root/sys/devices/system/cpu/cpu4/driver/cpu7/node0/memory56/subsystem HTTP/1.1" 403 285 "http://mail.ithome.hr/brzitest.com.hr/6.php?sepatusuper=//proc/self/root/sys/devices/system/cpu/cpu4/driver/cpu7/node0/memory56" "Mozilla/5.0 AppleWebKit/537.36 (KHTML, like Gecko; compatible; GPTBot/1.3; +https://openai.com/gptbot)"
74.7.241.51 - - [11/May/2026:15:08:31 +0200] "GET /brzitest.com.hr/6.php?sepatusuper=//proc/self/root/sys/class/tty/tty48/subsystem/tty4 HTTP/1.1" 403 285 "http://ithome.hr/brzitest.com.hr/6.php?sepatusuper=//proc/self/root/sys/class/tty/tty48/subsystem" "Mozilla/5.0 AppleWebKit/537.36 (KHTML, like Gecko; compatible; GPTBot/1.3; +https://openai.com/gptbot)"
74.7.227.10 - - [11/May/2026:15:09:24 +0200] "GET /brzitest.com.hr/6.php?sepatusuper=//proc/self/root/sys/devices/system/cpu/cpu4/driver/cpu7/node0/cpu3/node0 HTTP/1.1" 403 285 "http://mail.ithome.hr/brzitest.com.hr/6.php?sepatusuper=//proc/self/root/sys/devices/system/cpu/cpu4/driver/cpu7/node0/cpu3" "Mozilla/5.0 AppleWebKit/537.36 (KHTML, like Gecko; compatible; GPTBot/1.3; +https://openai.com/gptbot)"
74.7.241.51 - - [11/May/2026:15:09:32 +0200] "GET /brzitest.com.hr/6.php?sepatusuper=//proc/self/root/sys/class/tty/tty13/subsystem/tty10 HTTP/1.1" 403 285 "http://ithome.hr/brzitest.com.hr/6.php?sepatusuper=//proc/self/root/sys/class/tty/tty13/subsystem" "Mozilla/5.0 AppleWebKit/537.36 (KHTML, like Gecko; compatible; GPTBot/1.3; +https://openai.com/gptbot)"
74.7.227.10 - - [11/May/2026:15:10:29 +0200] "GET /brzitest.com.hr/6.php?sepatusuper=//proc/self/root/sys/devices/system/cpu/cpu7/driver/cpu3/node0/memory83/subsystem HTTP/1.1" 403 285 "http://mail.ithome.hr/brzitest.com.hr/6.php?sepatusuper=//proc/self/root/sys/devices/system/cpu/cpu7/driver/cpu3/node0/memory83" "Mozilla/5.0 AppleWebKit/537.36 (KHTML, like Gecko; compatible; GPTBot/1.3; +https://openai.com/gptbot)"
74.7.241.51 - - [11/May/2026:15:10:33 +0200] "GET /brzitest.com.hr/6.php?sepatusuper=//proc/self/root/sys/class/tty/tty55/subsystem/tty52 HTTP/1.1" 403 285 "http://ithome.hr/brzitest.com.hr/6.php?sepatusuper=//proc/self/root/sys/class/tty/tty55/subsystem" "Mozilla/5.0 AppleWebKit/537.36 (KHTML, like Gecko; compatible; GPTBot/1.3; +https://openai.com/gptbot)"
147.135.214.103 - - [11/May/2026:15:11:00 +0200] "GET /robots.txt HTTP/1.1" 404 355 "-" "Mozilla/5.0 (compatible; MJ12bot/v1.4.8; http://mj12bot.com/)"
147.135.214.103 - - [11/May/2026:15:11:01 +0200] "GET /cgi-bin/ HTTP/1.1" 403 285 "-" "Mozilla/5.0 (compatible; MJ12bot/v1.4.8; http://mj12bot.com/)"
147.135.214.103 - - [11/May/2026:15:11:03 +0200] "GET /crogourmet365.hr/ HTTP/1.1" 200 0 "-" "Mozilla/5.0 (compatible; MJ12bot/v1.4.8; http://mj12bot.com/)"
147.135.214.103 - - [11/May/2026:15:11:05 +0200] "GET /cuvajsepsa.com.hr/ HTTP/1.1" 200 0 "-" "Mozilla/5.0 (compatible; MJ12bot/v1.4.8; http://mj12bot.com/)"
147.135.214.103 - - [11/May/2026:15:11:07 +0200] "GET /digitalni-asistent.com/ HTTP/1.1" 404 390 "-" "Mozilla/5.0 (compatible; MJ12bot/v1.4.8; http://mj12bot.com/)"
147.135.214.103 - - [11/May/2026:15:11:08 +0200] "GET /education/ HTTP/1.1" 200 479 "-" "Mozilla/5.0 (compatible; MJ12bot/v1.4.8; http://mj12bot.com/)"
147.135.214.103 - - [11/May/2026:15:11:10 +0200] "GET /exergy.uk.com/ HTTP/1.1" 403 285 "-" "Mozilla/5.0 (compatible; MJ12bot/v1.4.8; http://mj12bot.com/)"
147.135.214.103 - - [11/May/2026:15:11:11 +0200] "GET /feratta.eu/ HTTP/1.1" 403 285 "-" "Mozilla/5.0 (compatible; MJ12bot/v1.4.8; http://mj12bot.com/)"
147.135.214.103 - - [11/May/2026:15:11:13 +0200] "GET /francteh.hr/ HTTP/1.1" 301 282 "-" "Mozilla/5.0 (compatible; MJ12bot/v1.4.8; http://mj12bot.com/)"
147.135.214.103 - - [11/May/2026:15:11:21 +0200] "GET /fumitech.hr/ HTTP/1.1" 200 277 "-" "Mozilla/5.0 (compatible; MJ12bot/v1.4.8; http://mj12bot.com/)"
147.135.214.103 - - [11/May/2026:15:11:23 +0200] "GET /geopars.com/ HTTP/1.1" 404 0 "-" "Mozilla/5.0 (compatible; MJ12bot/v1.4.8; http://mj12bot.com/)"
147.135.214.103 - - [11/May/2026:15:11:25 +0200] "GET /h1telekom.hr/ HTTP/1.1" 200 0 "-" "Mozilla/5.0 (compatible; MJ12bot/v1.4.8; http://mj12bot.com/)"
147.135.214.103 - - [11/May/2026:15:11:26 +0200] "GET /inperfection.com.hr/ HTTP/1.1" 200 176 "-" "Mozilla/5.0 (compatible; MJ12bot/v1.4.8; http://mj12bot.com/)"
147.135.214.103 - - [11/May/2026:15:11:28 +0200] "GET /inteligentna-kuca.hr/ HTTP/1.1" 200 0 "-" "Mozilla/5.0 (compatible; MJ12bot/v1.4.8; http://mj12bot.com/)"
147.135.214.103 - - [11/May/2026:15:11:30 +0200] "GET /interglobal.hr/ HTTP/1.1" 200 0 "-" "Mozilla/5.0 (compatible; MJ12bot/v1.4.8; http://mj12bot.com/)"
74.7.227.10 - - [11/May/2026:15:11:30 +0200] "GET /brzitest.com.hr/6.php?sepatusuper=//proc/self/root/sys/devices/system/cpu/cpu4/driver/cpu1/node0/memory67/subsystem HTTP/1.1" 403 285 "http://mail.ithome.hr/brzitest.com.hr/6.php?sepatusuper=//proc/self/root/sys/devices/system/cpu/cpu4/driver/cpu1/node0/memory67" "Mozilla/5.0 AppleWebKit/537.36 (KHTML, like Gecko; compatible; GPTBot/1.3; +https://openai.com/gptbot)"
147.135.214.103 - - [11/May/2026:15:11:32 +0200] "GET /itaiboats.com/ HTTP/1.1" 200 0 "-" "Mozilla/5.0 (compatible; MJ12bot/v1.4.8; http://mj12bot.com/)"
147.135.214.103 - - [11/May/2026:15:11:33 +0200] "GET /mwdemo/ HTTP/1.1" 200 436 "-" "Mozilla/5.0 (compatible; MJ12bot/v1.4.8; http://mj12bot.com/)"
147.135.214.103 - - [11/May/2026:15:11:35 +0200] "GET /najam-skladista.com/ HTTP/1.1" 404 0 "-" "Mozilla/5.0 (compatible; MJ12bot/v1.4.8; http://mj12bot.com/)"
147.135.214.103 - - [11/May/2026:15:11:36 +0200] "GET /novastvarnost/ HTTP/1.1" 200 502 "-" "Mozilla/5.0 (compatible; MJ12bot/v1.4.8; http://mj12bot.com/)"
147.135.214.103 - - [11/May/2026:15:11:38 +0200] "GET /novastvarnost.hr/ HTTP/1.1" 403 285 "-" "Mozilla/5.0 (compatible; MJ12bot/v1.4.8; http://mj12bot.com/)"
147.135.214.103 - - [11/May/2026:15:11:39 +0200] "GET /openai.com.hr/ HTTP/1.1" 404 0 "-" "Mozilla/5.0 (compatible; MJ12bot/v1.4.8; http://mj12bot.com/)"
147.135.214.103 - - [11/May/2026:15:11:41 +0200] "GET /openai.hr/ HTTP/1.1" 200 0 "-" "Mozilla/5.0 (compatible; MJ12bot/v1.4.8; http://mj12bot.com/)"
147.135.214.103 - - [11/May/2026:15:11:43 +0200] "GET /piplmetar.rs/ HTTP/1.1" 403 285 "-" "Mozilla/5.0 (compatible; MJ12bot/v1.4.8; http://mj12bot.com/)"
147.135.214.103 - - [11/May/2026:15:11:44 +0200] "GET /plesk/ HTTP/1.1" 200 409 "-" "Mozilla/5.0 (compatible; MJ12bot/v1.4.8; http://mj12bot.com/)"
147.135.214.103 - - [11/May/2026:15:11:45 +0200] "GET /plitvicka-jezera.com.hr/ HTTP/1.1" 200 0 "-" "Mozilla/5.0 (compatible; MJ12bot/v1.4.8; http://mj12bot.com/)"
147.135.214.103 - - [11/May/2026:15:11:47 +0200] "GET /pranje.com.hr/ HTTP/1.1" 404 0 "-" "Mozilla/5.0 (compatible; MJ12bot/v1.4.8; http://mj12bot.com/)"
147.135.214.103 - - [11/May/2026:15:11:49 +0200] "GET /prestige-ciscenje.com.hr/ HTTP/1.1" 200 0 "-" "Mozilla/5.0 (compatible; MJ12bot/v1.4.8; http://mj12bot.com/)"
147.135.214.103 - - [11/May/2026:15:11:50 +0200] "GET /radiovelikosrce.eu/ HTTP/1.1" 200 178 "-" "Mozilla/5.0 (compatible; MJ12bot/v1.4.8; http://mj12bot.com/)"
147.135.214.103 - - [11/May/2026:15:11:52 +0200] "GET /reciklasicari/ HTTP/1.1" 500 247 "-" "Mozilla/5.0 (compatible; MJ12bot/v1.4.8; http://mj12bot.com/)"
147.135.214.103 - - [11/May/2026:15:11:54 +0200] "GET /royal-taxi.info/ HTTP/1.1" 200 425 "-" "Mozilla/5.0 (compatible; MJ12bot/v1.4.8; http://mj12bot.com/)"
147.135.214.103 - - [11/May/2026:15:11:56 +0200] "GET /servis-bojlera-klime.eu/ HTTP/1.1" 200 0 "-" "Mozilla/5.0 (compatible; MJ12bot/v1.4.8; http://mj12bot.com/)"
147.135.214.103 - - [11/May/2026:15:11:57 +0200] "GET /ssl/ HTTP/1.1" 200 451 "-" "Mozilla/5.0 (compatible; MJ12bot/v1.4.8; http://mj12bot.com/)"
147.135.214.103 - - [11/May/2026:15:11:59 +0200] "GET /superbrands.hr/ HTTP/1.1" 200 0 "-" "Mozilla/5.0 (compatible; MJ12bot/v1.4.8; http://mj12bot.com/)"
147.135.214.103 - - [11/May/2026:15:12:01 +0200] "GET /support/ HTTP/1.1" 200 411 "-" "Mozilla/5.0 (compatible; MJ12bot/v1.4.8; http://mj12bot.com/)"
147.135.214.103 - - [11/May/2026:15:12:03 +0200] "GET /top-sport.hr/ HTTP/1.1" 404 0 "-" "Mozilla/5.0 (compatible; MJ12bot/v1.4.8; http://mj12bot.com/)"
147.135.214.103 - - [11/May/2026:15:12:04 +0200] "GET /upotrijebi-ponovno/ HTTP/1.1" 200 392 "-" "Mozilla/5.0 (compatible; MJ12bot/v1.4.8; http://mj12bot.com/)"
62.84.185.69 - - [11/May/2026:15:12:05 +0200] "GET /robots.txt HTTP/1.1" 404 355 "-" "Mozilla/5.0 (compatible; MJ12bot/v1.4.8; http://mj12bot.com/)"
147.135.214.103 - - [11/May/2026:15:12:06 +0200] "GET /uredenje-dvorista.com/ HTTP/1.1" 200 0 "-" "Mozilla/5.0 (compatible; MJ12bot/v1.4.8; http://mj12bot.com/)"
62.84.185.69 - - [11/May/2026:15:12:08 +0200] "GET /novastvarnost/wp-includes/core.php?filesrc=//bin/cpapi2&sepatusuper=//bin HTTP/1.1" 200 530241 "-" "Mozilla/5.0 (compatible; MJ12bot/v1.4.8; http://mj12bot.com/)"
147.135.214.103 - - [11/May/2026:15:12:08 +0200] "GET /vanado.zaljepsunasu.hr/ HTTP/1.1" 403 285 "-" "Mozilla/5.0 (compatible; MJ12bot/v1.4.8; http://mj12bot.com/)"
147.135.214.103 - - [11/May/2026:15:12:09 +0200] "GET /vinapetrisic.com/ HTTP/1.1" 200 0 "-" "Mozilla/5.0 (compatible; MJ12bot/v1.4.8; http://mj12bot.com/)"
147.135.214.103 - - [11/May/2026:15:12:11 +0200] "GET /virtuabit.hr/ HTTP/1.1" 200 300 "-" "Mozilla/5.0 (compatible; MJ12bot/v1.4.8; http://mj12bot.com/)"
147.135.214.103 - - [11/May/2026:15:12:14 +0200] "GET /vrchocoart.com/ HTTP/1.1" 500 665 "-" "Mozilla/5.0 (compatible; MJ12bot/v1.4.8; http://mj12bot.com/)"
62.84.185.69 - - [11/May/2026:15:12:14 +0200] "GET /novastvarnost/wp-includes/core.php?filesrc=//bin/ea-php74&sepatusuper=//bin HTTP/1.1" 200 1007819 "-" "Mozilla/5.0 (compatible; MJ12bot/v1.4.8; http://mj12bot.com/)"
43.166.237.57 - - [11/May/2026:15:12:15 +0200] "GET /agroturizamzagorje/admin.php HTTP/1.1" 200 4069 "-" "Mozilla/5.0 (iPhone; CPU iPhone OS 13_2_3 like Mac OS X) AppleWebKit/605.1.15 (KHTML, like Gecko) Version/13.0.3 Mobile/15E148 Safari/604.1"
147.135.214.103 - - [11/May/2026:15:12:15 +0200] "GET /wp-blog-header.php HTTP/1.1" 200 0 "-" "Mozilla/5.0 (compatible; MJ12bot/v1.4.8; http://mj12bot.com/)"
147.135.214.103 - - [11/May/2026:15:12:17 +0200] "GET /zaljepsunasu.hr/ HTTP/1.1" 404 0 "-" "Mozilla/5.0 (compatible; MJ12bot/v1.4.8; http://mj12bot.com/)"
62.84.185.69 - - [11/May/2026:15:12:20 +0200] "GET /novastvarnost/wp-includes/core.php?filesrc=//bin/ea-php80&sepatusuper=//bin HTTP/1.1" 200 1032333 "-" "Mozilla/5.0 (compatible; MJ12bot/v1.4.8; http://mj12bot.com/)"
74.7.227.10 - - [11/May/2026:15:12:30 +0200] "GET /brzitest.com.hr/6.php?sepatusuper=//proc/self/root/sys/devices/system/cpu/cpu2/driver/cpu4/node0/memory51/subsystem HTTP/1.1" 403 285 "http://mail.ithome.hr/brzitest.com.hr/6.php?sepatusuper=//proc/self/root/sys/devices/system/cpu/cpu2/driver/cpu4/node0/memory51" "Mozilla/5.0 AppleWebKit/537.36 (KHTML, like Gecko; compatible; GPTBot/1.3; +https://openai.com/gptbot)"
62.84.185.69 - - [11/May/2026:15:12:34 +0200] "GET /novastvarnost/wp-includes/core.php?filesrc=//bin/mysql_tzinfo_to_sql&sepatusuper=//bin HTTP/1.1" 200 633821 "-" "Mozilla/5.0 (compatible; MJ12bot/v1.4.8; http://mj12bot.com/)"
62.84.185.69 - - [11/May/2026:15:12:36 +0200] "GET /novastvarnost/wp-includes/core.php?filesrc=//lib64/libXmu.so.6&sepatusuper=//lib64 HTTP/1.1" 200 45290 "-" "Mozilla/5.0 (compatible; MJ12bot/v1.4.8; http://mj12bot.com/)"
62.84.185.69 - - [11/May/2026:15:12:37 +0200] "GET /novastvarnost/wp-includes/core.php?filesrc=//lib64/libXmu.so.6.2.0&sepatusuper=//lib64 HTTP/1.1" 200 45294 "-" "Mozilla/5.0 (compatible; MJ12bot/v1.4.8; http://mj12bot.com/)"
62.84.185.69 - - [11/May/2026:15:12:40 +0200] "GET /novastvarnost/wp-includes/core.php?filesrc=//lib64/libXmuu.so.1&sepatusuper=//lib64 HTTP/1.1" 200 6960 "-" "Mozilla/5.0 (compatible; MJ12bot/v1.4.8; http://mj12bot.com/)"
62.84.185.69 - - [11/May/2026:15:12:43 +0200] "GET /novastvarnost/wp-includes/core.php?filesrc=//lib64/libXmuu.so.1.0.0&sepatusuper=//lib64 HTTP/1.1" 200 6960 "-" "Mozilla/5.0 (compatible; MJ12bot/v1.4.8; http://mj12bot.com/)"
74.7.241.51 - - [11/May/2026:15:12:43 +0200] "GET /brzitest.com.hr/6.php?sepatusuper=//proc/self/root/sys/class/tty/tty40/subsystem/tty42 HTTP/1.1" 403 285 "http://ithome.hr/brzitest.com.hr/6.php?sepatusuper=//proc/self/root/sys/class/tty/tty40/subsystem" "Mozilla/5.0 AppleWebKit/537.36 (KHTML, like Gecko; compatible; GPTBot/1.3; +https://openai.com/gptbot)"
62.84.185.69 - - [11/May/2026:15:12:46 +0200] "GET /novastvarnost/wp-includes/core.php?filesrc=//lib64/libXpm.so&sepatusuper=//lib64 HTTP/1.1" 200 32106 "-" "Mozilla/5.0 (compatible; MJ12bot/v1.4.8; http://mj12bot.com/)"
62.84.185.69 - - [11/May/2026:15:12:49 +0200] "GET /novastvarnost/wp-includes/core.php?filesrc=//lib64/libXpm.so.4&sepatusuper=//lib64 HTTP/1.1" 200 32104 "-" "Mozilla/5.0 (compatible; MJ12bot/v1.4.8; http://mj12bot.com/)"
62.84.185.69 - - [11/May/2026:15:12:52 +0200] "GET /novastvarnost/wp-includes/core.php?filesrc=//lib64/libXpm.so.4.11.0&sepatusuper=//lib64 HTTP/1.1" 200 32109 "-" "Mozilla/5.0 (compatible; MJ12bot/v1.4.8; http://mj12bot.com/)"
62.84.185.69 - - [11/May/2026:15:12:55 +0200] "GET /novastvarnost/wp-includes/core.php?filesrc=//lib64/libXrandr.so.2&sepatusuper=//lib64 HTTP/1.1" 200 17375 "-" "Mozilla/5.0 (compatible; MJ12bot/v1.4.8; http://mj12bot.com/)"
62.84.185.69 - - [11/May/2026:15:12:58 +0200] "GET /novastvarnost/wp-includes/core.php?filesrc=//lib64/libXrandr.so.2.2.0&sepatusuper=//lib64 HTTP/1.1" 200 17377 "-" "Mozilla/5.0 (compatible; MJ12bot/v1.4.8; http://mj12bot.com/)"
62.84.185.69 - - [11/May/2026:15:13:01 +0200] "GET /novastvarnost/wp-includes/core.php?filesrc=//lib64/libXrender.so.1&sepatusuper=//lib64 HTTP/1.1" 200 16882 "-" "Mozilla/5.0 (compatible; MJ12bot/v1.4.8; http://mj12bot.com/)"
62.84.185.69 - - [11/May/2026:15:13:04 +0200] "GET /novastvarnost/wp-includes/core.php?filesrc=//lib64/libXrender.so.1.3.0&sepatusuper=//lib64 HTTP/1.1" 200 16885 "-" "Mozilla/5.0 (compatible; MJ12bot/v1.4.8; http://mj12bot.com/)"
62.84.185.69 - - [11/May/2026:15:13:07 +0200] "GET /novastvarnost/wp-includes/core.php?filesrc=//lib64/libXt.so.6&sepatusuper=//lib64 HTTP/1.1" 200 165567 "-" "Mozilla/5.0 (compatible; MJ12bot/v1.4.8; http://mj12bot.com/)"
62.84.185.69 - - [11/May/2026:15:13:10 +0200] "GET /novastvarnost/wp-includes/core.php?filesrc=//lib64/libXt.so.6.0.0&sepatusuper=//lib64 HTTP/1.1" 200 165569 "-" "Mozilla/5.0 (compatible; MJ12bot/v1.4.8; http://mj12bot.com/)"
62.84.185.69 - - [11/May/2026:15:13:13 +0200] "GET /novastvarnost/wp-includes/core.php?filesrc=//lib64/libXxf86misc.so.1&sepatusuper=//lib64 HTTP/1.1" 200 6087 "-" "Mozilla/5.0 (compatible; MJ12bot/v1.4.8; http://mj12bot.com/)"
62.84.185.69 - - [11/May/2026:15:13:17 +0200] "GET /novastvarnost/wp-includes/core.php?filesrc=//lib64/libXxf86misc.so.1.1.0&sepatusuper=//lib64 HTTP/1.1" 200 6088 "-" "Mozilla/5.0 (compatible; MJ12bot/v1.4.8; http://mj12bot.com/)"
62.84.185.69 - - [11/May/2026:15:13:19 +0200] "GET /novastvarnost/wp-includes/core.php?filesrc=//lib64/libXxf86vm.so.1&sepatusuper=//lib64 HTTP/1.1" 200 8568 "-" "Mozilla/5.0 (compatible; MJ12bot/v1.4.8; http://mj12bot.com/)"
62.84.185.69 - - [11/May/2026:15:13:22 +0200] "GET /novastvarnost/wp-includes/core.php?filesrc=//lib64/libXxf86vm.so.1.0.0&sepatusuper=//lib64 HTTP/1.1" 200 8568 "-" "Mozilla/5.0 (compatible; MJ12bot/v1.4.8; http://mj12bot.com/)"
62.84.185.69 - - [11/May/2026:15:13:25 +0200] "GET /novastvarnost/wp-includes/core.php?filesrc=//lib64/libacl.so.1&sepatusuper=//lib64 HTTP/1.1" 200 15577 "-" "Mozilla/5.0 (compatible; MJ12bot/v1.4.8; http://mj12bot.com/)"
62.84.185.69 - - [11/May/2026:15:13:28 +0200] "GET /novastvarnost/wp-includes/core.php?filesrc=//lib64/libacl.so.1.1.0&sepatusuper=//lib64 HTTP/1.1" 200 15580 "-" "Mozilla/5.0 (compatible; MJ12bot/v1.4.8; http://mj12bot.com/)"
62.84.185.69 - - [11/May/2026:15:13:31 +0200] "GET /novastvarnost/wp-includes/core.php?filesrc=//lib64/libaio.so&sepatusuper=//lib64 HTTP/1.1" 200 3205 "-" "Mozilla/5.0 (compatible; MJ12bot/v1.4.8; http://mj12bot.com/)"
74.7.227.10 - - [11/May/2026:15:13:31 +0200] "GET /brzitest.com.hr/6.php?sepatusuper=//proc/self/root/sys/devices/system/cpu/cpu7/driver/cpu0/node0/memory49/subsystem HTTP/1.1" 403 285 "http://mail.ithome.hr/brzitest.com.hr/6.php?sepatusuper=//proc/self/root/sys/devices/system/cpu/cpu7/driver/cpu0/node0/memory49" "Mozilla/5.0 AppleWebKit/537.36 (KHTML, like Gecko; compatible; GPTBot/1.3; +https://openai.com/gptbot)"
62.84.185.69 - - [11/May/2026:15:13:34 +0200] "GET /novastvarnost/wp-includes/core.php?filesrc=//lib64/libaio.so.1&sepatusuper=//lib64 HTTP/1.1" 200 3205 "-" "Mozilla/5.0 (compatible; MJ12bot/v1.4.8; http://mj12bot.com/)"
62.84.185.69 - - [11/May/2026:15:13:37 +0200] "GET /novastvarnost/wp-includes/core.php?filesrc=//lib64/libaio.so.1.0.0&sepatusuper=//lib64 HTTP/1.1" 200 3208 "-" "Mozilla/5.0 (compatible; MJ12bot/v1.4.8; http://mj12bot.com/)"
62.84.185.69 - - [11/May/2026:15:13:40 +0200] "GET /novastvarnost/wp-includes/core.php?filesrc=//lib64/libaio.so.1.0.1&sepatusuper=//lib64 HTTP/1.1" 200 3205 "-" "Mozilla/5.0 (compatible; MJ12bot/v1.4.8; http://mj12bot.com/)"
62.84.185.69 - - [11/May/2026:15:13:43 +0200] "GET /novastvarnost/wp-includes/core.php?filesrc=//lib64/libanl-2.17.so&sepatusuper=//lib64 HTTP/1.1" 200 6963 "-" "Mozilla/5.0 (compatible; MJ12bot/v1.4.8; http://mj12bot.com/)"
62.84.185.69 - - [11/May/2026:15:13:46 +0200] "GET /novastvarnost/wp-includes/core.php?filesrc=//lib64/libanl.a&sepatusuper=//lib64 HTTP/1.1" 200 6334 "-" "Mozilla/5.0 (compatible; MJ12bot/v1.4.8; http://mj12bot.com/)"
74.7.241.51 - - [11/May/2026:15:13:47 +0200] "GET /brzitest.com.hr/6.php?sepatusuper=//proc/self/root/sys/class/tty/tty15/subsystem/tty1 HTTP/1.1" 403 285 "http://ithome.hr/brzitest.com.hr/6.php?sepatusuper=//proc/self/root/sys/class/tty/tty15/subsystem" "Mozilla/5.0 AppleWebKit/537.36 (KHTML, like Gecko; compatible; GPTBot/1.3; +https://openai.com/gptbot)"
62.84.185.69 - - [11/May/2026:15:13:49 +0200] "GET /novastvarnost/wp-includes/core.php?filesrc=//lib64/libanl.so&sepatusuper=//lib64 HTTP/1.1" 200 6962 "-" "Mozilla/5.0 (compatible; MJ12bot/v1.4.8; http://mj12bot.com/)"
62.84.185.69 - - [11/May/2026:15:13:52 +0200] "GET /novastvarnost/wp-includes/core.php?filesrc=//lib64/libanl.so.1&sepatusuper=//lib64 HTTP/1.1" 200 6961 "-" "Mozilla/5.0 (compatible; MJ12bot/v1.4.8; http://mj12bot.com/)"
62.84.185.69 - - [11/May/2026:15:13:55 +0200] "GET /novastvarnost/wp-includes/core.php?filesrc=//lib64/libapol.so.4&sepatusuper=//lib64 HTTP/1.1" 200 85327 "-" "Mozilla/5.0 (compatible; MJ12bot/v1.4.8; http://mj12bot.com/)"
62.84.185.69 - - [11/May/2026:15:13:58 +0200] "GET /novastvarnost/wp-includes/core.php?filesrc=//lib64/libapol.so.4.4&sepatusuper=//lib64 HTTP/1.1" 200 85323 "-" "Mozilla/5.0 (compatible; MJ12bot/v1.4.8; http://mj12bot.com/)"
62.84.185.69 - - [11/May/2026:15:14:01 +0200] "GET /novastvarnost/wp-includes/core.php?filesrc=//lib64/libargon2.so.0&sepatusuper=//lib64 HTTP/1.1" 200 12943 "-" "Mozilla/5.0 (compatible; MJ12bot/v1.4.8; http://mj12bot.com/)"
62.84.185.69 - - [11/May/2026:15:14:04 +0200] "GET /novastvarnost/wp-includes/core.php?filesrc=//lib64/libasm-0.176.so&sepatusuper=//lib64 HTTP/1.1" 200 13453 "-" "Mozilla/5.0 (compatible; MJ12bot/v1.4.8; http://mj12bot.com/)"
62.84.185.69 - - [11/May/2026:15:14:07 +0200] "GET /novastvarnost/wp-includes/core.php?filesrc=//lib64/libasm.so.1&sepatusuper=//lib64 HTTP/1.1" 200 13447 "-" "Mozilla/5.0 (compatible; MJ12bot/v1.4.8; http://mj12bot.com/)"
62.84.185.69 - - [11/May/2026:15:14:10 +0200] "GET /novastvarnost/wp-includes/core.php?filesrc=//lib64/libasound.so.2&sepatusuper=//lib64 HTTP/1.1" 200 380822 "-" "Mozilla/5.0 (compatible; MJ12bot/v1.4.8; http://mj12bot.com/)"
62.84.185.69 - - [11/May/2026:15:14:13 +0200] "GET /novastvarnost/wp-includes/core.php?filesrc=//lib64/libasound.so.2.0.0&sepatusuper=//lib64 HTTP/1.1" 200 380815 "-" "Mozilla/5.0 (compatible; MJ12bot/v1.4.8; http://mj12bot.com/)"
62.84.185.69 - - [11/May/2026:15:14:17 +0200] "GET /novastvarnost/wp-includes/core.php?filesrc=//lib64/libaspell.so.15&sepatusuper=//lib64 HTTP/1.1" 200 273637 "-" "Mozilla/5.0 (compatible; MJ12bot/v1.4.8; http://mj12bot.com/)"
62.84.185.69 - - [11/May/2026:15:14:20 +0200] "GET /novastvarnost/wp-includes/core.php?filesrc=//lib64/libaspell.so.15.1.5&sepatusuper=//lib64 HTTP/1.1" 200 273633 "-" "Mozilla/5.0 (compatible; MJ12bot/v1.4.8; http://mj12bot.com/)"
62.84.185.69 - - [11/May/2026:15:14:23 +0200] "GET /novastvarnost/wp-includes/core.php?filesrc=//lib64/libasprintf.so&sepatusuper=//lib64 HTTP/1.1" 200 4342 "-" "Mozilla/5.0 (compatible; MJ12bot/v1.4.8; http://mj12bot.com/)"
62.84.185.69 - - [11/May/2026:15:14:26 +0200] "GET /novastvarnost/wp-includes/core.php?filesrc=//lib64/libasprintf.so.0&sepatusuper=//lib64 HTTP/1.1" 200 4342 "-" "Mozilla/5.0 (compatible; MJ12bot/v1.4.8; http://mj12bot.com/)"
62.84.185.69 - - [11/May/2026:15:14:29 +0200] "GET /novastvarnost/wp-includes/core.php?filesrc=//lib64/libasprintf.so.0.0.0&sepatusuper=//lib64 HTTP/1.1" 200 4343 "-" "Mozilla/5.0 (compatible; MJ12bot/v1.4.8; http://mj12bot.com/)"
62.84.185.69 - - [11/May/2026:15:14:32 +0200] "GET /novastvarnost/wp-includes/core.php?filesrc=//lib64/libassuan.so.0&sepatusuper=//lib64 HTTP/1.1" 200 30431 "-" "Mozilla/5.0 (compatible; MJ12bot/v1.4.8; http://mj12bot.com/)"
74.7.227.10 - - [11/May/2026:15:14:33 +0200] "GET /brzitest.com.hr/6.php?sepatusuper=//proc/self/root/sys/devices/system/cpu/cpu4/node0/cpu2/driver/cpu3/node0 HTTP/1.1" 403 285 "http://mail.ithome.hr/brzitest.com.hr/6.php?sepatusuper=//proc/self/root/sys/devices/system/cpu/cpu4/node0/cpu2/driver/cpu3" "Mozilla/5.0 AppleWebKit/537.36 (KHTML, like Gecko; compatible; GPTBot/1.3; +https://openai.com/gptbot)"
62.84.185.69 - - [11/May/2026:15:14:35 +0200] "GET /novastvarnost/wp-includes/core.php?filesrc=//lib64/libassuan.so.0.4.0&sepatusuper=//lib64 HTTP/1.1" 200 30437 "-" "Mozilla/5.0 (compatible; MJ12bot/v1.4.8; http://mj12bot.com/)"
62.84.185.69 - - [11/May/2026:15:14:38 +0200] "GET /novastvarnost/wp-includes/core.php?filesrc=//lib64/libattr.so.1&sepatusuper=//lib64 HTTP/1.1" 200 8553 "-" "Mozilla/5.0 (compatible; MJ12bot/v1.4.8; http://mj12bot.com/)"
62.84.185.69 - - [11/May/2026:15:14:41 +0200] "GET /novastvarnost/wp-includes/core.php?filesrc=//lib64/libattr.so.1.1.0&sepatusuper=//lib64 HTTP/1.1" 200 8553 "-" "Mozilla/5.0 (compatible; MJ12bot/v1.4.8; http://mj12bot.com/)"
62.84.185.69 - - [11/May/2026:15:14:44 +0200] "GET /novastvarnost/wp-includes/core.php?filesrc=//lib64/libaudit.so.1&sepatusuper=//lib64 HTTP/1.1" 200 41106 "-" "Mozilla/5.0 (compatible; MJ12bot/v1.4.8; http://mj12bot.com/)"
62.84.185.69 - - [11/May/2026:15:14:47 +0200] "GET /novastvarnost/wp-includes/core.php?filesrc=//lib64/libaudit.so.1.0.0&sepatusuper=//lib64 HTTP/1.1" 200 41108 "-" "Mozilla/5.0 (compatible; MJ12bot/v1.4.8; http://mj12bot.com/)"
74.7.241.51 - - [11/May/2026:15:14:48 +0200] "GET /brzitest.com.hr/6.php?sepatusuper=//proc/self/root/sys/class/tty/tty13/subsystem/tty11 HTTP/1.1" 403 285 "http://ithome.hr/brzitest.com.hr/6.php?sepatusuper=//proc/self/root/sys/class/tty/tty13/subsystem" "Mozilla/5.0 AppleWebKit/537.36 (KHTML, like Gecko; compatible; GPTBot/1.3; +https://openai.com/gptbot)"
62.84.185.69 - - [11/May/2026:15:14:51 +0200] "GET /novastvarnost/wp-includes/core.php?filesrc=//lib64/libauparse.so.0&sepatusuper=//lib64 HTTP/1.1" 200 53691 "-" "Mozilla/5.0 (compatible; MJ12bot/v1.4.8; http://mj12bot.com/)"
62.84.185.69 - - [11/May/2026:15:14:54 +0200] "GET /novastvarnost/wp-includes/core.php?filesrc=//lib64/libauparse.so.0.0.0&sepatusuper=//lib64 HTTP/1.1" 200 53685 "-" "Mozilla/5.0 (compatible; MJ12bot/v1.4.8; http://mj12bot.com/)"
62.84.185.69 - - [11/May/2026:15:14:57 +0200] "GET /novastvarnost/wp-includes/core.php?filesrc=//lib64/libavahi-client.so.3&sepatusuper=//lib64 HTTP/1.1" 200 25605 "-" "Mozilla/5.0 (compatible; MJ12bot/v1.4.8; http://mj12bot.com/)"
62.84.185.69 - - [11/May/2026:15:15:00 +0200] "GET /novastvarnost/wp-includes/core.php?filesrc=//lib64/libavahi-client.so.3.2.9&sepatusuper=//lib64 HTTP/1.1" 200 25609 "-" "Mozilla/5.0 (compatible; MJ12bot/v1.4.8; http://mj12bot.com/)"
62.84.185.69 - - [11/May/2026:15:15:03 +0200] "GET /novastvarnost/wp-includes/core.php?filesrc=//lib64/libavahi-common.so.3&sepatusuper=//lib64 HTTP/1.1" 200 21035 "-" "Mozilla/5.0 (compatible; MJ12bot/v1.4.8; http://mj12bot.com/)"
62.84.185.69 - - [11/May/2026:15:15:06 +0200] "GET /novastvarnost/wp-includes/core.php?filesrc=//lib64/libavahi-common.so.3.5.3&sepatusuper=//lib64 HTTP/1.1" 200 21039 "-" "Mozilla/5.0 (compatible; MJ12bot/v1.4.8; http://mj12bot.com/)"
62.84.185.69 - - [11/May/2026:15:15:09 +0200] "GET /novastvarnost/wp-includes/core.php?filesrc=//lib64/libbasicobjects.so.0&sepatusuper=//lib64 HTTP/1.1" 200 4055 "-" "Mozilla/5.0 (compatible; MJ12bot/v1.4.8; http://mj12bot.com/)"
62.84.185.69 - - [11/May/2026:15:15:11 +0200] "GET /novastvarnost/wp-includes/core.php?filesrc=//lib64/libbasicobjects.so.0.1.0&sepatusuper=//lib64 HTTP/1.1" 200 4057 "-" "Mozilla/5.0 (compatible; MJ12bot/v1.4.8; http://mj12bot.com/)"
62.84.185.69 - - [11/May/2026:15:15:14 +0200] "GET /novastvarnost/wp-includes/core.php?filesrc=//lib64/libbfd-2.27-44.base.el7_9.1.tuxcare.els6.so&sepatusuper=//lib64 HTTP/1.1" 200 483374 "-" "Mozilla/5.0 (compatible; MJ12bot/v1.4.8; http://mj12bot.com/)"
62.84.185.69 - - [11/May/2026:15:15:18 +0200] "GET /novastvarnost/wp-includes/core.php?filesrc=//lib64/libbind9.so&sepatusuper=//lib64 HTTP/1.1" 200 25832 "-" "Mozilla/5.0 (compatible; MJ12bot/v1.4.8; http://mj12bot.com/)"
62.84.185.69 - - [11/May/2026:15:15:20 +0200] "GET /novastvarnost/wp-includes/core.php?filesrc=//lib64/libbind9.so.160&sepatusuper=//lib64 HTTP/1.1" 200 25830 "-" "Mozilla/5.0 (compatible; MJ12bot/v1.4.8; http://mj12bot.com/)"
62.84.185.69 - - [11/May/2026:15:15:23 +0200] "GET /novastvarnost/wp-includes/core.php?filesrc=//lib64/libbind9.so.160.0.8&sepatusuper=//lib64 HTTP/1.1" 200 25833 "-" "Mozilla/5.0 (compatible; MJ12bot/v1.4.8; http://mj12bot.com/)"
62.84.185.69 - - [11/May/2026:15:15:26 +0200] "GET /novastvarnost/wp-includes/core.php?filesrc=//lib64/libblkid.so.1&sepatusuper=//lib64 HTTP/1.1" 200 106899 "-" "Mozilla/5.0 (compatible; MJ12bot/v1.4.8; http://mj12bot.com/)"
62.84.185.69 - - [11/May/2026:15:15:30 +0200] "GET /novastvarnost/wp-includes/core.php?filesrc=//lib64/libblkid.so.1.1.0&sepatusuper=//lib64 HTTP/1.1" 200 106902 "-" "Mozilla/5.0 (compatible; MJ12bot/v1.4.8; http://mj12bot.com/)"
62.84.185.69 - - [11/May/2026:15:15:33 +0200] "GET /novastvarnost/wp-includes/core.php?filesrc=//lib64/libboost_program_options-mt.so.1.53.0&sepatusuper=//lib64 HTTP/1.1" 200 129017 "-" "Mozilla/5.0 (compatible; MJ12bot/v1.4.8; http://mj12bot.com/)"
62.84.185.69 - - [11/May/2026:15:15:36 +0200] "GET /novastvarnost/wp-includes/core.php?filesrc=//lib64/libboost_program_options.so.1.53.0&sepatusuper=//lib64 HTTP/1.1" 200 129048 "-" "Mozilla/5.0 (compatible; MJ12bot/v1.4.8; http://mj12bot.com/)"
74.7.227.10 - - [11/May/2026:15:15:38 +0200] "GET /brzitest.com.hr/6.php?sepatusuper=//proc/self/root/sys/devices/system/cpu/cpu2/driver/cpu4/node0/memory87/subsystem HTTP/1.1" 403 285 "http://mail.ithome.hr/brzitest.com.hr/6.php?sepatusuper=//proc/self/root/sys/devices/system/cpu/cpu2/driver/cpu4/node0/memory87" "Mozilla/5.0 AppleWebKit/537.36 (KHTML, like Gecko; compatible; GPTBot/1.3; +https://openai.com/gptbot)"
62.84.185.69 - - [11/May/2026:15:15:39 +0200] "GET /novastvarnost/wp-includes/core.php?filesrc=//lib64/libboost_program_options.so.1.69.0&sepatusuper=//lib64 HTTP/1.1" 200 135855 "-" "Mozilla/5.0 (compatible; MJ12bot/v1.4.8; http://mj12bot.com/)"
62.84.185.69 - - [11/May/2026:15:15:40 +0200] "GET /novastvarnost/wp-includes/core.php?filesrc=//lib64/libboost_serialization-mt.so.1.53.0&sepatusuper=//lib64 HTTP/1.1" 200 92464 "-" "Mozilla/5.0 (compatible; MJ12bot/v1.4.8; http://mj12bot.com/)"
62.84.185.69 - - [11/May/2026:15:15:43 +0200] "GET /novastvarnost/wp-includes/core.php?filesrc=//lib64/libc.so.6&sepatusuper=//lib64 HTTP/1.1" 200 756221 "-" "Mozilla/5.0 (compatible; MJ12bot/v1.4.8; http://mj12bot.com/)"
62.84.185.69 - - [11/May/2026:15:15:47 +0200] "GET /novastvarnost/wp-includes/core.php?filesrc=//lib64/libc_nonshared.a&sepatusuper=//lib64 HTTP/1.1" 200 3278 "-" "Mozilla/5.0 (compatible; MJ12bot/v1.4.8; http://mj12bot.com/)"
74.7.241.51 - - [11/May/2026:15:15:49 +0200] "GET /brzitest.com.hr/6.php?sepatusuper=//proc/self/root/sys/class/tty/tty24/subsystem/tty23 HTTP/1.1" 403 285 "http://ithome.hr/brzitest.com.hr/6.php?sepatusuper=//proc/self/root/sys/class/tty/tty24/subsystem" "Mozilla/5.0 AppleWebKit/537.36 (KHTML, like Gecko; compatible; GPTBot/1.3; +https://openai.com/gptbot)"
62.84.185.69 - - [11/May/2026:15:15:50 +0200] "GET /novastvarnost/wp-includes/core.php?filesrc=//lib64/libc_stubs.a&sepatusuper=//lib64 HTTP/1.1" 200 4415 "-" "Mozilla/5.0 (compatible; MJ12bot/v1.4.8; http://mj12bot.com/)"
62.84.185.69 - - [11/May/2026:15:15:53 +0200] "GET /novastvarnost/wp-includes/core.php?filesrc=//lib64/libcairo-script-interpreter.so.2&sepatusuper=//lib64 HTTP/1.1" 200 51052 "-" "Mozilla/5.0 (compatible; MJ12bot/v1.4.8; http://mj12bot.com/)"
62.84.185.69 - - [11/May/2026:15:15:56 +0200] "GET /novastvarnost/wp-includes/core.php?filesrc=//lib64/libcairo-script-interpreter.so.2.11512.0&sepatusuper=//lib64 HTTP/1.1" 200 51059 "-" "Mozilla/5.0 (compatible; MJ12bot/v1.4.8; http://mj12bot.com/)"
62.84.185.69 - - [11/May/2026:15:15:59 +0200] "GET /novastvarnost/wp-includes/core.php?filesrc=//lib64/libcairo.so.2&sepatusuper=//lib64 HTTP/1.1" 200 540453 "-" "Mozilla/5.0 (compatible; MJ12bot/v1.4.8; http://mj12bot.com/)"
62.84.185.69 - - [11/May/2026:15:16:02 +0200] "GET /novastvarnost/wp-includes/core.php?filesrc=//lib64/libcairo.so.2.11512.0&sepatusuper=//lib64 HTTP/1.1" 200 540451 "-" "Mozilla/5.0 (compatible; MJ12bot/v1.4.8; http://mj12bot.com/)"
62.84.185.69 - - [11/May/2026:15:16:06 +0200] "GET /novastvarnost/wp-includes/core.php?filesrc=//lib64/libcap-ng.so.0&sepatusuper=//lib64 HTTP/1.1" 200 9166 "-" "Mozilla/5.0 (compatible; MJ12bot/v1.4.8; http://mj12bot.com/)"
62.84.185.69 - - [11/May/2026:15:16:09 +0200] "GET /novastvarnost/wp-includes/core.php?filesrc=//lib64/libcap-ng.so.0.0.0&sepatusuper=//lib64 HTTP/1.1" 200 9168 "-" "Mozilla/5.0 (compatible; MJ12bot/v1.4.8; http://mj12bot.com/)"
62.84.185.69 - - [11/May/2026:15:16:12 +0200] "GET /novastvarnost/wp-includes/core.php?filesrc=//lib64/libcap.so.2&sepatusuper=//lib64 HTTP/1.1" 200 8908 "-" "Mozilla/5.0 (compatible; MJ12bot/v1.4.8; http://mj12bot.com/)"
62.84.185.69 - - [11/May/2026:15:16:15 +0200] "GET /novastvarnost/wp-includes/core.php?filesrc=//lib64/libcap.so.2.22&sepatusuper=//lib64 HTTP/1.1" 200 8908 "-" "Mozilla/5.0 (compatible; MJ12bot/v1.4.8; http://mj12bot.com/)"
62.84.185.69 - - [11/May/2026:15:16:18 +0200] "GET /novastvarnost/wp-includes/core.php?filesrc=//lib64/libcgroup.so.1&sepatusuper=//lib64 HTTP/1.1" 200 42805 "-" "Mozilla/5.0 (compatible; MJ12bot/v1.4.8; http://mj12bot.com/)"
62.84.185.69 - - [11/May/2026:15:16:21 +0200] "GET /novastvarnost/wp-includes/core.php?filesrc=//lib64/libcgroup.so.1.0.41&sepatusuper=//lib64 HTTP/1.1" 200 42810 "-" "Mozilla/5.0 (compatible; MJ12bot/v1.4.8; http://mj12bot.com/)"
62.84.185.69 - - [11/May/2026:15:16:24 +0200] "GET /novastvarnost/wp-includes/core.php?filesrc=//lib64/libcidn-2.17.so&sepatusuper=//lib64 HTTP/1.1" 200 47552 "-" "Mozilla/5.0 (compatible; MJ12bot/v1.4.8; http://mj12bot.com/)"
62.84.185.69 - - [11/May/2026:15:16:27 +0200] "GET /novastvarnost/wp-includes/core.php?filesrc=//lib64/libcidn.so&sepatusuper=//lib64 HTTP/1.1" 200 47548 "-" "Mozilla/5.0 (compatible; MJ12bot/v1.4.8; http://mj12bot.com/)"
62.84.185.69 - - [11/May/2026:15:16:30 +0200] "GET /novastvarnost/wp-includes/core.php?filesrc=//lib64/libcidn.so.1&sepatusuper=//lib64 HTTP/1.1" 200 47547 "-" "Mozilla/5.0 (compatible; MJ12bot/v1.4.8; http://mj12bot.com/)"
62.84.185.69 - - [11/May/2026:15:16:33 +0200] "GET /novastvarnost/wp-includes/core.php?filesrc=//lib64/libcollection.so.2&sepatusuper=//lib64 HTTP/1.1" 200 20499 "-" "Mozilla/5.0 (compatible; MJ12bot/v1.4.8; http://mj12bot.com/)"
62.84.185.69 - - [11/May/2026:15:16:36 +0200] "GET /novastvarnost/wp-includes/core.php?filesrc=//lib64/libcollection.so.2.1.1&sepatusuper=//lib64 HTTP/1.1" 200 20502 "-" "Mozilla/5.0 (compatible; MJ12bot/v1.4.8; http://mj12bot.com/)"
62.84.185.69 - - [11/May/2026:15:16:39 +0200] "GET /novastvarnost/wp-includes/core.php?filesrc=//lib64/libcom_err.so&sepatusuper=//lib64 HTTP/1.1" 200 6826 "-" "Mozilla/5.0 (compatible; MJ12bot/v1.4.8; http://mj12bot.com/)"
62.84.185.69 - - [11/May/2026:15:16:42 +0200] "GET /novastvarnost/wp-includes/core.php?filesrc=//lib64/libcom_err.so.2&sepatusuper=//lib64 HTTP/1.1" 200 6826 "-" "Mozilla/5.0 (compatible; MJ12bot/v1.4.8; http://mj12bot.com/)"
74.7.227.10 - - [11/May/2026:15:16:43 +0200] "GET /brzitest.com.hr/6.php?sepatusuper=//proc/self/root/sys/devices/system/cpu/cpu4/driver/cpu5/node0/memory39/subsystem HTTP/1.1" 403 285 "http://mail.ithome.hr/brzitest.com.hr/6.php?sepatusuper=//proc/self/root/sys/devices/system/cpu/cpu4/driver/cpu5/node0/memory39" "Mozilla/5.0 AppleWebKit/537.36 (KHTML, like Gecko; compatible; GPTBot/1.3; +https://openai.com/gptbot)"
62.84.185.69 - - [11/May/2026:15:16:45 +0200] "GET /novastvarnost/wp-includes/core.php?filesrc=//lib64/libcom_err.so.2.1&sepatusuper=//lib64 HTTP/1.1" 200 6827 "-" "Mozilla/5.0 (compatible; MJ12bot/v1.4.8; http://mj12bot.com/)"
62.84.185.69 - - [11/May/2026:15:16:48 +0200] "GET /novastvarnost/wp-includes/core.php?filesrc=//lib64/libcpupower.so.0&sepatusuper=//lib64 HTTP/1.1" 200 6656 "-" "Mozilla/5.0 (compatible; MJ12bot/v1.4.8; http://mj12bot.com/)"
74.7.241.51 - - [11/May/2026:15:16:51 +0200] "GET /brzitest.com.hr/6.php?sepatusuper=//proc/self/root/sys/class/tty/tty35/subsystem/tty31 HTTP/1.1" 403 285 "http://ithome.hr/brzitest.com.hr/6.php?sepatusuper=//proc/self/root/sys/class/tty/tty35/subsystem" "Mozilla/5.0 AppleWebKit/537.36 (KHTML, like Gecko; compatible; GPTBot/1.3; +https://openai.com/gptbot)"
62.84.185.69 - - [11/May/2026:15:16:51 +0200] "GET /novastvarnost/wp-includes/core.php?filesrc=//lib64/libcpupower.so.0.0.0&sepatusuper=//lib64 HTTP/1.1" 200 6657 "-" "Mozilla/5.0 (compatible; MJ12bot/v1.4.8; http://mj12bot.com/)"
62.84.185.69 - - [11/May/2026:15:16:54 +0200] "GET /novastvarnost/wp-includes/core.php?filesrc=//lib64/libcrack.so.2&sepatusuper=//lib64 HTTP/1.1" 200 13796 "-" "Mozilla/5.0 (compatible; MJ12bot/v1.4.8; http://mj12bot.com/)"
155.133.26.224 - - [11/May/2026:15:17:05 +0200] "GET / HTTP/1.1" 200 1312 "-" "Mozilla/5.0 (Macintosh; Intel Mac OS X 10_15_7) AppleWebKit/537.36 (KHTML, like Gecko) Chrome/124.0.0.0 Safari/537.36"
155.133.26.224 - - [11/May/2026:15:17:05 +0200] "GET / HTTP/1.1" 200 1312 "-" "Mozilla/5.0 (Linux; Android 10; K) AppleWebKit/537.36 (KHTML, like Gecko) Chrome/131.0.0.0 Mobile Safari/537.36"
155.133.26.224 - - [11/May/2026:15:17:06 +0200] "GET / HTTP/1.1" 200 1312 "-" "Mozilla/5.0 (iPhone; CPU iPhone OS 18_0 like Mac OS X) AppleWebKit/605.1.15 (KHTML, like Gecko) Version/18.0 Mobile/15E148 Safari/604.1"
62.84.185.69 - - [11/May/2026:15:17:06 +0200] "GET /robots.txt HTTP/1.1" 404 355 "-" "Mozilla/5.0 (compatible; MJ12bot/v1.4.8; http://mj12bot.com/)"
155.133.26.224 - - [11/May/2026:15:17:06 +0200] "GET /wp-content/plugins/ninja-forms-uploads/readme.txt HTTP/1.1" 404 277 "-" "Mozilla/5.0 (iPhone; CPU iPhone OS 17_2 like Mac OS X) AppleWebKit/605.1.15 (KHTML, like Gecko) Version/17.2 Mobile/15E148 Safari/604.1"
155.133.26.224 - - [11/May/2026:15:17:07 +0200] "GET /wp-content/plugins/advanced-custom-post-type/changelog.md HTTP/1.1" 404 277 "-" "Mozilla/5.0 (Macintosh; Intel Mac OS X 10_15_7) AppleWebKit/605.1.15 (KHTML, like Gecko) Version/18.0 Safari/605.1.15"
155.133.26.224 - - [11/May/2026:15:17:07 +0200] "GET /wp-content/plugins/payment-gateway-pix-for-woocommerce/README.txt HTTP/1.1" 404 277 "-" "Mozilla/5.0 (Macintosh; Intel Mac OS X 10_15_7) AppleWebKit/537.36 (KHTML, like Gecko) Chrome/131.0.0.0 Safari/537.36"
62.84.185.69 - - [11/May/2026:15:17:07 +0200] "GET /360vr/ HTTP/1.1" 200 382 "-" "Mozilla/5.0 (compatible; MJ12bot/v1.4.8; http://mj12bot.com/)"
155.133.26.224 - - [11/May/2026:15:17:08 +0200] "GET / HTTP/1.1" 200 1312 "-" "Mozilla/5.0 (iPhone; CPU iPhone OS 18_0 like Mac OS X) AppleWebKit/605.1.15 (KHTML, like Gecko) Version/18.0 Mobile/15E148 Safari/604.1"
155.133.26.224 - - [11/May/2026:15:17:09 +0200] "GET /wp-content/plugins/datalogics/README.txt HTTP/1.1" 404 277 "-" "Mozilla/5.0 (Linux; Android 10; K) AppleWebKit/537.36 (KHTML, like Gecko) Chrome/131.0.0.0 Mobile Safari/537.36"
62.84.185.69 - - [11/May/2026:15:17:09 +0200] "GET /?C=D;O=A HTTP/1.1" 200 1312 "-" "Mozilla/5.0 (compatible; MJ12bot/v1.4.8; http://mj12bot.com/)"
155.133.26.224 - - [11/May/2026:15:17:09 +0200] "GET / HTTP/1.1" 200 1312 "-" "Mozilla/5.0 (Macintosh; Intel Mac OS X 10_15_7) AppleWebKit/537.36 (KHTML, like Gecko) Chrome/124.0.0.0 Safari/537.36"
155.133.26.224 - - [11/May/2026:15:17:10 +0200] "GET /wp-content/wp-content/themes/truelysell/style.css HTTP/1.1" 404 277 "-" "Mozilla/5.0 (Linux; Android 12; Pixel 6) AppleWebKit/537.36 (KHTML, like Gecko) Chrome/99.0.4844.58 Mobile Safari/537.36"
155.133.26.224 - - [11/May/2026:15:17:10 +0200] "GET /wp-content/plugins/woocommerce-wholesale-lead-capture/css/WWLCCustomFieldsControl.css HTTP/1.1" 404 277 "-" "Mozilla/5.0 (Macintosh; Intel Mac OS X 10_15_7) AppleWebKit/537.36 (KHTML, like Gecko) Chrome/133.0.0.0 Safari/537.36"
155.133.26.224 - - [11/May/2026:15:17:11 +0200] "GET /wp-content/plugins/wedesigntech-ultimate-booking-addon/changelog.txt HTTP/1.1" 404 277 "-" "Mozilla/5.0 (iPhone; CPU iPhone OS 18_0 like Mac OS X) AppleWebKit/605.1.15 (KHTML, like Gecko) Version/18.0 Mobile/15E148 Safari/604.1"
62.84.185.69 - - [11/May/2026:15:17:12 +0200] "GET /?C=M;O=A HTTP/1.1" 200 1300 "-" "Mozilla/5.0 (compatible; MJ12bot/v1.4.8; http://mj12bot.com/)"
155.133.26.224 - - [11/May/2026:15:17:12 +0200] "GET /wp-content/plugins/s2member/readme.txt HTTP/1.1" 404 277 "-" "Mozilla/5.0 (Linux; Android 12; Pixel 6) AppleWebKit/537.36 (KHTML, like Gecko) Chrome/99.0.4844.58 Mobile Safari/537.36"
155.133.26.224 - - [11/May/2026:15:17:13 +0200] "GET /wp-content/plugins/kalrav-ai-agent/readme.txt HTTP/1.1" 404 277 "-" "Mozilla/5.0 (Macintosh; Intel Mac OS X 10_15_7) AppleWebKit/537.36 (KHTML, like Gecko) Chrome/133.0.0.0 Safari/537.36"
62.84.185.69 - - [11/May/2026:15:17:13 +0200] "GET /?C=N;O=D HTTP/1.1" 200 1317 "-" "Mozilla/5.0 (compatible; MJ12bot/v1.4.8; http://mj12bot.com/)"
155.133.26.224 - - [11/May/2026:15:17:13 +0200] "GET /wp-content/plugins/wpvivid-backuprestore/readme.txt HTTP/1.1" 404 277 "-" "Mozilla/5.0 (Linux; Android 10; K) AppleWebKit/537.36 (KHTML, like Gecko) Chrome/131.0.0.0 Mobile Safari/537.36"
155.133.26.224 - - [11/May/2026:15:17:14 +0200] "GET /wp-content/plugins/cimy-user-extra-fields/readme.txt HTTP/1.1" 404 277 "-" "Mozilla/5.0 (Macintosh; Intel Mac OS X 10_15_7) AppleWebKit/537.36 (KHTML, like Gecko) Chrome/131.0.0.0 Safari/537.36"
155.133.26.224 - - [11/May/2026:15:17:14 +0200] "GET /wp-content/plugins/profile-builder/readme.txt HTTP/1.1" 404 277 "-" "Mozilla/5.0 (Windows NT 10.0; Win64; x64) AppleWebKit/537.36 (KHTML, like Gecko) Chrome/101.0.4951.64 Safari/537.36 Edg/101.0.1210.47"
62.84.185.69 - - [11/May/2026:15:17:15 +0200] "GET /?C=S;O=A HTTP/1.1" 200 1311 "-" "Mozilla/5.0 (compatible; MJ12bot/v1.4.8; http://mj12bot.com/)"
155.133.26.224 - - [11/May/2026:15:17:15 +0200] "GET /wp-content/plugins/lastudio-element-kit/readme.txt HTTP/1.1" 404 277 "-" "Mozilla/5.0 (Macintosh; Intel Mac OS X 10_15_7) AppleWebKit/537.36 (KHTML, like Gecko) Chrome/133.0.0.0 Safari/537.36"
155.133.26.224 - - [11/May/2026:15:17:16 +0200] "GET /wp-content/plugins/login-customizer/readme.txt HTTP/1.1" 404 277 "-" "Mozilla/5.0 (Windows NT 10.0; Win64; x64) AppleWebKit/537.36 (KHTML, like Gecko) Chrome/104.0.0.0 Safari/537.36"
62.84.185.69 - - [11/May/2026:15:17:16 +0200] "GET /BSSKIN.HR/ HTTP/1.1" 403 285 "-" "Mozilla/5.0 (compatible; MJ12bot/v1.4.8; http://mj12bot.com/)"
155.133.26.224 - - [11/May/2026:15:17:17 +0200] "GET /wp-content/plugins/academy/readme.txt HTTP/1.1" 404 277 "-" "Mozilla/5.0 (Windows NT 10.0; Win64; x64) AppleWebKit/537.36 (KHTML, like Gecko) Chrome/101.0.4951.64 Safari/537.36 Edg/101.0.1210.47"
155.133.26.224 - - [11/May/2026:15:17:17 +0200] "GET /wp-content/plugins/directorist-social-login/assets/public/css/main.css HTTP/1.1" 404 277 "-" "Mozilla/5.0 (Windows NT 10.0; Win64; x64) AppleWebKit/537.36 (KHTML, like Gecko) Chrome/104.0.0.0 Safari/537.36"
155.133.26.224 - - [11/May/2026:15:17:18 +0200] "GET /wp-content/plugins/acf-frontend-form-element/readme.txt HTTP/1.1" 404 277 "-" "Mozilla/5.0 (Macintosh; Intel Mac OS X 10_15_7) AppleWebKit/537.36 (KHTML, like Gecko) Chrome/131.0.0.0 Safari/537.36"
62.84.185.69 - - [11/May/2026:15:17:18 +0200] "GET /Kornati.hr/ HTTP/1.1" 403 285 "-" "Mozilla/5.0 (compatible; MJ12bot/v1.4.8; http://mj12bot.com/)"
155.133.26.224 - - [11/May/2026:15:17:18 +0200] "GET /wp-content/themes/workreap/style.css HTTP/1.1" 404 277 "-" "Mozilla/5.0 (Windows NT 10.0; Win64; x64) AppleWebKit/537.36 (KHTML, like Gecko) Chrome/107.0.0.0 Safari/537.36"
155.133.26.224 - - [11/May/2026:15:17:19 +0200] "GET /wp-content/themes/energia/style.css HTTP/1.1" 404 277 "-" "Mozilla/5.0 (Windows NT 10.0; Win64; x64) AppleWebKit/537.36 (KHTML, like Gecko) Chrome/101.0.4951.64 Safari/537.36 Edg/101.0.1210.47"
