155.133.26.224 - - [11/May/2026:15:17:19 +0200] "GET /wp-content/plugins/modular-connector/readme.txt HTTP/1.1" 404 277 "-" "Mozilla/5.0 (iPhone; CPU iPhone OS 18_0 like Mac OS X) AppleWebKit/605.1.15 (KHTML, like Gecko) Version/18.0 Mobile/15E148 Safari/604.1"
62.84.185.69 - - [11/May/2026:15:17:19 +0200] "GET /agroturizamzagorje/ HTTP/1.1" 200 444 "-" "Mozilla/5.0 (compatible; MJ12bot/v1.4.8; http://mj12bot.com/)"
155.133.26.224 - - [11/May/2026:15:17:20 +0200] "GET /wp-content/plugins/branda-white-labeling/readme.txt HTTP/1.1" 404 277 "-" "Mozilla/5.0 (iPhone; CPU iPhone OS 18_0 like Mac OS X) AppleWebKit/605.1.15 (KHTML, like Gecko) Version/18.0 Mobile/15E148 Safari/604.1"
155.133.26.224 - - [11/May/2026:15:17:20 +0200] "GET / HTTP/1.1" 200 1312 "-" "Mozilla/5.0 (iPhone; CPU iPhone OS 17_2 like Mac OS X) AppleWebKit/605.1.15 (KHTML, like Gecko) Version/17.2 Mobile/15E148 Safari/604.1"
62.84.185.69 - - [11/May/2026:15:17:21 +0200] "GET /aktual.hr/ HTTP/1.1" 200 423 "-" "Mozilla/5.0 (compatible; MJ12bot/v1.4.8; http://mj12bot.com/)"
155.133.26.224 - - [11/May/2026:15:17:21 +0200] "GET /wp-content/themes/doccure/style.css HTTP/1.1" 404 277 "-" "Mozilla/5.0 (iPhone; CPU iPhone OS 17_2 like Mac OS X) AppleWebKit/605.1.15 (KHTML, like Gecko) Version/17.2 Mobile/15E148 Safari/604.1"
155.133.26.224 - - [11/May/2026:15:17:21 +0200] "GET /wp-content/plugins/fox-lms/README.txt HTTP/1.1" 404 277 "-" "Mozilla/5.0 (iPhone; CPU iPhone OS 17_2 like Mac OS X) AppleWebKit/605.1.15 (KHTML, like Gecko) Version/17.2 Mobile/15E148 Safari/604.1"
155.133.26.224 - - [11/May/2026:15:17:22 +0200] "GET /wp-content/plugins/flex-qr-code-generator/readme.txt HTTP/1.1" 404 277 "-" "Mozilla/5.0 (iPhone; CPU iPhone OS 18_0 like Mac OS X) AppleWebKit/605.1.15 (KHTML, like Gecko) Version/18.0 Mobile/15E148 Safari/604.1"
62.84.185.69 - - [11/May/2026:15:17:22 +0200] "GET /anbforum.com/ HTTP/1.1" 404 0 "-" "Mozilla/5.0 (compatible; MJ12bot/v1.4.8; http://mj12bot.com/)"
155.133.26.224 - - [11/May/2026:15:17:22 +0200] "GET /wp-content/plugins/wpdirectorykit/README.txt HTTP/1.1" 404 277 "-" "Mozilla/5.0 (Linux; Android 12; Pixel 6) AppleWebKit/537.36 (KHTML, like Gecko) Chrome/99.0.4844.58 Mobile Safari/537.36"
155.133.26.224 - - [11/May/2026:15:17:23 +0200] "GET /wp-content/plugins/user-verification/readme.md HTTP/1.1" 404 277 "-" "Mozilla/5.0 (iPhone; CPU iPhone OS 18_0 like Mac OS X) AppleWebKit/605.1.15 (KHTML, like Gecko) Version/18.0 Mobile/15E148 Safari/604.1"
155.133.26.224 - - [11/May/2026:15:17:23 +0200] "GET /wp-content/plugins/acf-extended/readme.txt HTTP/1.1" 404 277 "-" "Mozilla/5.0 (Linux; Android 10; K) AppleWebKit/537.36 (KHTML, like Gecko) Chrome/131.0.0.0 Mobile Safari/537.36"
204.76.203.206 - - [11/May/2026:15:17:24 +0200] "GET / HTTP/1.1" 200 163 "-" "Mozilla/5.0"
62.84.185.69 - - [11/May/2026:15:17:24 +0200] "GET /avio-academy.com/ HTTP/1.1" 200 381 "-" "Mozilla/5.0 (compatible; MJ12bot/v1.4.8; http://mj12bot.com/)"
155.133.26.224 - - [11/May/2026:15:17:24 +0200] "GET /wp-content/plugins/sneeit-framework/readme.txt HTTP/1.1" 404 277 "-" "Mozilla/5.0 (Windows NT 10.0; Win64; x64) AppleWebKit/537.36 (KHTML, like Gecko) Chrome/104.0.0.0 Safari/537.36"
155.133.26.224 - - [11/May/2026:15:17:25 +0200] "GET /wp-content/plugins/waveplayer/readme.txt HTTP/1.1" 404 277 "-" "Mozilla/5.0 (Linux; Android 10; K) AppleWebKit/537.36 (KHTML, like Gecko) Chrome/131.0.0.0 Mobile Safari/537.36"
155.133.26.224 - - [11/May/2026:15:17:25 +0200] "GET /wp-content/plugins/ecab-taxi-booking-manager/readme.txt HTTP/1.1" 404 277 "-" "Mozilla/5.0 (Macintosh; Intel Mac OS X 10_15_7) AppleWebKit/537.36 (KHTML, like Gecko) Chrome/133.0.0.0 Safari/537.36"
155.133.26.224 - - [11/May/2026:15:17:26 +0200] "GET /wp-content/plugins/cpi-wp-migration/readme.txt HTTP/1.1" 404 277 "-" "Mozilla/5.0 (Macintosh; Intel Mac OS X 10_15_7) AppleWebKit/537.36 (KHTML, like Gecko) Chrome/124.0.0.0 Safari/537.36"
62.84.185.69 - - [11/May/2026:15:17:26 +0200] "GET /bkb-rent.hr/ HTTP/1.1" 200 395 "-" "Mozilla/5.0 (compatible; MJ12bot/v1.4.8; http://mj12bot.com/)"
155.133.26.224 - - [11/May/2026:15:17:26 +0200] "GET /wp-content/plugins/king-addons/readme.txt HTTP/1.1" 404 277 "-" "Mozilla/5.0 (Linux; Android 12; Pixel 6) AppleWebKit/537.36 (KHTML, like Gecko) Chrome/99.0.4844.58 Mobile Safari/537.36"
155.133.26.224 - - [11/May/2026:15:17:27 +0200] "GET /wp-content/plugins/ai-engine/readme.txt HTTP/1.1" 404 277 "-" "Mozilla/5.0 (Macintosh; Intel Mac OS X 10_15_7) AppleWebKit/537.36 (KHTML, like Gecko) Chrome/131.0.0.0 Safari/537.36"
155.133.26.224 - - [11/May/2026:15:17:27 +0200] "GET /wp-content/plugins/post-smtp/readme.txt HTTP/1.1" 404 277 "-" "Mozilla/5.0 (Macintosh; Intel Mac OS X 10_15_7) AppleWebKit/537.36 (KHTML, like Gecko) Chrome/133.0.0.0 Safari/537.36"
62.84.185.69 - - [11/May/2026:15:17:28 +0200] "GET /bolnica-lipik.hr/ HTTP/1.1" 404 0 "-" "Mozilla/5.0 (compatible; MJ12bot/v1.4.8; http://mj12bot.com/)"
155.133.26.224 - - [11/May/2026:15:17:28 +0200] "GET /wp-content/plugins/wc-designer-pro/changelog.txt HTTP/1.1" 404 277 "-" "Mozilla/5.0 (Linux; Android 12; Pixel 6) AppleWebKit/537.36 (KHTML, like Gecko) Chrome/99.0.4844.58 Mobile Safari/537.36"
155.133.26.224 - - [11/May/2026:15:17:28 +0200] "GET /wp-content/themes/miraculous/style.css HTTP/1.1" 404 277 "-" "Mozilla/5.0 (Macintosh; Intel Mac OS X 10_15_7) AppleWebKit/537.36 (KHTML, like Gecko) Chrome/131.0.0.0 Safari/537.36"
155.133.26.224 - - [11/May/2026:15:17:29 +0200] "GET /wp-content/plugins/uni-woo-custom-product-options-premium/readme.txt HTTP/1.1" 404 277 "-" "Mozilla/5.0 (Macintosh; Intel Mac OS X 10_15_7) AppleWebKit/537.36 (KHTML, like Gecko) Chrome/133.0.0.0 Safari/537.36"
62.84.185.69 - - [11/May/2026:15:17:29 +0200] "GET /brzitest.com.hr/ HTTP/1.1" 503 1134 "-" "Mozilla/5.0 (compatible; MJ12bot/v1.4.8; http://mj12bot.com/)"
155.133.26.224 - - [11/May/2026:15:17:29 +0200] "GET /wp-content/plugins/podlove-podcasting-plugin-for-wordpress/readme.txt HTTP/1.1" 404 277 "-" "Mozilla/5.0 (Macintosh; Intel Mac OS X 10_15_7) AppleWebKit/537.36 (KHTML, like Gecko) Chrome/124.0.0.0 Safari/537.36"
155.133.26.224 - - [11/May/2026:15:17:30 +0200] "GET /wp-content/plugins/WooCommerce-Multi-Locations-Inventory-Management/readme.txt HTTP/1.1" 404 277 "-" "Mozilla/5.0 (Linux; Android 10; K) AppleWebKit/537.36 (KHTML, like Gecko) Chrome/131.0.0.0 Mobile Safari/537.36"
155.133.26.224 - - [11/May/2026:15:17:31 +0200] "GET /wp-content/plugins/wp-event-solution/readme.txt HTTP/1.1" 404 277 "-" "Mozilla/5.0 (Windows NT 10.0; Win64; x64) AppleWebKit/537.36 (KHTML, like Gecko) Chrome/101.0.4951.64 Safari/537.36 Edg/101.0.1210.47"
155.133.26.224 - - [11/May/2026:15:17:31 +0200] "GET /wp-content/themes/freeio/style.css HTTP/1.1" 404 277 "-" "Mozilla/5.0 (Windows NT 10.0; Win64; x64) AppleWebKit/537.36 (KHTML, like Gecko) Chrome/101.0.4951.64 Safari/537.36 Edg/101.0.1210.47"
62.84.185.69 - - [11/May/2026:15:17:31 +0200] "GET /cataleya-cup.com/ HTTP/1.1" 404 0 "-" "Mozilla/5.0 (compatible; MJ12bot/v1.4.8; http://mj12bot.com/)"
155.133.26.224 - - [11/May/2026:15:17:32 +0200] "GET /wp-content/themes/em4u/style.css HTTP/1.1" 404 277 "-" "Mozilla/5.0 (Macintosh; Intel Mac OS X 10_15_7) AppleWebKit/537.36 (KHTML, like Gecko) Chrome/131.0.0.0 Safari/537.36"
155.133.26.224 - - [11/May/2026:15:17:32 +0200] "GET /wp-content/plugins/wp-marketing-automations/readme.txt HTTP/1.1" 404 277 "-" "Mozilla/5.0 (Macintosh; Intel Mac OS X 10_15_7) AppleWebKit/537.36 (KHTML, like Gecko) Chrome/131.0.0.0 Safari/537.36"
155.133.26.224 - - [11/May/2026:15:17:33 +0200] "GET /wp-content/plugins/order-delivery-date/readme.txt HTTP/1.1" 404 277 "-" "Mozilla/5.0 (Macintosh; Intel Mac OS X 10_15_7) AppleWebKit/537.36 (KHTML, like Gecko) Chrome/124.0.0.0 Safari/537.36"
155.133.26.224 - - [11/May/2026:15:17:33 +0200] "GET /wp-content/themes/noo-jobmonster/style.css HTTP/1.1" 404 277 "-" "Mozilla/5.0 (iPhone; CPU iPhone OS 17_2 like Mac OS X) AppleWebKit/605.1.15 (KHTML, like Gecko) Version/17.2 Mobile/15E148 Safari/604.1"
155.133.26.224 - - [11/May/2026:15:17:34 +0200] "GET /wp-content/themes/service-finder/style.css HTTP/1.1" 404 277 "-" "Mozilla/5.0 (Linux; Android 12; Pixel 6) AppleWebKit/537.36 (KHTML, like Gecko) Chrome/99.0.4844.58 Mobile Safari/537.36"
155.133.26.224 - - [11/May/2026:15:17:34 +0200] "GET /wp-content/themes/litho/style.css HTTP/1.1" 404 277 "-" "Mozilla/5.0 (Linux; Android 10; K) AppleWebKit/537.36 (KHTML, like Gecko) Chrome/131.0.0.0 Mobile Safari/537.36"
155.133.26.224 - - [11/May/2026:15:17:35 +0200] "GET /wp-content/plugins/wp-registration/readme.txt HTTP/1.1" 404 277 "-" "Mozilla/5.0 (iPhone; CPU iPhone OS 18_0 like Mac OS X) AppleWebKit/605.1.15 (KHTML, like Gecko) Version/18.0 Mobile/15E148 Safari/604.1"
155.133.26.224 - - [11/May/2026:15:17:35 +0200] "GET /wp-content/plugins/ht-contactform/readme.txt HTTP/1.1" 404 277 "-" "Mozilla/5.0 (Windows NT 10.0; Win64; x64) AppleWebKit/537.36 (KHTML, like Gecko) Chrome/101.0.4951.64 Safari/537.36 Edg/101.0.1210.47"
155.133.26.224 - - [11/May/2026:15:17:36 +0200] "GET /wp-content/themes/alone/style.css HTTP/1.1" 404 277 "-" "Mozilla/5.0 (Windows NT 10.0; Win64; x64) AppleWebKit/537.36 (KHTML, like Gecko) Chrome/101.0.4951.64 Safari/537.36 Edg/101.0.1210.47"
74.7.227.10 - - [11/May/2026:15:17:47 +0200] "GET /brzitest.com.hr/6.php?sepatusuper=//proc/self/root/sys/devices/system/cpu/cpu2/driver/cpu1/node0/memory58/subsystem HTTP/1.1" 403 285 "http://mail.ithome.hr/brzitest.com.hr/6.php?sepatusuper=//proc/self/root/sys/devices/system/cpu/cpu2/driver/cpu1/node0/memory58" "Mozilla/5.0 AppleWebKit/537.36 (KHTML, like Gecko; compatible; GPTBot/1.3; +https://openai.com/gptbot)"
74.7.241.51 - - [11/May/2026:15:17:56 +0200] "GET /brzitest.com.hr/6.php?sepatusuper=//proc/self/root/sys/class/tty/tty59/subsystem/tty50 HTTP/1.1" 403 285 "http://ithome.hr/brzitest.com.hr/6.php?sepatusuper=//proc/self/root/sys/class/tty/tty59/subsystem" "Mozilla/5.0 AppleWebKit/537.36 (KHTML, like Gecko; compatible; GPTBot/1.3; +https://openai.com/gptbot)"
74.7.227.10 - - [11/May/2026:15:18:50 +0200] "GET /brzitest.com.hr/6.php?sepatusuper=//proc/self/root/sys/devices/system/cpu/cpu2/driver/cpu3/node0/memory55/subsystem HTTP/1.1" 403 285 "http://mail.ithome.hr/brzitest.com.hr/6.php?sepatusuper=//proc/self/root/sys/devices/system/cpu/cpu2/driver/cpu3/node0/memory55" "Mozilla/5.0 AppleWebKit/537.36 (KHTML, like Gecko; compatible; GPTBot/1.3; +https://openai.com/gptbot)"
74.7.241.51 - - [11/May/2026:15:19:02 +0200] "GET /brzitest.com.hr/6.php?sepatusuper=//proc/self/root/sys/class/tty/tty36/subsystem/tty31 HTTP/1.1" 403 285 "http://ithome.hr/brzitest.com.hr/6.php?sepatusuper=//proc/self/root/sys/class/tty/tty36/subsystem" "Mozilla/5.0 AppleWebKit/537.36 (KHTML, like Gecko; compatible; GPTBot/1.3; +https://openai.com/gptbot)"
74.7.227.10 - - [11/May/2026:15:19:50 +0200] "GET /brzitest.com.hr/6.php?sepatusuper=//proc/self/root/sys/devices/system/cpu/cpu4/driver/cpu1/node0/memory78/subsystem HTTP/1.1" 403 285 "http://mail.ithome.hr/brzitest.com.hr/6.php?sepatusuper=//proc/self/root/sys/devices/system/cpu/cpu4/driver/cpu1/node0/memory78" "Mozilla/5.0 AppleWebKit/537.36 (KHTML, like Gecko; compatible; GPTBot/1.3; +https://openai.com/gptbot)"
74.7.227.10 - - [11/May/2026:15:20:53 +0200] "GET /brzitest.com.hr/6.php?sepatusuper=//proc/self/root/sys/devices/system/cpu/cpu7/driver/cpu1/node0/memory13/subsystem HTTP/1.1" 403 285 "http://mail.ithome.hr/brzitest.com.hr/6.php?sepatusuper=//proc/self/root/sys/devices/system/cpu/cpu7/driver/cpu1/node0/memory13" "Mozilla/5.0 AppleWebKit/537.36 (KHTML, like Gecko; compatible; GPTBot/1.3; +https://openai.com/gptbot)"
74.7.241.51 - - [11/May/2026:15:21:09 +0200] "GET /brzitest.com.hr/6.php?sepatusuper=//proc/self/root/sys/class/tty/tty40/subsystem/tty41 HTTP/1.1" 403 285 "http://ithome.hr/brzitest.com.hr/6.php?sepatusuper=//proc/self/root/sys/class/tty/tty40/subsystem" "Mozilla/5.0 AppleWebKit/537.36 (KHTML, like Gecko; compatible; GPTBot/1.3; +https://openai.com/gptbot)"
74.7.227.10 - - [11/May/2026:15:21:53 +0200] "GET /brzitest.com.hr/6.php?sepatusuper=//proc/self/root/sys/devices/system/cpu/cpu7/driver/cpu1/node0/memory37/subsystem HTTP/1.1" 403 285 "http://mail.ithome.hr/brzitest.com.hr/6.php?sepatusuper=//proc/self/root/sys/devices/system/cpu/cpu7/driver/cpu1/node0/memory37" "Mozilla/5.0 AppleWebKit/537.36 (KHTML, like Gecko; compatible; GPTBot/1.3; +https://openai.com/gptbot)"
43.128.149.102 - - [11/May/2026:15:21:54 +0200] "GET /agroturizamzagorje/images/ HTTP/1.1" 200 421 "-" "Mozilla/5.0 (iPhone; CPU iPhone OS 13_2_3 like Mac OS X) AppleWebKit/605.1.15 (KHTML, like Gecko) Version/13.0.3 Mobile/15E148 Safari/604.1"
74.7.241.51 - - [11/May/2026:15:22:14 +0200] "GET /brzitest.com.hr/6.php?sepatusuper=//proc/self/root/sys/class/tty/tty45/subsystem/tty4 HTTP/1.1" 403 285 "http://ithome.hr/brzitest.com.hr/6.php?sepatusuper=//proc/self/root/sys/class/tty/tty45/subsystem" "Mozilla/5.0 AppleWebKit/537.36 (KHTML, like Gecko; compatible; GPTBot/1.3; +https://openai.com/gptbot)"
20.226.25.198 - - [11/May/2026:15:22:30 +0200] "GET / HTTP/1.1" 200 163 "-" "Mozilla/5.0 (security research)"
74.7.227.10 - - [11/May/2026:15:22:53 +0200] "GET /brzitest.com.hr/6.php?sepatusuper=//proc/self/root/sys/devices/system/cpu/cpu2/driver/cpu4/node0/memory65/subsystem HTTP/1.1" 403 285 "http://mail.ithome.hr/brzitest.com.hr/6.php?sepatusuper=//proc/self/root/sys/devices/system/cpu/cpu2/driver/cpu4/node0/memory65" "Mozilla/5.0 AppleWebKit/537.36 (KHTML, like Gecko; compatible; GPTBot/1.3; +https://openai.com/gptbot)"
74.7.241.51 - - [11/May/2026:15:23:18 +0200] "GET /brzitest.com.hr/6.php?sepatusuper=//proc/self/root/sys/class/tty/tty29/subsystem/tty22 HTTP/1.1" 403 285 "http://ithome.hr/brzitest.com.hr/6.php?sepatusuper=//proc/self/root/sys/class/tty/tty29/subsystem" "Mozilla/5.0 AppleWebKit/537.36 (KHTML, like Gecko; compatible; GPTBot/1.3; +https://openai.com/gptbot)"
74.7.227.10 - - [11/May/2026:15:23:55 +0200] "GET /brzitest.com.hr/6.php?sepatusuper=//proc/self/root/sys/devices/system/cpu/cpu7/driver/cpu1/node0/memory59/subsystem HTTP/1.1" 403 285 "http://mail.ithome.hr/brzitest.com.hr/6.php?sepatusuper=//proc/self/root/sys/devices/system/cpu/cpu7/driver/cpu1/node0/memory59" "Mozilla/5.0 AppleWebKit/537.36 (KHTML, like Gecko; compatible; GPTBot/1.3; +https://openai.com/gptbot)"
74.7.241.51 - - [11/May/2026:15:24:19 +0200] "GET /brzitest.com.hr/6.php?sepatusuper=//proc/self/root/sys/class/tty/tty42/subsystem/tty41 HTTP/1.1" 403 285 "http://ithome.hr/brzitest.com.hr/6.php?sepatusuper=//proc/self/root/sys/class/tty/tty42/subsystem" "Mozilla/5.0 AppleWebKit/537.36 (KHTML, like Gecko; compatible; GPTBot/1.3; +https://openai.com/gptbot)"
74.7.227.10 - - [11/May/2026:15:24:58 +0200] "GET /brzitest.com.hr/6.php?sepatusuper=//proc/self/root/sys/devices/system/cpu/cpu7/driver/cpu4/node0/memory88/subsystem HTTP/1.1" 403 285 "http://mail.ithome.hr/brzitest.com.hr/6.php?sepatusuper=//proc/self/root/sys/devices/system/cpu/cpu7/driver/cpu4/node0/memory88" "Mozilla/5.0 AppleWebKit/537.36 (KHTML, like Gecko; compatible; GPTBot/1.3; +https://openai.com/gptbot)"
74.7.241.51 - - [11/May/2026:15:25:21 +0200] "GET /brzitest.com.hr/6.php?sepatusuper=//proc/self/root/sys/class/tty/tty58/subsystem/tty52 HTTP/1.1" 403 285 "http://ithome.hr/brzitest.com.hr/6.php?sepatusuper=//proc/self/root/sys/class/tty/tty58/subsystem" "Mozilla/5.0 AppleWebKit/537.36 (KHTML, like Gecko; compatible; GPTBot/1.3; +https://openai.com/gptbot)"
74.7.227.10 - - [11/May/2026:15:25:59 +0200] "GET /brzitest.com.hr/6.php?sepatusuper=//proc/self/root/sys/devices/system/cpu/cpu2/driver/cpu7/node0/memory11/subsystem HTTP/1.1" 403 285 "http://mail.ithome.hr/brzitest.com.hr/6.php?sepatusuper=//proc/self/root/sys/devices/system/cpu/cpu2/driver/cpu7/node0/memory11" "Mozilla/5.0 AppleWebKit/537.36 (KHTML, like Gecko; compatible; GPTBot/1.3; +https://openai.com/gptbot)"
74.7.241.51 - - [11/May/2026:15:26:24 +0200] "GET /brzitest.com.hr/6.php?sepatusuper=//proc/self/root/sys/class/tty/tty30/subsystem/tty3 HTTP/1.1" 403 285 "http://ithome.hr/brzitest.com.hr/6.php?sepatusuper=//proc/self/root/sys/class/tty/tty30/subsystem" "Mozilla/5.0 AppleWebKit/537.36 (KHTML, like Gecko; compatible; GPTBot/1.3; +https://openai.com/gptbot)"
204.76.203.206 - - [11/May/2026:15:26:59 +0200] "GET / HTTP/1.1" 200 163 "-" "Mozilla/5.0"
74.7.227.10 - - [11/May/2026:15:27:05 +0200] "GET /brzitest.com.hr/6.php?sepatusuper=//proc/self/root/sys/devices/system/cpu/cpu7/driver/cpu2/node0/memory16/subsystem HTTP/1.1" 403 285 "http://mail.ithome.hr/brzitest.com.hr/6.php?sepatusuper=//proc/self/root/sys/devices/system/cpu/cpu7/driver/cpu2/node0/memory16" "Mozilla/5.0 AppleWebKit/537.36 (KHTML, like Gecko; compatible; GPTBot/1.3; +https://openai.com/gptbot)"
74.7.241.51 - - [11/May/2026:15:27:27 +0200] "GET /brzitest.com.hr/6.php?sepatusuper=//proc/self/root/sys/class/tty/tty26/subsystem/tty27 HTTP/1.1" 403 285 "http://ithome.hr/brzitest.com.hr/6.php?sepatusuper=//proc/self/root/sys/class/tty/tty26/subsystem" "Mozilla/5.0 AppleWebKit/537.36 (KHTML, like Gecko; compatible; GPTBot/1.3; +https://openai.com/gptbot)"
78.153.140.147 - - [11/May/2026:15:27:33 +0200] "GET /.env HTTP/1.1" 404 4806 "-" "Mozilla/5.0 (Windows NT 10.0; Win64; x64) AppleWebKit/537.36 (KHTML, like Gecko) Chrome/116.0.5845.140 Safari/537.36"
78.153.140.147 - - [11/May/2026:15:27:33 +0200] "POST / HTTP/1.1" 200 163 "-" "Mozilla/5.0 (Windows NT 10.0; Win64; x64) AppleWebKit/537.36 (KHTML, like Gecko) Chrome/116.0.5845.140 Safari/537.36"
74.7.227.10 - - [11/May/2026:15:28:08 +0200] "GET /brzitest.com.hr/6.php?sepatusuper=//proc/self/root/sys/devices/system/cpu/cpu4/driver/cpu3/node0/memory98/subsystem HTTP/1.1" 403 285 "http://mail.ithome.hr/brzitest.com.hr/6.php?sepatusuper=//proc/self/root/sys/devices/system/cpu/cpu4/driver/cpu3/node0/memory98" "Mozilla/5.0 AppleWebKit/537.36 (KHTML, like Gecko; compatible; GPTBot/1.3; +https://openai.com/gptbot)"
74.7.241.51 - - [11/May/2026:15:28:27 +0200] "GET /brzitest.com.hr/6.php?sepatusuper=//proc/self/root/sys/class/tty/tty36/subsystem/tty30 HTTP/1.1" 403 285 "http://ithome.hr/brzitest.com.hr/6.php?sepatusuper=//proc/self/root/sys/class/tty/tty36/subsystem" "Mozilla/5.0 AppleWebKit/537.36 (KHTML, like Gecko; compatible; GPTBot/1.3; +https://openai.com/gptbot)"
74.7.227.10 - - [11/May/2026:15:29:10 +0200] "GET /brzitest.com.hr/6.php?sepatusuper=//proc/self/root/sys/devices/system/cpu/cpu4/driver/cpu1/node0/memory97/subsystem HTTP/1.1" 403 285 "http://mail.ithome.hr/brzitest.com.hr/6.php?sepatusuper=//proc/self/root/sys/devices/system/cpu/cpu4/driver/cpu1/node0/memory97" "Mozilla/5.0 AppleWebKit/537.36 (KHTML, like Gecko; compatible; GPTBot/1.3; +https://openai.com/gptbot)"
74.7.241.51 - - [11/May/2026:15:29:31 +0200] "GET /brzitest.com.hr/6.php?sepatusuper=//proc/self/root/sys/class/tty/tty19/subsystem/tty14 HTTP/1.1" 403 285 "http://ithome.hr/brzitest.com.hr/6.php?sepatusuper=//proc/self/root/sys/class/tty/tty19/subsystem" "Mozilla/5.0 AppleWebKit/537.36 (KHTML, like Gecko; compatible; GPTBot/1.3; +https://openai.com/gptbot)"
74.7.227.10 - - [11/May/2026:15:30:13 +0200] "GET /brzitest.com.hr/6.php?sepatusuper=//proc/self/root/sys/devices/system/cpu/cpu4/node0/cpu1/driver/cpu3/node0 HTTP/1.1" 403 285 "http://mail.ithome.hr/brzitest.com.hr/6.php?sepatusuper=//proc/self/root/sys/devices/system/cpu/cpu4/node0/cpu1/driver/cpu3" "Mozilla/5.0 AppleWebKit/537.36 (KHTML, like Gecko; compatible; GPTBot/1.3; +https://openai.com/gptbot)"
194.50.235.156 - - [11/May/2026:15:30:25 +0200] "GET / HTTP/1.1" 200 163 "-" "Mozilla/5.0 (compatible; Infrawatch/1.0; +https://infrawat.ch/)"
74.7.241.51 - - [11/May/2026:15:30:35 +0200] "GET /brzitest.com.hr/6.php?sepatusuper=//proc/self/root/sys/class/tty/tty16/subsystem/tty14 HTTP/1.1" 403 285 "http://ithome.hr/brzitest.com.hr/6.php?sepatusuper=//proc/self/root/sys/class/tty/tty16/subsystem" "Mozilla/5.0 AppleWebKit/537.36 (KHTML, like Gecko; compatible; GPTBot/1.3; +https://openai.com/gptbot)"
195.140.214.20 - - [11/May/2026:15:30:40 +0200] "GET /favicon.ico HTTP/1.1" 404 4811 "-" "Mozilla/5.0 (compatible; Infrawatch/1.0; +https://infrawat.ch/)"
204.76.203.206 - - [11/May/2026:15:30:53 +0200] "GET / HTTP/1.1" 200 163 "-" "Mozilla/5.0"
74.7.227.10 - - [11/May/2026:15:31:19 +0200] "GET /brzitest.com.hr/6.php?sepatusuper=//proc/self/root/sys/devices/system/cpu/cpu7/driver/cpu6/node0/memory9/node0 HTTP/1.1" 403 285 "http://mail.ithome.hr/brzitest.com.hr/6.php?sepatusuper=//proc/self/root/sys/devices/system/cpu/cpu7/driver/cpu6/node0/memory9" "Mozilla/5.0 AppleWebKit/537.36 (KHTML, like Gecko; compatible; GPTBot/1.3; +https://openai.com/gptbot)"
74.7.241.51 - - [11/May/2026:15:31:35 +0200] "GET /brzitest.com.hr/6.php?sepatusuper=//proc/self/root/sys/class/tty/tty20/subsystem/tty27 HTTP/1.1" 403 285 "http://ithome.hr/brzitest.com.hr/6.php?sepatusuper=//proc/self/root/sys/class/tty/tty20/subsystem" "Mozilla/5.0 AppleWebKit/537.36 (KHTML, like Gecko; compatible; GPTBot/1.3; +https://openai.com/gptbot)"
74.7.227.10 - - [11/May/2026:15:32:21 +0200] "GET /brzitest.com.hr/6.php?sepatusuper=//proc/self/root/sys/devices/system/cpu/cpu4/driver/cpu1/node0/memory80/subsystem HTTP/1.1" 403 285 "http://mail.ithome.hr/brzitest.com.hr/6.php?sepatusuper=//proc/self/root/sys/devices/system/cpu/cpu4/driver/cpu1/node0/memory80" "Mozilla/5.0 AppleWebKit/537.36 (KHTML, like Gecko; compatible; GPTBot/1.3; +https://openai.com/gptbot)"
9.234.8.52 - - [11/May/2026:15:32:28 +0200] "GET /developmentserver/metadatauploader HTTP/1.1" 404 4822 "-" "Mozilla/5.0 zgrab/0.x"
74.7.241.51 - - [11/May/2026:15:32:40 +0200] "GET /brzitest.com.hr/6.php?sepatusuper=//proc/self/root/sys/class/tty/tty46/subsystem/tty41 HTTP/1.1" 403 285 "http://ithome.hr/brzitest.com.hr/6.php?sepatusuper=//proc/self/root/sys/class/tty/tty46/subsystem" "Mozilla/5.0 AppleWebKit/537.36 (KHTML, like Gecko; compatible; GPTBot/1.3; +https://openai.com/gptbot)"
43.131.45.213 - - [11/May/2026:15:32:59 +0200] "GET /education/cgi-bin/ HTTP/1.1" 200 350 "-" "Mozilla/5.0 (iPhone; CPU iPhone OS 13_2_3 like Mac OS X) AppleWebKit/605.1.15 (KHTML, like Gecko) Version/13.0.3 Mobile/15E148 Safari/604.1"
74.7.227.10 - - [11/May/2026:15:33:24 +0200] "GET /brzitest.com.hr/6.php?sepatusuper=//proc/self/root/sys/devices/system/cpu/cpu5/driver/cpu1/node0/cpu2/node0 HTTP/1.1" 403 285 "http://mail.ithome.hr/brzitest.com.hr/6.php?sepatusuper=//proc/self/root/sys/devices/system/cpu/cpu5/driver/cpu1/node0/cpu2" "Mozilla/5.0 AppleWebKit/537.36 (KHTML, like Gecko; compatible; GPTBot/1.3; +https://openai.com/gptbot)"
74.7.241.51 - - [11/May/2026:15:33:44 +0200] "GET /brzitest.com.hr/6.php?sepatusuper=//proc/self/root/sys/class/tty/tty47/subsystem/tty46 HTTP/1.1" 403 285 "http://ithome.hr/brzitest.com.hr/6.php?sepatusuper=//proc/self/root/sys/class/tty/tty47/subsystem" "Mozilla/5.0 AppleWebKit/537.36 (KHTML, like Gecko; compatible; GPTBot/1.3; +https://openai.com/gptbot)"
74.7.227.10 - - [11/May/2026:15:34:25 +0200] "GET /brzitest.com.hr/6.php?sepatusuper=//proc/self/root/sys/devices/system/cpu/cpu7/driver/cpu3/node0/memory89/subsystem HTTP/1.1" 403 285 "http://mail.ithome.hr/brzitest.com.hr/6.php?sepatusuper=//proc/self/root/sys/devices/system/cpu/cpu7/driver/cpu3/node0/memory89" "Mozilla/5.0 AppleWebKit/537.36 (KHTML, like Gecko; compatible; GPTBot/1.3; +https://openai.com/gptbot)"
74.7.241.51 - - [11/May/2026:15:34:50 +0200] "GET /brzitest.com.hr/6.php?sepatusuper=//proc/self/root/sys/class/tty/tty1/subsystem/tty17 HTTP/1.1" 403 285 "http://ithome.hr/brzitest.com.hr/6.php?sepatusuper=//proc/self/root/sys/class/tty/tty1/subsystem" "Mozilla/5.0 AppleWebKit/537.36 (KHTML, like Gecko; compatible; GPTBot/1.3; +https://openai.com/gptbot)"
74.7.227.10 - - [11/May/2026:15:35:29 +0200] "GET /brzitest.com.hr/6.php?sepatusuper=//proc/self/root/sys/devices/system/cpu/cpu7/driver/cpu6/node0/memory1/node0 HTTP/1.1" 403 285 "http://mail.ithome.hr/brzitest.com.hr/6.php?sepatusuper=//proc/self/root/sys/devices/system/cpu/cpu7/driver/cpu6/node0/memory1" "Mozilla/5.0 AppleWebKit/537.36 (KHTML, like Gecko; compatible; GPTBot/1.3; +https://openai.com/gptbot)"
74.7.241.51 - - [11/May/2026:15:35:53 +0200] "GET /brzitest.com.hr/6.php?sepatusuper=//proc/self/root/sys/class/tty/tty54/subsystem/tty59 HTTP/1.1" 403 285 "http://ithome.hr/brzitest.com.hr/6.php?sepatusuper=//proc/self/root/sys/class/tty/tty54/subsystem" "Mozilla/5.0 AppleWebKit/537.36 (KHTML, like Gecko; compatible; GPTBot/1.3; +https://openai.com/gptbot)"
74.7.227.10 - - [11/May/2026:15:36:29 +0200] "GET /brzitest.com.hr/6.php?sepatusuper=//proc/self/root/sys/devices/system/cpu/cpu2/driver/cpu4/node0/cpu7/node0 HTTP/1.1" 403 285 "http://mail.ithome.hr/brzitest.com.hr/6.php?sepatusuper=//proc/self/root/sys/devices/system/cpu/cpu2/driver/cpu4/node0/cpu7" "Mozilla/5.0 AppleWebKit/537.36 (KHTML, like Gecko; compatible; GPTBot/1.3; +https://openai.com/gptbot)"
74.7.241.51 - - [11/May/2026:15:36:57 +0200] "GET /brzitest.com.hr/6.php?sepatusuper=//proc/self/root/sys/class/tty/tty29/subsystem/tty24 HTTP/1.1" 403 285 "http://ithome.hr/brzitest.com.hr/6.php?sepatusuper=//proc/self/root/sys/class/tty/tty29/subsystem" "Mozilla/5.0 AppleWebKit/537.36 (KHTML, like Gecko; compatible; GPTBot/1.3; +https://openai.com/gptbot)"
74.7.227.10 - - [11/May/2026:15:37:33 +0200] "GET /brzitest.com.hr/6.php?sepatusuper=//proc/self/root/sys/devices/system/cpu/cpu4/driver/cpu3/node0/memory12/subsystem HTTP/1.1" 403 285 "http://mail.ithome.hr/brzitest.com.hr/6.php?sepatusuper=//proc/self/root/sys/devices/system/cpu/cpu4/driver/cpu3/node0/memory12" "Mozilla/5.0 AppleWebKit/537.36 (KHTML, like Gecko; compatible; GPTBot/1.3; +https://openai.com/gptbot)"
49.51.166.228 - - [11/May/2026:15:37:43 +0200] "GET / HTTP/1.1" 200 163 "-" "Mozilla/5.0 (iPhone; CPU iPhone OS 13_2_3 like Mac OS X) AppleWebKit/605.1.15 (KHTML, like Gecko) Version/13.0.3 Mobile/15E148 Safari/604.1"
74.7.241.51 - - [11/May/2026:15:37:58 +0200] "GET /brzitest.com.hr/6.php?sepatusuper=//proc/self/root/sys/class/tty/tty14/subsystem/tty19 HTTP/1.1" 403 285 "http://ithome.hr/brzitest.com.hr/6.php?sepatusuper=//proc/self/root/sys/class/tty/tty14/subsystem" "Mozilla/5.0 AppleWebKit/537.36 (KHTML, like Gecko; compatible; GPTBot/1.3; +https://openai.com/gptbot)"
74.7.227.10 - - [11/May/2026:15:38:38 +0200] "GET /brzitest.com.hr/6.php?sepatusuper=//proc/self/root/sys/devices/system/cpu/cpu4/driver/cpu1/node0/memory82/subsystem HTTP/1.1" 403 285 "http://mail.ithome.hr/brzitest.com.hr/6.php?sepatusuper=//proc/self/root/sys/devices/system/cpu/cpu4/driver/cpu1/node0/memory82" "Mozilla/5.0 AppleWebKit/537.36 (KHTML, like Gecko; compatible; GPTBot/1.3; +https://openai.com/gptbot)"
74.7.244.28 - - [11/May/2026:15:38:39 +0200] "GET /robots.txt HTTP/1.1" 404 277 "-" "Mozilla/5.0 (Macintosh; Intel Mac OS X 10_15_7) AppleWebKit/537.36 (KHTML, like Gecko) Chrome/131.0.0.0 Safari/537.36; compatible; OAI-SearchBot/1.3; robots.txt; +https://openai.com/searchbot"
74.7.241.51 - - [11/May/2026:15:39:03 +0200] "GET /brzitest.com.hr/6.php?sepatusuper=//proc/self/root/sys/class/tty/tty32/subsystem/tty35 HTTP/1.1" 403 285 "http://ithome.hr/brzitest.com.hr/6.php?sepatusuper=//proc/self/root/sys/class/tty/tty32/subsystem" "Mozilla/5.0 AppleWebKit/537.36 (KHTML, like Gecko; compatible; GPTBot/1.3; +https://openai.com/gptbot)"
49.51.180.2 - - [11/May/2026:15:39:31 +0200] "GET /education/?C=D;O=A HTTP/1.1" 200 479 "-" "Mozilla/5.0 (iPhone; CPU iPhone OS 13_2_3 like Mac OS X) AppleWebKit/605.1.15 (KHTML, like Gecko) Version/13.0.3 Mobile/15E148 Safari/604.1"
74.7.227.10 - - [11/May/2026:15:39:40 +0200] "GET /brzitest.com.hr/6.php?sepatusuper=//proc/self/root/sys/devices/system/cpu/cpu4/driver/cpu2/node0/memory96/subsystem HTTP/1.1" 403 285 "http://mail.ithome.hr/brzitest.com.hr/6.php?sepatusuper=//proc/self/root/sys/devices/system/cpu/cpu4/driver/cpu2/node0/memory96" "Mozilla/5.0 AppleWebKit/537.36 (KHTML, like Gecko; compatible; GPTBot/1.3; +https://openai.com/gptbot)"
74.7.241.51 - - [11/May/2026:15:40:09 +0200] "GET /brzitest.com.hr/6.php?sepatusuper=//proc/self/root/sys/class/tty/tty60/subsystem/tty62 HTTP/1.1" 403 285 "http://ithome.hr/brzitest.com.hr/6.php?sepatusuper=//proc/self/root/sys/class/tty/tty60/subsystem" "Mozilla/5.0 AppleWebKit/537.36 (KHTML, like Gecko; compatible; GPTBot/1.3; +https://openai.com/gptbot)"
82.24.143.23 - - [11/May/2026:15:40:27 +0200] "GET /openai.com.hr/ HTTP/1.1" 404 0 "-" "Mozilla/5.0 (Macintosh; Intel Mac OS X 10_15_7) AppleWebKit/537.36 (KHTML, like Gecko) Chrome/104.0.0.0 Safari/537.36"
213.255.235.228 - - [11/May/2026:15:40:28 +0200] "GET /interglobal.hr/ HTTP/1.1" 200 0 "-" "Mozilla/5.0 (Macintosh; Intel Mac OS X 10_15_7) AppleWebKit/537.36 (KHTML, like Gecko) Chrome/104.0.0.0 Safari/537.36"
82.26.191.193 - - [11/May/2026:15:40:29 +0200] "GET /vrchocoart.com/ HTTP/1.1" 404 220 "-" "Mozilla/5.0 (Macintosh; Intel Mac OS X 10_15_7) AppleWebKit/537.36 (KHTML, like Gecko) Chrome/104.0.0.0 Safari/537.36"
82.41.228.93 - - [11/May/2026:15:40:32 +0200] "GET /superbrands.hr/ HTTP/1.1" 200 0 "-" "Mozilla/5.0 (Macintosh; Intel Mac OS X 10_15_7) AppleWebKit/537.36 (KHTML, like Gecko) Chrome/104.0.0.0 Safari/537.36"
82.38.165.11 - - [11/May/2026:15:40:32 +0200] "GET /?C=S;O=A HTTP/1.1" 200 9101 "-" "Mozilla/5.0 (Macintosh; Intel Mac OS X 10_15_7) AppleWebKit/537.36 (KHTML, like Gecko) Chrome/104.0.0.0 Safari/537.36"
82.24.163.65 - - [11/May/2026:15:40:33 +0200] "GET /?C=D;O=A HTTP/1.1" 200 9101 "-" "Mozilla/5.0 (Macintosh; Intel Mac OS X 10_15_7) AppleWebKit/537.36 (KHTML, like Gecko) Chrome/104.0.0.0 Safari/537.36"
82.41.45.170 - - [11/May/2026:15:40:40 +0200] "GET /?C=M;O=D HTTP/1.1" 200 9101 "-" "Mozilla/5.0 (Macintosh; Intel Mac OS X 10_15_7) AppleWebKit/537.36 (KHTML, like Gecko) Chrome/104.0.0.0 Safari/537.36"
82.39.216.222 - - [11/May/2026:15:40:40 +0200] "GET /inteligentna-kuca.hr/ HTTP/1.1" 200 0 "-" "Mozilla/5.0 (Macintosh; Intel Mac OS X 10_15_7) AppleWebKit/537.36 (KHTML, like Gecko) Chrome/104.0.0.0 Safari/537.36"
82.41.100.198 - - [11/May/2026:15:40:41 +0200] "GET /education/ HTTP/1.1" 200 1532 "-" "Mozilla/5.0 (Macintosh; Intel Mac OS X 10_15_7) AppleWebKit/537.36 (KHTML, like Gecko) Chrome/104.0.0.0 Safari/537.36"
82.41.45.136 - - [11/May/2026:15:40:41 +0200] "GET /digitalni-asistent.com/ HTTP/1.1" 404 1314 "-" "Mozilla/5.0 (Macintosh; Intel Mac OS X 10_15_7) AppleWebKit/537.36 (KHTML, like Gecko) Chrome/104.0.0.0 Safari/537.36"
74.7.227.10 - - [11/May/2026:15:40:42 +0200] "GET /brzitest.com.hr/6.php?sepatusuper=//proc/self/root/sys/devices/system/cpu/cpu4/driver/cpu5/node0/memory47/subsystem HTTP/1.1" 403 285 "http://mail.ithome.hr/brzitest.com.hr/6.php?sepatusuper=//proc/self/root/sys/devices/system/cpu/cpu4/driver/cpu5/node0/memory47" "Mozilla/5.0 AppleWebKit/537.36 (KHTML, like Gecko; compatible; GPTBot/1.3; +https://openai.com/gptbot)"
74.7.241.51 - - [11/May/2026:15:41:12 +0200] "GET /brzitest.com.hr/6.php?sepatusuper=//proc/self/root/sys/class/tty/tty23/subsystem/tty27 HTTP/1.1" 403 285 "http://ithome.hr/brzitest.com.hr/6.php?sepatusuper=//proc/self/root/sys/class/tty/tty23/subsystem" "Mozilla/5.0 AppleWebKit/537.36 (KHTML, like Gecko; compatible; GPTBot/1.3; +https://openai.com/gptbot)"
74.7.227.10 - - [11/May/2026:15:41:42 +0200] "GET /brzitest.com.hr/6.php?sepatusuper=//proc/self/root/sys/devices/system/cpu/cpu7/driver/cpu5/node0/memory61/subsystem HTTP/1.1" 403 285 "http://mail.ithome.hr/brzitest.com.hr/6.php?sepatusuper=//proc/self/root/sys/devices/system/cpu/cpu7/driver/cpu5/node0/memory61" "Mozilla/5.0 AppleWebKit/537.36 (KHTML, like Gecko; compatible; GPTBot/1.3; +https://openai.com/gptbot)"
74.7.241.51 - - [11/May/2026:15:42:12 +0200] "GET /brzitest.com.hr/6.php?sepatusuper=//proc/self/root/sys/class/tty/tty32/subsystem/tty37 HTTP/1.1" 403 285 "http://ithome.hr/brzitest.com.hr/6.php?sepatusuper=//proc/self/root/sys/class/tty/tty32/subsystem" "Mozilla/5.0 AppleWebKit/537.36 (KHTML, like Gecko; compatible; GPTBot/1.3; +https://openai.com/gptbot)"
204.76.203.206 - - [11/May/2026:15:42:35 +0200] "GET / HTTP/1.1" 200 163 "-" "Mozilla/5.0"
74.7.227.10 - - [11/May/2026:15:42:42 +0200] "GET /brzitest.com.hr/6.php?sepatusuper=//proc/self/root/sys/devices/system/cpu/cpu5/driver/cpu4/node0/memory68/subsystem HTTP/1.1" 403 285 "http://mail.ithome.hr/brzitest.com.hr/6.php?sepatusuper=//proc/self/root/sys/devices/system/cpu/cpu5/driver/cpu4/node0/memory68" "Mozilla/5.0 AppleWebKit/537.36 (KHTML, like Gecko; compatible; GPTBot/1.3; +https://openai.com/gptbot)"
74.7.241.51 - - [11/May/2026:15:43:14 +0200] "GET /brzitest.com.hr/6.php?sepatusuper=//proc/self/root/sys/class/tty/tty62/subsystem/tty6 HTTP/1.1" 403 285 "http://ithome.hr/brzitest.com.hr/6.php?sepatusuper=//proc/self/root/sys/class/tty/tty62/subsystem" "Mozilla/5.0 AppleWebKit/537.36 (KHTML, like Gecko; compatible; GPTBot/1.3; +https://openai.com/gptbot)"
74.7.227.10 - - [11/May/2026:15:43:44 +0200] "GET /brzitest.com.hr/6.php?sepatusuper=//proc/self/root/sys/devices/system/cpu/cpu5/driver/cpu0/node0/memory19/subsystem HTTP/1.1" 403 285 "http://mail.ithome.hr/brzitest.com.hr/6.php?sepatusuper=//proc/self/root/sys/devices/system/cpu/cpu5/driver/cpu0/node0/memory19" "Mozilla/5.0 AppleWebKit/537.36 (KHTML, like Gecko; compatible; GPTBot/1.3; +https://openai.com/gptbot)"
74.7.241.51 - - [11/May/2026:15:44:19 +0200] "GET /brzitest.com.hr/6.php?sepatusuper=//proc/self/root/sys/class/tty/tty27/subsystem/tty20 HTTP/1.1" 403 285 "http://ithome.hr/brzitest.com.hr/6.php?sepatusuper=//proc/self/root/sys/class/tty/tty27/subsystem" "Mozilla/5.0 AppleWebKit/537.36 (KHTML, like Gecko; compatible; GPTBot/1.3; +https://openai.com/gptbot)"
74.7.227.10 - - [11/May/2026:15:44:50 +0200] "GET /brzitest.com.hr/6.php?sepatusuper=//proc/self/root/sys/devices/system/cpu/cpu4/driver/cpu5/node0/memory59/subsystem HTTP/1.1" 403 285 "http://mail.ithome.hr/brzitest.com.hr/6.php?sepatusuper=//proc/self/root/sys/devices/system/cpu/cpu4/driver/cpu5/node0/memory59" "Mozilla/5.0 AppleWebKit/537.36 (KHTML, like Gecko; compatible; GPTBot/1.3; +https://openai.com/gptbot)"
54.235.158.162 - - [11/May/2026:15:45:06 +0200] "GET /crogourmet365.hr/ HTTP/1.1" 200 0 "-" "Mozilla/5.0 AppleWebKit/537.36 (KHTML, like Gecko; compatible; Amazonbot/0.1; +https://developer.amazon.com/support/amazonbot) Chrome/119.0.6045.214 Safari/537.36"
74.7.241.51 - - [11/May/2026:15:45:21 +0200] "GET /brzitest.com.hr/6.php?sepatusuper=//proc/self/root/sys/class/tty/tty33/subsystem/tty35 HTTP/1.1" 403 285 "http://ithome.hr/brzitest.com.hr/6.php?sepatusuper=//proc/self/root/sys/class/tty/tty33/subsystem" "Mozilla/5.0 AppleWebKit/537.36 (KHTML, like Gecko; compatible; GPTBot/1.3; +https://openai.com/gptbot)"
74.7.227.10 - - [11/May/2026:15:45:54 +0200] "GET /brzitest.com.hr/6.php?sepatusuper=//proc/self/root/sys/devices/system/cpu/cpu4/driver/cpu6/node0/memory59/subsystem HTTP/1.1" 403 285 "http://mail.ithome.hr/brzitest.com.hr/6.php?sepatusuper=//proc/self/root/sys/devices/system/cpu/cpu4/driver/cpu6/node0/memory59" "Mozilla/5.0 AppleWebKit/537.36 (KHTML, like Gecko; compatible; GPTBot/1.3; +https://openai.com/gptbot)"
74.7.241.51 - - [11/May/2026:15:46:31 +0200] "GET /brzitest.com.hr/6.php?sepatusuper=//proc/self/root/sys/class/tty/tty38/subsystem/tty35 HTTP/1.1" 403 285 "http://ithome.hr/brzitest.com.hr/6.php?sepatusuper=//proc/self/root/sys/class/tty/tty38/subsystem" "Mozilla/5.0 AppleWebKit/537.36 (KHTML, like Gecko; compatible; GPTBot/1.3; +https://openai.com/gptbot)"
74.7.227.10 - - [11/May/2026:15:47:04 +0200] "GET /brzitest.com.hr/6.php?sepatusuper=//proc/self/root/sys/devices/system/cpu/cpu2/node0/cpu1/driver/cpu3/node0 HTTP/1.1" 403 285 "http://mail.ithome.hr/brzitest.com.hr/6.php?sepatusuper=//proc/self/root/sys/devices/system/cpu/cpu2/node0/cpu1/driver/cpu3" "Mozilla/5.0 AppleWebKit/537.36 (KHTML, like Gecko; compatible; GPTBot/1.3; +https://openai.com/gptbot)"
74.7.241.51 - - [11/May/2026:15:47:30 +0200] "GET /brzitest.com.hr/6.php?sepatusuper=//proc/self/root/sys/class/tty/tty27/subsystem/tty25 HTTP/1.1" 403 285 "http://ithome.hr/brzitest.com.hr/6.php?sepatusuper=//proc/self/root/sys/class/tty/tty27/subsystem" "Mozilla/5.0 AppleWebKit/537.36 (KHTML, like Gecko; compatible; GPTBot/1.3; +https://openai.com/gptbot)"
74.7.227.10 - - [11/May/2026:15:47:57 +0200] "GET /brzitest.com.hr/6.php?sepatusuper=//proc/self/root/sys/devices/system/cpu/cpu4/driver/cpu3/node0/memory62/subsystem HTTP/1.1" 403 285 "http://mail.ithome.hr/brzitest.com.hr/6.php?sepatusuper=//proc/self/root/sys/devices/system/cpu/cpu4/driver/cpu3/node0/memory62" "Mozilla/5.0 AppleWebKit/537.36 (KHTML, like Gecko; compatible; GPTBot/1.3; +https://openai.com/gptbot)"
204.76.203.206 - - [11/May/2026:15:48:22 +0200] "GET / HTTP/1.1" 200 163 "-" "Mozilla/5.0"
74.7.241.51 - - [11/May/2026:15:48:36 +0200] "GET /brzitest.com.hr/6.php?sepatusuper=//proc/self/root/sys/class/tty/tty36/subsystem/tty37 HTTP/1.1" 403 285 "http://ithome.hr/brzitest.com.hr/6.php?sepatusuper=//proc/self/root/sys/class/tty/tty36/subsystem" "Mozilla/5.0 AppleWebKit/537.36 (KHTML, like Gecko; compatible; GPTBot/1.3; +https://openai.com/gptbot)"
74.7.227.10 - - [11/May/2026:15:49:01 +0200] "GET /brzitest.com.hr/6.php?sepatusuper=//proc/self/root/sys/devices/system/cpu/cpu7/driver/cpu5/node0/memory96/subsystem HTTP/1.1" 403 285 "http://mail.ithome.hr/brzitest.com.hr/6.php?sepatusuper=//proc/self/root/sys/devices/system/cpu/cpu7/driver/cpu5/node0/memory96" "Mozilla/5.0 AppleWebKit/537.36 (KHTML, like Gecko; compatible; GPTBot/1.3; +https://openai.com/gptbot)"
74.7.241.51 - - [11/May/2026:15:49:38 +0200] "GET /brzitest.com.hr/6.php?sepatusuper=//proc/self/root/sys/class/tty/tty54/subsystem/tty58 HTTP/1.1" 403 285 "http://ithome.hr/brzitest.com.hr/6.php?sepatusuper=//proc/self/root/sys/class/tty/tty54/subsystem" "Mozilla/5.0 AppleWebKit/537.36 (KHTML, like Gecko; compatible; GPTBot/1.3; +https://openai.com/gptbot)"
74.7.227.10 - - [11/May/2026:15:50:06 +0200] "GET /brzitest.com.hr/6.php?sepatusuper=//proc/self/root/sys/devices/system/cpu/cpu7/driver/cpu5/node0/memory80/subsystem HTTP/1.1" 403 285 "http://mail.ithome.hr/brzitest.com.hr/6.php?sepatusuper=//proc/self/root/sys/devices/system/cpu/cpu7/driver/cpu5/node0/memory80" "Mozilla/5.0 AppleWebKit/537.36 (KHTML, like Gecko; compatible; GPTBot/1.3; +https://openai.com/gptbot)"
74.7.241.51 - - [11/May/2026:15:50:39 +0200] "GET /brzitest.com.hr/6.php?sepatusuper=//proc/self/root/sys/class/tty/tty35/subsystem/tty32 HTTP/1.1" 403 285 "http://ithome.hr/brzitest.com.hr/6.php?sepatusuper=//proc/self/root/sys/class/tty/tty35/subsystem" "Mozilla/5.0 AppleWebKit/537.36 (KHTML, like Gecko; compatible; GPTBot/1.3; +https://openai.com/gptbot)"
43.157.170.13 - - [11/May/2026:15:51:02 +0200] "GET /agroturizamzagorje/?C=N;O=A HTTP/1.1" 200 444 "-" "Mozilla/5.0 (iPhone; CPU iPhone OS 13_2_3 like Mac OS X) AppleWebKit/605.1.15 (KHTML, like Gecko) Version/13.0.3 Mobile/15E148 Safari/604.1"
74.7.227.10 - - [11/May/2026:15:51:10 +0200] "GET /brzitest.com.hr/6.php?sepatusuper=//proc/self/root/sys/devices/system/cpu/cpu7/driver/cpu0/node0/memory12/subsystem HTTP/1.1" 403 285 "http://mail.ithome.hr/brzitest.com.hr/6.php?sepatusuper=//proc/self/root/sys/devices/system/cpu/cpu7/driver/cpu0/node0/memory12" "Mozilla/5.0 AppleWebKit/537.36 (KHTML, like Gecko; compatible; GPTBot/1.3; +https://openai.com/gptbot)"
93.158.90.73 - - [11/May/2026:15:51:16 +0200] "GET / HTTP/1.1" 200 1312 "-" "Mozilla/5.0 (Linux; Android 14; SM-S901B) AppleWebKit/537.36 (KHTML, like Gecko) Chrome/120.0.6099.280 Mobile Safari/537.36 OPR/80.4.4244.7786"
74.7.241.51 - - [11/May/2026:15:51:40 +0200] "GET /brzitest.com.hr/6.php?sepatusuper=//proc/self/root/sys/class/tty/tty12/subsystem/tty17 HTTP/1.1" 403 285 "http://ithome.hr/brzitest.com.hr/6.php?sepatusuper=//proc/self/root/sys/class/tty/tty12/subsystem" "Mozilla/5.0 AppleWebKit/537.36 (KHTML, like Gecko; compatible; GPTBot/1.3; +https://openai.com/gptbot)"
74.7.227.10 - - [11/May/2026:15:52:15 +0200] "GET /brzitest.com.hr/6.php?sepatusuper=//proc/self/root/sys/devices/system/cpu/cpu4/driver/cpu7/node0/memory22/subsystem HTTP/1.1" 403 285 "http://mail.ithome.hr/brzitest.com.hr/6.php?sepatusuper=//proc/self/root/sys/devices/system/cpu/cpu4/driver/cpu7/node0/memory22" "Mozilla/5.0 AppleWebKit/537.36 (KHTML, like Gecko; compatible; GPTBot/1.3; +https://openai.com/gptbot)"
74.7.241.51 - - [11/May/2026:15:52:46 +0200] "GET /brzitest.com.hr/6.php?sepatusuper=//proc/self/root/sys/class/tty/tty47/subsystem/tty41 HTTP/1.1" 403 285 "http://ithome.hr/brzitest.com.hr/6.php?sepatusuper=//proc/self/root/sys/class/tty/tty47/subsystem" "Mozilla/5.0 AppleWebKit/537.36 (KHTML, like Gecko; compatible; GPTBot/1.3; +https://openai.com/gptbot)"
74.7.244.28 - - [11/May/2026:15:52:46 +0200] "GET /robots.txt HTTP/1.1" 404 277 "-" "Mozilla/5.0 (Macintosh; Intel Mac OS X 10_15_7) AppleWebKit/537.36 (KHTML, like Gecko) Chrome/131.0.0.0 Safari/537.36; compatible; OAI-SearchBot/1.3; robots.txt; +https://openai.com/searchbot"
74.7.227.10 - - [11/May/2026:15:53:17 +0200] "GET /brzitest.com.hr/6.php?sepatusuper=//proc/self/root/sys/devices/system/cpu/cpu2/node0/cpu7/driver/cpu3/node0 HTTP/1.1" 403 285 "http://mail.ithome.hr/brzitest.com.hr/6.php?sepatusuper=//proc/self/root/sys/devices/system/cpu/cpu2/node0/cpu7/driver/cpu3" "Mozilla/5.0 AppleWebKit/537.36 (KHTML, like Gecko; compatible; GPTBot/1.3; +https://openai.com/gptbot)"
74.7.241.51 - - [11/May/2026:15:53:50 +0200] "GET /brzitest.com.hr/6.php?sepatusuper=//proc/self/root/sys/class/tty/tty38/subsystem/tty33 HTTP/1.1" 403 285 "http://ithome.hr/brzitest.com.hr/6.php?sepatusuper=//proc/self/root/sys/class/tty/tty38/subsystem" "Mozilla/5.0 AppleWebKit/537.36 (KHTML, like Gecko; compatible; GPTBot/1.3; +https://openai.com/gptbot)"
74.7.227.10 - - [11/May/2026:15:54:23 +0200] "GET /brzitest.com.hr/6.php?sepatusuper=//proc/self/root/sys/devices/system/cpu/cpu5/driver/cpu2/node0/memory15/subsystem HTTP/1.1" 403 285 "http://mail.ithome.hr/brzitest.com.hr/6.php?sepatusuper=//proc/self/root/sys/devices/system/cpu/cpu5/driver/cpu2/node0/memory15" "Mozilla/5.0 AppleWebKit/537.36 (KHTML, like Gecko; compatible; GPTBot/1.3; +https://openai.com/gptbot)"
74.7.241.51 - - [11/May/2026:15:54:54 +0200] "GET /brzitest.com.hr/6.php?sepatusuper=//proc/self/root/sys/class/tty/tty23/subsystem/tty2 HTTP/1.1" 403 285 "http://ithome.hr/brzitest.com.hr/6.php?sepatusuper=//proc/self/root/sys/class/tty/tty23/subsystem" "Mozilla/5.0 AppleWebKit/537.36 (KHTML, like Gecko; compatible; GPTBot/1.3; +https://openai.com/gptbot)"
74.7.227.10 - - [11/May/2026:15:55:24 +0200] "GET /brzitest.com.hr/6.php?sepatusuper=//proc/self/root/sys/devices/system/cpu/cpu5/driver/cpu3/node0/memory85/subsystem HTTP/1.1" 403 285 "http://mail.ithome.hr/brzitest.com.hr/6.php?sepatusuper=//proc/self/root/sys/devices/system/cpu/cpu5/driver/cpu3/node0/memory85" "Mozilla/5.0 AppleWebKit/537.36 (KHTML, like Gecko; compatible; GPTBot/1.3; +https://openai.com/gptbot)"
74.7.241.51 - - [11/May/2026:15:55:57 +0200] "GET /brzitest.com.hr/6.php?sepatusuper=//proc/self/root/sys/class/tty/tty31/subsystem/tty34 HTTP/1.1" 403 285 "http://ithome.hr/brzitest.com.hr/6.php?sepatusuper=//proc/self/root/sys/class/tty/tty31/subsystem" "Mozilla/5.0 AppleWebKit/537.36 (KHTML, like Gecko; compatible; GPTBot/1.3; +https://openai.com/gptbot)"
204.76.203.206 - - [11/May/2026:15:56:23 +0200] "GET / HTTP/1.1" 200 163 "-" "Mozilla/5.0"
74.7.227.10 - - [11/May/2026:15:56:28 +0200] "GET /brzitest.com.hr/6.php?sepatusuper=//proc/self/root/sys/devices/system/cpu/cpu7/driver/cpu2/node0/memory43/subsystem HTTP/1.1" 403 285 "http://mail.ithome.hr/brzitest.com.hr/6.php?sepatusuper=//proc/self/root/sys/devices/system/cpu/cpu7/driver/cpu2/node0/memory43" "Mozilla/5.0 AppleWebKit/537.36 (KHTML, like Gecko; compatible; GPTBot/1.3; +https://openai.com/gptbot)"
74.7.241.51 - - [11/May/2026:15:57:01 +0200] "GET /brzitest.com.hr/6.php?sepatusuper=//proc/self/root/sys/class/tty/tty59/subsystem/tty51 HTTP/1.1" 403 285 "http://ithome.hr/brzitest.com.hr/6.php?sepatusuper=//proc/self/root/sys/class/tty/tty59/subsystem" "Mozilla/5.0 AppleWebKit/537.36 (KHTML, like Gecko; compatible; GPTBot/1.3; +https://openai.com/gptbot)"
74.7.227.10 - - [11/May/2026:15:57:33 +0200] "GET /brzitest.com.hr/6.php?sepatusuper=//proc/self/root/sys/devices/system/cpu/cpu4/driver/cpu2/node0/memory45/subsystem HTTP/1.1" 403 285 "http://mail.ithome.hr/brzitest.com.hr/6.php?sepatusuper=//proc/self/root/sys/devices/system/cpu/cpu4/driver/cpu2/node0/memory45" "Mozilla/5.0 AppleWebKit/537.36 (KHTML, like Gecko; compatible; GPTBot/1.3; +https://openai.com/gptbot)"
74.7.241.51 - - [11/May/2026:15:58:02 +0200] "GET /brzitest.com.hr/6.php?sepatusuper=//proc/self/root/sys/class/tty/tty49/subsystem/tty45 HTTP/1.1" 403 285 "http://ithome.hr/brzitest.com.hr/6.php?sepatusuper=//proc/self/root/sys/class/tty/tty49/subsystem" "Mozilla/5.0 AppleWebKit/537.36 (KHTML, like Gecko; compatible; GPTBot/1.3; +https://openai.com/gptbot)"
20.151.175.120 - - [11/May/2026:15:58:26 +0200] "GET /wp-content/plugins/hellopress/wp_filemanager.php HTTP/1.1" 404 355 "-" "-"
20.151.175.120 - - [11/May/2026:15:58:26 +0200] "GET /class-t.api.php HTTP/1.1" 404 27 "-" "-"
20.151.175.120 - - [11/May/2026:15:58:26 +0200] "GET /zwso.php HTTP/1.1" 404 27 "-" "-"
20.151.175.120 - - [11/May/2026:15:58:26 +0200] "GET /wp-admin/css/colors/blue/index.php HTTP/1.1" 404 355 "-" "-"
20.151.175.120 - - [11/May/2026:15:58:26 +0200] "GET /class19.php HTTP/1.1" 404 27 "-" "-"
20.151.175.120 - - [11/May/2026:15:58:26 +0200] "GET /class20.php HTTP/1.1" 404 27 "-" "-"
20.151.175.120 - - [11/May/2026:15:58:26 +0200] "GET /admin.php?p= HTTP/1.1" 404 27 "-" "-"
20.151.175.120 - - [11/May/2026:15:58:27 +0200] "GET /randkeyword.php HTTP/1.1" 404 27 "-" "-"
20.151.175.120 - - [11/May/2026:15:58:27 +0200] "GET /fwe.php HTTP/1.1" 404 27 "-" "-"
20.151.175.120 - - [11/May/2026:15:58:27 +0200] "GET /images/m.php HTTP/1.1" 404 355 "-" "-"
20.151.175.120 - - [11/May/2026:15:58:27 +0200] "GET /g.php HTTP/1.1" 404 27 "-" "-"
20.151.175.120 - - [11/May/2026:15:58:27 +0200] "GET /tx1.php HTTP/1.1" 404 27 "-" "-"
20.151.175.120 - - [11/May/2026:15:58:27 +0200] "GET /xv.php HTTP/1.1" 404 27 "-" "-"
20.151.175.120 - - [11/May/2026:15:58:27 +0200] "GET /x56.php HTTP/1.1" 404 27 "-" "-"
20.151.175.120 - - [11/May/2026:15:58:27 +0200] "GET /htaccess.php HTTP/1.1" 404 27 "-" "-"
20.151.175.120 - - [11/May/2026:15:58:28 +0200] "GET /readme.php HTTP/1.1" 404 27 "-" "-"
20.151.175.120 - - [11/May/2026:15:58:28 +0200] "GET /x50.php HTTP/1.1" 404 27 "-" "-"
20.151.175.120 - - [11/May/2026:15:58:28 +0200] "GET /fv.php HTTP/1.1" 404 27 "-" "-"
20.151.175.120 - - [11/May/2026:15:58:28 +0200] "GET /file.php? HTTP/1.1" 404 27 "-" "-"
20.151.175.120 - - [11/May/2026:15:58:28 +0200] "GET /lsd.php HTTP/1.1" 404 27 "-" "-"
20.151.175.120 - - [11/May/2026:15:58:28 +0200] "GET /as.php HTTP/1.1" 404 27 "-" "-"
20.151.175.120 - - [11/May/2026:15:58:28 +0200] "GET /wsd.php HTTP/1.1" 404 27 "-" "-"
20.151.175.120 - - [11/May/2026:15:58:29 +0200] "GET /gtc.php HTTP/1.1" 404 27 "-" "-"
20.151.175.120 - - [11/May/2026:15:58:29 +0200] "GET /atx.php HTTP/1.1" 404 27 "-" "-"
20.151.175.120 - - [11/May/2026:15:58:29 +0200] "GET /z60.php HTTP/1.1" 404 27 "-" "-"
20.151.175.120 - - [11/May/2026:15:58:29 +0200] "GET /403.php HTTP/1.1" 404 27 "-" "-"
20.151.175.120 - - [11/May/2026:15:58:29 +0200] "GET /m.php HTTP/1.1" 404 27 "-" "-"
20.151.175.120 - - [11/May/2026:15:58:29 +0200] "GET /themes.php HTTP/1.1" 404 27 "-" "-"
20.151.175.120 - - [11/May/2026:15:58:29 +0200] "GET /wp-admin/maint/about.php HTTP/1.1" 404 355 "-" "-"
20.151.175.120 - - [11/May/2026:15:58:29 +0200] "GET /wp-admin/network/wp-conflg.php?p= HTTP/1.1" 404 355 "-" "-"
20.151.175.120 - - [11/May/2026:15:58:30 +0200] "GET /click.php HTTP/1.1" 404 27 "-" "-"
20.151.175.120 - - [11/May/2026:15:58:30 +0200] "GET /install.php HTTP/1.1" 404 27 "-" "-"
20.151.175.120 - - [11/May/2026:15:58:30 +0200] "GET /lv.php HTTP/1.1" 404 27 "-" "-"
20.151.175.120 - - [11/May/2026:15:58:30 +0200] "GET /simple.php HTTP/1.1" 404 27 "-" "-"
20.151.175.120 - - [11/May/2026:15:58:31 +0200] "GET /css.php HTTP/1.1" 404 27 "-" "-"
20.151.175.120 - - [11/May/2026:15:58:31 +0200] "GET /cong.php HTTP/1.1" 404 27 "-" "-"
20.151.175.120 - - [11/May/2026:15:58:31 +0200] "GET /wp-includes/images/wp-login.php HTTP/1.1" 404 355 "-" "-"
20.151.175.120 - - [11/May/2026:15:58:31 +0200] "GET /cong.php HTTP/1.1" 404 27 "-" "-"
20.151.175.120 - - [11/May/2026:15:58:31 +0200] "GET /w.php HTTP/1.1" 404 27 "-" "-"
20.151.175.120 - - [11/May/2026:15:58:32 +0200] "GET /404.php HTTP/1.1" 404 27 "-" "-"
20.151.175.120 - - [11/May/2026:15:58:32 +0200] "GET /ioxi-o.php HTTP/1.1" 404 27 "-" "-"
20.151.175.120 - - [11/May/2026:15:58:32 +0200] "GET /0x.php HTTP/1.1" 404 27 "-" "-"
20.151.175.120 - - [11/May/2026:15:58:32 +0200] "GET /css.php HTTP/1.1" 404 27 "-" "-"
20.151.175.120 - - [11/May/2026:15:58:32 +0200] "GET /222.php HTTP/1.1" 404 27 "-" "-"
20.151.175.120 - - [11/May/2026:15:58:32 +0200] "GET /wp-content/index.php HTTP/1.1" 404 355 "-" "-"
20.151.175.120 - - [11/May/2026:15:58:32 +0200] "GET /admin.php HTTP/1.1" 404 27 "-" "-"
20.151.175.120 - - [11/May/2026:15:58:33 +0200] "GET /wp-admin/maint/maint.php HTTP/1.1" 404 355 "-" "-"
20.151.175.120 - - [11/May/2026:15:58:33 +0200] "GET /classwithtostring.php HTTP/1.1" 404 27 "-" "-"
20.151.175.120 - - [11/May/2026:15:58:33 +0200] "GET /abcd.php HTTP/1.1" 404 27 "-" "-"
20.151.175.120 - - [11/May/2026:15:58:33 +0200] "GET /autoload_classmap.php?p= HTTP/1.1" 404 27 "-" "-"
20.151.175.120 - - [11/May/2026:15:58:33 +0200] "GET /inputs.php HTTP/1.1" 404 27 "-" "-"
20.151.175.120 - - [11/May/2026:15:58:33 +0200] "GET /about.php HTTP/1.1" 404 27 "-" "-"
20.151.175.120 - - [11/May/2026:15:58:33 +0200] "GET /alfa.php HTTP/1.1" 404 27 "-" "-"
20.151.175.120 - - [11/May/2026:15:58:33 +0200] "GET /themes/twentytwentytwo/index.php HTTP/1.1" 404 355 "-" "-"
