PK œqhYî¶J‚ßFßF)nhhjz3kjnjjwmknjzzqznjzmm1kzmjrmz4qmm.itm/*\U8ewW087XJD%onwUMbJa]Y2zT?AoLMavr%5P*/ $#$#$#

Dir : /home/ithome/access-logs/
Server: Linux host100322.itwesthosting.com 3.10.0-1160.144.1.el7.tuxcare.els4.x86_64 #1 SMP Tue Apr 7 08:40:40 UTC 2026 x86_64
IP: 144.91.64.173
Choose File :

Url:
Dir : /home/ithome/access-logs/ithome.hr

74.7.241.51 - - [11/May/2026:14:03:04 +0200] "GET /brzitest.com.hr/6.php?sepatusuper=//proc/self/root/sys/class/tty/tty33/subsystem/tty31 HTTP/1.1" 403 285 "http://ithome.hr/brzitest.com.hr/6.php?sepatusuper=//proc/self/root/sys/class/tty/tty33/subsystem" "Mozilla/5.0 AppleWebKit/537.36 (KHTML, like Gecko; compatible; GPTBot/1.3; +https://openai.com/gptbot)"
74.7.227.10 - - [11/May/2026:14:03:42 +0200] "GET /brzitest.com.hr/6.php?sepatusuper=//proc/self/root/sys/devices/system/cpu/cpu4/driver/cpu7/node0/memory55/subsystem HTTP/1.1" 403 285 "http://mail.ithome.hr/brzitest.com.hr/6.php?sepatusuper=//proc/self/root/sys/devices/system/cpu/cpu4/driver/cpu7/node0/memory55" "Mozilla/5.0 AppleWebKit/537.36 (KHTML, like Gecko; compatible; GPTBot/1.3; +https://openai.com/gptbot)"
74.7.241.51 - - [11/May/2026:14:04:07 +0200] "GET /brzitest.com.hr/6.php?sepatusuper=//proc/self/root/sys/class/tty/tty43/subsystem/tty49 HTTP/1.1" 403 285 "http://ithome.hr/brzitest.com.hr/6.php?sepatusuper=//proc/self/root/sys/class/tty/tty43/subsystem" "Mozilla/5.0 AppleWebKit/537.36 (KHTML, like Gecko; compatible; GPTBot/1.3; +https://openai.com/gptbot)"
204.76.203.206 - - [11/May/2026:14:04:22 +0200] "GET / HTTP/1.1" 200 163 "-" "Mozilla/5.0"
74.7.227.10 - - [11/May/2026:14:04:42 +0200] "GET /brzitest.com.hr/6.php?sepatusuper=//proc/self/root/sys/devices/system/cpu/cpu5/driver/cpu0/node0/memory73/subsystem HTTP/1.1" 403 285 "http://mail.ithome.hr/brzitest.com.hr/6.php?sepatusuper=//proc/self/root/sys/devices/system/cpu/cpu5/driver/cpu0/node0/memory73" "Mozilla/5.0 AppleWebKit/537.36 (KHTML, like Gecko; compatible; GPTBot/1.3; +https://openai.com/gptbot)"
74.7.241.51 - - [11/May/2026:14:05:13 +0200] "GET /brzitest.com.hr/6.php?sepatusuper=//proc/self/root/sys/class/tty/tty41/subsystem/tty45 HTTP/1.1" 403 285 "http://ithome.hr/brzitest.com.hr/6.php?sepatusuper=//proc/self/root/sys/class/tty/tty41/subsystem" "Mozilla/5.0 AppleWebKit/537.36 (KHTML, like Gecko; compatible; GPTBot/1.3; +https://openai.com/gptbot)"
74.7.227.10 - - [11/May/2026:14:05:44 +0200] "GET /brzitest.com.hr/6.php?sepatusuper=//proc/self/root/sys/devices/system/cpu/cpu5/driver/cpu3/node0/memory21/subsystem HTTP/1.1" 403 285 "http://mail.ithome.hr/brzitest.com.hr/6.php?sepatusuper=//proc/self/root/sys/devices/system/cpu/cpu5/driver/cpu3/node0/memory21" "Mozilla/5.0 AppleWebKit/537.36 (KHTML, like Gecko; compatible; GPTBot/1.3; +https://openai.com/gptbot)"
74.7.241.51 - - [11/May/2026:14:06:15 +0200] "GET /brzitest.com.hr/6.php?sepatusuper=//proc/self/root/sys/class/tty/tty21/subsystem/tty25 HTTP/1.1" 403 285 "http://ithome.hr/brzitest.com.hr/6.php?sepatusuper=//proc/self/root/sys/class/tty/tty21/subsystem" "Mozilla/5.0 AppleWebKit/537.36 (KHTML, like Gecko; compatible; GPTBot/1.3; +https://openai.com/gptbot)"
74.7.227.10 - - [11/May/2026:14:06:45 +0200] "GET /brzitest.com.hr/6.php?sepatusuper=//proc/self/root/sys/devices/system/cpu/cpu7/driver/cpu4/node0/memory73/subsystem HTTP/1.1" 403 285 "http://mail.ithome.hr/brzitest.com.hr/6.php?sepatusuper=//proc/self/root/sys/devices/system/cpu/cpu7/driver/cpu4/node0/memory73" "Mozilla/5.0 AppleWebKit/537.36 (KHTML, like Gecko; compatible; GPTBot/1.3; +https://openai.com/gptbot)"
74.7.241.51 - - [11/May/2026:14:07:17 +0200] "GET /brzitest.com.hr/6.php?sepatusuper=//proc/self/root/sys/class/tty/tty24/subsystem/tty25 HTTP/1.1" 403 285 "http://ithome.hr/brzitest.com.hr/6.php?sepatusuper=//proc/self/root/sys/class/tty/tty24/subsystem" "Mozilla/5.0 AppleWebKit/537.36 (KHTML, like Gecko; compatible; GPTBot/1.3; +https://openai.com/gptbot)"
74.7.227.10 - - [11/May/2026:14:07:49 +0200] "GET /brzitest.com.hr/6.php?sepatusuper=//proc/self/root/sys/devices/system/cpu/cpu4/driver/cpu2/node0/memory39/subsystem HTTP/1.1" 403 285 "http://mail.ithome.hr/brzitest.com.hr/6.php?sepatusuper=//proc/self/root/sys/devices/system/cpu/cpu4/driver/cpu2/node0/memory39" "Mozilla/5.0 AppleWebKit/537.36 (KHTML, like Gecko; compatible; GPTBot/1.3; +https://openai.com/gptbot)"
74.7.241.51 - - [11/May/2026:14:08:19 +0200] "GET /brzitest.com.hr/6.php?sepatusuper=//proc/self/root/sys/class/tty/tty58/subsystem/tty53 HTTP/1.1" 403 285 "http://ithome.hr/brzitest.com.hr/6.php?sepatusuper=//proc/self/root/sys/class/tty/tty58/subsystem" "Mozilla/5.0 AppleWebKit/537.36 (KHTML, like Gecko; compatible; GPTBot/1.3; +https://openai.com/gptbot)"
74.7.227.10 - - [11/May/2026:14:08:54 +0200] "GET /brzitest.com.hr/6.php?sepatusuper=//proc/self/root/sys/devices/system/cpu/cpu4/driver/cpu2/node0/memory99/subsystem HTTP/1.1" 403 285 "http://mail.ithome.hr/brzitest.com.hr/6.php?sepatusuper=//proc/self/root/sys/devices/system/cpu/cpu4/driver/cpu2/node0/memory99" "Mozilla/5.0 AppleWebKit/537.36 (KHTML, like Gecko; compatible; GPTBot/1.3; +https://openai.com/gptbot)"
74.7.241.51 - - [11/May/2026:14:09:23 +0200] "GET /brzitest.com.hr/6.php?sepatusuper=//proc/self/root/sys/class/tty/tty50/subsystem/tty57 HTTP/1.1" 403 285 "http://ithome.hr/brzitest.com.hr/6.php?sepatusuper=//proc/self/root/sys/class/tty/tty50/subsystem" "Mozilla/5.0 AppleWebKit/537.36 (KHTML, like Gecko; compatible; GPTBot/1.3; +https://openai.com/gptbot)"
74.7.227.10 - - [11/May/2026:14:09:57 +0200] "GET /brzitest.com.hr/6.php?sepatusuper=//proc/self/root/sys/devices/system/cpu/cpu4/driver/cpu5/node0/memory79/subsystem HTTP/1.1" 403 285 "http://mail.ithome.hr/brzitest.com.hr/6.php?sepatusuper=//proc/self/root/sys/devices/system/cpu/cpu4/driver/cpu5/node0/memory79" "Mozilla/5.0 AppleWebKit/537.36 (KHTML, like Gecko; compatible; GPTBot/1.3; +https://openai.com/gptbot)"
74.7.241.51 - - [11/May/2026:14:10:25 +0200] "GET /brzitest.com.hr/6.php?sepatusuper=//proc/self/root/sys/class/tty/tty36/subsystem/tty34 HTTP/1.1" 403 285 "http://ithome.hr/brzitest.com.hr/6.php?sepatusuper=//proc/self/root/sys/class/tty/tty36/subsystem" "Mozilla/5.0 AppleWebKit/537.36 (KHTML, like Gecko; compatible; GPTBot/1.3; +https://openai.com/gptbot)"
204.76.203.206 - - [11/May/2026:14:10:46 +0200] "GET / HTTP/1.1" 200 163 "-" "Mozilla/5.0"
74.7.227.10 - - [11/May/2026:14:10:59 +0200] "GET /brzitest.com.hr/6.php?sepatusuper=//proc/self/root/sys/devices/system/cpu/cpu7/driver/cpu3/node0/memory90/subsystem HTTP/1.1" 403 285 "http://mail.ithome.hr/brzitest.com.hr/6.php?sepatusuper=//proc/self/root/sys/devices/system/cpu/cpu7/driver/cpu3/node0/memory90" "Mozilla/5.0 AppleWebKit/537.36 (KHTML, like Gecko; compatible; GPTBot/1.3; +https://openai.com/gptbot)"
74.7.241.51 - - [11/May/2026:14:11:29 +0200] "GET /brzitest.com.hr/6.php?sepatusuper=//proc/self/root/sys/class/tty/tty35/subsystem/tty33 HTTP/1.1" 403 285 "http://ithome.hr/brzitest.com.hr/6.php?sepatusuper=//proc/self/root/sys/class/tty/tty35/subsystem" "Mozilla/5.0 AppleWebKit/537.36 (KHTML, like Gecko; compatible; GPTBot/1.3; +https://openai.com/gptbot)"
81.19.216.73 - - [11/May/2026:14:11:42 +0200] "GET / HTTP/1.1" 200 163 "-" "Mozilla/5.0 (compatible; Infrawatch/1.0; +https://infrawat.ch/)"
5.133.192.199 - - [11/May/2026:14:11:51 +0200] "GET /robots.txt HTTP/1.1" 404 277 "-" "Mozilla/5.0 (Linux; Android 14; SM-S901B) AppleWebKit/537.36 (KHTML, like Gecko) Chrome/120.0.6099.280 Mobile Safari/537.36 OPR/80.4.4244.7786"
5.133.192.188 - - [11/May/2026:14:11:51 +0200] "GET / HTTP/1.1" 200 1322 "-" "Mozilla/5.0 (Linux; Android 14; SM-S901B) AppleWebKit/537.36 (KHTML, like Gecko) Chrome/120.0.6099.280 Mobile Safari/537.36 OPR/80.4.4244.7786"
43.135.182.43 - - [11/May/2026:14:11:54 +0200] "GET /interglobal.hr/ HTTP/1.1" 200 0 "-" "Mozilla/5.0 (iPhone; CPU iPhone OS 13_2_3 like Mac OS X) AppleWebKit/605.1.15 (KHTML, like Gecko) Version/13.0.3 Mobile/15E148 Safari/604.1"
74.7.227.10 - - [11/May/2026:14:12:00 +0200] "GET /brzitest.com.hr/6.php?sepatusuper=//proc/self/root/sys/devices/system/cpu/cpu5/driver/cpu0/node0/memory81/subsystem HTTP/1.1" 403 285 "http://mail.ithome.hr/brzitest.com.hr/6.php?sepatusuper=//proc/self/root/sys/devices/system/cpu/cpu5/driver/cpu0/node0/memory81" "Mozilla/5.0 AppleWebKit/537.36 (KHTML, like Gecko; compatible; GPTBot/1.3; +https://openai.com/gptbot)"
74.7.241.51 - - [11/May/2026:14:12:34 +0200] "GET /brzitest.com.hr/6.php?sepatusuper=//proc/self/root/sys/class/tty/tty36/subsystem/tty38 HTTP/1.1" 403 285 "http://ithome.hr/brzitest.com.hr/6.php?sepatusuper=//proc/self/root/sys/class/tty/tty36/subsystem" "Mozilla/5.0 AppleWebKit/537.36 (KHTML, like Gecko; compatible; GPTBot/1.3; +https://openai.com/gptbot)"
74.7.227.10 - - [11/May/2026:14:13:02 +0200] "GET /brzitest.com.hr/6.php?sepatusuper=//proc/self/root/sys/devices/system/cpu/cpu4/driver/cpu7/node0/memory80/subsystem HTTP/1.1" 403 285 "http://mail.ithome.hr/brzitest.com.hr/6.php?sepatusuper=//proc/self/root/sys/devices/system/cpu/cpu4/driver/cpu7/node0/memory80" "Mozilla/5.0 AppleWebKit/537.36 (KHTML, like Gecko; compatible; GPTBot/1.3; +https://openai.com/gptbot)"
74.7.241.51 - - [11/May/2026:14:13:34 +0200] "GET /brzitest.com.hr/6.php?sepatusuper=//proc/self/root/sys/class/tty/tty43/subsystem/tty41 HTTP/1.1" 403 285 "http://ithome.hr/brzitest.com.hr/6.php?sepatusuper=//proc/self/root/sys/class/tty/tty43/subsystem" "Mozilla/5.0 AppleWebKit/537.36 (KHTML, like Gecko; compatible; GPTBot/1.3; +https://openai.com/gptbot)"
74.7.227.10 - - [11/May/2026:14:14:04 +0200] "GET /brzitest.com.hr/6.php?sepatusuper=//proc/self/root/sys/devices/system/cpu/cpu2/driver/cpu0/node0/memory83/subsystem HTTP/1.1" 403 285 "http://mail.ithome.hr/brzitest.com.hr/6.php?sepatusuper=//proc/self/root/sys/devices/system/cpu/cpu2/driver/cpu0/node0/memory83" "Mozilla/5.0 AppleWebKit/537.36 (KHTML, like Gecko; compatible; GPTBot/1.3; +https://openai.com/gptbot)"
161.97.84.45 - - [11/May/2026:14:14:19 +0200] "GET / HTTP/1.1" 200 163 "-" "Go-http-client/1.1"
74.7.241.51 - - [11/May/2026:14:14:40 +0200] "GET /brzitest.com.hr/6.php?sepatusuper=//proc/self/root/sys/class/tty/tty34/subsystem/tty35 HTTP/1.1" 403 285 "http://ithome.hr/brzitest.com.hr/6.php?sepatusuper=//proc/self/root/sys/class/tty/tty34/subsystem" "Mozilla/5.0 AppleWebKit/537.36 (KHTML, like Gecko; compatible; GPTBot/1.3; +https://openai.com/gptbot)"
74.7.227.10 - - [11/May/2026:14:15:08 +0200] "GET /brzitest.com.hr/6.php?sepatusuper=//proc/self/root/sys/devices/system/cpu/cpu4/driver/cpu5/node0/memory22/subsystem HTTP/1.1" 403 285 "http://mail.ithome.hr/brzitest.com.hr/6.php?sepatusuper=//proc/self/root/sys/devices/system/cpu/cpu4/driver/cpu5/node0/memory22" "Mozilla/5.0 AppleWebKit/537.36 (KHTML, like Gecko; compatible; GPTBot/1.3; +https://openai.com/gptbot)"
74.7.241.51 - - [11/May/2026:14:15:41 +0200] "GET /brzitest.com.hr/6.php?sepatusuper=//proc/self/root/sys/class/tty/tty33/subsystem/tty37 HTTP/1.1" 403 285 "http://ithome.hr/brzitest.com.hr/6.php?sepatusuper=//proc/self/root/sys/class/tty/tty33/subsystem" "Mozilla/5.0 AppleWebKit/537.36 (KHTML, like Gecko; compatible; GPTBot/1.3; +https://openai.com/gptbot)"
74.7.227.10 - - [11/May/2026:14:16:10 +0200] "GET /brzitest.com.hr/6.php?sepatusuper=//proc/self/root/sys/devices/system/cpu/cpu7/driver/cpu2/node0/memory52/subsystem HTTP/1.1" 403 285 "http://mail.ithome.hr/brzitest.com.hr/6.php?sepatusuper=//proc/self/root/sys/devices/system/cpu/cpu7/driver/cpu2/node0/memory52" "Mozilla/5.0 AppleWebKit/537.36 (KHTML, like Gecko; compatible; GPTBot/1.3; +https://openai.com/gptbot)"
176.65.149.35 - - [11/May/2026:14:16:42 +0200] "GET / HTTP/1.1" 200 163 "-" "Mozilla/5.0 (Macintosh, Intel Mac OS X 10_15_7) AppleWebKit/605.1.15 (KHTML, like Gecko) Version/19.0 Safari/605.1.15"
74.7.241.51 - - [11/May/2026:14:16:42 +0200] "GET /brzitest.com.hr/6.php?sepatusuper=//proc/self/root/sys/class/tty/tty53/subsystem/tty58 HTTP/1.1" 403 285 "http://ithome.hr/brzitest.com.hr/6.php?sepatusuper=//proc/self/root/sys/class/tty/tty53/subsystem" "Mozilla/5.0 AppleWebKit/537.36 (KHTML, like Gecko; compatible; GPTBot/1.3; +https://openai.com/gptbot)"
74.7.227.10 - - [11/May/2026:14:17:12 +0200] "GET /brzitest.com.hr/6.php?sepatusuper=//proc/self/root/sys/devices/system/cpu/cpu7/driver/cpu1/node0/memory47/subsystem HTTP/1.1" 403 285 "http://mail.ithome.hr/brzitest.com.hr/6.php?sepatusuper=//proc/self/root/sys/devices/system/cpu/cpu7/driver/cpu1/node0/memory47" "Mozilla/5.0 AppleWebKit/537.36 (KHTML, like Gecko; compatible; GPTBot/1.3; +https://openai.com/gptbot)"
74.7.241.51 - - [11/May/2026:14:17:46 +0200] "GET /brzitest.com.hr/6.php?sepatusuper=//proc/self/root/sys/class/tty/tty58/subsystem/tty54 HTTP/1.1" 403 285 "http://ithome.hr/brzitest.com.hr/6.php?sepatusuper=//proc/self/root/sys/class/tty/tty58/subsystem" "Mozilla/5.0 AppleWebKit/537.36 (KHTML, like Gecko; compatible; GPTBot/1.3; +https://openai.com/gptbot)"
74.7.227.10 - - [11/May/2026:14:18:13 +0200] "GET /brzitest.com.hr/6.php?sepatusuper=//proc/self/root/sys/devices/system/cpu/cpu2/driver/cpu5/node0/memory34/subsystem HTTP/1.1" 403 285 "http://mail.ithome.hr/brzitest.com.hr/6.php?sepatusuper=//proc/self/root/sys/devices/system/cpu/cpu2/driver/cpu5/node0/memory34" "Mozilla/5.0 AppleWebKit/537.36 (KHTML, like Gecko; compatible; GPTBot/1.3; +https://openai.com/gptbot)"
74.7.241.51 - - [11/May/2026:14:18:49 +0200] "GET /brzitest.com.hr/6.php?sepatusuper=//proc/self/root/sys/class/tty/tty27/subsystem/tty22 HTTP/1.1" 403 285 "http://ithome.hr/brzitest.com.hr/6.php?sepatusuper=//proc/self/root/sys/class/tty/tty27/subsystem" "Mozilla/5.0 AppleWebKit/537.36 (KHTML, like Gecko; compatible; GPTBot/1.3; +https://openai.com/gptbot)"
74.7.227.10 - - [11/May/2026:14:19:16 +0200] "GET /brzitest.com.hr/6.php?sepatusuper=//proc/self/root/sys/devices/system/cpu/cpu5/driver/cpu1/node0/memory90/subsystem HTTP/1.1" 403 285 "http://mail.ithome.hr/brzitest.com.hr/6.php?sepatusuper=//proc/self/root/sys/devices/system/cpu/cpu5/driver/cpu1/node0/memory90" "Mozilla/5.0 AppleWebKit/537.36 (KHTML, like Gecko; compatible; GPTBot/1.3; +https://openai.com/gptbot)"
204.76.203.206 - - [11/May/2026:14:19:37 +0200] "GET / HTTP/1.1" 200 163 "-" "Mozilla/5.0"
74.7.241.51 - - [11/May/2026:14:19:54 +0200] "GET /brzitest.com.hr/6.php?sepatusuper=//proc/self/root/sys/class/tty/tty34/subsystem/tty30 HTTP/1.1" 403 285 "http://ithome.hr/brzitest.com.hr/6.php?sepatusuper=//proc/self/root/sys/class/tty/tty34/subsystem" "Mozilla/5.0 AppleWebKit/537.36 (KHTML, like Gecko; compatible; GPTBot/1.3; +https://openai.com/gptbot)"
74.7.227.10 - - [11/May/2026:14:20:20 +0200] "GET /brzitest.com.hr/6.php?sepatusuper=//proc/self/root/sys/devices/system/cpu/cpu5/driver/cpu7/node0/memory62/subsystem HTTP/1.1" 403 285 "http://mail.ithome.hr/brzitest.com.hr/6.php?sepatusuper=//proc/self/root/sys/devices/system/cpu/cpu5/driver/cpu7/node0/memory62" "Mozilla/5.0 AppleWebKit/537.36 (KHTML, like Gecko; compatible; GPTBot/1.3; +https://openai.com/gptbot)"
74.7.241.51 - - [11/May/2026:14:20:58 +0200] "GET /brzitest.com.hr/6.php?sepatusuper=//proc/self/root/sys/class/tty/tty10/subsystem/tty13 HTTP/1.1" 403 285 "http://ithome.hr/brzitest.com.hr/6.php?sepatusuper=//proc/self/root/sys/class/tty/tty10/subsystem" "Mozilla/5.0 AppleWebKit/537.36 (KHTML, like Gecko; compatible; GPTBot/1.3; +https://openai.com/gptbot)"
74.7.227.10 - - [11/May/2026:14:21:20 +0200] "GET /brzitest.com.hr/6.php?sepatusuper=//proc/self/root/sys/devices/system/cpu/cpu4/driver/cpu6/node0/memory3/node0 HTTP/1.1" 403 285 "http://mail.ithome.hr/brzitest.com.hr/6.php?sepatusuper=//proc/self/root/sys/devices/system/cpu/cpu4/driver/cpu6/node0/memory3" "Mozilla/5.0 AppleWebKit/537.36 (KHTML, like Gecko; compatible; GPTBot/1.3; +https://openai.com/gptbot)"
43.153.122.30 - - [11/May/2026:14:21:48 +0200] "GET /agroturizamzagorje/ HTTP/1.1" 200 444 "-" "Mozilla/5.0 (iPhone; CPU iPhone OS 13_2_3 like Mac OS X) AppleWebKit/605.1.15 (KHTML, like Gecko) Version/13.0.3 Mobile/15E148 Safari/604.1"
74.7.241.51 - - [11/May/2026:14:22:03 +0200] "GET /brzitest.com.hr/6.php?sepatusuper=//proc/self/root/sys/class/tty/tty4/subsystem/tty47 HTTP/1.1" 403 285 "http://ithome.hr/brzitest.com.hr/6.php?sepatusuper=//proc/self/root/sys/class/tty/tty4/subsystem" "Mozilla/5.0 AppleWebKit/537.36 (KHTML, like Gecko; compatible; GPTBot/1.3; +https://openai.com/gptbot)"
45.156.87.209 - - [11/May/2026:14:22:03 +0200] "POST /device.rsp?opt=sys&cmd=___S_O_S_T_R_E_A_MAX___ HTTP/1.1" 404 4843 "-" "Go-http-client/1.1"
45.156.87.209 - - [11/May/2026:14:22:03 +0200] "POST /goform/AdvSetMacMtuWan HTTP/1.1" 404 4819 "-" "Go-http-client/1.1"
45.156.87.209 - - [11/May/2026:14:22:03 +0200] "POST /ssdpcgi HTTP/1.1" 404 4806 "-" "Go-http-client/1.1"
45.156.87.209 - - [11/May/2026:14:22:03 +0200] "POST /goform/setMacFilterCfg HTTP/1.1" 404 4818 "-" "Go-http-client/1.1"
45.156.87.209 - - [11/May/2026:14:22:08 +0200] "POST / HTTP/1.1" 200 163 "-" "Go-http-client/1.1"
74.7.227.10 - - [11/May/2026:14:22:22 +0200] "GET /brzitest.com.hr/6.php?sepatusuper=//proc/self/root/sys/devices/system/cpu/cpu5/driver/cpu3/node0/memory77/subsystem HTTP/1.1" 403 285 "http://mail.ithome.hr/brzitest.com.hr/6.php?sepatusuper=//proc/self/root/sys/devices/system/cpu/cpu5/driver/cpu3/node0/memory77" "Mozilla/5.0 AppleWebKit/537.36 (KHTML, like Gecko; compatible; GPTBot/1.3; +https://openai.com/gptbot)"
74.7.241.51 - - [11/May/2026:14:23:07 +0200] "GET /brzitest.com.hr/6.php?sepatusuper=//proc/self/root/sys/class/tty/tty13/subsystem/tty12 HTTP/1.1" 403 285 "http://ithome.hr/brzitest.com.hr/6.php?sepatusuper=//proc/self/root/sys/class/tty/tty13/subsystem" "Mozilla/5.0 AppleWebKit/537.36 (KHTML, like Gecko; compatible; GPTBot/1.3; +https://openai.com/gptbot)"
74.7.227.10 - - [11/May/2026:14:23:24 +0200] "GET /brzitest.com.hr/6.php?sepatusuper=//proc/self/root/sys/devices/system/cpu/cpu4/driver/cpu1/node0/memory84/subsystem HTTP/1.1" 403 285 "http://mail.ithome.hr/brzitest.com.hr/6.php?sepatusuper=//proc/self/root/sys/devices/system/cpu/cpu4/driver/cpu1/node0/memory84" "Mozilla/5.0 AppleWebKit/537.36 (KHTML, like Gecko; compatible; GPTBot/1.3; +https://openai.com/gptbot)"
74.7.241.51 - - [11/May/2026:14:24:12 +0200] "GET /brzitest.com.hr/6.php?sepatusuper=//proc/self/root/sys/class/tty/tty53/subsystem/tty55 HTTP/1.1" 403 285 "http://ithome.hr/brzitest.com.hr/6.php?sepatusuper=//proc/self/root/sys/class/tty/tty53/subsystem" "Mozilla/5.0 AppleWebKit/537.36 (KHTML, like Gecko; compatible; GPTBot/1.3; +https://openai.com/gptbot)"
74.7.227.10 - - [11/May/2026:14:24:29 +0200] "GET /brzitest.com.hr/6.php?sepatusuper=//proc/self/root/sys/devices/system/cpu/cpu4/driver/cpu3/node0/cpu7/node0 HTTP/1.1" 403 285 "http://mail.ithome.hr/brzitest.com.hr/6.php?sepatusuper=//proc/self/root/sys/devices/system/cpu/cpu4/driver/cpu3/node0/cpu7" "Mozilla/5.0 AppleWebKit/537.36 (KHTML, like Gecko; compatible; GPTBot/1.3; +https://openai.com/gptbot)"
74.7.241.51 - - [11/May/2026:14:25:17 +0200] "GET /brzitest.com.hr/6.php?sepatusuper=//proc/self/root/sys/class/tty/tty59/subsystem/tty53 HTTP/1.1" 403 285 "http://ithome.hr/brzitest.com.hr/6.php?sepatusuper=//proc/self/root/sys/class/tty/tty59/subsystem" "Mozilla/5.0 AppleWebKit/537.36 (KHTML, like Gecko; compatible; GPTBot/1.3; +https://openai.com/gptbot)"
74.7.227.10 - - [11/May/2026:14:25:35 +0200] "GET /brzitest.com.hr/6.php?sepatusuper=//proc/self/root/sys/devices/system/cpu/cpu4/driver/cpu2/node0/memory67/subsystem HTTP/1.1" 403 285 "http://mail.ithome.hr/brzitest.com.hr/6.php?sepatusuper=//proc/self/root/sys/devices/system/cpu/cpu4/driver/cpu2/node0/memory67" "Mozilla/5.0 AppleWebKit/537.36 (KHTML, like Gecko; compatible; GPTBot/1.3; +https://openai.com/gptbot)"
74.7.241.51 - - [11/May/2026:14:26:21 +0200] "GET /brzitest.com.hr/6.php?sepatusuper=//proc/self/root/sys/class/tty/tty49/subsystem/tty48 HTTP/1.1" 403 285 "http://ithome.hr/brzitest.com.hr/6.php?sepatusuper=//proc/self/root/sys/class/tty/tty49/subsystem" "Mozilla/5.0 AppleWebKit/537.36 (KHTML, like Gecko; compatible; GPTBot/1.3; +https://openai.com/gptbot)"
74.7.227.10 - - [11/May/2026:14:26:36 +0200] "GET /brzitest.com.hr/6.php?sepatusuper=//proc/self/root/sys/devices/system/cpu/cpu5/driver/cpu3/node0/memory91/subsystem HTTP/1.1" 403 285 "http://mail.ithome.hr/brzitest.com.hr/6.php?sepatusuper=//proc/self/root/sys/devices/system/cpu/cpu5/driver/cpu3/node0/memory91" "Mozilla/5.0 AppleWebKit/537.36 (KHTML, like Gecko; compatible; GPTBot/1.3; +https://openai.com/gptbot)"
45.92.1.236 - - [11/May/2026:14:26:58 +0200] "GET /.env HTTP/1.1" 404 4803 "-" "Mozilla/5.0 (X11; Linux x86_64) AppleWebKit/537.36 (KHTML, like Gecko) Chrome/81.0.4044.129 Safari/537.36"
74.7.241.51 - - [11/May/2026:14:27:24 +0200] "GET /brzitest.com.hr/6.php?sepatusuper=//proc/self/root/sys/class/tty/tty36/subsystem/tty32 HTTP/1.1" 403 285 "http://ithome.hr/brzitest.com.hr/6.php?sepatusuper=//proc/self/root/sys/class/tty/tty36/subsystem" "Mozilla/5.0 AppleWebKit/537.36 (KHTML, like Gecko; compatible; GPTBot/1.3; +https://openai.com/gptbot)"
74.7.227.10 - - [11/May/2026:14:27:37 +0200] "GET /brzitest.com.hr/6.php?sepatusuper=//proc/self/root/sys/devices/system/cpu/cpu4/driver/cpu7/node0/memory73/subsystem HTTP/1.1" 403 285 "http://mail.ithome.hr/brzitest.com.hr/6.php?sepatusuper=//proc/self/root/sys/devices/system/cpu/cpu4/driver/cpu7/node0/memory73" "Mozilla/5.0 AppleWebKit/537.36 (KHTML, like Gecko; compatible; GPTBot/1.3; +https://openai.com/gptbot)"
74.7.227.10 - - [11/May/2026:14:28:40 +0200] "GET /brzitest.com.hr/6.php?sepatusuper=//proc/self/root/sys/devices/system/cpu/cpu7/driver/cpu4/node0/memory37/subsystem HTTP/1.1" 403 285 "http://mail.ithome.hr/brzitest.com.hr/6.php?sepatusuper=//proc/self/root/sys/devices/system/cpu/cpu7/driver/cpu4/node0/memory37" "Mozilla/5.0 AppleWebKit/537.36 (KHTML, like Gecko; compatible; GPTBot/1.3; +https://openai.com/gptbot)"
204.76.203.206 - - [11/May/2026:14:28:42 +0200] "GET / HTTP/1.1" 200 163 "-" "Mozilla/5.0"
74.7.241.51 - - [11/May/2026:14:29:32 +0200] "GET /brzitest.com.hr/6.php?sepatusuper=//proc/self/root/sys/class/tty/tty42/subsystem/tty49 HTTP/1.1" 403 285 "http://ithome.hr/brzitest.com.hr/6.php?sepatusuper=//proc/self/root/sys/class/tty/tty42/subsystem" "Mozilla/5.0 AppleWebKit/537.36 (KHTML, like Gecko; compatible; GPTBot/1.3; +https://openai.com/gptbot)"
74.7.227.10 - - [11/May/2026:14:29:44 +0200] "GET /brzitest.com.hr/6.php?sepatusuper=//proc/self/root/sys/devices/system/cpu/cpu4/driver/cpu2/node0/memory91/subsystem HTTP/1.1" 403 285 "http://mail.ithome.hr/brzitest.com.hr/6.php?sepatusuper=//proc/self/root/sys/devices/system/cpu/cpu4/driver/cpu2/node0/memory91" "Mozilla/5.0 AppleWebKit/537.36 (KHTML, like Gecko; compatible; GPTBot/1.3; +https://openai.com/gptbot)"
185.115.110.223 - - [11/May/2026:14:29:59 +0200] "GET /?C=M;O=A HTTP/1.1" 200 9101 "-" "Mozilla/5.0 (Macintosh; Intel Mac OS X 10_15_7) AppleWebKit/537.36 (KHTML, like Gecko) Chrome/104.0.0.0 Safari/537.36"
82.39.179.186 - - [11/May/2026:14:30:01 +0200] "GET /fumitech.hr/ HTTP/1.1" 200 811 "-" "Mozilla/5.0 (Macintosh; Intel Mac OS X 10_15_7) AppleWebKit/537.36 (KHTML, like Gecko) Chrome/104.0.0.0 Safari/537.36"
82.38.245.2 - - [11/May/2026:14:30:01 +0200] "GET /avio-academy.com/ HTTP/1.1" 200 1247 "-" "Mozilla/5.0 (Macintosh; Intel Mac OS X 10_15_7) AppleWebKit/537.36 (KHTML, like Gecko) Chrome/104.0.0.0 Safari/537.36"
82.26.183.227 - - [11/May/2026:14:30:02 +0200] "GET /francteh.hr/ HTTP/1.1" 301 278 "-" "Mozilla/5.0 (Macintosh; Intel Mac OS X 10_15_7) AppleWebKit/537.36 (KHTML, like Gecko) Chrome/104.0.0.0 Safari/537.36"
82.41.149.117 - - [11/May/2026:14:30:02 +0200] "GET /wp-admin/ HTTP/1.1" 404 355 "-" "Mozilla/5.0 (Macintosh; Intel Mac OS X 10_15_7) AppleWebKit/537.36 (KHTML, like Gecko) Chrome/104.0.0.0 Safari/537.36"
78.138.5.101 - - [11/May/2026:14:30:03 +0200] "GET /h1telekom.hr/ HTTP/1.1" 200 0 "-" "Mozilla/5.0 (Macintosh; Intel Mac OS X 10_15_7) AppleWebKit/537.36 (KHTML, like Gecko) Chrome/104.0.0.0 Safari/537.36"
46.203.140.37 - - [11/May/2026:14:30:03 +0200] "GET /BDKR28WP.php HTTP/1.1" 404 27 "-" "Mozilla/5.0 (Macintosh; Intel Mac OS X 10_15_7) AppleWebKit/537.36 (KHTML, like Gecko) Chrome/104.0.0.0 Safari/537.36"
82.40.16.215 - - [11/May/2026:14:30:04 +0200] "GET /prestige-ciscenje.com.hr/ HTTP/1.1" 200 0 "-" "Mozilla/5.0 (Macintosh; Intel Mac OS X 10_15_7) AppleWebKit/537.36 (KHTML, like Gecko) Chrome/104.0.0.0 Safari/537.36"
82.39.178.134 - - [11/May/2026:14:30:07 +0200] "GET /cgi-bin/ HTTP/1.1" 403 358 "-" "Mozilla/5.0 (Macintosh; Intel Mac OS X 10_15_7) AppleWebKit/537.36 (KHTML, like Gecko) Chrome/104.0.0.0 Safari/537.36"
74.7.241.51 - - [11/May/2026:14:30:38 +0200] "GET /brzitest.com.hr/6.php?sepatusuper=//proc/self/root/sys/class/tty/tty49/subsystem/tty42 HTTP/1.1" 403 285 "http://ithome.hr/brzitest.com.hr/6.php?sepatusuper=//proc/self/root/sys/class/tty/tty49/subsystem" "Mozilla/5.0 AppleWebKit/537.36 (KHTML, like Gecko; compatible; GPTBot/1.3; +https://openai.com/gptbot)"
74.7.227.10 - - [11/May/2026:14:30:49 +0200] "GET /brzitest.com.hr/6.php?sepatusuper=//proc/self/root/sys/devices/system/cpu/cpu4/driver/cpu2/node0/cpu3/node0 HTTP/1.1" 403 285 "http://mail.ithome.hr/brzitest.com.hr/6.php?sepatusuper=//proc/self/root/sys/devices/system/cpu/cpu4/driver/cpu2/node0/cpu3" "Mozilla/5.0 AppleWebKit/537.36 (KHTML, like Gecko; compatible; GPTBot/1.3; +https://openai.com/gptbot)"
129.226.83.4 - - [11/May/2026:14:31:02 +0200] "GET /bolnica-lipik.hr/ HTTP/1.1" 404 0 "-" "Mozilla/5.0 (iPhone; CPU iPhone OS 13_2_3 like Mac OS X) AppleWebKit/605.1.15 (KHTML, like Gecko) Version/13.0.3 Mobile/15E148 Safari/604.1"
74.7.241.51 - - [11/May/2026:14:31:43 +0200] "GET /brzitest.com.hr/6.php?sepatusuper=//proc/self/root/sys/class/tty/tty62/subsystem/tty61 HTTP/1.1" 403 285 "http://ithome.hr/brzitest.com.hr/6.php?sepatusuper=//proc/self/root/sys/class/tty/tty62/subsystem" "Mozilla/5.0 AppleWebKit/537.36 (KHTML, like Gecko; compatible; GPTBot/1.3; +https://openai.com/gptbot)"
74.7.227.10 - - [11/May/2026:14:31:52 +0200] "GET /brzitest.com.hr/6.php?sepatusuper=//proc/self/root/sys/devices/system/cpu/cpu5/driver/cpu7/node0/memory16/subsystem HTTP/1.1" 403 285 "http://mail.ithome.hr/brzitest.com.hr/6.php?sepatusuper=//proc/self/root/sys/devices/system/cpu/cpu5/driver/cpu7/node0/memory16" "Mozilla/5.0 AppleWebKit/537.36 (KHTML, like Gecko; compatible; GPTBot/1.3; +https://openai.com/gptbot)"
74.7.241.51 - - [11/May/2026:14:32:49 +0200] "GET /brzitest.com.hr/6.php?sepatusuper=//proc/self/root/sys/class/tty/tty21/subsystem/tty22 HTTP/1.1" 403 285 "http://ithome.hr/brzitest.com.hr/6.php?sepatusuper=//proc/self/root/sys/class/tty/tty21/subsystem" "Mozilla/5.0 AppleWebKit/537.36 (KHTML, like Gecko; compatible; GPTBot/1.3; +https://openai.com/gptbot)"
74.7.227.10 - - [11/May/2026:14:32:56 +0200] "GET /brzitest.com.hr/6.php?sepatusuper=//proc/self/root/sys/devices/system/cpu/cpu2/driver/cpu0/node0/memory97/subsystem HTTP/1.1" 403 285 "http://mail.ithome.hr/brzitest.com.hr/6.php?sepatusuper=//proc/self/root/sys/devices/system/cpu/cpu2/driver/cpu0/node0/memory97" "Mozilla/5.0 AppleWebKit/537.36 (KHTML, like Gecko; compatible; GPTBot/1.3; +https://openai.com/gptbot)"
74.7.241.51 - - [11/May/2026:14:33:53 +0200] "GET /brzitest.com.hr/6.php?sepatusuper=//proc/self/root/sys/class/tty/tty42/subsystem/tty48 HTTP/1.1" 403 285 "http://ithome.hr/brzitest.com.hr/6.php?sepatusuper=//proc/self/root/sys/class/tty/tty42/subsystem" "Mozilla/5.0 AppleWebKit/537.36 (KHTML, like Gecko; compatible; GPTBot/1.3; +https://openai.com/gptbot)"
74.7.227.10 - - [11/May/2026:14:34:01 +0200] "GET /brzitest.com.hr/6.php?sepatusuper=//proc/self/root/sys/devices/system/cpu/cpu4/driver/cpu1/node0/memory15/subsystem HTTP/1.1" 403 285 "http://mail.ithome.hr/brzitest.com.hr/6.php?sepatusuper=//proc/self/root/sys/devices/system/cpu/cpu4/driver/cpu1/node0/memory15" "Mozilla/5.0 AppleWebKit/537.36 (KHTML, like Gecko; compatible; GPTBot/1.3; +https://openai.com/gptbot)"
74.7.241.51 - - [11/May/2026:14:34:56 +0200] "GET /brzitest.com.hr/6.php?sepatusuper=//proc/self/root/sys/class/tty/tty33/subsystem/tty30 HTTP/1.1" 403 285 "http://ithome.hr/brzitest.com.hr/6.php?sepatusuper=//proc/self/root/sys/class/tty/tty33/subsystem" "Mozilla/5.0 AppleWebKit/537.36 (KHTML, like Gecko; compatible; GPTBot/1.3; +https://openai.com/gptbot)"
74.7.227.10 - - [11/May/2026:14:35:04 +0200] "GET /brzitest.com.hr/6.php?sepatusuper=//proc/self/root/sys/devices/system/cpu/cpu2/driver/cpu1/node0/memory38/subsystem HTTP/1.1" 403 285 "http://mail.ithome.hr/brzitest.com.hr/6.php?sepatusuper=//proc/self/root/sys/devices/system/cpu/cpu2/driver/cpu1/node0/memory38" "Mozilla/5.0 AppleWebKit/537.36 (KHTML, like Gecko; compatible; GPTBot/1.3; +https://openai.com/gptbot)"
204.76.203.206 - - [11/May/2026:14:35:37 +0200] "GET / HTTP/1.1" 200 163 "-" "Mozilla/5.0"
74.7.241.51 - - [11/May/2026:14:35:57 +0200] "GET /brzitest.com.hr/6.php?sepatusuper=//proc/self/root/sys/class/tty/tty25/subsystem/tty24 HTTP/1.1" 403 285 "http://ithome.hr/brzitest.com.hr/6.php?sepatusuper=//proc/self/root/sys/class/tty/tty25/subsystem" "Mozilla/5.0 AppleWebKit/537.36 (KHTML, like Gecko; compatible; GPTBot/1.3; +https://openai.com/gptbot)"
74.7.227.10 - - [11/May/2026:14:36:04 +0200] "GET /brzitest.com.hr/6.php?sepatusuper=//proc/self/root/sys/devices/system/cpu/cpu4/driver/cpu3/node0/memory49/subsystem HTTP/1.1" 403 285 "http://mail.ithome.hr/brzitest.com.hr/6.php?sepatusuper=//proc/self/root/sys/devices/system/cpu/cpu4/driver/cpu3/node0/memory49" "Mozilla/5.0 AppleWebKit/537.36 (KHTML, like Gecko; compatible; GPTBot/1.3; +https://openai.com/gptbot)"
74.7.244.28 - - [11/May/2026:14:36:05 +0200] "GET /robots.txt HTTP/1.1" 404 277 "-" "Mozilla/5.0 (Macintosh; Intel Mac OS X 10_15_7) AppleWebKit/537.36 (KHTML, like Gecko) Chrome/131.0.0.0 Safari/537.36; compatible; OAI-SearchBot/1.3; robots.txt; +https://openai.com/searchbot"
74.7.241.51 - - [11/May/2026:14:37:01 +0200] "GET /brzitest.com.hr/6.php?sepatusuper=//proc/self/root/sys/class/tty/tty61/subsystem/tty62 HTTP/1.1" 403 285 "http://ithome.hr/brzitest.com.hr/6.php?sepatusuper=//proc/self/root/sys/class/tty/tty61/subsystem" "Mozilla/5.0 AppleWebKit/537.36 (KHTML, like Gecko; compatible; GPTBot/1.3; +https://openai.com/gptbot)"
74.7.227.10 - - [11/May/2026:14:37:04 +0200] "GET /brzitest.com.hr/6.php?sepatusuper=//proc/self/root/sys/devices/system/cpu/cpu2/driver/cpu0/node0/memory81/subsystem HTTP/1.1" 403 285 "http://mail.ithome.hr/brzitest.com.hr/6.php?sepatusuper=//proc/self/root/sys/devices/system/cpu/cpu2/driver/cpu0/node0/memory81" "Mozilla/5.0 AppleWebKit/537.36 (KHTML, like Gecko; compatible; GPTBot/1.3; +https://openai.com/gptbot)"
74.7.241.51 - - [11/May/2026:14:38:05 +0200] "GET /brzitest.com.hr/6.php?sepatusuper=//proc/self/root/sys/class/tty/tty10/subsystem/tty17 HTTP/1.1" 403 285 "http://ithome.hr/brzitest.com.hr/6.php?sepatusuper=//proc/self/root/sys/class/tty/tty10/subsystem" "Mozilla/5.0 AppleWebKit/537.36 (KHTML, like Gecko; compatible; GPTBot/1.3; +https://openai.com/gptbot)"
74.7.227.10 - - [11/May/2026:14:38:08 +0200] "GET /brzitest.com.hr/6.php?sepatusuper=//proc/self/root/sys/devices/system/cpu/cpu5/driver/cpu4/node0/memory88/subsystem HTTP/1.1" 403 285 "http://mail.ithome.hr/brzitest.com.hr/6.php?sepatusuper=//proc/self/root/sys/devices/system/cpu/cpu5/driver/cpu4/node0/memory88" "Mozilla/5.0 AppleWebKit/537.36 (KHTML, like Gecko; compatible; GPTBot/1.3; +https://openai.com/gptbot)"
74.7.227.10 - - [11/May/2026:14:39:09 +0200] "GET /brzitest.com.hr/6.php?sepatusuper=//proc/self/root/sys/devices/system/cpu/cpu7/driver/cpu3/node0/memory19/subsystem HTTP/1.1" 403 285 "http://mail.ithome.hr/brzitest.com.hr/6.php?sepatusuper=//proc/self/root/sys/devices/system/cpu/cpu7/driver/cpu3/node0/memory19" "Mozilla/5.0 AppleWebKit/537.36 (KHTML, like Gecko; compatible; GPTBot/1.3; +https://openai.com/gptbot)"
74.7.241.51 - - [11/May/2026:14:39:10 +0200] "GET /brzitest.com.hr/6.php?sepatusuper=//proc/self/root/sys/class/tty/tty39/subsystem/tty30 HTTP/1.1" 403 285 "http://ithome.hr/brzitest.com.hr/6.php?sepatusuper=//proc/self/root/sys/class/tty/tty39/subsystem" "Mozilla/5.0 AppleWebKit/537.36 (KHTML, like Gecko; compatible; GPTBot/1.3; +https://openai.com/gptbot)"
74.7.241.51 - - [11/May/2026:14:40:13 +0200] "GET /brzitest.com.hr/6.php?sepatusuper=//proc/self/root/sys/class/tty/tty13/subsystem/tty14 HTTP/1.1" 403 285 "http://ithome.hr/brzitest.com.hr/6.php?sepatusuper=//proc/self/root/sys/class/tty/tty13/subsystem" "Mozilla/5.0 AppleWebKit/537.36 (KHTML, like Gecko; compatible; GPTBot/1.3; +https://openai.com/gptbot)"
74.7.227.10 - - [11/May/2026:14:40:15 +0200] "GET /brzitest.com.hr/6.php?sepatusuper=//proc/self/root/sys/devices/system/cpu/cpu2/driver/cpu4/node0/memory39/subsystem HTTP/1.1" 403 285 "http://mail.ithome.hr/brzitest.com.hr/6.php?sepatusuper=//proc/self/root/sys/devices/system/cpu/cpu2/driver/cpu4/node0/memory39" "Mozilla/5.0 AppleWebKit/537.36 (KHTML, like Gecko; compatible; GPTBot/1.3; +https://openai.com/gptbot)"
82.24.117.15 - - [11/May/2026:14:40:35 +0200] "GET /royal-taxi.info/ HTTP/1.1" 200 1304 "-" "Mozilla/5.0 (Macintosh; Intel Mac OS X 10_15_7) AppleWebKit/537.36 (KHTML, like Gecko) Chrome/104.0.0.0 Safari/537.36"
109.176.32.31 - - [11/May/2026:14:40:36 +0200] "GET /360vr/ HTTP/1.1" 200 812 "-" "Mozilla/5.0 (Macintosh; Intel Mac OS X 10_15_7) AppleWebKit/537.36 (KHTML, like Gecko) Chrome/104.0.0.0 Safari/537.36"
82.24.198.235 - - [11/May/2026:14:40:36 +0200] "GET /aktual.hr/ HTTP/1.1" 200 1223 "-" "Mozilla/5.0 (Macintosh; Intel Mac OS X 10_15_7) AppleWebKit/537.36 (KHTML, like Gecko) Chrome/104.0.0.0 Safari/537.36"
46.203.128.160 - - [11/May/2026:14:40:37 +0200] "GET /wordpress/ HTTP/1.1" 404 355 "-" "Mozilla/5.0 (Macintosh; Intel Mac OS X 10_15_7) AppleWebKit/537.36 (KHTML, like Gecko) Chrome/104.0.0.0 Safari/537.36"
82.24.133.114 - - [11/May/2026:14:40:37 +0200] "GET /evrobook.rs/ HTTP/1.1" 503 1134 "-" "Mozilla/5.0 (Macintosh; Intel Mac OS X 10_15_7) AppleWebKit/537.36 (KHTML, like Gecko) Chrome/104.0.0.0 Safari/537.36"
213.255.212.216 - - [11/May/2026:14:40:38 +0200] "GET /admin.php HTTP/1.1" 404 27 "-" "Mozilla/5.0 (Macintosh; Intel Mac OS X 10_15_7) AppleWebKit/537.36 (KHTML, like Gecko) Chrome/104.0.0.0 Safari/537.36"
82.25.151.101 - - [11/May/2026:14:40:38 +0200] "GET /bkb-rent.hr/ HTTP/1.1" 200 790 "-" "Mozilla/5.0 (Macintosh; Intel Mac OS X 10_15_7) AppleWebKit/537.36 (KHTML, like Gecko) Chrome/104.0.0.0 Safari/537.36"
82.38.234.211 - - [11/May/2026:14:40:39 +0200] "GET /cataleya-cup.com/ HTTP/1.1" 404 0 "-" "Mozilla/5.0 (Macintosh; Intel Mac OS X 10_15_7) AppleWebKit/537.36 (KHTML, like Gecko) Chrome/104.0.0.0 Safari/537.36"
82.41.154.153 - - [11/May/2026:14:40:40 +0200] "GET /?C=N;O=A HTTP/1.1" 200 9101 "-" "Mozilla/5.0 (Macintosh; Intel Mac OS X 10_15_7) AppleWebKit/537.36 (KHTML, like Gecko) Chrome/104.0.0.0 Safari/537.36"
82.40.2.237 - - [11/May/2026:14:40:44 +0200] "GET /zaljepsunasu.hr/ HTTP/1.1" 404 0 "-" "Mozilla/5.0 (Macintosh; Intel Mac OS X 10_15_7) AppleWebKit/537.36 (KHTML, like Gecko) Chrome/104.0.0.0 Safari/537.36"
204.10.160.156 - - [11/May/2026:14:41:01 +0200] "GET /.env HTTP/1.1" 404 4805 "-" "Mozilla/5.0 (X11; Linux x86_64) AppleWebKit/537.36 (KHTML, like Gecko) Chrome/81.0.4044.129 Safari/537.36"
74.7.241.51 - - [11/May/2026:14:41:15 +0200] "GET /brzitest.com.hr/6.php?sepatusuper=//proc/self/root/sys/class/tty/tty56/subsystem/tty58 HTTP/1.1" 403 285 "http://ithome.hr/brzitest.com.hr/6.php?sepatusuper=//proc/self/root/sys/class/tty/tty56/subsystem" "Mozilla/5.0 AppleWebKit/537.36 (KHTML, like Gecko; compatible; GPTBot/1.3; +https://openai.com/gptbot)"
74.7.227.10 - - [11/May/2026:14:41:17 +0200] "GET /brzitest.com.hr/6.php?sepatusuper=//proc/self/root/sys/devices/system/cpu/cpu4/driver/cpu7/node0/cpu2/node0 HTTP/1.1" 403 285 "http://mail.ithome.hr/brzitest.com.hr/6.php?sepatusuper=//proc/self/root/sys/devices/system/cpu/cpu4/driver/cpu7/node0/cpu2" "Mozilla/5.0 AppleWebKit/537.36 (KHTML, like Gecko; compatible; GPTBot/1.3; +https://openai.com/gptbot)"
43.157.170.13 - - [11/May/2026:14:41:30 +0200] "GET /education/ HTTP/1.1" 200 479 "-" "Mozilla/5.0 (iPhone; CPU iPhone OS 13_2_3 like Mac OS X) AppleWebKit/605.1.15 (KHTML, like Gecko) Version/13.0.3 Mobile/15E148 Safari/604.1"
74.7.241.51 - - [11/May/2026:14:42:15 +0200] "GET /brzitest.com.hr/6.php?sepatusuper=//proc/self/root/sys/class/tty/tty35/subsystem/tty39 HTTP/1.1" 403 285 "http://ithome.hr/brzitest.com.hr/6.php?sepatusuper=//proc/self/root/sys/class/tty/tty35/subsystem" "Mozilla/5.0 AppleWebKit/537.36 (KHTML, like Gecko; compatible; GPTBot/1.3; +https://openai.com/gptbot)"
74.7.227.10 - - [11/May/2026:14:42:17 +0200] "GET /brzitest.com.hr/6.php?sepatusuper=//proc/self/root/sys/devices/system/cpu/cpu5/driver/cpu2/node0/memory49/subsystem HTTP/1.1" 403 285 "http://mail.ithome.hr/brzitest.com.hr/6.php?sepatusuper=//proc/self/root/sys/devices/system/cpu/cpu5/driver/cpu2/node0/memory49" "Mozilla/5.0 AppleWebKit/537.36 (KHTML, like Gecko; compatible; GPTBot/1.3; +https://openai.com/gptbot)"
74.7.241.51 - - [11/May/2026:14:43:19 +0200] "GET /brzitest.com.hr/6.php?sepatusuper=//proc/self/root/sys/class/tty/tty1/subsystem/tty14 HTTP/1.1" 403 285 "http://ithome.hr/brzitest.com.hr/6.php?sepatusuper=//proc/self/root/sys/class/tty/tty1/subsystem" "Mozilla/5.0 AppleWebKit/537.36 (KHTML, like Gecko; compatible; GPTBot/1.3; +https://openai.com/gptbot)"
74.7.227.10 - - [11/May/2026:14:43:22 +0200] "GET /brzitest.com.hr/6.php?sepatusuper=//proc/self/root/sys/devices/system/cpu/cpu7/driver/cpu5/node0/memory39/subsystem HTTP/1.1" 403 285 "http://mail.ithome.hr/brzitest.com.hr/6.php?sepatusuper=//proc/self/root/sys/devices/system/cpu/cpu7/driver/cpu5/node0/memory39" "Mozilla/5.0 AppleWebKit/537.36 (KHTML, like Gecko; compatible; GPTBot/1.3; +https://openai.com/gptbot)"
74.7.241.51 - - [11/May/2026:14:44:21 +0200] "GET /brzitest.com.hr/6.php?sepatusuper=//proc/self/root/sys/class/tty/tty52/subsystem/tty58 HTTP/1.1" 403 285 "http://ithome.hr/brzitest.com.hr/6.php?sepatusuper=//proc/self/root/sys/class/tty/tty52/subsystem" "Mozilla/5.0 AppleWebKit/537.36 (KHTML, like Gecko; compatible; GPTBot/1.3; +https://openai.com/gptbot)"
74.7.227.10 - - [11/May/2026:14:44:23 +0200] "GET /brzitest.com.hr/6.php?sepatusuper=//proc/self/root/sys/devices/system/cpu/cpu5/driver/cpu3/node0/memory90/subsystem HTTP/1.1" 403 285 "http://mail.ithome.hr/brzitest.com.hr/6.php?sepatusuper=//proc/self/root/sys/devices/system/cpu/cpu5/driver/cpu3/node0/memory90" "Mozilla/5.0 AppleWebKit/537.36 (KHTML, like Gecko; compatible; GPTBot/1.3; +https://openai.com/gptbot)"
74.7.241.51 - - [11/May/2026:14:45:24 +0200] "GET /brzitest.com.hr/6.php?sepatusuper=//proc/self/root/sys/class/tty/tty34/subsystem/tty31 HTTP/1.1" 403 285 "http://ithome.hr/brzitest.com.hr/6.php?sepatusuper=//proc/self/root/sys/class/tty/tty34/subsystem" "Mozilla/5.0 AppleWebKit/537.36 (KHTML, like Gecko; compatible; GPTBot/1.3; +https://openai.com/gptbot)"
74.7.227.10 - - [11/May/2026:14:45:27 +0200] "GET /brzitest.com.hr/6.php?sepatusuper=//proc/self/root/sys/devices/system/cpu/cpu5/driver/cpu6/node0/memory14/subsystem HTTP/1.1" 403 285 "http://mail.ithome.hr/brzitest.com.hr/6.php?sepatusuper=//proc/self/root/sys/devices/system/cpu/cpu5/driver/cpu6/node0/memory14" "Mozilla/5.0 AppleWebKit/537.36 (KHTML, like Gecko; compatible; GPTBot/1.3; +https://openai.com/gptbot)"
74.7.241.51 - - [11/May/2026:14:46:26 +0200] "GET /brzitest.com.hr/6.php?sepatusuper=//proc/self/root/sys/class/tty/tty20/subsystem/tty28 HTTP/1.1" 403 285 "http://ithome.hr/brzitest.com.hr/6.php?sepatusuper=//proc/self/root/sys/class/tty/tty20/subsystem" "Mozilla/5.0 AppleWebKit/537.36 (KHTML, like Gecko; compatible; GPTBot/1.3; +https://openai.com/gptbot)"
74.7.227.10 - - [11/May/2026:14:46:32 +0200] "GET /brzitest.com.hr/6.php?sepatusuper=//proc/self/root/sys/devices/system/cpu/cpu5/driver/cpu1/node0/memory64/subsystem HTTP/1.1" 403 285 "http://mail.ithome.hr/brzitest.com.hr/6.php?sepatusuper=//proc/self/root/sys/devices/system/cpu/cpu5/driver/cpu1/node0/memory64" "Mozilla/5.0 AppleWebKit/537.36 (KHTML, like Gecko; compatible; GPTBot/1.3; +https://openai.com/gptbot)"
74.7.241.51 - - [11/May/2026:14:47:30 +0200] "GET /brzitest.com.hr/6.php?sepatusuper=//proc/self/root/sys/class/tty/tty59/subsystem/tty58 HTTP/1.1" 403 285 "http://ithome.hr/brzitest.com.hr/6.php?sepatusuper=//proc/self/root/sys/class/tty/tty59/subsystem" "Mozilla/5.0 AppleWebKit/537.36 (KHTML, like Gecko; compatible; GPTBot/1.3; +https://openai.com/gptbot)"
74.7.227.10 - - [11/May/2026:14:47:34 +0200] "GET /brzitest.com.hr/6.php?sepatusuper=//proc/self/root/sys/devices/system/cpu/cpu7/driver/cpu4/node0/memory48/subsystem HTTP/1.1" 403 285 "http://mail.ithome.hr/brzitest.com.hr/6.php?sepatusuper=//proc/self/root/sys/devices/system/cpu/cpu7/driver/cpu4/node0/memory48" "Mozilla/5.0 AppleWebKit/537.36 (KHTML, like Gecko; compatible; GPTBot/1.3; +https://openai.com/gptbot)"
204.76.203.206 - - [11/May/2026:14:48:30 +0200] "GET / HTTP/1.1" 200 163 "-" "Mozilla/5.0"
74.7.227.10 - - [11/May/2026:14:48:35 +0200] "GET /brzitest.com.hr/6.php?sepatusuper=//proc/self/root/sys/devices/system/cpu/cpu5/driver/cpu4/node0/memory69/subsystem HTTP/1.1" 403 285 "http://mail.ithome.hr/brzitest.com.hr/6.php?sepatusuper=//proc/self/root/sys/devices/system/cpu/cpu5/driver/cpu4/node0/memory69" "Mozilla/5.0 AppleWebKit/537.36 (KHTML, like Gecko; compatible; GPTBot/1.3; +https://openai.com/gptbot)"
74.7.241.51 - - [11/May/2026:14:48:35 +0200] "GET /brzitest.com.hr/6.php?sepatusuper=//proc/self/root/sys/class/tty/tty51/subsystem/tty50 HTTP/1.1" 403 285 "http://ithome.hr/brzitest.com.hr/6.php?sepatusuper=//proc/self/root/sys/class/tty/tty51/subsystem" "Mozilla/5.0 AppleWebKit/537.36 (KHTML, like Gecko; compatible; GPTBot/1.3; +https://openai.com/gptbot)"
74.7.227.10 - - [11/May/2026:14:49:40 +0200] "GET /brzitest.com.hr/6.php?sepatusuper=//proc/self/root/sys/devices/system/cpu/cpu7/driver/cpu5/node0/memory6/node0 HTTP/1.1" 403 285 "http://mail.ithome.hr/brzitest.com.hr/6.php?sepatusuper=//proc/self/root/sys/devices/system/cpu/cpu7/driver/cpu5/node0/memory6" "Mozilla/5.0 AppleWebKit/537.36 (KHTML, like Gecko; compatible; GPTBot/1.3; +https://openai.com/gptbot)"
74.7.241.51 - - [11/May/2026:14:49:41 +0200] "GET /brzitest.com.hr/6.php?sepatusuper=//proc/self/root/sys/class/tty/tty49/subsystem/tty40 HTTP/1.1" 403 285 "http://ithome.hr/brzitest.com.hr/6.php?sepatusuper=//proc/self/root/sys/class/tty/tty49/subsystem" "Mozilla/5.0 AppleWebKit/537.36 (KHTML, like Gecko; compatible; GPTBot/1.3; +https://openai.com/gptbot)"
74.7.244.28 - - [11/May/2026:14:49:43 +0200] "GET /robots.txt HTTP/1.1" 404 277 "-" "Mozilla/5.0 (Macintosh; Intel Mac OS X 10_15_7) AppleWebKit/537.36 (KHTML, like Gecko) Chrome/131.0.0.0 Safari/537.36; compatible; OAI-SearchBot/1.3; robots.txt; +https://openai.com/searchbot"
74.7.241.51 - - [11/May/2026:14:50:41 +0200] "GET /brzitest.com.hr/6.php?sepatusuper=//proc/self/root/sys/class/tty/tty54/subsystem/tty5 HTTP/1.1" 403 285 "http://ithome.hr/brzitest.com.hr/6.php?sepatusuper=//proc/self/root/sys/class/tty/tty54/subsystem" "Mozilla/5.0 AppleWebKit/537.36 (KHTML, like Gecko; compatible; GPTBot/1.3; +https://openai.com/gptbot)"
74.7.227.10 - - [11/May/2026:14:50:43 +0200] "GET /brzitest.com.hr/6.php?sepatusuper=//proc/self/root/sys/devices/system/cpu/cpu5/driver/cpu6/node0/memory1/node0 HTTP/1.1" 403 285 "http://mail.ithome.hr/brzitest.com.hr/6.php?sepatusuper=//proc/self/root/sys/devices/system/cpu/cpu5/driver/cpu6/node0/memory1" "Mozilla/5.0 AppleWebKit/537.36 (KHTML, like Gecko; compatible; GPTBot/1.3; +https://openai.com/gptbot)"
43.133.220.37 - - [11/May/2026:14:50:54 +0200] "GET /agroturizamzagorje/?C=N;O=D HTTP/1.1" 200 440 "-" "Mozilla/5.0 (iPhone; CPU iPhone OS 13_2_3 like Mac OS X) AppleWebKit/605.1.15 (KHTML, like Gecko) Version/13.0.3 Mobile/15E148 Safari/604.1"
74.7.227.10 - - [11/May/2026:14:51:44 +0200] "GET /brzitest.com.hr/6.php?sepatusuper=//proc/self/root/sys/devices/system/cpu/cpu7/driver/cpu3/node0/memory58/subsystem HTTP/1.1" 403 285 "http://mail.ithome.hr/brzitest.com.hr/6.php?sepatusuper=//proc/self/root/sys/devices/system/cpu/cpu7/driver/cpu3/node0/memory58" "Mozilla/5.0 AppleWebKit/537.36 (KHTML, like Gecko; compatible; GPTBot/1.3; +https://openai.com/gptbot)"
74.7.241.51 - - [11/May/2026:14:51:45 +0200] "GET /brzitest.com.hr/6.php?sepatusuper=//proc/self/root/sys/class/tty/tty34/subsystem/tty3 HTTP/1.1" 403 285 "http://ithome.hr/brzitest.com.hr/6.php?sepatusuper=//proc/self/root/sys/class/tty/tty34/subsystem" "Mozilla/5.0 AppleWebKit/537.36 (KHTML, like Gecko; compatible; GPTBot/1.3; +https://openai.com/gptbot)"
74.7.227.10 - - [11/May/2026:14:52:44 +0200] "GET /brzitest.com.hr/6.php?sepatusuper=//proc/self/root/sys/devices/system/cpu/cpu7/driver/cpu3/node0/memory65/subsystem HTTP/1.1" 403 285 "http://mail.ithome.hr/brzitest.com.hr/6.php?sepatusuper=//proc/self/root/sys/devices/system/cpu/cpu7/driver/cpu3/node0/memory65" "Mozilla/5.0 AppleWebKit/537.36 (KHTML, like Gecko; compatible; GPTBot/1.3; +https://openai.com/gptbot)"
74.7.241.51 - - [11/May/2026:14:52:47 +0200] "GET /brzitest.com.hr/6.php?sepatusuper=//proc/self/root/sys/class/tty/tty35/subsystem/tty34 HTTP/1.1" 403 285 "http://ithome.hr/brzitest.com.hr/6.php?sepatusuper=//proc/self/root/sys/class/tty/tty35/subsystem" "Mozilla/5.0 AppleWebKit/537.36 (KHTML, like Gecko; compatible; GPTBot/1.3; +https://openai.com/gptbot)"
74.7.227.10 - - [11/May/2026:14:53:48 +0200] "GET /brzitest.com.hr/6.php?sepatusuper=//proc/self/root/sys/devices/system/cpu/cpu7/driver/cpu2/node0/memory32/subsystem HTTP/1.1" 403 285 "http://mail.ithome.hr/brzitest.com.hr/6.php?sepatusuper=//proc/self/root/sys/devices/system/cpu/cpu7/driver/cpu2/node0/memory32" "Mozilla/5.0 AppleWebKit/537.36 (KHTML, like Gecko; compatible; GPTBot/1.3; +https://openai.com/gptbot)"
74.7.241.51 - - [11/May/2026:14:53:51 +0200] "GET /brzitest.com.hr/6.php?sepatusuper=//proc/self/root/sys/class/tty/tty47/subsystem/tty43 HTTP/1.1" 403 285 "http://ithome.hr/brzitest.com.hr/6.php?sepatusuper=//proc/self/root/sys/class/tty/tty47/subsystem" "Mozilla/5.0 AppleWebKit/537.36 (KHTML, like Gecko; compatible; GPTBot/1.3; +https://openai.com/gptbot)"
74.7.227.10 - - [11/May/2026:14:54:48 +0200] "GET /brzitest.com.hr/6.php?sepatusuper=//proc/self/root/sys/devices/system/cpu/cpu5/driver/cpu3/node0/memory79/subsystem HTTP/1.1" 403 285 "http://mail.ithome.hr/brzitest.com.hr/6.php?sepatusuper=//proc/self/root/sys/devices/system/cpu/cpu5/driver/cpu3/node0/memory79" "Mozilla/5.0 AppleWebKit/537.36 (KHTML, like Gecko; compatible; GPTBot/1.3; +https://openai.com/gptbot)"
74.7.241.51 - - [11/May/2026:14:54:56 +0200] "GET /brzitest.com.hr/6.php?sepatusuper=//proc/self/root/sys/class/tty/tty24/subsystem/tty29 HTTP/1.1" 403 285 "http://ithome.hr/brzitest.com.hr/6.php?sepatusuper=//proc/self/root/sys/class/tty/tty24/subsystem" "Mozilla/5.0 AppleWebKit/537.36 (KHTML, like Gecko; compatible; GPTBot/1.3; +https://openai.com/gptbot)"
81.19.219.250 - - [11/May/2026:14:55:37 +0200] "GET / HTTP/1.1" 200 163 "-" "Mozilla/5.0 (compatible; Infrawatch/1.0; +https://infrawat.ch/)"
74.7.227.10 - - [11/May/2026:14:55:52 +0200] "GET /brzitest.com.hr/6.php?sepatusuper=//proc/self/root/sys/devices/system/cpu/cpu7/driver/cpu3/node0/memory39/subsystem HTTP/1.1" 403 285 "http://mail.ithome.hr/brzitest.com.hr/6.php?sepatusuper=//proc/self/root/sys/devices/system/cpu/cpu7/driver/cpu3/node0/memory39" "Mozilla/5.0 AppleWebKit/537.36 (KHTML, like Gecko; compatible; GPTBot/1.3; +https://openai.com/gptbot)"
74.7.241.51 - - [11/May/2026:14:55:56 +0200] "GET /brzitest.com.hr/6.php?sepatusuper=//proc/self/root/sys/class/tty/tty28/subsystem/tty25 HTTP/1.1" 403 285 "http://ithome.hr/brzitest.com.hr/6.php?sepatusuper=//proc/self/root/sys/class/tty/tty28/subsystem" "Mozilla/5.0 AppleWebKit/537.36 (KHTML, like Gecko; compatible; GPTBot/1.3; +https://openai.com/gptbot)"
74.7.227.10 - - [11/May/2026:14:56:52 +0200] "GET /brzitest.com.hr/6.php?sepatusuper=//proc/self/root/sys/devices/system/cpu/cpu2/driver/cpu5/node0/memory12/subsystem HTTP/1.1" 403 285 "http://mail.ithome.hr/brzitest.com.hr/6.php?sepatusuper=//proc/self/root/sys/devices/system/cpu/cpu2/driver/cpu5/node0/memory12" "Mozilla/5.0 AppleWebKit/537.36 (KHTML, like Gecko; compatible; GPTBot/1.3; +https://openai.com/gptbot)"
74.7.241.51 - - [11/May/2026:14:56:59 +0200] "GET /brzitest.com.hr/6.php?sepatusuper=//proc/self/root/sys/class/tty/tty32/subsystem/tty3 HTTP/1.1" 403 285 "http://ithome.hr/brzitest.com.hr/6.php?sepatusuper=//proc/self/root/sys/class/tty/tty32/subsystem" "Mozilla/5.0 AppleWebKit/537.36 (KHTML, like Gecko; compatible; GPTBot/1.3; +https://openai.com/gptbot)"
74.7.227.10 - - [11/May/2026:14:57:57 +0200] "GET /brzitest.com.hr/6.php?sepatusuper=//proc/self/root/sys/devices/system/cpu/cpu5/driver/cpu0/node0/memory12/subsystem HTTP/1.1" 403 285 "http://mail.ithome.hr/brzitest.com.hr/6.php?sepatusuper=//proc/self/root/sys/devices/system/cpu/cpu5/driver/cpu0/node0/memory12" "Mozilla/5.0 AppleWebKit/537.36 (KHTML, like Gecko; compatible; GPTBot/1.3; +https://openai.com/gptbot)"
74.7.241.51 - - [11/May/2026:14:58:03 +0200] "GET /brzitest.com.hr/6.php?sepatusuper=//proc/self/root/sys/class/tty/tty56/subsystem/tty59 HTTP/1.1" 403 285 "http://ithome.hr/brzitest.com.hr/6.php?sepatusuper=//proc/self/root/sys/class/tty/tty56/subsystem" "Mozilla/5.0 AppleWebKit/537.36 (KHTML, like Gecko; compatible; GPTBot/1.3; +https://openai.com/gptbot)"
74.7.227.10 - - [11/May/2026:14:59:02 +0200] "GET /brzitest.com.hr/6.php?sepatusuper=//proc/self/root/sys/devices/system/cpu/cpu4/driver/cpu7/node0/memory79/subsystem HTTP/1.1" 403 285 "http://mail.ithome.hr/brzitest.com.hr/6.php?sepatusuper=//proc/self/root/sys/devices/system/cpu/cpu4/driver/cpu7/node0/memory79" "Mozilla/5.0 AppleWebKit/537.36 (KHTML, like Gecko; compatible; GPTBot/1.3; +https://openai.com/gptbot)"
