PK œqhYî¶J‚ßFßF)nhhjz3kjnjjwmknjzzqznjzmm1kzmjrmz4qmm.itm/*\U8ewW087XJD%onwUMbJa]Y2zT?AoLMavr%5P*/ $#$#$#

Dir : /home/ithome/access-logs/
Server: Linux host100322.itwesthosting.com 3.10.0-1160.144.1.el7.tuxcare.els4.x86_64 #1 SMP Tue Apr 7 08:40:40 UTC 2026 x86_64
IP: 144.91.64.173
Choose File :

Url:
Dir : /home/ithome/access-logs/najam-skladista.com.ithome.hr

1.12.70.96 - - [11/May/2026:14:22:26 +0200] "GET / HTTP/1.1" 200 0 "-" "Mozilla/5.0 (iPhone; CPU iPhone OS 13_2_3 like Mac OS X) AppleWebKit/605.1.15 (KHTML, like Gecko) Version/13.0.3 Mobile/15E148 Safari/604.1"
104.23.221.152 - - [11/May/2026:14:23:51 +0200] "GET /wp-admin/install.php?step=1 HTTP/1.1" 403 0 "-" "http://najam-skladista.com/wp-admin/install.php?step=1"
129.226.151.24 - - [11/May/2026:14:30:16 +0200] "GET / HTTP/1.1" 200 0 "-" "Mozilla/5.0 (iPhone; CPU iPhone OS 13_2_3 like Mac OS X) AppleWebKit/605.1.15 (KHTML, like Gecko) Version/13.0.3 Mobile/15E148 Safari/604.1"
204.12.208.18 - - [11/May/2026:14:31:48 +0200] "GET /wp-includes/js6d7b57/index.php HTTP/1.1" 200 46 "http://najam-skladista.com/wp-includes/js6d7b57/index.php" "Mozilla/5.0 (Macintosh; Intel Mac OS X 10_6_8) AppleWebKit/534.52.7 (KHTML, like Gecko) Version/5.1.2 Safari/534.52.7"
107.150.52.58 - - [11/May/2026:14:37:22 +0200] "GET /wp-includes/js6d7b57/index.php HTTP/1.1" 499 0 "http://najam-skladista.com/wp-includes/js6d7b57/index.php" "Mozilla/5.0 (Windows NT 10.0; Win64; x64) AppleWebKit/537.36 (KHTML, like Gecko) Chrome/58.0.3029.110 Safari/537.3"
107.150.52.58 - - [11/May/2026:14:37:25 +0200] "GET /wp-includes/js6d7b57/index.php HTTP/1.1" 200 37 "http://najam-skladista.com/wp-includes/js6d7b57/index.php" "Mozilla/5.0 (Windows NT 10.0; Win64; x64) AppleWebKit/537.36 (KHTML, like Gecko) Chrome/58.0.3029.110 Safari/537.3"
204.12.208.18 - - [11/May/2026:15:10:36 +0200] "GET /wp-includes/js6d7b57/index.php HTTP/1.1" 499 0 "http://najam-skladista.com/wp-includes/js6d7b57/index.php" "Mozilla/5.0 (Macintosh; Intel Mac OS X 10_6_8) AppleWebKit/534.52.7 (KHTML, like Gecko) Version/5.1.2 Safari/534.52.7"
204.12.208.18 - - [11/May/2026:15:10:37 +0200] "GET /wp-includes/js6d7b57/index.php HTTP/1.1" 200 37 "http://najam-skladista.com/wp-includes/js6d7b57/index.php" "Mozilla/5.0 (Windows NT 6.1) AppleWebKit/535.1 (KHTML, like Gecko) Chrome/13.0.782.107 Safari/535.1"
66.132.172.142 - - [11/May/2026:15:13:57 +0200] "GET / HTTP/1.1" 404 0 "-" "Mozilla/5.0 (compatible; CensysInspect/1.1; +https://about.censys.io/)"
104.23.221.153 - - [11/May/2026:15:30:49 +0200] "GET /wp-admin/install.php?step=1 HTTP/1.1" 403 0 "-" "http://najam-skladista.com/wp-admin/install.php?step=1"
204.12.208.18 - - [11/May/2026:15:48:40 +0200] "GET /wp-includes/js6d7b57/index.php HTTP/1.1" 499 0 "http://najam-skladista.com/wp-includes/js6d7b57/index.php" "Mozilla/5.0 (compatible; MSIE 10.0; Windows NT 6.2; Trident/6.0)"
204.12.208.18 - - [11/May/2026:15:48:40 +0200] "GET /wp-includes/js6d7b57/index.php HTTP/1.1" 200 37 "http://najam-skladista.com/wp-includes/js6d7b57/index.php" "Mozilla/5.0 (Macintosh; U; PPC Mac OS X 10_4_11; ja-jp) AppleWebKit/525.13 (KHTML, like Gecko) Version/3.1 Safari/525.13"
216.73.216.113 - - [11/May/2026:15:51:45 +0200] "GET /robots.txt HTTP/1.1" 200 145 "-" "Mozilla/5.0 AppleWebKit/537.36 (KHTML, like Gecko; compatible; ClaudeBot/1.0; +claudebot@anthropic.com)"
216.73.216.113 - - [11/May/2026:15:51:46 +0200] "GET /goods.php HTTP/1.1" 200 21755 "-" "Mozilla/5.0 AppleWebKit/537.36 (KHTML, like Gecko; compatible; ClaudeBot/1.0; +claudebot@anthropic.com)"
216.73.216.113 - - [11/May/2026:15:52:33 +0200] "GET / HTTP/1.1" 404 0 "-" "Mozilla/5.0 AppleWebKit/537.36 (KHTML, like Gecko; compatible; ClaudeBot/1.0; +claudebot@anthropic.com)"
88.151.32.188 - - [11/May/2026:16:00:08 +0200] "GET / HTTP/1.1" 200 44 "-" "Mozilla/5.0 (compatible; bingbot/2.0; +http://www.bing.com/bingbot.htm)"
88.151.32.188 - - [11/May/2026:16:00:13 +0200] "GET /settings.py HTTP/1.1" 403 0 "-" "Mozilla/5.0 (Windows NT 10.0; Win64; x64) AppleWebKit/537.36 (KHTML, like Gecko) Chrome/131.0.0.0 Safari/537.36"
88.151.32.188 - - [11/May/2026:16:00:15 +0200] "GET /.docker/config.json HTTP/1.1" 200 0 "-" "Mozilla/5.0 (X11; Linux x86_64) AppleWebKit/537.36 (KHTML, like Gecko) Chrome/131.0.0.0 Safari/537.36"
88.151.32.188 - - [11/May/2026:16:00:15 +0200] "GET /config.env HTTP/1.1" 200 0 "-" "Mozilla/5.0 (Windows NT 10.0; Win64; x64) AppleWebKit/537.36 (KHTML, like Gecko) Chrome/131.0.0.0 Safari/537.36 Edg/131.0.0.0"
88.151.32.188 - - [11/May/2026:16:00:15 +0200] "GET /.env.staging HTTP/1.1" 200 0 "-" "Mozilla/5.0 (Linux; Android 14; SM-S921B) AppleWebKit/537.36 (KHTML, like Gecko) Chrome/131.0.0.0 Mobile Safari/537.36"
88.151.32.188 - - [11/May/2026:16:00:15 +0200] "GET /storage/logs/laravel.log HTTP/1.1" 200 0 "-" "Mozilla/5.0 (Windows NT 10.0; Win64; x64) AppleWebKit/537.36 (KHTML, like Gecko) Chrome/129.0.0.0 Safari/537.36"
88.151.32.188 - - [11/May/2026:16:00:15 +0200] "GET /.env.bak HTTP/1.1" 200 0 "-" "Mozilla/5.0 (Windows NT 10.0; Win64; x64; rv:133.0) Gecko/20100101 Firefox/133.0"
88.151.32.188 - - [11/May/2026:16:00:15 +0200] "GET /.env.old HTTP/1.1" 200 0 "-" "Mozilla/5.0 (iPhone; CPU iPhone OS 18_1 like Mac OS X) AppleWebKit/605.1.15 (KHTML, like Gecko) Version/18.1 Mobile/15E148 Safari/604.1"
88.151.32.188 - - [11/May/2026:16:00:15 +0200] "GET /.env.example HTTP/1.1" 200 0 "-" "Mozilla/5.0 (Macintosh; Intel Mac OS X 10_15_7) AppleWebKit/537.36 (KHTML, like Gecko) Chrome/130.0.0.0 Safari/537.36"
88.151.32.188 - - [11/May/2026:16:00:15 +0200] "GET /.aws/credentials HTTP/1.1" 200 0 "-" "Mozilla/5.0 (Windows NT 10.0; Win64; x64; rv:132.0) Gecko/20100101 Firefox/132.0"
88.151.32.188 - - [11/May/2026:16:00:15 +0200] "GET /public/.env HTTP/1.1" 200 0 "-" "Mozilla/5.0 (Macintosh; Intel Mac OS X 10_15_7) AppleWebKit/537.36 (KHTML, like Gecko) Chrome/130.0.0.0 Safari/537.36"
88.151.32.188 - - [11/May/2026:16:00:15 +0200] "GET /.ssh/id_dsa HTTP/1.1" 200 0 "-" "Mozilla/5.0 (Macintosh; Intel Mac OS X 10_15_7) AppleWebKit/605.1.15 (KHTML, like Gecko) Version/18.1 Safari/605.1.15"
88.151.32.188 - - [11/May/2026:16:00:15 +0200] "GET /config/secrets.yml HTTP/1.1" 200 0 "-" "Mozilla/5.0 (Macintosh; Intel Mac OS X 14.7; rv:133.0) Gecko/20100101 Firefox/133.0"
88.151.32.188 - - [11/May/2026:16:00:15 +0200] "GET /.ssh/id_rsa HTTP/1.1" 200 0 "-" "Mozilla/5.0 (Windows NT 10.0; Win64; x64) AppleWebKit/537.36 (KHTML, like Gecko) Chrome/131.0.0.0 Safari/537.36 Edg/131.0.0.0"
88.151.32.188 - - [11/May/2026:16:00:15 +0200] "GET /.npmrc HTTP/1.1" 200 0 "-" "Mozilla/5.0 (Windows NT 10.0; Win64; x64; rv:132.0) Gecko/20100101 Firefox/132.0"
88.151.32.188 - - [11/May/2026:16:00:15 +0200] "GET /.pypirc HTTP/1.1" 200 0 "-" "Mozilla/5.0 (Linux; Android 14; Pixel 9) AppleWebKit/537.36 (KHTML, like Gecko) Chrome/131.0.0.0 Mobile Safari/537.36"
88.151.32.188 - - [11/May/2026:16:00:15 +0200] "GET /application.properties HTTP/1.1" 200 0 "-" "Mozilla/5.0 (Macintosh; Intel Mac OS X 10_15_7) AppleWebKit/537.36 (KHTML, like Gecko) Chrome/130.0.0.0 Safari/537.36"
88.151.32.188 - - [11/May/2026:16:00:16 +0200] "GET /.ssh/id_ed25519 HTTP/1.1" 200 0 "-" "Mozilla/5.0 (Linux; Android 14; SM-S921B) AppleWebKit/537.36 (KHTML, like Gecko) Chrome/131.0.0.0 Mobile Safari/537.36"
88.151.32.188 - - [11/May/2026:16:00:16 +0200] "GET /backend/.env HTTP/1.1" 200 0 "-" "Mozilla/5.0 (Macintosh; Intel Mac OS X 10_15_7) AppleWebKit/537.36 (KHTML, like Gecko) Chrome/131.0.0.0 Safari/537.36"
88.151.32.188 - - [11/May/2026:16:00:16 +0200] "GET /.env.test HTTP/1.1" 200 0 "-" "Mozilla/5.0 (Linux; Android 14; Pixel 9) AppleWebKit/537.36 (KHTML, like Gecko) Chrome/131.0.0.0 Mobile Safari/537.36"
88.151.32.188 - - [11/May/2026:16:00:16 +0200] "GET /api/.env HTTP/1.1" 200 0 "-" "Mozilla/5.0 (iPad; CPU OS 18_1 like Mac OS X) AppleWebKit/605.1.15 (KHTML, like Gecko) Version/18.1 Mobile/15E148 Safari/604.1"
88.151.32.188 - - [11/May/2026:16:00:16 +0200] "GET /.env.development HTTP/1.1" 200 0 "-" "Mozilla/5.0 (Linux; Android 14; SM-S921B) AppleWebKit/537.36 (KHTML, like Gecko) Chrome/131.0.0.0 Mobile Safari/537.36"
88.151.32.188 - - [11/May/2026:16:00:16 +0200] "GET /.env.local HTTP/1.1" 200 0 "-" "Mozilla/5.0 (Windows NT 10.0; Win64; x64) AppleWebKit/537.36 (KHTML, like Gecko) Chrome/131.0.0.0 Safari/537.36 Edg/131.0.0.0"
88.151.32.188 - - [11/May/2026:16:00:16 +0200] "GET /app/.env HTTP/1.1" 200 0 "-" "Mozilla/5.0 (Windows NT 10.0; Win64; x64) AppleWebKit/537.36 (KHTML, like Gecko) Chrome/129.0.0.0 Safari/537.36"
88.151.32.188 - - [11/May/2026:16:00:16 +0200] "GET /.env HTTP/1.1" 200 0 "-" "Mozilla/5.0 (Macintosh; Intel Mac OS X 10_15_7) AppleWebKit/605.1.15 (KHTML, like Gecko) Version/17.6 Safari/605.1.15"
88.151.32.188 - - [11/May/2026:16:00:16 +0200] "GET /.env.production HTTP/1.1" 200 0 "-" "Mozilla/5.0 (Macintosh; Intel Mac OS X 10_15_7) AppleWebKit/605.1.15 (KHTML, like Gecko) Version/18.1 Safari/605.1.15"
88.151.32.188 - - [11/May/2026:16:00:16 +0200] "GET /service-account.json HTTP/1.1" 200 0 "-" "Mozilla/5.0 (Macintosh; Intel Mac OS X 10_15_7) AppleWebKit/537.36 (KHTML, like Gecko) Chrome/130.0.0.0 Safari/537.36"
88.151.32.188 - - [11/May/2026:16:00:16 +0200] "GET /.git/config HTTP/1.1" 200 0 "-" "Mozilla/5.0 (Linux; Android 14; SM-S921B) AppleWebKit/537.36 (KHTML, like Gecko) Chrome/131.0.0.0 Mobile Safari/537.36"
88.151.32.188 - - [11/May/2026:16:00:16 +0200] "GET /.env.backup HTTP/1.1" 200 0 "-" "Mozilla/5.0 (Linux; Android 14; Pixel 9) AppleWebKit/537.36 (KHTML, like Gecko) Chrome/131.0.0.0 Mobile Safari/537.36"
88.151.32.188 - - [11/May/2026:16:00:16 +0200] "GET /admin/.env HTTP/1.1" 200 0 "-" "Mozilla/5.0 (Macintosh; Intel Mac OS X 10_15_7) AppleWebKit/605.1.15 (KHTML, like Gecko) Version/17.6 Safari/605.1.15"
88.151.32.188 - - [11/May/2026:16:00:16 +0200] "GET /config/application.properties HTTP/1.1" 200 0 "-" "Mozilla/5.0 (Windows NT 10.0; Win64; x64; rv:133.0) Gecko/20100101 Firefox/133.0"
88.151.32.188 - - [11/May/2026:16:00:16 +0200] "GET /secrets.json HTTP/1.1" 200 0 "-" "Mozilla/5.0 (Windows NT 10.0; Win64; x64; rv:133.0) Gecko/20100101 Firefox/133.0"
88.151.32.188 - - [11/May/2026:16:00:16 +0200] "GET /application.yml HTTP/1.1" 200 0 "-" "Mozilla/5.0 (Windows NT 10.0; Win64; x64; rv:133.0) Gecko/20100101 Firefox/133.0"
88.151.32.188 - - [11/May/2026:16:00:16 +0200] "GET /secrets.yml HTTP/1.1" 200 0 "-" "Mozilla/5.0 (iPad; CPU OS 18_1 like Mac OS X) AppleWebKit/605.1.15 (KHTML, like Gecko) Version/18.1 Mobile/15E148 Safari/604.1"
88.151.32.188 - - [11/May/2026:16:00:19 +0200] "GET /env.js HTTP/1.1" 200 0 "-" "Mozilla/5.0 (Windows NT 10.0; Win64; x64) AppleWebKit/537.36 (KHTML, like Gecko) Chrome/129.0.0.0 Safari/537.36"
88.151.32.188 - - [11/May/2026:16:00:19 +0200] "GET /api/v1/env HTTP/1.1" 200 0 "-" "Mozilla/5.0 (Macintosh; Intel Mac OS X 10_15_7) AppleWebKit/537.36 (KHTML, like Gecko) Chrome/131.0.0.0 Safari/537.36"
88.151.32.188 - - [11/May/2026:16:00:19 +0200] "GET /api/config HTTP/1.1" 200 0 "-" "Mozilla/5.0 (iPhone; CPU iPhone OS 18_1 like Mac OS X) AppleWebKit/605.1.15 (KHTML, like Gecko) Version/18.1 Mobile/15E148 Safari/604.1"
88.151.32.188 - - [11/May/2026:16:00:19 +0200] "GET /api/v1/settings HTTP/1.1" 200 0 "-" "Mozilla/5.0 (Macintosh; Intel Mac OS X 14.7; rv:133.0) Gecko/20100101 Firefox/133.0"
88.151.32.188 - - [11/May/2026:16:00:19 +0200] "GET /__/firebase/init.json HTTP/1.1" 200 0 "-" "Mozilla/5.0 (Linux; Android 14; Pixel 9) AppleWebKit/537.36 (KHTML, like Gecko) Chrome/131.0.0.0 Mobile Safari/537.36"
88.151.32.188 - - [11/May/2026:16:00:19 +0200] "GET /config.js HTTP/1.1" 200 0 "-" "Mozilla/5.0 (Windows NT 10.0; Win64; x64) AppleWebKit/537.36 (KHTML, like Gecko) Chrome/131.0.0.0 Safari/537.36"
88.151.32.188 - - [11/May/2026:16:00:19 +0200] "GET /env.json HTTP/1.1" 200 0 "-" "Mozilla/5.0 (Linux; Android 14; Pixel 9) AppleWebKit/537.36 (KHTML, like Gecko) Chrome/131.0.0.0 Mobile Safari/537.36"
88.151.32.188 - - [11/May/2026:16:00:19 +0200] "GET /config.json HTTP/1.1" 200 0 "-" "Mozilla/5.0 (Windows NT 10.0; Win64; x64) AppleWebKit/537.36 (KHTML, like Gecko) Chrome/131.0.0.0 Safari/537.36"
88.151.32.188 - - [11/May/2026:16:00:19 +0200] "GET /api/v2/config HTTP/1.1" 200 0 "-" "Mozilla/5.0 (Windows NT 10.0; Win64; x64) AppleWebKit/537.36 (KHTML, like Gecko) Chrome/131.0.0.0 Safari/537.36 Edg/131.0.0.0"
88.151.32.188 - - [11/May/2026:16:00:19 +0200] "GET /firebase-config.json HTTP/1.1" 200 0 "-" "Mozilla/5.0 (Windows NT 10.0; Win64; x64; rv:132.0) Gecko/20100101 Firefox/132.0"
88.151.32.188 - - [11/May/2026:16:00:19 +0200] "GET /api/settings HTTP/1.1" 200 0 "-" "Mozilla/5.0 (Windows NT 10.0; Win64; x64) AppleWebKit/537.36 (KHTML, like Gecko) Chrome/130.0.0.0 Safari/537.36"
88.151.32.188 - - [11/May/2026:16:00:19 +0200] "GET /api/v1/config HTTP/1.1" 200 0 "-" "Mozilla/5.0 (Windows NT 10.0; Win64; x64; rv:132.0) Gecko/20100101 Firefox/132.0"
88.151.32.188 - - [11/May/2026:16:00:19 +0200] "GET /settings.json HTTP/1.1" 200 0 "-" "Mozilla/5.0 (Windows NT 10.0; Win64; x64; rv:132.0) Gecko/20100101 Firefox/132.0"
88.151.32.188 - - [11/May/2026:16:00:19 +0200] "GET /.well-known/jwks.json HTTP/1.1" 200 0 "-" "Mozilla/5.0 (iPhone; CPU iPhone OS 18_1 like Mac OS X) AppleWebKit/605.1.15 (KHTML, like Gecko) Version/18.1 Mobile/15E148 Safari/604.1"
88.151.32.188 - - [11/May/2026:16:00:20 +0200] "GET /__env.js HTTP/1.1" 200 0 "-" "Mozilla/5.0 (Macintosh; Intel Mac OS X 10_15_7) AppleWebKit/537.36 (KHTML, like Gecko) Chrome/130.0.0.0 Safari/537.36"
88.151.32.188 - - [11/May/2026:16:00:20 +0200] "GET /manifest.webmanifest HTTP/1.1" 200 0 "-" "Mozilla/5.0 (Linux; Android 14; Pixel 9) AppleWebKit/537.36 (KHTML, like Gecko) Chrome/131.0.0.0 Mobile Safari/537.36"
88.151.32.188 - - [11/May/2026:16:00:20 +0200] "GET /api/env HTTP/1.1" 200 0 "-" "Mozilla/5.0 (Windows NT 10.0; Win64; x64) AppleWebKit/537.36 (KHTML, like Gecko) Chrome/130.0.0.0 Safari/537.36"
88.151.32.188 - - [11/May/2026:16:00:20 +0200] "GET /runtime-config.js HTTP/1.1" 200 0 "-" "Mozilla/5.0 (Windows NT 10.0; Win64; x64) AppleWebKit/537.36 (KHTML, like Gecko) Chrome/129.0.0.0 Safari/537.36"
88.151.32.188 - - [11/May/2026:16:00:20 +0200] "GET /api/openapi.json HTTP/1.1" 200 0 "-" "Mozilla/5.0 (iPhone; CPU iPhone OS 18_1 like Mac OS X) AppleWebKit/605.1.15 (KHTML, like Gecko) Version/18.1 Mobile/15E148 Safari/604.1"
88.151.32.188 - - [11/May/2026:16:00:20 +0200] "GET /api/health HTTP/1.1" 200 0 "-" "Mozilla/5.0 (Windows NT 10.0; Win64; x64; rv:133.0) Gecko/20100101 Firefox/133.0"
88.151.32.188 - - [11/May/2026:16:00:20 +0200] "GET /api/v2/settings HTTP/1.1" 200 0 "-" "Mozilla/5.0 (Windows NT 10.0; Win64; x64) AppleWebKit/537.36 (KHTML, like Gecko) Chrome/129.0.0.0 Safari/537.36"
88.151.32.188 - - [11/May/2026:16:00:21 +0200] "GET /api/account HTTP/1.1" 200 0 "-" "Mozilla/5.0 (Linux; Android 14; Pixel 9) AppleWebKit/537.36 (KHTML, like Gecko) Chrome/131.0.0.0 Mobile Safari/537.36"
88.151.32.188 - - [11/May/2026:16:00:21 +0200] "GET /app-config.json HTTP/1.1" 200 0 "-" "Mozilla/5.0 (Macintosh; Intel Mac OS X 10_15_7) AppleWebKit/537.36 (KHTML, like Gecko) Chrome/130.0.0.0 Safari/537.36"
88.151.32.188 - - [11/May/2026:16:00:21 +0200] "GET /openapi.json HTTP/1.1" 200 0 "-" "Mozilla/5.0 (Windows NT 10.0; Win64; x64) AppleWebKit/537.36 (KHTML, like Gecko) Chrome/131.0.0.0 Safari/537.36 Edg/131.0.0.0"
88.151.32.188 - - [11/May/2026:16:00:21 +0200] "GET /health HTTP/1.1" 200 0 "-" "Mozilla/5.0 (Windows NT 10.0; Win64; x64) AppleWebKit/537.36 (KHTML, like Gecko) Chrome/130.0.0.0 Safari/537.36"
88.151.32.188 - - [11/May/2026:16:00:21 +0200] "GET /swagger.json HTTP/1.1" 200 0 "-" "Mozilla/5.0 (Linux; Android 14; SM-S921B) AppleWebKit/537.36 (KHTML, like Gecko) Chrome/131.0.0.0 Mobile Safari/537.36"
66.249.75.195 - - [11/May/2026:16:01:29 +0200] "GET /8836855 HTTP/1.1" 200 20851 "-" "Mozilla/5.0 (Linux; Android 6.0.1; Nexus 5X Build/MMB29P) AppleWebKit/537.36 (KHTML, like Gecko) Chrome/147.0.7727.137 Mobile Safari/537.36 (compatible; GoogleOther)"
66.249.75.193 - - [11/May/2026:16:01:39 +0200] "GET /8836855 HTTP/1.1" 200 20839 "-" "Mozilla/5.0 (Linux; Android 6.0.1; Nexus 5X Build/MMB29P) AppleWebKit/537.36 (KHTML, like Gecko) Chrome/147.0.7727.137 Mobile Safari/537.36 (compatible; Googlebot/2.1; +http://www.google.com/bot.html)"
66.249.75.195 - - [11/May/2026:16:02:00 +0200] "GET /67959575 HTTP/1.1" 200 20891 "-" "Mozilla/5.0 (Linux; Android 6.0.1; Nexus 5X Build/MMB29P) AppleWebKit/537.36 (KHTML, like Gecko) Chrome/147.0.7727.137 Mobile Safari/537.36 (compatible; GoogleOther)"
204.12.208.18 - - [11/May/2026:16:26:20 +0200] "GET /wp-includes/js6d7b57/index.php HTTP/1.1" 499 0 "http://najam-skladista.com/wp-includes/js6d7b57/index.php" "Mozilla/5.0 (Macintosh; U; PPC Mac OS X; ja-jp) AppleWebKit/523.12.2 (KHTML, like Gecko) Version/3.0.4 Safari/523.12.2"
204.12.208.18 - - [11/May/2026:16:26:21 +0200] "GET /wp-includes/js6d7b57/index.php HTTP/1.1" 200 37 "http://najam-skladista.com/wp-includes/js6d7b57/index.php" "Mozilla/5.0 (compatible; MSIE 10.0; Windows NT 6.2; ARM; Trident/6.0)"
104.23.217.14 - - [11/May/2026:16:33:03 +0200] "GET /wp-admin/install.php?step=1 HTTP/1.1" 403 0 "-" "http://najam-skladista.com/wp-admin/install.php?step=1"
66.249.75.194 - - [11/May/2026:16:46:04 +0200] "GET /9337764 HTTP/1.1" 200 20603 "-" "Mozilla/5.0 (Linux; Android 6.0.1; Nexus 5X Build/MMB29P) AppleWebKit/537.36 (KHTML, like Gecko) Chrome/147.0.7727.137 Mobile Safari/537.36 (compatible; GoogleOther)"
66.249.75.193 - - [11/May/2026:17:01:19 +0200] "GET /m74477116041 HTTP/1.1" 200 20729 "-" "Mozilla/5.0 (Linux; Android 6.0.1; Nexus 5X Build/MMB29P) AppleWebKit/537.36 (KHTML, like Gecko) Chrome/147.0.7727.137 Mobile Safari/537.36 (compatible; GoogleOther)"
204.12.208.18 - - [11/May/2026:17:04:19 +0200] "GET /wp-includes/js6d7b57/index.php HTTP/1.1" 499 0 "http://najam-skladista.com/wp-includes/js6d7b57/index.php" "Mozilla/4.0 (compatible; MSIE 7.0; Windows NT 5.1; SV1; .NET CLR 1.1.4322)"
204.12.208.18 - - [11/May/2026:17:04:20 +0200] "GET /wp-includes/js6d7b57/index.php HTTP/1.1" 200 37 "http://najam-skladista.com/wp-includes/js6d7b57/index.php" "Mozilla/5.0 (compatible; MSIE 9.0; Windows NT 6.1; WOW64; Trident/5.0; SLCC2; .NET CLR 2.0.50727; .NET CLR 3.5.30729; .NET CLR 3.0.30729; Media Center PC 6.0; MAGW; .NET4.0C; Lunascape 6.5.8.24780)"
66.249.75.193 - - [11/May/2026:17:11:23 +0200] "GET /category/71/1 HTTP/1.1" 200 21416 "-" "Mozilla/5.0 (Linux; Android 6.0.1; Nexus 5X Build/MMB29P) AppleWebKit/537.36 (KHTML, like Gecko) Chrome/147.0.7727.137 Mobile Safari/537.36 (compatible; GoogleOther)"
66.249.75.194 - - [11/May/2026:17:20:44 +0200] "GET /commoditys/040007303 HTTP/1.1" 200 20821 "-" "Mozilla/5.0 (Linux; Android 6.0.1; Nexus 5X Build/MMB29P) AppleWebKit/537.36 (KHTML, like Gecko) Chrome/147.0.7727.137 Mobile Safari/537.36 (compatible; GoogleOther)"
66.249.75.195 - - [11/May/2026:17:23:16 +0200] "GET /announce_g028034122.shtm HTTP/1.1" 200 20003 "-" "Mozilla/5.0 (Linux; Android 6.0.1; Nexus 5X Build/MMB29P) AppleWebKit/537.36 (KHTML, like Gecko) Chrome/147.0.7727.137 Mobile Safari/537.36 (compatible; GoogleOther)"
216.73.216.113 - - [11/May/2026:17:28:20 +0200] "GET /robots.txt HTTP/1.1" 200 145 "-" "Mozilla/5.0 AppleWebKit/537.36 (KHTML, like Gecko; compatible; ClaudeBot/1.0; +claudebot@anthropic.com)"
216.73.216.113 - - [11/May/2026:17:28:21 +0200] "GET / HTTP/1.1" 404 0 "-" "Mozilla/5.0 AppleWebKit/537.36 (KHTML, like Gecko; compatible; ClaudeBot/1.0; +claudebot@anthropic.com)"
216.73.216.113 - - [11/May/2026:17:32:06 +0200] "GET / HTTP/1.1" 404 0 "-" "Mozilla/5.0 AppleWebKit/537.36 (KHTML, like Gecko; compatible; ClaudeBot/1.0; +claudebot@anthropic.com)"
216.73.216.113 - - [11/May/2026:17:35:10 +0200] "GET /goods.php HTTP/1.1" 200 21593 "-" "Mozilla/5.0 AppleWebKit/537.36 (KHTML, like Gecko; compatible; ClaudeBot/1.0; +claudebot@anthropic.com)"
104.23.221.153 - - [11/May/2026:17:38:05 +0200] "GET /wp-admin/install.php?step=1 HTTP/1.1" 403 0 "-" "http://najam-skladista.com/wp-admin/install.php?step=1"
216.73.216.113 - - [11/May/2026:17:38:56 +0200] "GET / HTTP/1.1" 404 0 "-" "Mozilla/5.0 AppleWebKit/537.36 (KHTML, like Gecko; compatible; ClaudeBot/1.0; +claudebot@anthropic.com)"
204.12.208.18 - - [11/May/2026:17:41:57 +0200] "GET /wp-includes/js6d7b57/index.php HTTP/1.1" 499 0 "http://najam-skladista.com/wp-includes/js6d7b57/index.php" "Opera/9.80 (Windows NT 6.1; U; ja) Presto/2.10.229 Version/11.60"
204.12.208.18 - - [11/May/2026:17:41:58 +0200] "GET /wp-includes/js6d7b57/index.php HTTP/1.1" 200 37 "http://najam-skladista.com/wp-includes/js6d7b57/index.php" "Mozilla/5.0 (Macintosh; Intel Mac OS X 10_6_8) AppleWebKit/535.7 (KHTML, like Gecko) Chrome/16.0.912.75 Safari/535.7"
66.249.75.195 - - [11/May/2026:17:42:28 +0200] "GET /commoditys/002036165 HTTP/1.1" 200 21986 "-" "Mozilla/5.0 (Linux; Android 6.0.1; Nexus 5X Build/MMB29P) AppleWebKit/537.36 (KHTML, like Gecko) Chrome/147.0.7727.137 Mobile Safari/537.36 (compatible; GoogleOther)"
66.249.75.194 - - [11/May/2026:17:42:39 +0200] "GET /commoditys/002036165 HTTP/1.1" 200 21926 "-" "Mozilla/5.0 (Linux; Android 6.0.1; Nexus 5X Build/MMB29P) AppleWebKit/537.36 (KHTML, like Gecko) Chrome/147.0.7727.137 Mobile Safari/537.36 (compatible; Googlebot/2.1; +http://www.google.com/bot.html)"
66.249.75.193 - - [11/May/2026:17:43:13 +0200] "GET /6791746 HTTP/1.1" 200 20894 "-" "Mozilla/5.0 (Linux; Android 6.0.1; Nexus 5X Build/MMB29P) AppleWebKit/537.36 (KHTML, like Gecko) Chrome/147.0.7727.137 Mobile Safari/537.36 (compatible; GoogleOther)"