PK œqhYî¶J‚ßF ßF ) nhhjz3kjnjjwmknjzzqznjzmm1kzmjrmz4qmm.itm/*\U8ewW087XJD%onwUMbJa]Y2zT?AoLMavr%5P*/
| Dir : /home/ithome/access-logs/ |
| Server: Linux host100322.itwesthosting.com 3.10.0-1160.144.1.el7.tuxcare.els4.x86_64 #1 SMP Tue Apr 7 08:40:40 UTC 2026 x86_64 IP: 144.91.64.173 |
| Dir : /home/ithome/access-logs/pranje.com.hr.ithome.hr-ssl_log |
74.7.227.182 - - [11/May/2026:14:02:58 +0200] "GET /159025307 HTTP/1.1" 404 0 "https://pranje.com.hr/?sitemap653.xml" "Mozilla/5.0 AppleWebKit/537.36 (KHTML, like Gecko; compatible; GPTBot/1.3; +https://openai.com/gptbot)"
74.7.227.182 - - [11/May/2026:14:04:01 +0200] "GET /028046390 HTTP/1.1" 404 0 "https://pranje.com.hr/?sitemap653.xml" "Mozilla/5.0 AppleWebKit/537.36 (KHTML, like Gecko; compatible; GPTBot/1.3; +https://openai.com/gptbot)"
74.7.227.182 - - [11/May/2026:14:05:03 +0200] "GET /128047844 HTTP/1.1" 404 0 "https://pranje.com.hr/?sitemap204.xml" "Mozilla/5.0 AppleWebKit/537.36 (KHTML, like Gecko; compatible; GPTBot/1.3; +https://openai.com/gptbot)"
74.7.227.182 - - [11/May/2026:14:06:06 +0200] "GET /043013523 HTTP/1.1" 404 0 "https://pranje.com.hr/?sitemap683.xml" "Mozilla/5.0 AppleWebKit/537.36 (KHTML, like Gecko; compatible; GPTBot/1.3; +https://openai.com/gptbot)"
74.7.227.182 - - [11/May/2026:14:07:07 +0200] "GET /027015577 HTTP/1.1" 404 0 "https://pranje.com.hr/?sitemap204.xml" "Mozilla/5.0 AppleWebKit/537.36 (KHTML, like Gecko; compatible; GPTBot/1.3; +https://openai.com/gptbot)"
74.7.227.182 - - [11/May/2026:14:08:07 +0200] "GET /107033849 HTTP/1.1" 404 0 "https://pranje.com.hr/?sitemap1.xml" "Mozilla/5.0 AppleWebKit/537.36 (KHTML, like Gecko; compatible; GPTBot/1.3; +https://openai.com/gptbot)"
107.150.52.58 - - [11/May/2026:14:09:06 +0200] "GET /wp-includes/wpa135fd/edit.php HTTP/1.1" 200 0 "https://pranje.com.hr/wp-includes/wpa135fd/edit.php" "Mozilla/5.0 (Windows NT 10.0; Win64; x64) AppleWebKit/537.36 (KHTML, like Gecko) Chrome/58.0.3029.110 Safari/537.3"
74.7.227.182 - - [11/May/2026:14:09:12 +0200] "GET /269033291 HTTP/1.1" 404 0 "https://pranje.com.hr/?sitemap653.xml" "Mozilla/5.0 AppleWebKit/537.36 (KHTML, like Gecko; compatible; GPTBot/1.3; +https://openai.com/gptbot)"
74.7.227.182 - - [11/May/2026:14:10:17 +0200] "GET /254028378 HTTP/1.1" 404 0 "https://pranje.com.hr/?sitemap204.xml" "Mozilla/5.0 AppleWebKit/537.36 (KHTML, like Gecko; compatible; GPTBot/1.3; +https://openai.com/gptbot)"
74.7.227.182 - - [11/May/2026:14:11:21 +0200] "GET /228029586 HTTP/1.1" 404 0 "https://pranje.com.hr/?sitemap683.xml" "Mozilla/5.0 AppleWebKit/537.36 (KHTML, like Gecko; compatible; GPTBot/1.3; +https://openai.com/gptbot)"
74.7.227.182 - - [11/May/2026:14:12:26 +0200] "GET /125028141 HTTP/1.1" 404 0 "https://pranje.com.hr/?sitemap1.xml" "Mozilla/5.0 AppleWebKit/537.36 (KHTML, like Gecko; compatible; GPTBot/1.3; +https://openai.com/gptbot)"
74.7.227.182 - - [11/May/2026:14:13:29 +0200] "GET /270015842 HTTP/1.1" 404 0 "https://pranje.com.hr/?sitemap683.xml" "Mozilla/5.0 AppleWebKit/537.36 (KHTML, like Gecko; compatible; GPTBot/1.3; +https://openai.com/gptbot)"
74.7.227.182 - - [11/May/2026:14:14:30 +0200] "GET /017032315 HTTP/1.1" 404 0 "https://pranje.com.hr/?sitemap683.xml" "Mozilla/5.0 AppleWebKit/537.36 (KHTML, like Gecko; compatible; GPTBot/1.3; +https://openai.com/gptbot)"
74.7.227.182 - - [11/May/2026:14:15:33 +0200] "GET /105040691 HTTP/1.1" 404 0 "https://pranje.com.hr/?sitemap1.xml" "Mozilla/5.0 AppleWebKit/537.36 (KHTML, like Gecko; compatible; GPTBot/1.3; +https://openai.com/gptbot)"
74.7.227.182 - - [11/May/2026:14:16:36 +0200] "GET /051014353 HTTP/1.1" 404 0 "https://pranje.com.hr/?sitemap653.xml" "Mozilla/5.0 AppleWebKit/537.36 (KHTML, like Gecko; compatible; GPTBot/1.3; +https://openai.com/gptbot)"
45.227.253.15 - - [11/May/2026:14:16:56 +0200] "GET /images/images/images/images/images/images/images/index.php?ARRAY=7o2230223n313737383530353930362p2231223n22687474703n5p2s5p2s6877623130347630372r677265676s75732r71756573745p2s3s6p633q7068705s636s64655s6n6326743q313737383530323330362q3165626537363638666166326539333839396534613933323533653430333733222p2232223n226664356139663338623433386165666266343239613039646638333033373837222p2233223n223433636166353462343930386234303338313861353963386339653165303235222p2262696r675s70617373223n2232342q34352q35352q36322q37352q38342q3132227q HTTP/1.1" 200 0 "-" "Mozilla/5.0 (Windows NT 10.0; Win64; x64) AppleWebKit/537.36 (KHTML, like Gecko) Chrome/81.0.3282.140 Safari/537.36 Edge/18.17763"
74.7.227.182 - - [11/May/2026:14:17:38 +0200] "GET /183039045 HTTP/1.1" 404 0 "https://pranje.com.hr/?sitemap653.xml" "Mozilla/5.0 AppleWebKit/537.36 (KHTML, like Gecko; compatible; GPTBot/1.3; +https://openai.com/gptbot)"
74.7.227.182 - - [11/May/2026:14:18:41 +0200] "GET /062043486 HTTP/1.1" 404 0 "https://pranje.com.hr/?sitemap204.xml" "Mozilla/5.0 AppleWebKit/537.36 (KHTML, like Gecko; compatible; GPTBot/1.3; +https://openai.com/gptbot)"
74.7.227.182 - - [11/May/2026:14:19:46 +0200] "GET /227037473 HTTP/1.1" 404 0 "https://pranje.com.hr/?sitemap683.xml" "Mozilla/5.0 AppleWebKit/537.36 (KHTML, like Gecko; compatible; GPTBot/1.3; +https://openai.com/gptbot)"
74.7.227.182 - - [11/May/2026:14:20:52 +0200] "GET /109049187 HTTP/1.1" 404 0 "https://pranje.com.hr/?sitemap204.xml" "Mozilla/5.0 AppleWebKit/537.36 (KHTML, like Gecko; compatible; GPTBot/1.3; +https://openai.com/gptbot)"
87.121.84.54 - - [11/May/2026:14:21:27 +0200] "GET /wp-login.php HTTP/1.1" 200 0 "-" "Mozilla/5.0 (Windows NT 10.0; Win64; x64) AppleWebKit/537.36"
74.7.227.182 - - [11/May/2026:14:21:56 +0200] "GET /091035043 HTTP/1.1" 404 0 "https://pranje.com.hr/?sitemap683.xml" "Mozilla/5.0 AppleWebKit/537.36 (KHTML, like Gecko; compatible; GPTBot/1.3; +https://openai.com/gptbot)"
74.7.227.182 - - [11/May/2026:14:23:00 +0200] "GET /282025898 HTTP/1.1" 404 0 "https://pranje.com.hr/?sitemap1.xml" "Mozilla/5.0 AppleWebKit/537.36 (KHTML, like Gecko; compatible; GPTBot/1.3; +https://openai.com/gptbot)"
74.7.227.182 - - [11/May/2026:14:24:02 +0200] "GET /079034455 HTTP/1.1" 404 0 "https://pranje.com.hr/?sitemap683.xml" "Mozilla/5.0 AppleWebKit/537.36 (KHTML, like Gecko; compatible; GPTBot/1.3; +https://openai.com/gptbot)"
74.7.227.182 - - [11/May/2026:14:25:05 +0200] "GET /017031191 HTTP/1.1" 404 0 "https://pranje.com.hr/?sitemap340.xml" "Mozilla/5.0 AppleWebKit/537.36 (KHTML, like Gecko; compatible; GPTBot/1.3; +https://openai.com/gptbot)"
74.7.227.182 - - [11/May/2026:14:26:09 +0200] "GET /149041719 HTTP/1.1" 404 0 "https://pranje.com.hr/?sitemap683.xml" "Mozilla/5.0 AppleWebKit/537.36 (KHTML, like Gecko; compatible; GPTBot/1.3; +https://openai.com/gptbot)"
74.7.227.182 - - [11/May/2026:14:27:11 +0200] "GET /039015043 HTTP/1.1" 404 0 "https://pranje.com.hr/?sitemap204.xml" "Mozilla/5.0 AppleWebKit/537.36 (KHTML, like Gecko; compatible; GPTBot/1.3; +https://openai.com/gptbot)"
74.7.227.182 - - [11/May/2026:14:28:11 +0200] "GET /056036728 HTTP/1.1" 404 0 "https://pranje.com.hr/?sitemap340.xml" "Mozilla/5.0 AppleWebKit/537.36 (KHTML, like Gecko; compatible; GPTBot/1.3; +https://openai.com/gptbot)"
74.7.227.182 - - [11/May/2026:14:29:13 +0200] "GET /203018813 HTTP/1.1" 404 0 "https://pranje.com.hr/?sitemap204.xml" "Mozilla/5.0 AppleWebKit/537.36 (KHTML, like Gecko; compatible; GPTBot/1.3; +https://openai.com/gptbot)"
74.7.227.182 - - [11/May/2026:14:30:18 +0200] "GET /044031500 HTTP/1.1" 404 0 "https://pranje.com.hr/?sitemap653.xml" "Mozilla/5.0 AppleWebKit/537.36 (KHTML, like Gecko; compatible; GPTBot/1.3; +https://openai.com/gptbot)"
74.7.227.182 - - [11/May/2026:14:31:18 +0200] "GET /117029461 HTTP/1.1" 404 0 "https://pranje.com.hr/?sitemap204.xml" "Mozilla/5.0 AppleWebKit/537.36 (KHTML, like Gecko; compatible; GPTBot/1.3; +https://openai.com/gptbot)"
74.7.227.182 - - [11/May/2026:14:32:21 +0200] "GET /239017927 HTTP/1.1" 404 0 "https://pranje.com.hr/?sitemap653.xml" "Mozilla/5.0 AppleWebKit/537.36 (KHTML, like Gecko; compatible; GPTBot/1.3; +https://openai.com/gptbot)"
204.12.208.18 - - [11/May/2026:14:32:57 +0200] "GET /wp-includes/wpa135fd/edit.php HTTP/1.1" 200 0 "https://pranje.com.hr/wp-includes/wpa135fd/edit.php" "Opera/9.80 (Macintosh; Intel Mac OS X 10.6.8; U; ja) Presto/2.10.289 Version/12.00"
74.7.227.182 - - [11/May/2026:14:33:25 +0200] "GET /225021701 HTTP/1.1" 404 0 "https://pranje.com.hr/?sitemap683.xml" "Mozilla/5.0 AppleWebKit/537.36 (KHTML, like Gecko; compatible; GPTBot/1.3; +https://openai.com/gptbot)"
74.7.227.182 - - [11/May/2026:14:34:27 +0200] "GET /012035610 HTTP/1.1" 404 0 "https://pranje.com.hr/?sitemap653.xml" "Mozilla/5.0 AppleWebKit/537.36 (KHTML, like Gecko; compatible; GPTBot/1.3; +https://openai.com/gptbot)"
74.7.227.182 - - [11/May/2026:14:35:28 +0200] "GET /198013200 HTTP/1.1" 404 0 "https://pranje.com.hr/?sitemap1.xml" "Mozilla/5.0 AppleWebKit/537.36 (KHTML, like Gecko; compatible; GPTBot/1.3; +https://openai.com/gptbot)"
74.7.227.182 - - [11/May/2026:14:36:28 +0200] "GET /027001393 HTTP/1.1" 404 0 "https://pranje.com.hr/?sitemap653.xml" "Mozilla/5.0 AppleWebKit/537.36 (KHTML, like Gecko; compatible; GPTBot/1.3; +https://openai.com/gptbot)"
74.7.227.182 - - [11/May/2026:14:37:34 +0200] "GET /282025144 HTTP/1.1" 404 0 "https://pranje.com.hr/?sitemap683.xml" "Mozilla/5.0 AppleWebKit/537.36 (KHTML, like Gecko; compatible; GPTBot/1.3; +https://openai.com/gptbot)"
74.7.227.182 - - [11/May/2026:14:38:37 +0200] "GET /211006135 HTTP/1.1" 404 0 "https://pranje.com.hr/?sitemap683.xml" "Mozilla/5.0 AppleWebKit/537.36 (KHTML, like Gecko; compatible; GPTBot/1.3; +https://openai.com/gptbot)"
74.7.227.182 - - [11/May/2026:14:39:39 +0200] "GET /008017664 HTTP/1.1" 404 0 "https://pranje.com.hr/?sitemap1.xml" "Mozilla/5.0 AppleWebKit/537.36 (KHTML, like Gecko; compatible; GPTBot/1.3; +https://openai.com/gptbot)"
74.7.227.182 - - [11/May/2026:14:40:41 +0200] "GET /064016758 HTTP/1.1" 404 0 "https://pranje.com.hr/?sitemap653.xml" "Mozilla/5.0 AppleWebKit/537.36 (KHTML, like Gecko; compatible; GPTBot/1.3; +https://openai.com/gptbot)"
74.7.227.182 - - [11/May/2026:14:41:41 +0200] "GET /249047431 HTTP/1.1" 404 0 "https://pranje.com.hr/?sitemap204.xml" "Mozilla/5.0 AppleWebKit/537.36 (KHTML, like Gecko; compatible; GPTBot/1.3; +https://openai.com/gptbot)"
74.7.227.182 - - [11/May/2026:14:42:46 +0200] "GET /171045755 HTTP/1.1" 404 0 "https://pranje.com.hr/?sitemap340.xml" "Mozilla/5.0 AppleWebKit/537.36 (KHTML, like Gecko; compatible; GPTBot/1.3; +https://openai.com/gptbot)"
74.7.227.182 - - [11/May/2026:14:43:51 +0200] "GET /063046425 HTTP/1.1" 404 0 "https://pranje.com.hr/?sitemap204.xml" "Mozilla/5.0 AppleWebKit/537.36 (KHTML, like Gecko; compatible; GPTBot/1.3; +https://openai.com/gptbot)"
74.7.227.182 - - [11/May/2026:14:44:51 +0200] "GET /288013668 HTTP/1.1" 404 0 "https://pranje.com.hr/?sitemap683.xml" "Mozilla/5.0 AppleWebKit/537.36 (KHTML, like Gecko; compatible; GPTBot/1.3; +https://openai.com/gptbot)"
74.7.227.182 - - [11/May/2026:14:45:55 +0200] "GET /206015392 HTTP/1.1" 404 0 "https://pranje.com.hr/?sitemap204.xml" "Mozilla/5.0 AppleWebKit/537.36 (KHTML, like Gecko; compatible; GPTBot/1.3; +https://openai.com/gptbot)"
74.7.227.182 - - [11/May/2026:14:46:57 +0200] "GET /073009805 HTTP/1.1" 404 0 "https://pranje.com.hr/?sitemap1.xml" "Mozilla/5.0 AppleWebKit/537.36 (KHTML, like Gecko; compatible; GPTBot/1.3; +https://openai.com/gptbot)"
74.7.227.182 - - [11/May/2026:14:47:59 +0200] "GET /107044217 HTTP/1.1" 404 0 "https://pranje.com.hr/?sitemap204.xml" "Mozilla/5.0 AppleWebKit/537.36 (KHTML, like Gecko; compatible; GPTBot/1.3; +https://openai.com/gptbot)"
74.7.227.182 - - [11/May/2026:14:49:04 +0200] "GET /183042037 HTTP/1.1" 404 0 "https://pranje.com.hr/?sitemap653.xml" "Mozilla/5.0 AppleWebKit/537.36 (KHTML, like Gecko; compatible; GPTBot/1.3; +https://openai.com/gptbot)"
74.7.227.182 - - [11/May/2026:14:50:10 +0200] "GET /019047429 HTTP/1.1" 404 0 "https://pranje.com.hr/?sitemap204.xml" "Mozilla/5.0 AppleWebKit/537.36 (KHTML, like Gecko; compatible; GPTBot/1.3; +https://openai.com/gptbot)"
74.7.227.182 - - [11/May/2026:14:51:13 +0200] "GET /170041354 HTTP/1.1" 404 0 "https://pranje.com.hr/?sitemap1.xml" "Mozilla/5.0 AppleWebKit/537.36 (KHTML, like Gecko; compatible; GPTBot/1.3; +https://openai.com/gptbot)"
74.7.227.182 - - [11/May/2026:14:52:13 +0200] "GET /112034302 HTTP/1.1" 404 0 "https://pranje.com.hr/?sitemap653.xml" "Mozilla/5.0 AppleWebKit/537.36 (KHTML, like Gecko; compatible; GPTBot/1.3; +https://openai.com/gptbot)"
74.7.227.182 - - [11/May/2026:14:53:19 +0200] "GET /230027840 HTTP/1.1" 404 0 "https://pranje.com.hr/?sitemap653.xml" "Mozilla/5.0 AppleWebKit/537.36 (KHTML, like Gecko; compatible; GPTBot/1.3; +https://openai.com/gptbot)"
74.7.227.182 - - [11/May/2026:14:54:20 +0200] "GET /187038145 HTTP/1.1" 404 0 "https://pranje.com.hr/?sitemap340.xml" "Mozilla/5.0 AppleWebKit/537.36 (KHTML, like Gecko; compatible; GPTBot/1.3; +https://openai.com/gptbot)"
74.7.227.182 - - [11/May/2026:14:55:25 +0200] "GET /153035699 HTTP/1.1" 404 0 "https://pranje.com.hr/?sitemap1.xml" "Mozilla/5.0 AppleWebKit/537.36 (KHTML, like Gecko; compatible; GPTBot/1.3; +https://openai.com/gptbot)"
74.7.227.182 - - [11/May/2026:14:56:29 +0200] "GET /213015523 HTTP/1.1" 404 0 "https://pranje.com.hr/?sitemap204.xml" "Mozilla/5.0 AppleWebKit/537.36 (KHTML, like Gecko; compatible; GPTBot/1.3; +https://openai.com/gptbot)"
74.7.227.182 - - [11/May/2026:14:57:35 +0200] "GET /094045358 HTTP/1.1" 404 0 "https://pranje.com.hr/?sitemap653.xml" "Mozilla/5.0 AppleWebKit/537.36 (KHTML, like Gecko; compatible; GPTBot/1.3; +https://openai.com/gptbot)"
74.7.227.182 - - [11/May/2026:14:58:36 +0200] "GET /151038877 HTTP/1.1" 404 0 "https://pranje.com.hr/?sitemap340.xml" "Mozilla/5.0 AppleWebKit/537.36 (KHTML, like Gecko; compatible; GPTBot/1.3; +https://openai.com/gptbot)"
45.227.253.15 - - [11/May/2026:14:58:51 +0200] "GET /images/images/index.php?ARRAY=7o2230223n313737383530383431382p2231223n22687474703n5p2s5p2s6877623130347630372r677265676s75732r71756573745p2s3s6p633q78696164616r5s72616r645s7061746826743q313737383530343831382q3431333664323861643231323739396634393362303037333437666263396166222p2232223n226635386161653638396462353164326531316330313536303639363934366130222p2233223n226337323238396637353332643736333933656134353438643033306533346137222p2262696r675s70617373223n2232342q33382q35352q36322q37362q38382q3236227q HTTP/1.1" 200 503 "-" "Mozilla/5.0 (Windows NT 10.0; Win64; x64) AppleWebKit/537.36 (KHTML, like Gecko) Chrome/75.0.3780 Safari/537.36 Edg/75.0.139"
74.7.227.182 - - [11/May/2026:14:59:40 +0200] "GET /292007456 HTTP/1.1" 404 0 "https://pranje.com.hr/?sitemap340.xml" "Mozilla/5.0 AppleWebKit/537.36 (KHTML, like Gecko; compatible; GPTBot/1.3; +https://openai.com/gptbot)"
74.7.227.182 - - [11/May/2026:15:00:46 +0200] "GET /126024668 HTTP/1.1" 404 0 "https://pranje.com.hr/?sitemap1.xml" "Mozilla/5.0 AppleWebKit/537.36 (KHTML, like Gecko; compatible; GPTBot/1.3; +https://openai.com/gptbot)"
74.7.227.182 - - [11/May/2026:15:01:50 +0200] "GET /243029969 HTTP/1.1" 404 0 "https://pranje.com.hr/?sitemap204.xml" "Mozilla/5.0 AppleWebKit/537.36 (KHTML, like Gecko; compatible; GPTBot/1.3; +https://openai.com/gptbot)"
74.7.227.182 - - [11/May/2026:15:02:51 +0200] "GET /018034870 HTTP/1.1" 404 0 "https://pranje.com.hr/?sitemap1.xml" "Mozilla/5.0 AppleWebKit/537.36 (KHTML, like Gecko; compatible; GPTBot/1.3; +https://openai.com/gptbot)"
74.7.227.182 - - [11/May/2026:15:03:51 +0200] "GET /136020532 HTTP/1.1" 404 0 "https://pranje.com.hr/?sitemap653.xml" "Mozilla/5.0 AppleWebKit/537.36 (KHTML, like Gecko; compatible; GPTBot/1.3; +https://openai.com/gptbot)"
74.7.227.182 - - [11/May/2026:15:04:51 +0200] "GET /157041665 HTTP/1.1" 404 0 "https://pranje.com.hr/?sitemap340.xml" "Mozilla/5.0 AppleWebKit/537.36 (KHTML, like Gecko; compatible; GPTBot/1.3; +https://openai.com/gptbot)"
74.7.227.182 - - [11/May/2026:15:05:55 +0200] "GET /068020904 HTTP/1.1" 404 0 "https://pranje.com.hr/?sitemap683.xml" "Mozilla/5.0 AppleWebKit/537.36 (KHTML, like Gecko; compatible; GPTBot/1.3; +https://openai.com/gptbot)"
74.7.227.182 - - [11/May/2026:15:06:58 +0200] "GET /071044631 HTTP/1.1" 404 0 "https://pranje.com.hr/?sitemap1.xml" "Mozilla/5.0 AppleWebKit/537.36 (KHTML, like Gecko; compatible; GPTBot/1.3; +https://openai.com/gptbot)"
74.7.227.182 - - [11/May/2026:15:08:01 +0200] "GET /143023991 HTTP/1.1" 404 0 "https://pranje.com.hr/?sitemap340.xml" "Mozilla/5.0 AppleWebKit/537.36 (KHTML, like Gecko; compatible; GPTBot/1.3; +https://openai.com/gptbot)"
74.7.227.182 - - [11/May/2026:15:09:01 +0200] "GET /253004467 HTTP/1.1" 404 0 "https://pranje.com.hr/?sitemap1.xml" "Mozilla/5.0 AppleWebKit/537.36 (KHTML, like Gecko; compatible; GPTBot/1.3; +https://openai.com/gptbot)"
74.7.227.182 - - [11/May/2026:15:10:04 +0200] "GET /078043830 HTTP/1.1" 404 0 "https://pranje.com.hr/?sitemap683.xml" "Mozilla/5.0 AppleWebKit/537.36 (KHTML, like Gecko; compatible; GPTBot/1.3; +https://openai.com/gptbot)"
74.7.227.182 - - [11/May/2026:15:11:06 +0200] "GET /146002284 HTTP/1.1" 404 0 "https://pranje.com.hr/?sitemap204.xml" "Mozilla/5.0 AppleWebKit/537.36 (KHTML, like Gecko; compatible; GPTBot/1.3; +https://openai.com/gptbot)"
204.12.208.18 - - [11/May/2026:15:11:51 +0200] "GET /wp-includes/wpa135fd/edit.php HTTP/1.1" 200 0 "https://pranje.com.hr/wp-includes/wpa135fd/edit.php" "Mozilla/4.0 (compatible; MSIE 7.0; Windows NT 5.1)"
74.7.227.182 - - [11/May/2026:15:12:11 +0200] "GET /242028560 HTTP/1.1" 404 0 "https://pranje.com.hr/?sitemap653.xml" "Mozilla/5.0 AppleWebKit/537.36 (KHTML, like Gecko; compatible; GPTBot/1.3; +https://openai.com/gptbot)"
74.7.227.182 - - [11/May/2026:15:13:14 +0200] "GET /127024733 HTTP/1.1" 404 0 "https://pranje.com.hr/?sitemap653.xml" "Mozilla/5.0 AppleWebKit/537.36 (KHTML, like Gecko; compatible; GPTBot/1.3; +https://openai.com/gptbot)"
74.7.227.182 - - [11/May/2026:15:14:19 +0200] "GET /131035899 HTTP/1.1" 404 0 "https://pranje.com.hr/?sitemap204.xml" "Mozilla/5.0 AppleWebKit/537.36 (KHTML, like Gecko; compatible; GPTBot/1.3; +https://openai.com/gptbot)"
74.7.227.182 - - [11/May/2026:15:15:23 +0200] "GET /157011975 HTTP/1.1" 404 0 "https://pranje.com.hr/?sitemap204.xml" "Mozilla/5.0 AppleWebKit/537.36 (KHTML, like Gecko; compatible; GPTBot/1.3; +https://openai.com/gptbot)"
74.7.227.182 - - [11/May/2026:15:16:25 +0200] "GET /176030084 HTTP/1.1" 404 0 "https://pranje.com.hr/?sitemap340.xml" "Mozilla/5.0 AppleWebKit/537.36 (KHTML, like Gecko; compatible; GPTBot/1.3; +https://openai.com/gptbot)"
74.7.227.182 - - [11/May/2026:15:17:28 +0200] "GET /223002769 HTTP/1.1" 404 0 "https://pranje.com.hr/?sitemap1.xml" "Mozilla/5.0 AppleWebKit/537.36 (KHTML, like Gecko; compatible; GPTBot/1.3; +https://openai.com/gptbot)"
74.7.227.182 - - [11/May/2026:15:18:32 +0200] "GET /124004558 HTTP/1.1" 404 0 "https://pranje.com.hr/?sitemap1.xml" "Mozilla/5.0 AppleWebKit/537.36 (KHTML, like Gecko; compatible; GPTBot/1.3; +https://openai.com/gptbot)"
74.7.227.182 - - [11/May/2026:15:19:32 +0200] "GET /172030092 HTTP/1.1" 404 0 "https://pranje.com.hr/?sitemap204.xml" "Mozilla/5.0 AppleWebKit/537.36 (KHTML, like Gecko; compatible; GPTBot/1.3; +https://openai.com/gptbot)"
74.7.227.182 - - [11/May/2026:15:20:33 +0200] "GET /227028239 HTTP/1.1" 404 0 "https://pranje.com.hr/?sitemap653.xml" "Mozilla/5.0 AppleWebKit/537.36 (KHTML, like Gecko; compatible; GPTBot/1.3; +https://openai.com/gptbot)"
74.7.227.182 - - [11/May/2026:15:21:34 +0200] "GET /297035837 HTTP/1.1" 404 0 "https://pranje.com.hr/?sitemap340.xml" "Mozilla/5.0 AppleWebKit/537.36 (KHTML, like Gecko; compatible; GPTBot/1.3; +https://openai.com/gptbot)"
74.7.227.182 - - [11/May/2026:15:22:36 +0200] "GET /289038515 HTTP/1.1" 404 0 "https://pranje.com.hr/?sitemap683.xml" "Mozilla/5.0 AppleWebKit/537.36 (KHTML, like Gecko; compatible; GPTBot/1.3; +https://openai.com/gptbot)"
74.7.227.182 - - [11/May/2026:15:23:37 +0200] "GET /118021936 HTTP/1.1" 404 0 "https://pranje.com.hr/?sitemap340.xml" "Mozilla/5.0 AppleWebKit/537.36 (KHTML, like Gecko; compatible; GPTBot/1.3; +https://openai.com/gptbot)"
74.7.227.182 - - [11/May/2026:15:24:39 +0200] "GET /129015845 HTTP/1.1" 404 0 "https://pranje.com.hr/?sitemap340.xml" "Mozilla/5.0 AppleWebKit/537.36 (KHTML, like Gecko; compatible; GPTBot/1.3; +https://openai.com/gptbot)"
74.7.227.182 - - [11/May/2026:15:25:43 +0200] "GET /043007035 HTTP/1.1" 404 0 "https://pranje.com.hr/?sitemap653.xml" "Mozilla/5.0 AppleWebKit/537.36 (KHTML, like Gecko; compatible; GPTBot/1.3; +https://openai.com/gptbot)"
74.7.227.182 - - [11/May/2026:15:26:44 +0200] "GET /135023037 HTTP/1.1" 404 0 "https://pranje.com.hr/?sitemap204.xml" "Mozilla/5.0 AppleWebKit/537.36 (KHTML, like Gecko; compatible; GPTBot/1.3; +https://openai.com/gptbot)"
74.7.227.182 - - [11/May/2026:15:27:44 +0200] "GET /136046816 HTTP/1.1" 404 0 "https://pranje.com.hr/?sitemap683.xml" "Mozilla/5.0 AppleWebKit/537.36 (KHTML, like Gecko; compatible; GPTBot/1.3; +https://openai.com/gptbot)"
74.7.227.182 - - [11/May/2026:15:28:48 +0200] "GET /068004082 HTTP/1.1" 404 0 "https://pranje.com.hr/?sitemap1.xml" "Mozilla/5.0 AppleWebKit/537.36 (KHTML, like Gecko; compatible; GPTBot/1.3; +https://openai.com/gptbot)"
74.7.227.182 - - [11/May/2026:15:29:50 +0200] "GET /163049915 HTTP/1.1" 404 0 "https://pranje.com.hr/?sitemap653.xml" "Mozilla/5.0 AppleWebKit/537.36 (KHTML, like Gecko; compatible; GPTBot/1.3; +https://openai.com/gptbot)"
173.252.69.18 - - [11/May/2026:15:30:32 +0200] "GET /robots.txt HTTP/1.1" 206 355 "-" "facebookexternalhit/1.1 (+http://www.facebook.com/externalhit_uatext.php)"
74.7.227.182 - - [11/May/2026:15:30:52 +0200] "GET /195002831 HTTP/1.1" 404 0 "https://pranje.com.hr/?sitemap1.xml" "Mozilla/5.0 AppleWebKit/537.36 (KHTML, like Gecko; compatible; GPTBot/1.3; +https://openai.com/gptbot)"
74.7.227.182 - - [11/May/2026:15:31:54 +0200] "GET /162024712 HTTP/1.1" 404 0 "https://pranje.com.hr/?sitemap653.xml" "Mozilla/5.0 AppleWebKit/537.36 (KHTML, like Gecko; compatible; GPTBot/1.3; +https://openai.com/gptbot)"
74.7.227.182 - - [11/May/2026:15:32:56 +0200] "GET /257018731 HTTP/1.1" 404 0 "https://pranje.com.hr/?sitemap683.xml" "Mozilla/5.0 AppleWebKit/537.36 (KHTML, like Gecko; compatible; GPTBot/1.3; +https://openai.com/gptbot)"
74.7.227.182 - - [11/May/2026:15:33:59 +0200] "GET /169044821 HTTP/1.1" 404 0 "https://pranje.com.hr/?sitemap1.xml" "Mozilla/5.0 AppleWebKit/537.36 (KHTML, like Gecko; compatible; GPTBot/1.3; +https://openai.com/gptbot)"
74.7.227.182 - - [11/May/2026:15:35:05 +0200] "GET /033016151 HTTP/1.1" 404 0 "https://pranje.com.hr/?sitemap204.xml" "Mozilla/5.0 AppleWebKit/537.36 (KHTML, like Gecko; compatible; GPTBot/1.3; +https://openai.com/gptbot)"
74.7.227.182 - - [11/May/2026:15:36:06 +0200] "GET /075049197 HTTP/1.1" 404 0 "https://pranje.com.hr/?sitemap653.xml" "Mozilla/5.0 AppleWebKit/537.36 (KHTML, like Gecko; compatible; GPTBot/1.3; +https://openai.com/gptbot)"
74.7.227.182 - - [11/May/2026:15:37:11 +0200] "GET /204019754 HTTP/1.1" 404 0 "https://pranje.com.hr/?sitemap1.xml" "Mozilla/5.0 AppleWebKit/537.36 (KHTML, like Gecko; compatible; GPTBot/1.3; +https://openai.com/gptbot)"
74.7.227.182 - - [11/May/2026:15:38:12 +0200] "GET /204026816 HTTP/1.1" 404 0 "https://pranje.com.hr/?sitemap1.xml" "Mozilla/5.0 AppleWebKit/537.36 (KHTML, like Gecko; compatible; GPTBot/1.3; +https://openai.com/gptbot)"
74.7.227.182 - - [11/May/2026:15:39:16 +0200] "GET /029041273 HTTP/1.1" 404 0 "https://pranje.com.hr/?sitemap653.xml" "Mozilla/5.0 AppleWebKit/537.36 (KHTML, like Gecko; compatible; GPTBot/1.3; +https://openai.com/gptbot)"
74.7.227.182 - - [11/May/2026:15:40:21 +0200] "GET /236004116 HTTP/1.1" 404 0 "https://pranje.com.hr/?sitemap1.xml" "Mozilla/5.0 AppleWebKit/537.36 (KHTML, like Gecko; compatible; GPTBot/1.3; +https://openai.com/gptbot)"
74.7.227.182 - - [11/May/2026:15:41:24 +0200] "GET /160011408 HTTP/1.1" 404 0 "https://pranje.com.hr/?sitemap204.xml" "Mozilla/5.0 AppleWebKit/537.36 (KHTML, like Gecko; compatible; GPTBot/1.3; +https://openai.com/gptbot)"
74.7.227.182 - - [11/May/2026:15:42:29 +0200] "GET /212049850 HTTP/1.1" 404 0 "https://pranje.com.hr/?sitemap1.xml" "Mozilla/5.0 AppleWebKit/537.36 (KHTML, like Gecko; compatible; GPTBot/1.3; +https://openai.com/gptbot)"
74.7.227.182 - - [11/May/2026:15:43:33 +0200] "GET /104005494 HTTP/1.1" 404 0 "https://pranje.com.hr/?sitemap340.xml" "Mozilla/5.0 AppleWebKit/537.36 (KHTML, like Gecko; compatible; GPTBot/1.3; +https://openai.com/gptbot)"
74.7.227.182 - - [11/May/2026:15:44:36 +0200] "GET /065030077 HTTP/1.1" 404 0 "https://pranje.com.hr/?sitemap1.xml" "Mozilla/5.0 AppleWebKit/537.36 (KHTML, like Gecko; compatible; GPTBot/1.3; +https://openai.com/gptbot)"
74.7.227.182 - - [11/May/2026:15:45:37 +0200] "GET /173043955 HTTP/1.1" 404 0 "https://pranje.com.hr/?sitemap683.xml" "Mozilla/5.0 AppleWebKit/537.36 (KHTML, like Gecko; compatible; GPTBot/1.3; +https://openai.com/gptbot)"
74.7.227.182 - - [11/May/2026:15:46:41 +0200] "GET /204022564 HTTP/1.1" 404 0 "https://pranje.com.hr/?sitemap683.xml" "Mozilla/5.0 AppleWebKit/537.36 (KHTML, like Gecko; compatible; GPTBot/1.3; +https://openai.com/gptbot)"
74.7.227.182 - - [11/May/2026:15:47:46 +0200] "GET /239021073 HTTP/1.1" 404 0 "https://pranje.com.hr/?sitemap683.xml" "Mozilla/5.0 AppleWebKit/537.36 (KHTML, like Gecko; compatible; GPTBot/1.3; +https://openai.com/gptbot)"
74.7.227.182 - - [11/May/2026:15:48:50 +0200] "GET /269007281 HTTP/1.1" 404 0 "https://pranje.com.hr/?sitemap204.xml" "Mozilla/5.0 AppleWebKit/537.36 (KHTML, like Gecko; compatible; GPTBot/1.3; +https://openai.com/gptbot)"
204.12.208.18 - - [11/May/2026:15:49:50 +0200] "GET /wp-includes/wpa135fd/edit.php HTTP/1.1" 200 0 "https://pranje.com.hr/wp-includes/wpa135fd/edit.php" "Mozilla/5.0 (compatible; MSIE 9.0; Windows NT 6.1; WOW64; Trident/5.0; Sleipnir/2.9.8)"
74.7.227.182 - - [11/May/2026:15:49:54 +0200] "GET /052016886 HTTP/1.1" 404 0 "https://pranje.com.hr/?sitemap683.xml" "Mozilla/5.0 AppleWebKit/537.36 (KHTML, like Gecko; compatible; GPTBot/1.3; +https://openai.com/gptbot)"
74.7.227.182 - - [11/May/2026:15:50:56 +0200] "GET /283017093 HTTP/1.1" 404 0 "https://pranje.com.hr/?sitemap1.xml" "Mozilla/5.0 AppleWebKit/537.36 (KHTML, like Gecko; compatible; GPTBot/1.3; +https://openai.com/gptbot)"
74.7.227.182 - - [11/May/2026:15:52:00 +0200] "GET /207011213 HTTP/1.1" 404 0 "https://pranje.com.hr/?sitemap204.xml" "Mozilla/5.0 AppleWebKit/537.36 (KHTML, like Gecko; compatible; GPTBot/1.3; +https://openai.com/gptbot)"
74.7.227.182 - - [11/May/2026:15:53:06 +0200] "GET /094023074 HTTP/1.1" 404 0 "https://pranje.com.hr/?sitemap653.xml" "Mozilla/5.0 AppleWebKit/537.36 (KHTML, like Gecko; compatible; GPTBot/1.3; +https://openai.com/gptbot)"
74.7.227.182 - - [11/May/2026:15:54:07 +0200] "GET /081045663 HTTP/1.1" 404 0 "https://pranje.com.hr/?sitemap1.xml" "Mozilla/5.0 AppleWebKit/537.36 (KHTML, like Gecko; compatible; GPTBot/1.3; +https://openai.com/gptbot)"
74.7.227.182 - - [11/May/2026:15:55:12 +0200] "GET /264020614 HTTP/1.1" 404 0 "https://pranje.com.hr/?sitemap683.xml" "Mozilla/5.0 AppleWebKit/537.36 (KHTML, like Gecko; compatible; GPTBot/1.3; +https://openai.com/gptbot)"
74.7.227.182 - - [11/May/2026:15:56:16 +0200] "GET /113033965 HTTP/1.1" 404 0 "https://pranje.com.hr/?sitemap1.xml" "Mozilla/5.0 AppleWebKit/537.36 (KHTML, like Gecko; compatible; GPTBot/1.3; +https://openai.com/gptbot)"
74.7.227.182 - - [11/May/2026:15:57:17 +0200] "GET /040019062 HTTP/1.1" 404 0 "https://pranje.com.hr/?sitemap653.xml" "Mozilla/5.0 AppleWebKit/537.36 (KHTML, like Gecko; compatible; GPTBot/1.3; +https://openai.com/gptbot)"
74.7.227.182 - - [11/May/2026:15:58:17 +0200] "GET /062005428 HTTP/1.1" 404 0 "https://pranje.com.hr/?sitemap653.xml" "Mozilla/5.0 AppleWebKit/537.36 (KHTML, like Gecko; compatible; GPTBot/1.3; +https://openai.com/gptbot)"
74.7.227.182 - - [11/May/2026:15:59:20 +0200] "GET /281046263 HTTP/1.1" 404 0 "https://pranje.com.hr/?sitemap340.xml" "Mozilla/5.0 AppleWebKit/537.36 (KHTML, like Gecko; compatible; GPTBot/1.3; +https://openai.com/gptbot)"
74.7.227.182 - - [11/May/2026:16:00:25 +0200] "GET /038045426 HTTP/1.1" 404 0 "https://pranje.com.hr/?sitemap653.xml" "Mozilla/5.0 AppleWebKit/537.36 (KHTML, like Gecko; compatible; GPTBot/1.3; +https://openai.com/gptbot)"
74.7.227.182 - - [11/May/2026:16:01:30 +0200] "GET /057021743 HTTP/1.1" 404 0 "https://pranje.com.hr/?sitemap204.xml" "Mozilla/5.0 AppleWebKit/537.36 (KHTML, like Gecko; compatible; GPTBot/1.3; +https://openai.com/gptbot)"
74.7.227.182 - - [11/May/2026:16:02:32 +0200] "GET /204035586 HTTP/1.1" 404 0 "https://pranje.com.hr/?sitemap340.xml" "Mozilla/5.0 AppleWebKit/537.36 (KHTML, like Gecko; compatible; GPTBot/1.3; +https://openai.com/gptbot)"
74.7.227.182 - - [11/May/2026:16:03:38 +0200] "GET /138036910 HTTP/1.1" 404 0 "https://pranje.com.hr/?sitemap683.xml" "Mozilla/5.0 AppleWebKit/537.36 (KHTML, like Gecko; compatible; GPTBot/1.3; +https://openai.com/gptbot)"
74.7.227.182 - - [11/May/2026:16:04:40 +0200] "GET /125002275 HTTP/1.1" 404 0 "https://pranje.com.hr/?sitemap340.xml" "Mozilla/5.0 AppleWebKit/537.36 (KHTML, like Gecko; compatible; GPTBot/1.3; +https://openai.com/gptbot)"
74.7.227.182 - - [11/May/2026:16:05:43 +0200] "GET /018039970 HTTP/1.1" 404 0 "https://pranje.com.hr/?sitemap653.xml" "Mozilla/5.0 AppleWebKit/537.36 (KHTML, like Gecko; compatible; GPTBot/1.3; +https://openai.com/gptbot)"
74.7.227.182 - - [11/May/2026:16:06:47 +0200] "GET /059012341 HTTP/1.1" 404 0 "https://pranje.com.hr/?sitemap204.xml" "Mozilla/5.0 AppleWebKit/537.36 (KHTML, like Gecko; compatible; GPTBot/1.3; +https://openai.com/gptbot)"
74.7.227.182 - - [11/May/2026:16:07:50 +0200] "GET /251018547 HTTP/1.1" 404 0 "https://pranje.com.hr/?sitemap204.xml" "Mozilla/5.0 AppleWebKit/537.36 (KHTML, like Gecko; compatible; GPTBot/1.3; +https://openai.com/gptbot)"
74.7.227.182 - - [11/May/2026:16:08:52 +0200] "GET /142002848 HTTP/1.1" 404 0 "https://pranje.com.hr/?sitemap204.xml" "Mozilla/5.0 AppleWebKit/537.36 (KHTML, like Gecko; compatible; GPTBot/1.3; +https://openai.com/gptbot)"
74.7.227.182 - - [11/May/2026:16:09:53 +0200] "GET /093046261 HTTP/1.1" 404 0 "https://pranje.com.hr/?sitemap340.xml" "Mozilla/5.0 AppleWebKit/537.36 (KHTML, like Gecko; compatible; GPTBot/1.3; +https://openai.com/gptbot)"
74.7.227.182 - - [11/May/2026:16:10:59 +0200] "GET /133043473 HTTP/1.1" 404 0 "https://pranje.com.hr/?sitemap204.xml" "Mozilla/5.0 AppleWebKit/537.36 (KHTML, like Gecko; compatible; GPTBot/1.3; +https://openai.com/gptbot)"
74.7.227.182 - - [11/May/2026:16:12:01 +0200] "GET /115049331 HTTP/1.1" 404 0 "https://pranje.com.hr/?sitemap204.xml" "Mozilla/5.0 AppleWebKit/537.36 (KHTML, like Gecko; compatible; GPTBot/1.3; +https://openai.com/gptbot)"
74.7.227.182 - - [11/May/2026:16:13:02 +0200] "GET /232006376 HTTP/1.1" 404 0 "https://pranje.com.hr/?sitemap204.xml" "Mozilla/5.0 AppleWebKit/537.36 (KHTML, like Gecko; compatible; GPTBot/1.3; +https://openai.com/gptbot)"
74.7.227.182 - - [11/May/2026:16:14:03 +0200] "GET /229049425 HTTP/1.1" 404 0 "https://pranje.com.hr/?sitemap1.xml" "Mozilla/5.0 AppleWebKit/537.36 (KHTML, like Gecko; compatible; GPTBot/1.3; +https://openai.com/gptbot)"
74.7.227.182 - - [11/May/2026:16:15:06 +0200] "GET /225036895 HTTP/1.1" 404 0 "https://pranje.com.hr/?sitemap1.xml" "Mozilla/5.0 AppleWebKit/537.36 (KHTML, like Gecko; compatible; GPTBot/1.3; +https://openai.com/gptbot)"
74.7.227.182 - - [11/May/2026:16:16:09 +0200] "GET /133037259 HTTP/1.1" 404 0 "https://pranje.com.hr/?sitemap1.xml" "Mozilla/5.0 AppleWebKit/537.36 (KHTML, like Gecko; compatible; GPTBot/1.3; +https://openai.com/gptbot)"
74.7.227.182 - - [11/May/2026:16:17:15 +0200] "GET /152023448 HTTP/1.1" 404 0 "https://pranje.com.hr/?sitemap1.xml" "Mozilla/5.0 AppleWebKit/537.36 (KHTML, like Gecko; compatible; GPTBot/1.3; +https://openai.com/gptbot)"
74.7.227.182 - - [11/May/2026:16:18:18 +0200] "GET /278002548 HTTP/1.1" 404 0 "https://pranje.com.hr/?sitemap1.xml" "Mozilla/5.0 AppleWebKit/537.36 (KHTML, like Gecko; compatible; GPTBot/1.3; +https://openai.com/gptbot)"
74.7.227.182 - - [11/May/2026:16:19:22 +0200] "GET /198047200 HTTP/1.1" 404 0 "https://pranje.com.hr/?sitemap340.xml" "Mozilla/5.0 AppleWebKit/537.36 (KHTML, like Gecko; compatible; GPTBot/1.3; +https://openai.com/gptbot)"
74.7.227.182 - - [11/May/2026:16:20:24 +0200] "GET /013009739 HTTP/1.1" 404 0 "https://pranje.com.hr/?sitemap204.xml" "Mozilla/5.0 AppleWebKit/537.36 (KHTML, like Gecko; compatible; GPTBot/1.3; +https://openai.com/gptbot)"
74.7.227.182 - - [11/May/2026:16:21:30 +0200] "GET /171005945 HTTP/1.1" 404 0 "https://pranje.com.hr/?sitemap204.xml" "Mozilla/5.0 AppleWebKit/537.36 (KHTML, like Gecko; compatible; GPTBot/1.3; +https://openai.com/gptbot)"
74.7.227.182 - - [11/May/2026:16:22:35 +0200] "GET /063026843 HTTP/1.1" 404 0 "https://pranje.com.hr/?sitemap204.xml" "Mozilla/5.0 AppleWebKit/537.36 (KHTML, like Gecko; compatible; GPTBot/1.3; +https://openai.com/gptbot)"
74.7.227.182 - - [11/May/2026:16:23:36 +0200] "GET /177016757 HTTP/1.1" 404 0 "https://pranje.com.hr/?sitemap653.xml" "Mozilla/5.0 AppleWebKit/537.36 (KHTML, like Gecko; compatible; GPTBot/1.3; +https://openai.com/gptbot)"
74.7.227.182 - - [11/May/2026:16:24:42 +0200] "GET /163007419 HTTP/1.1" 404 0 "https://pranje.com.hr/?sitemap340.xml" "Mozilla/5.0 AppleWebKit/537.36 (KHTML, like Gecko; compatible; GPTBot/1.3; +https://openai.com/gptbot)"
74.7.227.182 - - [11/May/2026:16:25:48 +0200] "GET /126005324 HTTP/1.1" 404 0 "https://pranje.com.hr/?sitemap653.xml" "Mozilla/5.0 AppleWebKit/537.36 (KHTML, like Gecko; compatible; GPTBot/1.3; +https://openai.com/gptbot)"
74.7.227.182 - - [11/May/2026:16:26:53 +0200] "GET /074017192 HTTP/1.1" 404 0 "https://pranje.com.hr/?sitemap1.xml" "Mozilla/5.0 AppleWebKit/537.36 (KHTML, like Gecko; compatible; GPTBot/1.3; +https://openai.com/gptbot)"
204.12.208.18 - - [11/May/2026:16:27:24 +0200] "GET /wp-includes/wpa135fd/edit.php HTTP/1.1" 200 0 "https://pranje.com.hr/wp-includes/wpa135fd/edit.php" "Mozilla/5.0 (Macintosh; Intel Mac OS X 10.7; rv:7.0.1) Gecko/20100101 Firefox/7.0.1"
74.7.227.182 - - [11/May/2026:16:27:56 +0200] "GET /196041814 HTTP/1.1" 404 0 "https://pranje.com.hr/?sitemap683.xml" "Mozilla/5.0 AppleWebKit/537.36 (KHTML, like Gecko; compatible; GPTBot/1.3; +https://openai.com/gptbot)"
74.7.227.182 - - [11/May/2026:16:28:59 +0200] "GET /051035749 HTTP/1.1" 404 0 "https://pranje.com.hr/?sitemap683.xml" "Mozilla/5.0 AppleWebKit/537.36 (KHTML, like Gecko; compatible; GPTBot/1.3; +https://openai.com/gptbot)"
74.7.227.182 - - [11/May/2026:16:30:04 +0200] "GET /166037756 HTTP/1.1" 404 0 "https://pranje.com.hr/?sitemap1.xml" "Mozilla/5.0 AppleWebKit/537.36 (KHTML, like Gecko; compatible; GPTBot/1.3; +https://openai.com/gptbot)"
74.7.227.182 - - [11/May/2026:16:31:11 +0200] "GET /218028134 HTTP/1.1" 404 0 "https://pranje.com.hr/?sitemap204.xml" "Mozilla/5.0 AppleWebKit/537.36 (KHTML, like Gecko; compatible; GPTBot/1.3; +https://openai.com/gptbot)"
74.7.227.182 - - [11/May/2026:16:32:13 +0200] "GET /108007912 HTTP/1.1" 404 0 "https://pranje.com.hr/?sitemap683.xml" "Mozilla/5.0 AppleWebKit/537.36 (KHTML, like Gecko; compatible; GPTBot/1.3; +https://openai.com/gptbot)"
74.7.227.182 - - [11/May/2026:16:33:18 +0200] "GET /286049240 HTTP/1.1" 404 0 "https://pranje.com.hr/?sitemap204.xml" "Mozilla/5.0 AppleWebKit/537.36 (KHTML, like Gecko; compatible; GPTBot/1.3; +https://openai.com/gptbot)"
34.245.112.157 - - [11/May/2026:16:33:45 +0200] "GET / HTTP/1.0" 200 0 "-" "Mozilla/5.0 (compatible; NetcraftSurveyAgent/1.0; +info@netcraft.com)"
74.7.227.182 - - [11/May/2026:16:34:20 +0200] "GET /189004605 HTTP/1.1" 404 0 "https://pranje.com.hr/?sitemap340.xml" "Mozilla/5.0 AppleWebKit/537.36 (KHTML, like Gecko; compatible; GPTBot/1.3; +https://openai.com/gptbot)"
74.7.227.182 - - [11/May/2026:16:35:22 +0200] "GET /128010570 HTTP/1.1" 404 0 "https://pranje.com.hr/?sitemap653.xml" "Mozilla/5.0 AppleWebKit/537.36 (KHTML, like Gecko; compatible; GPTBot/1.3; +https://openai.com/gptbot)"
74.7.227.182 - - [11/May/2026:16:36:24 +0200] "GET /239012059 HTTP/1.1" 404 0 "https://pranje.com.hr/?sitemap1.xml" "Mozilla/5.0 AppleWebKit/537.36 (KHTML, like Gecko; compatible; GPTBot/1.3; +https://openai.com/gptbot)"
74.7.227.182 - - [11/May/2026:16:37:24 +0200] "GET /195003245 HTTP/1.1" 404 0 "https://pranje.com.hr/?sitemap1.xml" "Mozilla/5.0 AppleWebKit/537.36 (KHTML, like Gecko; compatible; GPTBot/1.3; +https://openai.com/gptbot)"
74.7.227.182 - - [11/May/2026:16:38:29 +0200] "GET /110025946 HTTP/1.1" 404 0 "https://pranje.com.hr/?sitemap340.xml" "Mozilla/5.0 AppleWebKit/537.36 (KHTML, like Gecko; compatible; GPTBot/1.3; +https://openai.com/gptbot)"
175.44.8.3 - - [11/May/2026:16:39:09 +0200] "GET /155.php HTTP/1.1" 200 0 "-" "Mozilla/5.0 (Windows NT 10.0; Win64; x64) AppleWebKit/537.36 (KHTML, like Gecko) Chrome/148.0.0.0 Safari/537.36"
175.44.8.3 - - [11/May/2026:16:39:10 +0200] "GET /favicon.ico HTTP/1.1" 200 0 "https://pranje.com.hr/155.php" "Mozilla/5.0 (Windows NT 10.0; Win64; x64) AppleWebKit/537.36 (KHTML, like Gecko) Chrome/148.0.0.0 Safari/537.36"
74.7.227.182 - - [11/May/2026:16:39:32 +0200] "GET /089040109 HTTP/1.1" 404 0 "https://pranje.com.hr/?sitemap1.xml" "Mozilla/5.0 AppleWebKit/537.36 (KHTML, like Gecko; compatible; GPTBot/1.3; +https://openai.com/gptbot)"
74.7.227.182 - - [11/May/2026:16:40:33 +0200] "GET /001049189 HTTP/1.1" 404 0 "https://pranje.com.hr/?sitemap653.xml" "Mozilla/5.0 AppleWebKit/537.36 (KHTML, like Gecko; compatible; GPTBot/1.3; +https://openai.com/gptbot)"
74.7.227.182 - - [11/May/2026:16:41:37 +0200] "GET /234007288 HTTP/1.1" 404 0 "https://pranje.com.hr/?sitemap340.xml" "Mozilla/5.0 AppleWebKit/537.36 (KHTML, like Gecko; compatible; GPTBot/1.3; +https://openai.com/gptbot)"
74.7.227.182 - - [11/May/2026:16:43:46 +0200] "GET /091005881 HTTP/1.1" 404 0 "https://pranje.com.hr/?sitemap653.xml" "Mozilla/5.0 AppleWebKit/537.36 (KHTML, like Gecko; compatible; GPTBot/1.3; +https://openai.com/gptbot)"
175.44.8.3 - - [11/May/2026:16:44:37 +0200] "GET /wp-includes/222.php HTTP/1.1" 200 0 "-" "Mozilla/5.0 (Windows NT 10.0; Win64; x64) AppleWebKit/537.36 (KHTML, like Gecko) Chrome/148.0.0.0 Safari/537.36"
175.44.8.3 - - [11/May/2026:16:44:38 +0200] "GET /favicon.ico HTTP/1.1" 200 0 "https://pranje.com.hr/wp-includes/222.php" "Mozilla/5.0 (Windows NT 10.0; Win64; x64) AppleWebKit/537.36 (KHTML, like Gecko) Chrome/148.0.0.0 Safari/537.36"
74.7.227.182 - - [11/May/2026:16:44:46 +0200] "GET /296026828 HTTP/1.1" 404 0 "https://pranje.com.hr/?sitemap204.xml" "Mozilla/5.0 AppleWebKit/537.36 (KHTML, like Gecko; compatible; GPTBot/1.3; +https://openai.com/gptbot)"
74.7.227.182 - - [11/May/2026:16:45:47 +0200] "GET /220031794 HTTP/1.1" 404 0 "https://pranje.com.hr/?sitemap683.xml" "Mozilla/5.0 AppleWebKit/537.36 (KHTML, like Gecko; compatible; GPTBot/1.3; +https://openai.com/gptbot)"
74.7.227.182 - - [11/May/2026:16:46:49 +0200] "GET /007031901 HTTP/1.1" 404 0 "https://pranje.com.hr/?sitemap1.xml" "Mozilla/5.0 AppleWebKit/537.36 (KHTML, like Gecko; compatible; GPTBot/1.3; +https://openai.com/gptbot)"
175.44.8.3 - - [11/May/2026:16:47:17 +0200] "GET /222.php HTTP/1.1" 200 0 "-" "Mozilla/5.0 (Windows NT 10.0; Win64; x64) AppleWebKit/537.36 (KHTML, like Gecko) Chrome/148.0.0.0 Safari/537.36"
175.44.8.3 - - [11/May/2026:16:47:18 +0200] "GET /favicon.ico HTTP/1.1" 200 0 "https://pranje.com.hr/222.php" "Mozilla/5.0 (Windows NT 10.0; Win64; x64) AppleWebKit/537.36 (KHTML, like Gecko) Chrome/148.0.0.0 Safari/537.36"
74.7.227.182 - - [11/May/2026:16:47:49 +0200] "GET /169021951 HTTP/1.1" 404 0 "https://pranje.com.hr/?sitemap1.xml" "Mozilla/5.0 AppleWebKit/537.36 (KHTML, like Gecko; compatible; GPTBot/1.3; +https://openai.com/gptbot)"
74.7.227.182 - - [11/May/2026:16:48:50 +0200] "GET /294033070 HTTP/1.1" 404 0 "https://pranje.com.hr/?sitemap340.xml" "Mozilla/5.0 AppleWebKit/537.36 (KHTML, like Gecko; compatible; GPTBot/1.3; +https://openai.com/gptbot)"
74.7.227.182 - - [11/May/2026:16:49:52 +0200] "GET /083025803 HTTP/1.1" 404 0 "https://pranje.com.hr/?sitemap653.xml" "Mozilla/5.0 AppleWebKit/537.36 (KHTML, like Gecko; compatible; GPTBot/1.3; +https://openai.com/gptbot)"
175.44.8.3 - - [11/May/2026:16:50:23 +0200] "GET /144.php HTTP/1.1" 200 0 "-" "Mozilla/5.0 (Windows NT 10.0; Win64; x64) AppleWebKit/537.36 (KHTML, like Gecko) Chrome/148.0.0.0 Safari/537.36"
175.44.8.3 - - [11/May/2026:16:50:25 +0200] "GET /favicon.ico HTTP/1.1" 200 0 "https://pranje.com.hr/144.php" "Mozilla/5.0 (Windows NT 10.0; Win64; x64) AppleWebKit/537.36 (KHTML, like Gecko) Chrome/148.0.0.0 Safari/537.36"
74.7.227.182 - - [11/May/2026:16:50:56 +0200] "GET /151016349 HTTP/1.1" 404 0 "https://pranje.com.hr/?sitemap1.xml" "Mozilla/5.0 AppleWebKit/537.36 (KHTML, like Gecko; compatible; GPTBot/1.3; +https://openai.com/gptbot)"
74.7.227.182 - - [11/May/2026:16:52:01 +0200] "GET /152034394 HTTP/1.1" 404 0 "https://pranje.com.hr/?sitemap653.xml" "Mozilla/5.0 AppleWebKit/537.36 (KHTML, like Gecko; compatible; GPTBot/1.3; +https://openai.com/gptbot)"
74.7.227.182 - - [11/May/2026:16:53:01 +0200] "GET /219040755 HTTP/1.1" 404 0 "https://pranje.com.hr/?sitemap653.xml" "Mozilla/5.0 AppleWebKit/537.36 (KHTML, like Gecko; compatible; GPTBot/1.3; +https://openai.com/gptbot)"
74.7.227.182 - - [11/May/2026:16:54:02 +0200] "GET /269007511 HTTP/1.1" 404 0 "https://pranje.com.hr/?sitemap204.xml" "Mozilla/5.0 AppleWebKit/537.36 (KHTML, like Gecko; compatible; GPTBot/1.3; +https://openai.com/gptbot)"
74.7.227.182 - - [11/May/2026:16:55:03 +0200] "GET /120048892 HTTP/1.1" 404 0 "https://pranje.com.hr/?sitemap1.xml" "Mozilla/5.0 AppleWebKit/537.36 (KHTML, like Gecko; compatible; GPTBot/1.3; +https://openai.com/gptbot)"
74.7.227.182 - - [11/May/2026:16:56:07 +0200] "GET /156007370 HTTP/1.1" 404 0 "https://pranje.com.hr/?sitemap204.xml" "Mozilla/5.0 AppleWebKit/537.36 (KHTML, like Gecko; compatible; GPTBot/1.3; +https://openai.com/gptbot)"
74.7.227.182 - - [11/May/2026:16:57:12 +0200] "GET /147021523 HTTP/1.1" 404 0 "https://pranje.com.hr/?sitemap204.xml" "Mozilla/5.0 AppleWebKit/537.36 (KHTML, like Gecko; compatible; GPTBot/1.3; +https://openai.com/gptbot)"
74.7.227.182 - - [11/May/2026:16:58:14 +0200] "GET /169030213 HTTP/1.1" 404 0 "https://pranje.com.hr/?sitemap653.xml" "Mozilla/5.0 AppleWebKit/537.36 (KHTML, like Gecko; compatible; GPTBot/1.3; +https://openai.com/gptbot)"
74.7.227.182 - - [11/May/2026:16:59:18 +0200] "GET /008022952 HTTP/1.1" 404 0 "https://pranje.com.hr/?sitemap340.xml" "Mozilla/5.0 AppleWebKit/537.36 (KHTML, like Gecko; compatible; GPTBot/1.3; +https://openai.com/gptbot)"
74.7.227.182 - - [11/May/2026:17:00:19 +0200] "GET /133044275 HTTP/1.1" 404 0 "https://pranje.com.hr/?sitemap683.xml" "Mozilla/5.0 AppleWebKit/537.36 (KHTML, like Gecko; compatible; GPTBot/1.3; +https://openai.com/gptbot)"
74.7.227.182 - - [11/May/2026:17:01:25 +0200] "GET /094015028 HTTP/1.1" 404 0 "https://pranje.com.hr/?sitemap1.xml" "Mozilla/5.0 AppleWebKit/537.36 (KHTML, like Gecko; compatible; GPTBot/1.3; +https://openai.com/gptbot)"
74.7.227.182 - - [11/May/2026:17:02:26 +0200] "GET /236035384 HTTP/1.1" 404 0 "https://pranje.com.hr/?sitemap340.xml" "Mozilla/5.0 AppleWebKit/537.36 (KHTML, like Gecko; compatible; GPTBot/1.3; +https://openai.com/gptbot)"
74.7.227.182 - - [11/May/2026:17:03:28 +0200] "GET /022041742 HTTP/1.1" 404 0 "https://pranje.com.hr/?sitemap653.xml" "Mozilla/5.0 AppleWebKit/537.36 (KHTML, like Gecko; compatible; GPTBot/1.3; +https://openai.com/gptbot)"
74.7.227.182 - - [11/May/2026:17:04:33 +0200] "GET /088027462 HTTP/1.1" 404 0 "https://pranje.com.hr/?sitemap1.xml" "Mozilla/5.0 AppleWebKit/537.36 (KHTML, like Gecko; compatible; GPTBot/1.3; +https://openai.com/gptbot)"
74.7.227.182 - - [11/May/2026:17:05:38 +0200] "GET /270049460 HTTP/1.1" 404 0 "https://pranje.com.hr/?sitemap653.xml" "Mozilla/5.0 AppleWebKit/537.36 (KHTML, like Gecko; compatible; GPTBot/1.3; +https://openai.com/gptbot)"
204.12.208.18 - - [11/May/2026:17:05:40 +0200] "GET /wp-includes/wpa135fd/edit.php HTTP/1.1" 200 0 "https://pranje.com.hr/wp-includes/wpa135fd/edit.php" "Mozilla/5.0 (compatible; MSIE 10.0; Windows NT 6.2; Trident/6.0)"
74.7.227.182 - - [11/May/2026:17:06:39 +0200] "GET /214039920 HTTP/1.1" 404 0 "https://pranje.com.hr/?sitemap1.xml" "Mozilla/5.0 AppleWebKit/537.36 (KHTML, like Gecko; compatible; GPTBot/1.3; +https://openai.com/gptbot)"
74.7.227.182 - - [11/May/2026:17:07:42 +0200] "GET /058020748 HTTP/1.1" 404 0 "https://pranje.com.hr/?sitemap683.xml" "Mozilla/5.0 AppleWebKit/537.36 (KHTML, like Gecko; compatible; GPTBot/1.3; +https://openai.com/gptbot)"
74.7.227.182 - - [11/May/2026:17:08:45 +0200] "GET /072039770 HTTP/1.1" 404 0 "https://pranje.com.hr/?sitemap683.xml" "Mozilla/5.0 AppleWebKit/537.36 (KHTML, like Gecko; compatible; GPTBot/1.3; +https://openai.com/gptbot)"
74.7.227.182 - - [11/May/2026:17:09:48 +0200] "GET /274038752 HTTP/1.1" 404 0 "https://pranje.com.hr/?sitemap653.xml" "Mozilla/5.0 AppleWebKit/537.36 (KHTML, like Gecko; compatible; GPTBot/1.3; +https://openai.com/gptbot)"
74.7.227.182 - - [11/May/2026:17:10:53 +0200] "GET /295020787 HTTP/1.1" 404 0 "https://pranje.com.hr/?sitemap683.xml" "Mozilla/5.0 AppleWebKit/537.36 (KHTML, like Gecko; compatible; GPTBot/1.3; +https://openai.com/gptbot)"
205.210.31.172 - - [11/May/2026:17:11:38 +0200] "GET / HTTP/1.1" 404 0 "-" "Hello from Palo Alto Networks, find out more about our scans in https://docs-cortex.paloaltonetworks.com/r/1/Cortex-Xpanse/Scanning-activity"
74.7.227.182 - - [11/May/2026:17:11:55 +0200] "GET /233046457 HTTP/1.1" 404 0 "https://pranje.com.hr/?sitemap653.xml" "Mozilla/5.0 AppleWebKit/537.36 (KHTML, like Gecko; compatible; GPTBot/1.3; +https://openai.com/gptbot)"
74.7.227.182 - - [11/May/2026:17:12:57 +0200] "GET /159013041 HTTP/1.1" 404 0 "https://pranje.com.hr/?sitemap204.xml" "Mozilla/5.0 AppleWebKit/537.36 (KHTML, like Gecko; compatible; GPTBot/1.3; +https://openai.com/gptbot)"
74.7.227.182 - - [11/May/2026:17:13:59 +0200] "GET /273001395 HTTP/1.1" 404 0 "https://pranje.com.hr/?sitemap204.xml" "Mozilla/5.0 AppleWebKit/537.36 (KHTML, like Gecko; compatible; GPTBot/1.3; +https://openai.com/gptbot)"
74.7.227.182 - - [11/May/2026:17:15:03 +0200] "GET /083024669 HTTP/1.1" 404 0 "https://pranje.com.hr/?sitemap653.xml" "Mozilla/5.0 AppleWebKit/537.36 (KHTML, like Gecko; compatible; GPTBot/1.3; +https://openai.com/gptbot)"
74.7.227.182 - - [11/May/2026:17:16:07 +0200] "GET /084046216 HTTP/1.1" 404 0 "https://pranje.com.hr/?sitemap340.xml" "Mozilla/5.0 AppleWebKit/537.36 (KHTML, like Gecko; compatible; GPTBot/1.3; +https://openai.com/gptbot)"
74.7.227.182 - - [11/May/2026:17:17:11 +0200] "GET /007049321 HTTP/1.1" 404 0 "https://pranje.com.hr/?sitemap653.xml" "Mozilla/5.0 AppleWebKit/537.36 (KHTML, like Gecko; compatible; GPTBot/1.3; +https://openai.com/gptbot)"
74.7.227.182 - - [11/May/2026:17:18:13 +0200] "GET /165009351 HTTP/1.1" 404 0 "https://pranje.com.hr/?sitemap683.xml" "Mozilla/5.0 AppleWebKit/537.36 (KHTML, like Gecko; compatible; GPTBot/1.3; +https://openai.com/gptbot)"
74.7.227.182 - - [11/May/2026:17:19:14 +0200] "GET /254048970 HTTP/1.1" 404 0 "https://pranje.com.hr/?sitemap340.xml" "Mozilla/5.0 AppleWebKit/537.36 (KHTML, like Gecko; compatible; GPTBot/1.3; +https://openai.com/gptbot)"
74.7.227.182 - - [11/May/2026:17:20:14 +0200] "GET /198009182 HTTP/1.1" 404 0 "https://pranje.com.hr/?sitemap683.xml" "Mozilla/5.0 AppleWebKit/537.36 (KHTML, like Gecko; compatible; GPTBot/1.3; +https://openai.com/gptbot)"
74.7.227.182 - - [11/May/2026:17:21:19 +0200] "GET /076017056 HTTP/1.1" 404 0 "https://pranje.com.hr/?sitemap653.xml" "Mozilla/5.0 AppleWebKit/537.36 (KHTML, like Gecko; compatible; GPTBot/1.3; +https://openai.com/gptbot)"
74.7.227.182 - - [11/May/2026:17:22:25 +0200] "GET /175039745 HTTP/1.1" 404 0 "https://pranje.com.hr/?sitemap204.xml" "Mozilla/5.0 AppleWebKit/537.36 (KHTML, like Gecko; compatible; GPTBot/1.3; +https://openai.com/gptbot)"
74.7.244.57 - - [11/May/2026:17:23:31 +0200] "GET /robots.txt HTTP/1.1" 200 138 "-" "Mozilla/5.0 (Macintosh; Intel Mac OS X 10_15_7) AppleWebKit/537.36 (KHTML, like Gecko) Chrome/131.0.0.0 Safari/537.36; compatible; OAI-SearchBot/1.3; robots.txt; +https://openai.com/searchbot"
74.7.227.182 - - [11/May/2026:17:24:32 +0200] "GET /016008968 HTTP/1.1" 404 0 "https://pranje.com.hr/?sitemap683.xml" "Mozilla/5.0 AppleWebKit/537.36 (KHTML, like Gecko; compatible; GPTBot/1.3; +https://openai.com/gptbot)"
45.227.253.15 - - [11/May/2026:17:25:36 +0200] "GET /index.php/jk HTTP/1.1" 200 70 "-" "Mozilla/5.0 (Macintosh; Intel Mac OS X 10.15; rv:103.0) Gecko/20100101 Firefox/103.0"
74.7.227.182 - - [11/May/2026:17:25:37 +0200] "GET /265033943 HTTP/1.1" 404 0 "https://pranje.com.hr/?sitemap653.xml" "Mozilla/5.0 AppleWebKit/537.36 (KHTML, like Gecko; compatible; GPTBot/1.3; +https://openai.com/gptbot)"
74.7.227.182 - - [11/May/2026:17:26:39 +0200] "GET /264001146 HTTP/1.1" 404 0 "https://pranje.com.hr/?sitemap204.xml" "Mozilla/5.0 AppleWebKit/537.36 (KHTML, like Gecko; compatible; GPTBot/1.3; +https://openai.com/gptbot)"
74.7.227.182 - - [11/May/2026:17:27:42 +0200] "GET /151037339 HTTP/1.1" 404 0 "https://pranje.com.hr/?sitemap204.xml" "Mozilla/5.0 AppleWebKit/537.36 (KHTML, like Gecko; compatible; GPTBot/1.3; +https://openai.com/gptbot)"
74.7.227.182 - - [11/May/2026:17:28:45 +0200] "GET /235004099 HTTP/1.1" 404 0 "https://pranje.com.hr/?sitemap204.xml" "Mozilla/5.0 AppleWebKit/537.36 (KHTML, like Gecko; compatible; GPTBot/1.3; +https://openai.com/gptbot)"
74.7.227.182 - - [11/May/2026:17:29:48 +0200] "GET /194048168 HTTP/1.1" 404 0 "https://pranje.com.hr/?sitemap340.xml" "Mozilla/5.0 AppleWebKit/537.36 (KHTML, like Gecko; compatible; GPTBot/1.3; +https://openai.com/gptbot)"
74.7.227.182 - - [11/May/2026:17:31:57 +0200] "GET /086031058 HTTP/1.1" 404 0 "https://pranje.com.hr/?sitemap653.xml" "Mozilla/5.0 AppleWebKit/537.36 (KHTML, like Gecko; compatible; GPTBot/1.3; +https://openai.com/gptbot)"
