57.141.0.23 - - [11/May/2026:14:04:14 +0200] "GET /items/M7008719287/ HTTP/1.1" 200 811 "-" "meta-externalagent/1.1 (+https://developers.facebook.com/docs/sharing/webmasters/crawler)"
57.141.0.51 - - [11/May/2026:14:04:14 +0200] "GET /items/M6008717100/ HTTP/1.1" 200 811 "-" "meta-externalagent/1.1 (+https://developers.facebook.com/docs/sharing/webmasters/crawler)"
94.23.188.217 - - [11/May/2026:14:04:15 +0200] "GET /items/M8008724434/ HTTP/1.1" 200 300 "-" "Mozilla/5.0 (compatible; AhrefsBot/7.0; +http://ahrefs.com/robot/)"
57.141.0.70 - - [11/May/2026:14:04:16 +0200] "GET /items/M9007524647/ HTTP/1.1" 200 811 "-" "meta-externalagent/1.1 (+https://developers.facebook.com/docs/sharing/webmasters/crawler)"
57.141.0.35 - - [11/May/2026:14:04:16 +0200] "GET /items/M2006237082/ HTTP/1.1" 200 811 "-" "meta-externalagent/1.1 (+https://developers.facebook.com/docs/sharing/webmasters/crawler)"
57.141.0.69 - - [11/May/2026:14:04:16 +0200] "GET /items/M7007900770/ HTTP/1.1" 200 300 "-" "meta-externalagent/1.1 (+https://developers.facebook.com/docs/sharing/webmasters/crawler)"
57.141.0.43 - - [11/May/2026:14:04:16 +0200] "GET /items/M2006235374/ HTTP/1.1" 200 811 "-" "meta-externalagent/1.1 (+https://developers.facebook.com/docs/sharing/webmasters/crawler)"
57.141.0.33 - - [11/May/2026:14:04:17 +0200] "GET /sitemap_224.xml HTTP/1.1" 200 23 "-" "meta-externalagent/1.1 (+https://developers.facebook.com/docs/sharing/webmasters/crawler)"
57.141.0.13 - - [11/May/2026:14:04:17 +0200] "GET /items/M3007400718/ HTTP/1.1" 200 811 "-" "meta-externalagent/1.1 (+https://developers.facebook.com/docs/sharing/webmasters/crawler)"
57.141.0.19 - - [11/May/2026:14:04:17 +0200] "GET /items/M6008261125/ HTTP/1.1" 200 811 "-" "meta-externalagent/1.1 (+https://developers.facebook.com/docs/sharing/webmasters/crawler)"
57.141.0.56 - - [11/May/2026:14:04:17 +0200] "GET /items/M8008261405/ HTTP/1.1" 200 811 "-" "meta-externalagent/1.1 (+https://developers.facebook.com/docs/sharing/webmasters/crawler)"
57.141.0.70 - - [11/May/2026:14:04:18 +0200] "GET /items/M5008260515/ HTTP/1.1" 200 811 "-" "meta-externalagent/1.1 (+https://developers.facebook.com/docs/sharing/webmasters/crawler)"
57.141.0.4 - - [11/May/2026:14:04:18 +0200] "GET /items/M4007524242/ HTTP/1.1" 200 811 "-" "meta-externalagent/1.1 (+https://developers.facebook.com/docs/sharing/webmasters/crawler)"
57.141.0.30 - - [11/May/2026:14:04:18 +0200] "GET /items/M1007857115/ HTTP/1.1" 200 811 "-" "meta-externalagent/1.1 (+https://developers.facebook.com/docs/sharing/webmasters/crawler)"
57.141.0.16 - - [11/May/2026:14:04:19 +0200] "GET /items/M7008717021/ HTTP/1.1" 200 811 "-" "meta-externalagent/1.1 (+https://developers.facebook.com/docs/sharing/webmasters/crawler)"
57.141.0.51 - - [11/May/2026:14:04:20 +0200] "GET /items/M9008717974/ HTTP/1.1" 200 811 "-" "meta-externalagent/1.1 (+https://developers.facebook.com/docs/sharing/webmasters/crawler)"
57.141.0.15 - - [11/May/2026:14:04:20 +0200] "GET /items/M9007859819/ HTTP/1.1" 200 811 "-" "meta-externalagent/1.1 (+https://developers.facebook.com/docs/sharing/webmasters/crawler)"
57.141.0.60 - - [11/May/2026:14:04:20 +0200] "GET /items/M6007858508/ HTTP/1.1" 200 811 "-" "meta-externalagent/1.1 (+https://developers.facebook.com/docs/sharing/webmasters/crawler)"
57.141.0.9 - - [11/May/2026:14:04:20 +0200] "GET /items/M6006755075/ HTTP/1.1" 200 300 "-" "meta-externalagent/1.1 (+https://developers.facebook.com/docs/sharing/webmasters/crawler)"
94.23.188.209 - - [11/May/2026:14:04:20 +0200] "GET /items/M8008654419/ HTTP/1.1" 200 300 "-" "Mozilla/5.0 (compatible; AhrefsBot/7.0; +http://ahrefs.com/robot/)"
57.141.0.28 - - [11/May/2026:14:04:20 +0200] "GET /items/M6007858338/ HTTP/1.1" 200 811 "-" "meta-externalagent/1.1 (+https://developers.facebook.com/docs/sharing/webmasters/crawler)"
57.141.0.42 - - [11/May/2026:14:04:20 +0200] "GET /items/M8008718373/ HTTP/1.1" 200 811 "-" "meta-externalagent/1.1 (+https://developers.facebook.com/docs/sharing/webmasters/crawler)"
57.141.0.55 - - [11/May/2026:14:04:20 +0200] "GET /items/M8008493792/ HTTP/1.1" 200 300 "-" "meta-externalagent/1.1 (+https://developers.facebook.com/docs/sharing/webmasters/crawler)"
57.141.0.7 - - [11/May/2026:14:04:21 +0200] "GET /items/M1007855374/ HTTP/1.1" 200 811 "-" "meta-externalagent/1.1 (+https://developers.facebook.com/docs/sharing/webmasters/crawler)"
111.92.86.64 - - [11/May/2026:14:04:21 +0200] "POST /xmlrpc.php HTTP/1.1" 403 811 "-" "Jetpack by WordPress.com (Jetpack 12.5; WordPress 6.4)"
57.141.0.17 - - [11/May/2026:14:04:21 +0200] "GET /items/M9008717501/ HTTP/1.1" 200 811 "-" "meta-externalagent/1.1 (+https://developers.facebook.com/docs/sharing/webmasters/crawler)"
57.141.0.30 - - [11/May/2026:14:04:21 +0200] "GET /items/M2006740859/ HTTP/1.1" 200 811 "-" "meta-externalagent/1.1 (+https://developers.facebook.com/docs/sharing/webmasters/crawler)"
57.141.0.19 - - [11/May/2026:14:04:22 +0200] "GET /items/M1008715532/ HTTP/1.1" 200 811 "-" "meta-externalagent/1.1 (+https://developers.facebook.com/docs/sharing/webmasters/crawler)"
57.141.0.15 - - [11/May/2026:14:04:22 +0200] "GET /items/M5008530871/ HTTP/1.1" 200 811 "-" "meta-externalagent/1.1 (+https://developers.facebook.com/docs/sharing/webmasters/crawler)"
57.141.0.58 - - [11/May/2026:14:04:22 +0200] "GET /items/M2008533847/ HTTP/1.1" 200 811 "-" "meta-externalagent/1.1 (+https://developers.facebook.com/docs/sharing/webmasters/crawler)"
57.141.0.69 - - [11/May/2026:14:04:23 +0200] "GET /items/M9006740056/ HTTP/1.1" 200 811 "-" "meta-externalagent/1.1 (+https://developers.facebook.com/docs/sharing/webmasters/crawler)"
57.141.0.9 - - [11/May/2026:14:04:23 +0200] "GET /items/M7008531575/ HTTP/1.1" 200 811 "-" "meta-externalagent/1.1 (+https://developers.facebook.com/docs/sharing/webmasters/crawler)"
57.141.0.4 - - [11/May/2026:14:04:24 +0200] "GET /items/M8006602046/ HTTP/1.1" 200 811 "-" "meta-externalagent/1.1 (+https://developers.facebook.com/docs/sharing/webmasters/crawler)"
57.141.0.57 - - [11/May/2026:14:04:24 +0200] "GET /items/M6006600524/ HTTP/1.1" 200 811 "-" "meta-externalagent/1.1 (+https://developers.facebook.com/docs/sharing/webmasters/crawler)"
57.141.0.21 - - [11/May/2026:14:04:24 +0200] "GET /items/M3008715161/ HTTP/1.1" 200 811 "-" "meta-externalagent/1.1 (+https://developers.facebook.com/docs/sharing/webmasters/crawler)"
57.141.0.32 - - [11/May/2026:14:04:25 +0200] "GET /items/M4008719073/ HTTP/1.1" 200 811 "-" "meta-externalagent/1.1 (+https://developers.facebook.com/docs/sharing/webmasters/crawler)"
57.141.0.15 - - [11/May/2026:14:04:25 +0200] "GET /items/M7008718153/ HTTP/1.1" 200 811 "-" "meta-externalagent/1.1 (+https://developers.facebook.com/docs/sharing/webmasters/crawler)"
57.141.0.60 - - [11/May/2026:14:04:25 +0200] "GET /items/M3008552754/ HTTP/1.1" 200 300 "-" "meta-externalagent/1.1 (+https://developers.facebook.com/docs/sharing/webmasters/crawler)"
57.141.0.61 - - [11/May/2026:14:04:26 +0200] "GET /items/M8007520686/ HTTP/1.1" 200 811 "-" "meta-externalagent/1.1 (+https://developers.facebook.com/docs/sharing/webmasters/crawler)"
57.141.0.2 - - [11/May/2026:14:04:26 +0200] "GET /items/M4006931805/ HTTP/1.1" 200 811 "-" "meta-externalagent/1.1 (+https://developers.facebook.com/docs/sharing/webmasters/crawler)"
57.141.0.50 - - [11/May/2026:14:04:26 +0200] "GET /items/M4006934411/ HTTP/1.1" 200 811 "-" "meta-externalagent/1.1 (+https://developers.facebook.com/docs/sharing/webmasters/crawler)"
57.141.0.37 - - [11/May/2026:14:04:26 +0200] "GET /items/M6006930720/ HTTP/1.1" 200 811 "-" "meta-externalagent/1.1 (+https://developers.facebook.com/docs/sharing/webmasters/crawler)"
57.141.0.15 - - [11/May/2026:14:04:26 +0200] "GET /items/M3006603244/ HTTP/1.1" 200 811 "-" "meta-externalagent/1.1 (+https://developers.facebook.com/docs/sharing/webmasters/crawler)"
57.141.0.7 - - [11/May/2026:14:04:27 +0200] "GET /items/M7006604907/ HTTP/1.1" 200 811 "-" "meta-externalagent/1.1 (+https://developers.facebook.com/docs/sharing/webmasters/crawler)"
57.141.0.24 - - [11/May/2026:14:04:27 +0200] "GET /items/M5007595169/ HTTP/1.1" 200 300 "-" "meta-externalagent/1.1 (+https://developers.facebook.com/docs/sharing/webmasters/crawler)"
57.141.0.33 - - [11/May/2026:14:04:27 +0200] "GET /items/M7006600554/ HTTP/1.1" 200 811 "-" "meta-externalagent/1.1 (+https://developers.facebook.com/docs/sharing/webmasters/crawler)"
57.141.0.49 - - [11/May/2026:14:04:28 +0200] "GET /items/M5006601900/ HTTP/1.1" 200 811 "-" "meta-externalagent/1.1 (+https://developers.facebook.com/docs/sharing/webmasters/crawler)"
57.141.0.49 - - [11/May/2026:14:04:28 +0200] "GET /items/M1007856359/ HTTP/1.1" 200 811 "-" "meta-externalagent/1.1 (+https://developers.facebook.com/docs/sharing/webmasters/crawler)"
57.141.0.30 - - [11/May/2026:14:04:28 +0200] "GET /items/M3008715423/ HTTP/1.1" 200 811 "-" "meta-externalagent/1.1 (+https://developers.facebook.com/docs/sharing/webmasters/crawler)"
57.141.0.6 - - [11/May/2026:14:04:29 +0200] "GET /items/M8007521935/ HTTP/1.1" 200 811 "-" "meta-externalagent/1.1 (+https://developers.facebook.com/docs/sharing/webmasters/crawler)"
57.141.0.61 - - [11/May/2026:14:04:29 +0200] "GET /items/M6008333628/ HTTP/1.1" 200 300 "-" "meta-externalagent/1.1 (+https://developers.facebook.com/docs/sharing/webmasters/crawler)"
57.141.0.19 - - [11/May/2026:14:04:29 +0200] "GET /items/M3007402932/ HTTP/1.1" 200 811 "-" "meta-externalagent/1.1 (+https://developers.facebook.com/docs/sharing/webmasters/crawler)"
57.141.0.11 - - [11/May/2026:14:04:29 +0200] "GET /items/M9007520558/ HTTP/1.1" 200 811 "-" "meta-externalagent/1.1 (+https://developers.facebook.com/docs/sharing/webmasters/crawler)"
57.141.0.6 - - [11/May/2026:14:04:30 +0200] "GET /items/M9008263974/ HTTP/1.1" 200 811 "-" "meta-externalagent/1.1 (+https://developers.facebook.com/docs/sharing/webmasters/crawler)"
57.141.0.57 - - [11/May/2026:14:04:30 +0200] "GET /items/M1007403042/ HTTP/1.1" 200 811 "-" "meta-externalagent/1.1 (+https://developers.facebook.com/docs/sharing/webmasters/crawler)"
57.141.0.56 - - [11/May/2026:14:04:30 +0200] "GET /items/M9006901711/ HTTP/1.1" 200 300 "-" "meta-externalagent/1.1 (+https://developers.facebook.com/docs/sharing/webmasters/crawler)"
92.222.104.222 - - [11/May/2026:14:04:30 +0200] "GET /items/M8008629816/ HTTP/1.1" 200 300 "-" "Mozilla/5.0 (compatible; AhrefsBot/7.0; +http://ahrefs.com/robot/)"
57.141.0.5 - - [11/May/2026:14:04:30 +0200] "GET /items/M3008262606/ HTTP/1.1" 200 811 "-" "meta-externalagent/1.1 (+https://developers.facebook.com/docs/sharing/webmasters/crawler)"
57.141.0.57 - - [11/May/2026:14:04:31 +0200] "GET /items/M3006440529/ HTTP/1.1" 200 811 "-" "meta-externalagent/1.1 (+https://developers.facebook.com/docs/sharing/webmasters/crawler)"
57.141.0.27 - - [11/May/2026:14:04:31 +0200] "GET /items/M2007914588/ HTTP/1.1" 200 811 "-" "meta-externalagent/1.1 (+https://developers.facebook.com/docs/sharing/webmasters/crawler)"
111.92.86.64 - - [11/May/2026:14:04:31 +0200] "POST /xmlrpc.php HTTP/1.1" 403 811 "-" "WordPress.com; https://wordpress.com"
57.141.0.32 - - [11/May/2026:14:04:32 +0200] "GET /items/M1006917333/ HTTP/1.1" 200 811 "-" "meta-externalagent/1.1 (+https://developers.facebook.com/docs/sharing/webmasters/crawler)"
57.141.0.41 - - [11/May/2026:14:04:32 +0200] "GET /items/M5006916650/ HTTP/1.1" 200 811 "-" "meta-externalagent/1.1 (+https://developers.facebook.com/docs/sharing/webmasters/crawler)"
57.141.0.14 - - [11/May/2026:14:04:32 +0200] "GET /items/M1006915832/ HTTP/1.1" 200 811 "-" "meta-externalagent/1.1 (+https://developers.facebook.com/docs/sharing/webmasters/crawler)"
57.141.0.37 - - [11/May/2026:14:04:33 +0200] "GET /items/M2006603681/ HTTP/1.1" 200 811 "-" "meta-externalagent/1.1 (+https://developers.facebook.com/docs/sharing/webmasters/crawler)"
57.141.0.67 - - [11/May/2026:14:04:33 +0200] "GET /items/M3006601486/ HTTP/1.1" 200 811 "-" "meta-externalagent/1.1 (+https://developers.facebook.com/docs/sharing/webmasters/crawler)"
57.141.0.51 - - [11/May/2026:14:04:33 +0200] "GET /items/M9006601195/ HTTP/1.1" 200 811 "-" "meta-externalagent/1.1 (+https://developers.facebook.com/docs/sharing/webmasters/crawler)"
57.141.0.15 - - [11/May/2026:14:04:34 +0200] "GET /items/M1006602399/ HTTP/1.1" 200 811 "-" "meta-externalagent/1.1 (+https://developers.facebook.com/docs/sharing/webmasters/crawler)"
57.141.0.52 - - [11/May/2026:14:04:34 +0200] "GET /items/M2007910430/ HTTP/1.1" 200 811 "-" "meta-externalagent/1.1 (+https://developers.facebook.com/docs/sharing/webmasters/crawler)"
57.141.0.62 - - [11/May/2026:14:04:34 +0200] "GET /items/M5006934816/ HTTP/1.1" 200 811 "-" "meta-externalagent/1.1 (+https://developers.facebook.com/docs/sharing/webmasters/crawler)"
57.141.0.65 - - [11/May/2026:14:04:34 +0200] "GET /items/M6006103870/ HTTP/1.1" 200 300 "-" "meta-externalagent/1.1 (+https://developers.facebook.com/docs/sharing/webmasters/crawler)"
57.141.0.58 - - [11/May/2026:14:04:35 +0200] "GET /items/M3007914474/ HTTP/1.1" 200 811 "-" "meta-externalagent/1.1 (+https://developers.facebook.com/docs/sharing/webmasters/crawler)"
57.141.0.65 - - [11/May/2026:14:04:35 +0200] "GET /items/M3006930294/ HTTP/1.1" 200 811 "-" "meta-externalagent/1.1 (+https://developers.facebook.com/docs/sharing/webmasters/crawler)"
57.141.0.44 - - [11/May/2026:14:04:35 +0200] "GET /items/M3006933179/ HTTP/1.1" 200 811 "-" "meta-externalagent/1.1 (+https://developers.facebook.com/docs/sharing/webmasters/crawler)"
57.141.0.16 - - [11/May/2026:14:04:35 +0200] "GET /items/M4007910299/ HTTP/1.1" 200 811 "-" "meta-externalagent/1.1 (+https://developers.facebook.com/docs/sharing/webmasters/crawler)"
57.141.0.19 - - [11/May/2026:14:04:36 +0200] "GET /items/M8006930681/ HTTP/1.1" 200 811 "-" "meta-externalagent/1.1 (+https://developers.facebook.com/docs/sharing/webmasters/crawler)"
57.141.0.32 - - [11/May/2026:14:04:37 +0200] "GET /items/M4007910828/ HTTP/1.1" 200 811 "-" "meta-externalagent/1.1 (+https://developers.facebook.com/docs/sharing/webmasters/crawler)"
57.141.0.30 - - [11/May/2026:14:04:37 +0200] "GET /items/M6007400317/ HTTP/1.1" 200 811 "-" "meta-externalagent/1.1 (+https://developers.facebook.com/docs/sharing/webmasters/crawler)"
57.141.0.32 - - [11/May/2026:14:04:37 +0200] "GET /items/M5008260525/ HTTP/1.1" 200 811 "-" "meta-externalagent/1.1 (+https://developers.facebook.com/docs/sharing/webmasters/crawler)"
66.249.77.77 - - [11/May/2026:14:04:37 +0200] "GET /?_c=113027345 HTTP/1.1" 200 37680 "-" "Mozilla/5.0 (Linux; Android 6.0.1; Nexus 5X Build/MMB29P) AppleWebKit/537.36 (KHTML, like Gecko) Chrome/147.0.7727.137 Mobile Safari/537.36 (compatible; GoogleOther)"
57.141.0.30 - - [11/May/2026:14:04:38 +0200] "GET /items/M4007401937/ HTTP/1.1" 200 811 "-" "meta-externalagent/1.1 (+https://developers.facebook.com/docs/sharing/webmasters/crawler)"
57.141.0.19 - - [11/May/2026:14:04:38 +0200] "GET /items/M5008263665/ HTTP/1.1" 200 811 "-" "meta-externalagent/1.1 (+https://developers.facebook.com/docs/sharing/webmasters/crawler)"
57.141.0.12 - - [11/May/2026:14:04:39 +0200] "GET /items/M9008263415/ HTTP/1.1" 200 811 "-" "meta-externalagent/1.1 (+https://developers.facebook.com/docs/sharing/webmasters/crawler)"
57.141.0.70 - - [11/May/2026:14:04:39 +0200] "GET /items/M6007404720/ HTTP/1.1" 200 811 "-" "meta-externalagent/1.1 (+https://developers.facebook.com/docs/sharing/webmasters/crawler)"
57.141.0.1 - - [11/May/2026:14:04:39 +0200] "GET /items/M8006438239/ HTTP/1.1" 200 300 "-" "meta-externalagent/1.1 (+https://developers.facebook.com/docs/sharing/webmasters/crawler)"
57.141.0.58 - - [11/May/2026:14:04:39 +0200] "GET /items/M2008263206/ HTTP/1.1" 200 811 "-" "meta-externalagent/1.1 (+https://developers.facebook.com/docs/sharing/webmasters/crawler)"
176.31.139.14 - - [11/May/2026:14:04:39 +0200] "GET /items/M8008620088/ HTTP/1.1" 200 300 "-" "Mozilla/5.0 (compatible; AhrefsBot/7.0; +http://ahrefs.com/robot/)"
51.68.247.220 - - [11/May/2026:14:04:40 +0200] "GET /items/M8008592394/ HTTP/1.1" 200 300 "-" "Mozilla/5.0 (compatible; AhrefsBot/7.0; +http://ahrefs.com/robot/)"
57.141.0.37 - - [11/May/2026:14:04:40 +0200] "GET /items/M7006442212/ HTTP/1.1" 200 811 "-" "meta-externalagent/1.1 (+https://developers.facebook.com/docs/sharing/webmasters/crawler)"
57.141.0.14 - - [11/May/2026:14:04:41 +0200] "GET /items/M8006440204/ HTTP/1.1" 200 811 "-" "meta-externalagent/1.1 (+https://developers.facebook.com/docs/sharing/webmasters/crawler)"
57.141.0.65 - - [11/May/2026:14:04:41 +0200] "GET /items/M2006442693/ HTTP/1.1" 200 811 "-" "meta-externalagent/1.1 (+https://developers.facebook.com/docs/sharing/webmasters/crawler)"
57.141.0.11 - - [11/May/2026:14:04:41 +0200] "GET /items/M2006440391/ HTTP/1.1" 200 811 "-" "meta-externalagent/1.1 (+https://developers.facebook.com/docs/sharing/webmasters/crawler)"
57.141.0.47 - - [11/May/2026:14:04:42 +0200] "GET /items/M5006916922/ HTTP/1.1" 200 811 "-" "meta-externalagent/1.1 (+https://developers.facebook.com/docs/sharing/webmasters/crawler)"
111.92.86.64 - - [11/May/2026:14:04:42 +0200] "POST /xmlrpc.php HTTP/1.1" 403 811 "-" "Jetpack by WordPress.com"
57.141.0.7 - - [11/May/2026:14:04:42 +0200] "GET /items/M5006916079/ HTTP/1.1" 200 811 "-" "meta-externalagent/1.1 (+https://developers.facebook.com/docs/sharing/webmasters/crawler)"
57.141.0.65 - - [11/May/2026:14:04:43 +0200] "GET /items/M1006916659/ HTTP/1.1" 200 811 "-" "meta-externalagent/1.1 (+https://developers.facebook.com/docs/sharing/webmasters/crawler)"
57.141.0.48 - - [11/May/2026:14:04:43 +0200] "GET /items/M2006919597/ HTTP/1.1" 200 811 "-" "meta-externalagent/1.1 (+https://developers.facebook.com/docs/sharing/webmasters/crawler)"
57.141.0.27 - - [11/May/2026:14:04:43 +0200] "GET /items/M7008655706/ HTTP/1.1" 200 300 "-" "meta-externalagent/1.1 (+https://developers.facebook.com/docs/sharing/webmasters/crawler)"
57.141.0.50 - - [11/May/2026:14:04:44 +0200] "GET /items/M7006916826/ HTTP/1.1" 200 811 "-" "meta-externalagent/1.1 (+https://developers.facebook.com/docs/sharing/webmasters/crawler)"
57.141.0.16 - - [11/May/2026:14:04:44 +0200] "GET /items/M4006437318/ HTTP/1.1" 200 300 "-" "meta-externalagent/1.1 (+https://developers.facebook.com/docs/sharing/webmasters/crawler)"
57.141.0.61 - - [11/May/2026:14:04:44 +0200] "GET /items/M7008530024/ HTTP/1.1" 200 811 "-" "meta-externalagent/1.1 (+https://developers.facebook.com/docs/sharing/webmasters/crawler)"
57.141.0.60 - - [11/May/2026:14:04:44 +0200] "GET /items/M8008530187/ HTTP/1.1" 200 811 "-" "meta-externalagent/1.1 (+https://developers.facebook.com/docs/sharing/webmasters/crawler)"
57.141.0.65 - - [11/May/2026:14:04:44 +0200] "GET /items/M6006443703/ HTTP/1.1" 200 811 "-" "meta-externalagent/1.1 (+https://developers.facebook.com/docs/sharing/webmasters/crawler)"
57.141.0.53 - - [11/May/2026:14:04:45 +0200] "GET /items/M7006743285/ HTTP/1.1" 200 811 "-" "meta-externalagent/1.1 (+https://developers.facebook.com/docs/sharing/webmasters/crawler)"
57.141.0.14 - - [11/May/2026:14:04:45 +0200] "GET /items/M7008060863/ HTTP/1.1" 200 300 "-" "meta-externalagent/1.1 (+https://developers.facebook.com/docs/sharing/webmasters/crawler)"
57.141.0.28 - - [11/May/2026:14:04:45 +0200] "GET /items/M7006742581/ HTTP/1.1" 200 811 "-" "meta-externalagent/1.1 (+https://developers.facebook.com/docs/sharing/webmasters/crawler)"
57.141.0.58 - - [11/May/2026:14:04:45 +0200] "GET /items/M9006740079/ HTTP/1.1" 200 811 "-" "meta-externalagent/1.1 (+https://developers.facebook.com/docs/sharing/webmasters/crawler)"
57.141.0.35 - - [11/May/2026:14:04:45 +0200] "GET /items/M7006934661/ HTTP/1.1" 200 811 "-" "meta-externalagent/1.1 (+https://developers.facebook.com/docs/sharing/webmasters/crawler)"
57.141.0.21 - - [11/May/2026:14:04:46 +0200] "GET /items/M4008719800/ HTTP/1.1" 200 811 "-" "meta-externalagent/1.1 (+https://developers.facebook.com/docs/sharing/webmasters/crawler)"
57.141.0.19 - - [11/May/2026:14:04:46 +0200] "GET /items/M8006235756/ HTTP/1.1" 200 811 "-" "meta-externalagent/1.1 (+https://developers.facebook.com/docs/sharing/webmasters/crawler)"
57.141.0.16 - - [11/May/2026:14:04:46 +0200] "GET /items/M2008531932/ HTTP/1.1" 200 811 "-" "meta-externalagent/1.1 (+https://developers.facebook.com/docs/sharing/webmasters/crawler)"
57.141.0.54 - - [11/May/2026:14:04:46 +0200] "GET /items/M2006903707/ HTTP/1.1" 200 300 "-" "meta-externalagent/1.1 (+https://developers.facebook.com/docs/sharing/webmasters/crawler)"
57.141.0.21 - - [11/May/2026:14:04:46 +0200] "GET /items/M9008063185/ HTTP/1.1" 200 300 "-" "meta-externalagent/1.1 (+https://developers.facebook.com/docs/sharing/webmasters/crawler)"
57.141.0.42 - - [11/May/2026:14:04:47 +0200] "GET /items/M9007520969/ HTTP/1.1" 200 811 "-" "meta-externalagent/1.1 (+https://developers.facebook.com/docs/sharing/webmasters/crawler)"
57.141.0.24 - - [11/May/2026:14:04:47 +0200] "GET /items/M3007520767/ HTTP/1.1" 200 811 "-" "meta-externalagent/1.1 (+https://developers.facebook.com/docs/sharing/webmasters/crawler)"
57.141.0.23 - - [11/May/2026:14:04:48 +0200] "GET /items/M3006930811/ HTTP/1.1" 200 811 "-" "meta-externalagent/1.1 (+https://developers.facebook.com/docs/sharing/webmasters/crawler)"
57.141.0.63 - - [11/May/2026:14:04:48 +0200] "GET /items/M1007523368/ HTTP/1.1" 200 811 "-" "meta-externalagent/1.1 (+https://developers.facebook.com/docs/sharing/webmasters/crawler)"
57.141.0.43 - - [11/May/2026:14:04:48 +0200] "GET /items/M4006744471/ HTTP/1.1" 200 811 "-" "meta-externalagent/1.1 (+https://developers.facebook.com/docs/sharing/webmasters/crawler)"
57.141.0.14 - - [11/May/2026:14:04:49 +0200] "GET /items/M9007520853/ HTTP/1.1" 200 811 "-" "meta-externalagent/1.1 (+https://developers.facebook.com/docs/sharing/webmasters/crawler)"
57.141.0.39 - - [11/May/2026:14:04:50 +0200] "GET /items/M7006740967/ HTTP/1.1" 200 811 "-" "meta-externalagent/1.1 (+https://developers.facebook.com/docs/sharing/webmasters/crawler)"
57.141.0.29 - - [11/May/2026:14:04:50 +0200] "GET /items/M1007857469/ HTTP/1.1" 200 811 "-" "meta-externalagent/1.1 (+https://developers.facebook.com/docs/sharing/webmasters/crawler)"
57.141.0.43 - - [11/May/2026:14:04:50 +0200] "GET /items/M7007912712/ HTTP/1.1" 200 811 "-" "meta-externalagent/1.1 (+https://developers.facebook.com/docs/sharing/webmasters/crawler)"
57.141.0.37 - - [11/May/2026:14:04:50 +0200] "GET /items/M8007913335/ HTTP/1.1" 200 811 "-" "meta-externalagent/1.1 (+https://developers.facebook.com/docs/sharing/webmasters/crawler)"
57.141.0.34 - - [11/May/2026:14:04:50 +0200] "GET /items/M6007914098/ HTTP/1.1" 200 811 "-" "meta-externalagent/1.1 (+https://developers.facebook.com/docs/sharing/webmasters/crawler)"
57.141.0.60 - - [11/May/2026:14:04:51 +0200] "GET /items/M9006919867/ HTTP/1.1" 200 811 "-" "meta-externalagent/1.1 (+https://developers.facebook.com/docs/sharing/webmasters/crawler)"
57.141.0.65 - - [11/May/2026:14:04:51 +0200] "GET /items/M3006915582/ HTTP/1.1" 200 811 "-" "meta-externalagent/1.1 (+https://developers.facebook.com/docs/sharing/webmasters/crawler)"
57.141.0.51 - - [11/May/2026:14:04:51 +0200] "GET /items/M3006918872/ HTTP/1.1" 200 811 "-" "meta-externalagent/1.1 (+https://developers.facebook.com/docs/sharing/webmasters/crawler)"
57.141.0.25 - - [11/May/2026:14:04:52 +0200] "GET /items/M7007911163/ HTTP/1.1" 200 811 "-" "meta-externalagent/1.1 (+https://developers.facebook.com/docs/sharing/webmasters/crawler)"
57.141.0.18 - - [11/May/2026:14:04:52 +0200] "GET /items/M5008262108/ HTTP/1.1" 200 811 "-" "meta-externalagent/1.1 (+https://developers.facebook.com/docs/sharing/webmasters/crawler)"
57.141.0.49 - - [11/May/2026:14:04:52 +0200] "GET /items/M7006930052/ HTTP/1.1" 200 811 "-" "meta-externalagent/1.1 (+https://developers.facebook.com/docs/sharing/webmasters/crawler)"
111.92.86.64 - - [11/May/2026:14:04:52 +0200] "POST /xmlrpc.php HTTP/1.1" 403 811 "-" "Jetpack/12.5; WordPress/6.2; http://site45790217.com"
57.141.0.4 - - [11/May/2026:14:04:53 +0200] "GET /items/M5006932301/ HTTP/1.1" 200 811 "-" "meta-externalagent/1.1 (+https://developers.facebook.com/docs/sharing/webmasters/crawler)"
57.141.0.6 - - [11/May/2026:14:04:53 +0200] "GET /items/M6008262570/ HTTP/1.1" 200 811 "-" "meta-externalagent/1.1 (+https://developers.facebook.com/docs/sharing/webmasters/crawler)"
66.249.77.77 - - [11/May/2026:14:04:53 +0200] "GET /?_c=061037917 HTTP/1.1" 200 39190 "-" "Mozilla/5.0 (Linux; Android 6.0.1; Nexus 5X Build/MMB29P) AppleWebKit/537.36 (KHTML, like Gecko) Chrome/147.0.7727.137 Mobile Safari/537.36 (compatible; GoogleOther)"
57.141.0.9 - - [11/May/2026:14:04:53 +0200] "GET /items/M9007401624/ HTTP/1.1" 200 811 "-" "meta-externalagent/1.1 (+https://developers.facebook.com/docs/sharing/webmasters/crawler)"
57.141.0.20 - - [11/May/2026:14:04:54 +0200] "GET /items/M9007402194/ HTTP/1.1" 200 811 "-" "meta-externalagent/1.1 (+https://developers.facebook.com/docs/sharing/webmasters/crawler)"
57.141.0.25 - - [11/May/2026:14:04:54 +0200] "GET /items/M4006513745/ HTTP/1.1" 200 300 "-" "meta-externalagent/1.1 (+https://developers.facebook.com/docs/sharing/webmasters/crawler)"
57.141.0.14 - - [11/May/2026:14:04:54 +0200] "GET /items/M5007772901/ HTTP/1.1" 200 300 "-" "meta-externalagent/1.1 (+https://developers.facebook.com/docs/sharing/webmasters/crawler)"
57.141.0.31 - - [11/May/2026:14:04:55 +0200] "GET /items/M8006443610/ HTTP/1.1" 200 811 "-" "meta-externalagent/1.1 (+https://developers.facebook.com/docs/sharing/webmasters/crawler)"
57.141.0.54 - - [11/May/2026:14:04:55 +0200] "GET /items/M3006132613/ HTTP/1.1" 200 811 "-" "meta-externalagent/1.1 (+https://developers.facebook.com/docs/sharing/webmasters/crawler)"
57.141.0.39 - - [11/May/2026:14:04:56 +0200] "GET /items/M3007401710/ HTTP/1.1" 200 811 "-" "meta-externalagent/1.1 (+https://developers.facebook.com/docs/sharing/webmasters/crawler)"
57.141.0.66 - - [11/May/2026:14:04:56 +0200] "GET /items/M2006134744/ HTTP/1.1" 200 811 "-" "meta-externalagent/1.1 (+https://developers.facebook.com/docs/sharing/webmasters/crawler)"
57.141.0.16 - - [11/May/2026:14:04:57 +0200] "GET /items/M6006444563/ HTTP/1.1" 200 811 "-" "meta-externalagent/1.1 (+https://developers.facebook.com/docs/sharing/webmasters/crawler)"
57.141.0.15 - - [11/May/2026:14:04:57 +0200] "GET /items/M2006440578/ HTTP/1.1" 200 811 "-" "meta-externalagent/1.1 (+https://developers.facebook.com/docs/sharing/webmasters/crawler)"
57.141.0.19 - - [11/May/2026:14:04:57 +0200] "GET /items/M4006443334/ HTTP/1.1" 200 811 "-" "meta-externalagent/1.1 (+https://developers.facebook.com/docs/sharing/webmasters/crawler)"
57.141.0.10 - - [11/May/2026:14:04:57 +0200] "GET /items/M5008263566/ HTTP/1.1" 200 811 "-" "meta-externalagent/1.1 (+https://developers.facebook.com/docs/sharing/webmasters/crawler)"
57.141.0.66 - - [11/May/2026:14:04:58 +0200] "GET /items/M9007858938/ HTTP/1.1" 200 811 "-" "meta-externalagent/1.1 (+https://developers.facebook.com/docs/sharing/webmasters/crawler)"
57.141.0.15 - - [11/May/2026:14:04:58 +0200] "GET /items/M9007521001/ HTTP/1.1" 200 811 "-" "meta-externalagent/1.1 (+https://developers.facebook.com/docs/sharing/webmasters/crawler)"
57.141.0.65 - - [11/May/2026:14:04:59 +0200] "GET /items/M9007856262/ HTTP/1.1" 200 811 "-" "meta-externalagent/1.1 (+https://developers.facebook.com/docs/sharing/webmasters/crawler)"
57.141.0.64 - - [11/May/2026:14:04:59 +0200] "GET /items/M8007523750/ HTTP/1.1" 200 811 "-" "meta-externalagent/1.1 (+https://developers.facebook.com/docs/sharing/webmasters/crawler)"
57.141.0.56 - - [11/May/2026:14:05:00 +0200] "GET /items/M2008719325/ HTTP/1.1" 200 811 "-" "meta-externalagent/1.1 (+https://developers.facebook.com/docs/sharing/webmasters/crawler)"
57.141.0.38 - - [11/May/2026:14:05:00 +0200] "GET /items/M8008718190/ HTTP/1.1" 200 811 "-" "meta-externalagent/1.1 (+https://developers.facebook.com/docs/sharing/webmasters/crawler)"
57.141.0.44 - - [11/May/2026:14:05:00 +0200] "GET /items/M2008718307/ HTTP/1.1" 200 811 "-" "meta-externalagent/1.1 (+https://developers.facebook.com/docs/sharing/webmasters/crawler)"
57.141.0.13 - - [11/May/2026:14:05:00 +0200] "GET /items/M9007523824/ HTTP/1.1" 200 811 "-" "meta-externalagent/1.1 (+https://developers.facebook.com/docs/sharing/webmasters/crawler)"
94.23.188.211 - - [11/May/2026:14:05:01 +0200] "GET /items/M8008552682/ HTTP/1.1" 200 300 "-" "Mozilla/5.0 (compatible; AhrefsBot/7.0; +http://ahrefs.com/robot/)"
57.141.0.5 - - [11/May/2026:14:05:01 +0200] "GET /items/M3007524143/ HTTP/1.1" 200 811 "-" "meta-externalagent/1.1 (+https://developers.facebook.com/docs/sharing/webmasters/crawler)"
57.141.0.34 - - [11/May/2026:14:05:01 +0200] "GET /items/M9008718888/ HTTP/1.1" 200 811 "-" "meta-externalagent/1.1 (+https://developers.facebook.com/docs/sharing/webmasters/crawler)"
57.141.0.28 - - [11/May/2026:14:05:02 +0200] "GET /items/M3008719067/ HTTP/1.1" 200 811 "-" "meta-externalagent/1.1 (+https://developers.facebook.com/docs/sharing/webmasters/crawler)"
57.141.0.61 - - [11/May/2026:14:05:02 +0200] "GET /items/M5006743920/ HTTP/1.1" 200 811 "-" "meta-externalagent/1.1 (+https://developers.facebook.com/docs/sharing/webmasters/crawler)"
5.39.1.224 - - [11/May/2026:14:05:02 +0200] "GET /items/M8008575716/ HTTP/1.1" 200 300 "-" "Mozilla/5.0 (compatible; AhrefsBot/7.0; +http://ahrefs.com/robot/)"
57.141.0.53 - - [11/May/2026:14:05:02 +0200] "GET /items/M1006932843/ HTTP/1.1" 200 811 "-" "meta-externalagent/1.1 (+https://developers.facebook.com/docs/sharing/webmasters/crawler)"
57.141.0.35 - - [11/May/2026:14:05:02 +0200] "GET /items/M6008552802/ HTTP/1.1" 200 300 "-" "meta-externalagent/1.1 (+https://developers.facebook.com/docs/sharing/webmasters/crawler)"
57.141.0.19 - - [11/May/2026:14:05:02 +0200] "GET /items/M8006755640/ HTTP/1.1" 200 300 "-" "meta-externalagent/1.1 (+https://developers.facebook.com/docs/sharing/webmasters/crawler)"
57.141.0.29 - - [11/May/2026:14:05:03 +0200] "GET /items/M3006741359/ HTTP/1.1" 200 811 "-" "meta-externalagent/1.1 (+https://developers.facebook.com/docs/sharing/webmasters/crawler)"
57.141.0.58 - - [11/May/2026:14:05:03 +0200] "GET /items/M9006932103/ HTTP/1.1" 200 811 "-" "meta-externalagent/1.1 (+https://developers.facebook.com/docs/sharing/webmasters/crawler)"
57.141.0.6 - - [11/May/2026:14:05:03 +0200] "GET /items/M4006932637/ HTTP/1.1" 200 811 "-" "meta-externalagent/1.1 (+https://developers.facebook.com/docs/sharing/webmasters/crawler)"
111.92.86.64 - - [11/May/2026:14:05:03 +0200] "POST /xmlrpc.php HTTP/1.1" 403 811 "-" "Jetpack by WordPress.com"
57.141.0.30 - - [11/May/2026:14:05:04 +0200] "GET /items/M7007912970/ HTTP/1.1" 200 811 "-" "meta-externalagent/1.1 (+https://developers.facebook.com/docs/sharing/webmasters/crawler)"
57.141.0.61 - - [11/May/2026:14:05:04 +0200] "GET /items/M5007912972/ HTTP/1.1" 200 811 "-" "meta-externalagent/1.1 (+https://developers.facebook.com/docs/sharing/webmasters/crawler)"
57.141.0.17 - - [11/May/2026:14:05:04 +0200] "GET /items/M5006442977/ HTTP/1.1" 200 811 "-" "meta-externalagent/1.1 (+https://developers.facebook.com/docs/sharing/webmasters/crawler)"
57.141.0.25 - - [11/May/2026:14:05:04 +0200] "GET /items/M5007521431/ HTTP/1.1" 200 811 "-" "meta-externalagent/1.1 (+https://developers.facebook.com/docs/sharing/webmasters/crawler)"
57.141.0.67 - - [11/May/2026:14:05:04 +0200] "GET /items/M2007914313/ HTTP/1.1" 200 811 "-" "meta-externalagent/1.1 (+https://developers.facebook.com/docs/sharing/webmasters/crawler)"
57.141.0.42 - - [11/May/2026:14:05:05 +0200] "GET /items/M1006934488/ HTTP/1.1" 200 811 "-" "meta-externalagent/1.1 (+https://developers.facebook.com/docs/sharing/webmasters/crawler)"
156.230.182.138 - - [11/May/2026:14:05:06 +0200] "GET / HTTP/1.1" 200 300 "-" "Mozilla/5.0 (Windows NT 10.0; Win64; x64) AppleWebKit/537.36 (KHTML, like Gecko) Chrome/120.0.0.0 Safari/537.36"
57.141.0.55 - - [11/May/2026:14:05:06 +0200] "GET /items/M3006744277/ HTTP/1.1" 200 811 "-" "meta-externalagent/1.1 (+https://developers.facebook.com/docs/sharing/webmasters/crawler)"
57.141.0.17 - - [11/May/2026:14:05:06 +0200] "GET /items/M1006934286/ HTTP/1.1" 200 811 "-" "meta-externalagent/1.1 (+https://developers.facebook.com/docs/sharing/webmasters/crawler)"
57.141.0.37 - - [11/May/2026:14:05:07 +0200] "GET /items/M2007910978/ HTTP/1.1" 200 811 "-" "meta-externalagent/1.1 (+https://developers.facebook.com/docs/sharing/webmasters/crawler)"
57.141.0.29 - - [11/May/2026:14:05:07 +0200] "GET /items/M5007910598/ HTTP/1.1" 200 811 "-" "meta-externalagent/1.1 (+https://developers.facebook.com/docs/sharing/webmasters/crawler)"
57.141.0.36 - - [11/May/2026:14:05:07 +0200] "GET /items/M5008718519/ HTTP/1.1" 200 811 "-" "meta-externalagent/1.1 (+https://developers.facebook.com/docs/sharing/webmasters/crawler)"
57.141.0.19 - - [11/May/2026:14:05:08 +0200] "GET /items/M3008716112/ HTTP/1.1" 200 811 "-" "meta-externalagent/1.1 (+https://developers.facebook.com/docs/sharing/webmasters/crawler)"
156.230.182.138 - - [11/May/2026:14:05:08 +0200] "POST / HTTP/1.1" 200 300 "-" "Mozilla/5.0 (Windows NT 10.0; Win64; x64) AppleWebKit/537.36 (KHTML, like Gecko) Chrome/120.0.0.0 Safari/537.36"
57.141.0.22 - - [11/May/2026:14:05:08 +0200] "GET /items/M4008711614/ HTTP/1.1" 200 300 "-" "meta-externalagent/1.1 (+https://developers.facebook.com/docs/sharing/webmasters/crawler)"
57.141.0.68 - - [11/May/2026:14:05:08 +0200] "GET /items/M4007521462/ HTTP/1.1" 200 811 "-" "meta-externalagent/1.1 (+https://developers.facebook.com/docs/sharing/webmasters/crawler)"
92.222.104.200 - - [11/May/2026:14:05:08 +0200] "GET /items/M8008545664/ HTTP/1.1" 200 300 "-" "Mozilla/5.0 (compatible; AhrefsBot/7.0; +http://ahrefs.com/robot/)"
57.141.0.58 - - [11/May/2026:14:05:09 +0200] "GET /items/M3007524333/ HTTP/1.1" 200 811 "-" "meta-externalagent/1.1 (+https://developers.facebook.com/docs/sharing/webmasters/crawler)"
57.141.0.66 - - [11/May/2026:14:05:09 +0200] "GET /items/M5007403079/ HTTP/1.1" 200 811 "-" "meta-externalagent/1.1 (+https://developers.facebook.com/docs/sharing/webmasters/crawler)"
57.141.0.39 - - [11/May/2026:14:05:09 +0200] "GET /items/M8007400853/ HTTP/1.1" 200 811 "-" "meta-externalagent/1.1 (+https://developers.facebook.com/docs/sharing/webmasters/crawler)"
57.141.0.27 - - [11/May/2026:14:05:09 +0200] "GET /items/M2006300331/ HTTP/1.1" 200 300 "-" "meta-externalagent/1.1 (+https://developers.facebook.com/docs/sharing/webmasters/crawler)"
156.230.182.138 - - [11/May/2026:14:05:09 +0200] "POST /wp-content/index.php HTTP/1.1" 200 0 "-" "Mozilla/5.0 (Windows NT 10.0; Win64; x64) AppleWebKit/537.36 (KHTML, like Gecko) Chrome/120.0.0.0 Safari/537.36"
57.141.0.22 - - [11/May/2026:14:05:10 +0200] "GET /items/M2008263187/ HTTP/1.1" 200 811 "-" "meta-externalagent/1.1 (+https://developers.facebook.com/docs/sharing/webmasters/crawler)"
57.141.0.60 - - [11/May/2026:14:05:10 +0200] "GET /items/M1008260194/ HTTP/1.1" 200 811 "-" "meta-externalagent/1.1 (+https://developers.facebook.com/docs/sharing/webmasters/crawler)"
57.141.0.49 - - [11/May/2026:14:05:10 +0200] "GET /items/M2008264471/ HTTP/1.1" 200 811 "-" "meta-externalagent/1.1 (+https://developers.facebook.com/docs/sharing/webmasters/crawler)"
57.141.0.1 - - [11/May/2026:14:05:10 +0200] "GET /items/M2006442559/ HTTP/1.1" 200 811 "-" "meta-externalagent/1.1 (+https://developers.facebook.com/docs/sharing/webmasters/crawler)"
57.141.0.48 - - [11/May/2026:14:05:11 +0200] "GET /items/M2006441139/ HTTP/1.1" 200 811 "-" "meta-externalagent/1.1 (+https://developers.facebook.com/docs/sharing/webmasters/crawler)"
156.230.182.138 - - [11/May/2026:14:05:11 +0200] "POST /wp-cache.php HTTP/1.1" 403 300 "-" "Mozilla/5.0 (Windows NT 10.0; Win64; x64) AppleWebKit/537.36 (KHTML, like Gecko) Chrome/120.0.0.0 Safari/537.36"
57.141.0.63 - - [11/May/2026:14:05:11 +0200] "GET /items/M5006443748/ HTTP/1.1" 200 811 "-" "meta-externalagent/1.1 (+https://developers.facebook.com/docs/sharing/webmasters/crawler)"
57.141.0.49 - - [11/May/2026:14:05:11 +0200] "GET /items/M8006514096/ HTTP/1.1" 200 300 "-" "meta-externalagent/1.1 (+https://developers.facebook.com/docs/sharing/webmasters/crawler)"
57.141.0.44 - - [11/May/2026:14:05:11 +0200] "GET /items/M3006444522/ HTTP/1.1" 200 811 "-" "meta-externalagent/1.1 (+https://developers.facebook.com/docs/sharing/webmasters/crawler)"
57.141.0.55 - - [11/May/2026:14:05:12 +0200] "GET /items/M7006443160/ HTTP/1.1" 200 811 "-" "meta-externalagent/1.1 (+https://developers.facebook.com/docs/sharing/webmasters/crawler)"
57.141.0.9 - - [11/May/2026:14:05:12 +0200] "GET /items/M5006443859/ HTTP/1.1" 200 811 "-" "meta-externalagent/1.1 (+https://developers.facebook.com/docs/sharing/webmasters/crawler)"
57.141.0.56 - - [11/May/2026:14:05:12 +0200] "GET /items/M2008260573/ HTTP/1.1" 200 811 "-" "meta-externalagent/1.1 (+https://developers.facebook.com/docs/sharing/webmasters/crawler)"
156.230.182.138 - - [11/May/2026:14:05:13 +0200] "POST /wp-includes/css/wp-cache.php HTTP/1.1" 403 300 "-" "Mozilla/5.0 (Windows NT 10.0; Win64; x64) AppleWebKit/537.36 (KHTML, like Gecko) Chrome/120.0.0.0 Safari/537.36"
57.141.0.51 - - [11/May/2026:14:05:13 +0200] "GET /items/M7007524629/ HTTP/1.1" 200 811 "-" "meta-externalagent/1.1 (+https://developers.facebook.com/docs/sharing/webmasters/crawler)"
57.141.0.70 - - [11/May/2026:14:05:13 +0200] "GET /items/M7007404417/ HTTP/1.1" 200 811 "-" "meta-externalagent/1.1 (+https://developers.facebook.com/docs/sharing/webmasters/crawler)"
111.92.86.64 - - [11/May/2026:14:05:13 +0200] "POST /xmlrpc.php HTTP/1.1" 403 811 "-" "Jetpack/12.0; WordPress/6.4; http://site80880389.com"
57.141.0.52 - - [11/May/2026:14:05:13 +0200] "GET /items/M3008262792/ HTTP/1.1" 200 811 "-" "meta-externalagent/1.1 (+https://developers.facebook.com/docs/sharing/webmasters/crawler)"
57.141.0.9 - - [11/May/2026:14:05:14 +0200] "GET /items/M3007402442/ HTTP/1.1" 200 811 "-" "meta-externalagent/1.1 (+https://developers.facebook.com/docs/sharing/webmasters/crawler)"
57.141.0.27 - - [11/May/2026:14:05:14 +0200] "GET /items/M2007403076/ HTTP/1.1" 200 811 "-" "meta-externalagent/1.1 (+https://developers.facebook.com/docs/sharing/webmasters/crawler)"
57.141.0.52 - - [11/May/2026:14:05:14 +0200] "GET /items/M3008263267/ HTTP/1.1" 200 811 "-" "meta-externalagent/1.1 (+https://developers.facebook.com/docs/sharing/webmasters/crawler)"
156.230.182.138 - - [11/May/2026:14:05:14 +0200] "POST /wp-includes/theme-compat/wp-cache.php HTTP/1.1" 403 300 "-" "Mozilla/5.0 (Windows NT 10.0; Win64; x64) AppleWebKit/537.36 (KHTML, like Gecko) Chrome/120.0.0.0 Safari/537.36"
57.141.0.60 - - [11/May/2026:14:05:15 +0200] "GET /items/M6008261559/ HTTP/1.1" 200 811 "-" "meta-externalagent/1.1 (+https://developers.facebook.com/docs/sharing/webmasters/crawler)"
57.141.0.29 - - [11/May/2026:14:05:15 +0200] "GET /items/M7008710157/ HTTP/1.1" 200 300 "-" "meta-externalagent/1.1 (+https://developers.facebook.com/docs/sharing/webmasters/crawler)"
156.230.182.138 - - [11/May/2026:14:05:15 +0200] "POST /wp-admin/admin-ajax.php?action=sm_ping HTTP/1.1" 403 300 "-" "Mozilla/5.0 (Windows NT 10.0; Win64; x64) AppleWebKit/537.36 (KHTML, like Gecko) Chrome/120.0.0.0 Safari/537.36"
57.141.0.70 - - [11/May/2026:14:05:15 +0200] "GET /items/M4006301893/ HTTP/1.1" 200 300 "-" "meta-externalagent/1.1 (+https://developers.facebook.com/docs/sharing/webmasters/crawler)"
57.141.0.70 - - [11/May/2026:14:05:15 +0200] "GET /items/M8007881544/ HTTP/1.1" 200 300 "-" "meta-externalagent/1.1 (+https://developers.facebook.com/docs/sharing/webmasters/crawler)"
57.141.0.13 - - [11/May/2026:14:05:15 +0200] "GET /items/M3007772012/ HTTP/1.1" 200 300 "-" "meta-externalagent/1.1 (+https://developers.facebook.com/docs/sharing/webmasters/crawler)"
57.141.0.9 - - [11/May/2026:14:05:15 +0200] "GET /items/M1008263559/ HTTP/1.1" 200 811 "-" "meta-externalagent/1.1 (+https://developers.facebook.com/docs/sharing/webmasters/crawler)"
57.141.0.20 - - [11/May/2026:14:05:16 +0200] "GET /items/M8008264224/ HTTP/1.1" 200 811 "-" "meta-externalagent/1.1 (+https://developers.facebook.com/docs/sharing/webmasters/crawler)"
57.141.0.44 - - [11/May/2026:14:05:16 +0200] "GET /items/M6008493425/ HTTP/1.1" 200 300 "-" "meta-externalagent/1.1 (+https://developers.facebook.com/docs/sharing/webmasters/crawler)"
57.141.0.36 - - [11/May/2026:14:05:16 +0200] "GET /items/M8007858688/ HTTP/1.1" 200 811 "-" "meta-externalagent/1.1 (+https://developers.facebook.com/docs/sharing/webmasters/crawler)"
57.141.0.39 - - [11/May/2026:14:05:17 +0200] "GET /items/M8007855263/ HTTP/1.1" 200 811 "-" "meta-externalagent/1.1 (+https://developers.facebook.com/docs/sharing/webmasters/crawler)"
156.230.182.138 - - [11/May/2026:14:05:17 +0200] "POST /wp-admin/admin-ajax.php?action=hnpt_ping HTTP/1.1" 403 300 "-" "Mozilla/5.0 (Windows NT 10.0; Win64; x64) AppleWebKit/537.36 (KHTML, like Gecko) Chrome/120.0.0.0 Safari/537.36"
57.141.0.29 - - [11/May/2026:14:05:17 +0200] "GET /items/M2008717206/ HTTP/1.1" 200 811 "-" "meta-externalagent/1.1 (+https://developers.facebook.com/docs/sharing/webmasters/crawler)"
57.141.0.40 - - [11/May/2026:14:05:17 +0200] "GET /items/M3008716881/ HTTP/1.1" 200 811 "-" "meta-externalagent/1.1 (+https://developers.facebook.com/docs/sharing/webmasters/crawler)"
57.141.0.49 - - [11/May/2026:14:05:18 +0200] "GET /items/M2008718445/ HTTP/1.1" 200 811 "-" "meta-externalagent/1.1 (+https://developers.facebook.com/docs/sharing/webmasters/crawler)"
57.141.0.16 - - [11/May/2026:14:05:18 +0200] "GET /items/M1008717939/ HTTP/1.1" 200 811 "-" "meta-externalagent/1.1 (+https://developers.facebook.com/docs/sharing/webmasters/crawler)"
57.141.0.62 - - [11/May/2026:14:05:18 +0200] "GET /items/M7008717825/ HTTP/1.1" 200 811 "-" "meta-externalagent/1.1 (+https://developers.facebook.com/docs/sharing/webmasters/crawler)"
57.141.0.9 - - [11/May/2026:14:05:19 +0200] "GET /items/M5008716113/ HTTP/1.1" 200 811 "-" "meta-externalagent/1.1 (+https://developers.facebook.com/docs/sharing/webmasters/crawler)"
57.141.0.32 - - [11/May/2026:14:05:19 +0200] "GET /items/M4007857599/ HTTP/1.1" 200 811 "-" "meta-externalagent/1.1 (+https://developers.facebook.com/docs/sharing/webmasters/crawler)"
57.141.0.70 - - [11/May/2026:14:05:19 +0200] "GET /items/M6006930152/ HTTP/1.1" 200 811 "-" "meta-externalagent/1.1 (+https://developers.facebook.com/docs/sharing/webmasters/crawler)"
57.141.0.2 - - [11/May/2026:14:05:19 +0200] "GET /items/M3006931021/ HTTP/1.1" 200 811 "-" "meta-externalagent/1.1 (+https://developers.facebook.com/docs/sharing/webmasters/crawler)"
94.23.188.211 - - [11/May/2026:14:05:20 +0200] "GET /items/M8008505351/ HTTP/1.1" 200 300 "-" "Mozilla/5.0 (compatible; AhrefsBot/7.0; +http://ahrefs.com/robot/)"
57.141.0.53 - - [11/May/2026:14:05:20 +0200] "GET /items/M4006931797/ HTTP/1.1" 200 811 "-" "meta-externalagent/1.1 (+https://developers.facebook.com/docs/sharing/webmasters/crawler)"
57.141.0.42 - - [11/May/2026:14:05:20 +0200] "GET /items/M2006919238/ HTTP/1.1" 200 811 "-" "meta-externalagent/1.1 (+https://developers.facebook.com/docs/sharing/webmasters/crawler)"
57.141.0.56 - - [11/May/2026:14:05:21 +0200] "GET /items/M1006916775/ HTTP/1.1" 200 811 "-" "meta-externalagent/1.1 (+https://developers.facebook.com/docs/sharing/webmasters/crawler)"
57.141.0.24 - - [11/May/2026:14:05:21 +0200] "GET /items/M9006741369/ HTTP/1.1" 200 811 "-" "meta-externalagent/1.1 (+https://developers.facebook.com/docs/sharing/webmasters/crawler)"
57.141.0.56 - - [11/May/2026:14:05:22 +0200] "GET /items/M9006743028/ HTTP/1.1" 200 811 "-" "meta-externalagent/1.1 (+https://developers.facebook.com/docs/sharing/webmasters/crawler)"
57.141.0.43 - - [11/May/2026:14:05:22 +0200] "GET /items/M5006742121/ HTTP/1.1" 200 811 "-" "meta-externalagent/1.1 (+https://developers.facebook.com/docs/sharing/webmasters/crawler)"
57.141.0.14 - - [11/May/2026:14:05:22 +0200] "GET /items/M7006744196/ HTTP/1.1" 200 811 "-" "meta-externalagent/1.1 (+https://developers.facebook.com/docs/sharing/webmasters/crawler)"
57.141.0.53 - - [11/May/2026:14:05:23 +0200] "GET /items/M8006919661/ HTTP/1.1" 200 811 "-" "meta-externalagent/1.1 (+https://developers.facebook.com/docs/sharing/webmasters/crawler)"
57.141.0.59 - - [11/May/2026:14:05:23 +0200] "GET /items/M8006931400/ HTTP/1.1" 200 811 "-" "meta-externalagent/1.1 (+https://developers.facebook.com/docs/sharing/webmasters/crawler)"
57.141.0.43 - - [11/May/2026:14:05:23 +0200] "GET /items/M2007403618/ HTTP/1.1" 200 811 "-" "meta-externalagent/1.1 (+https://developers.facebook.com/docs/sharing/webmasters/crawler)"
57.141.0.33 - - [11/May/2026:14:05:23 +0200] "GET /items/M8006603976/ HTTP/1.1" 200 811 "-" "meta-externalagent/1.1 (+https://developers.facebook.com/docs/sharing/webmasters/crawler)"
57.141.0.50 - - [11/May/2026:14:05:23 +0200] "GET /items/M9006130835/ HTTP/1.1" 200 811 "-" "meta-externalagent/1.1 (+https://developers.facebook.com/docs/sharing/webmasters/crawler)"
111.92.86.64 - - [11/May/2026:14:05:24 +0200] "POST /xmlrpc.php HTTP/1.1" 403 811 "-" "Jetpack by WordPress.com (Jetpack 12.5; WordPress 6.4)"
57.141.0.10 - - [11/May/2026:14:05:24 +0200] "GET /items/M5007404867/ HTTP/1.1" 200 811 "-" "meta-externalagent/1.1 (+https://developers.facebook.com/docs/sharing/webmasters/crawler)"
57.141.0.49 - - [11/May/2026:14:05:24 +0200] "GET /items/M4006444393/ HTTP/1.1" 200 811 "-" "meta-externalagent/1.1 (+https://developers.facebook.com/docs/sharing/webmasters/crawler)"
57.141.0.54 - - [11/May/2026:14:05:25 +0200] "GET /items/M7006442189/ HTTP/1.1" 200 811 "-" "meta-externalagent/1.1 (+https://developers.facebook.com/docs/sharing/webmasters/crawler)"
57.141.0.44 - - [11/May/2026:14:05:25 +0200] "GET /items/M8006444465/ HTTP/1.1" 200 811 "-" "meta-externalagent/1.1 (+https://developers.facebook.com/docs/sharing/webmasters/crawler)"
57.141.0.54 - - [11/May/2026:14:05:25 +0200] "GET /items/M4007901229/ HTTP/1.1" 200 300 "-" "meta-externalagent/1.1 (+https://developers.facebook.com/docs/sharing/webmasters/crawler)"
57.141.0.2 - - [11/May/2026:14:05:26 +0200] "GET /items/M4007403253/ HTTP/1.1" 200 811 "-" "meta-externalagent/1.1 (+https://developers.facebook.com/docs/sharing/webmasters/crawler)"
57.141.0.20 - - [11/May/2026:14:05:26 +0200] "GET /items/M8006741959/ HTTP/1.1" 200 811 "-" "meta-externalagent/1.1 (+https://developers.facebook.com/docs/sharing/webmasters/crawler)"
57.141.0.16 - - [11/May/2026:14:05:26 +0200] "GET /items/M4008263932/ HTTP/1.1" 200 811 "-" "meta-externalagent/1.1 (+https://developers.facebook.com/docs/sharing/webmasters/crawler)"
57.141.0.11 - - [11/May/2026:14:05:27 +0200] "GET /items/M3008260730/ HTTP/1.1" 200 811 "-" "meta-externalagent/1.1 (+https://developers.facebook.com/docs/sharing/webmasters/crawler)"
57.141.0.4 - - [11/May/2026:14:05:27 +0200] "GET /items/M6008264475/ HTTP/1.1" 200 811 "-" "meta-externalagent/1.1 (+https://developers.facebook.com/docs/sharing/webmasters/crawler)"
57.141.0.3 - - [11/May/2026:14:05:28 +0200] "GET /items/M8007401909/ HTTP/1.1" 200 811 "-" "meta-externalagent/1.1 (+https://developers.facebook.com/docs/sharing/webmasters/crawler)"
57.141.0.51 - - [11/May/2026:14:05:28 +0200] "GET /items/M6007402414/ HTTP/1.1" 200 811 "-" "meta-externalagent/1.1 (+https://developers.facebook.com/docs/sharing/webmasters/crawler)"
51.68.247.198 - - [11/May/2026:14:05:28 +0200] "GET /items/M8008436861/ HTTP/1.1" 200 300 "-" "Mozilla/5.0 (compatible; AhrefsBot/7.0; +http://ahrefs.com/robot/)"
57.141.0.42 - - [11/May/2026:14:05:28 +0200] "GET /items/M2007401361/ HTTP/1.1" 200 811 "-" "meta-externalagent/1.1 (+https://developers.facebook.com/docs/sharing/webmasters/crawler)"
57.141.0.65 - - [11/May/2026:14:05:28 +0200] "GET /items/M8007404512/ HTTP/1.1" 200 811 "-" "meta-externalagent/1.1 (+https://developers.facebook.com/docs/sharing/webmasters/crawler)"
57.141.0.25 - - [11/May/2026:14:05:29 +0200] "GET /items/M7006440124/ HTTP/1.1" 200 811 "-" "meta-externalagent/1.1 (+https://developers.facebook.com/docs/sharing/webmasters/crawler)"
37.59.204.139 - - [11/May/2026:14:05:29 +0200] "GET /items/M8008565075/ HTTP/1.1" 200 300 "-" "Mozilla/5.0 (compatible; AhrefsBot/7.0; +http://ahrefs.com/robot/)"
57.141.0.31 - - [11/May/2026:14:05:29 +0200] "GET /items/M1006589942/ HTTP/1.1" 200 300 "-" "meta-externalagent/1.1 (+https://developers.facebook.com/docs/sharing/webmasters/crawler)"
57.141.0.34 - - [11/May/2026:14:05:29 +0200] "GET /items/M8006443004/ HTTP/1.1" 200 811 "-" "meta-externalagent/1.1 (+https://developers.facebook.com/docs/sharing/webmasters/crawler)"
57.141.0.34 - - [11/May/2026:14:05:30 +0200] "GET /items/M2006931392/ HTTP/1.1" 200 811 "-" "meta-externalagent/1.1 (+https://developers.facebook.com/docs/sharing/webmasters/crawler)"
57.141.0.26 - - [11/May/2026:14:05:30 +0200] "GET /items/M3006915264/ HTTP/1.1" 200 811 "-" "meta-externalagent/1.1 (+https://developers.facebook.com/docs/sharing/webmasters/crawler)"
57.141.0.2 - - [11/May/2026:14:05:31 +0200] "GET /items/M9006931779/ HTTP/1.1" 200 811 "-" "meta-externalagent/1.1 (+https://developers.facebook.com/docs/sharing/webmasters/crawler)"
57.141.0.27 - - [11/May/2026:14:05:31 +0200] "GET /items/M5006915691/ HTTP/1.1" 200 811 "-" "meta-externalagent/1.1 (+https://developers.facebook.com/docs/sharing/webmasters/crawler)"
57.141.0.23 - - [11/May/2026:14:05:31 +0200] "GET /items/M4006932034/ HTTP/1.1" 200 811 "-" "meta-externalagent/1.1 (+https://developers.facebook.com/docs/sharing/webmasters/crawler)"
57.141.0.62 - - [11/May/2026:14:05:31 +0200] "GET /items/M6007902521/ HTTP/1.1" 200 300 "-" "meta-externalagent/1.1 (+https://developers.facebook.com/docs/sharing/webmasters/crawler)"
92.222.108.100 - - [11/May/2026:14:05:31 +0200] "GET /items/M8008302323/ HTTP/1.1" 200 300 "-" "Mozilla/5.0 (compatible; AhrefsBot/7.0; +http://ahrefs.com/robot/)"
57.141.0.63 - - [11/May/2026:14:05:32 +0200] "GET /items/M3006603418/ HTTP/1.1" 200 811 "-" "meta-externalagent/1.1 (+https://developers.facebook.com/docs/sharing/webmasters/crawler)"
57.141.0.23 - - [11/May/2026:14:05:32 +0200] "GET /items/M7006604618/ HTTP/1.1" 200 811 "-" "meta-externalagent/1.1 (+https://developers.facebook.com/docs/sharing/webmasters/crawler)"
