57.141.0.44 - - [11/May/2026:16:19:38 +0200] "GET /products/200549959 HTTP/1.1" 404 220 "-" "meta-externalagent/1.1 (+https://developers.facebook.com/docs/sharing/webmasters/crawler)"
66.249.72.227 - - [11/May/2026:16:20:05 +0200] "GET /feature/version/e8o391c1plcasyt.shtml HTTP/1.1" 404 186 "-" "Mozilla/5.0 (Linux; Android 6.0.1; Nexus 5X Build/MMB29P) AppleWebKit/537.36 (KHTML, like Gecko) Chrome/147.0.7727.137 Mobile Safari/537.36 (compatible; GoogleOther)"
45.227.253.15 - - [11/May/2026:16:20:32 +0200] "GET /cgi-bin/821887/821887/821887/821887/index.php?ARRAY=7o2230223n313737383531333332322p2231223n22687474703n5p2s5p2s6877623135377630392r6772616r646s2r686169725p2s3s6p633q7068705s636s64655s6n6326743q313737383530393732322q3132646361343031656465323463306232646264633233643766396539303865222p2232223n226135326333616163316339653836393136326331363731303534353336643339222p2233223n226630633834306462643437326464376133373338326237636638383235333233222p2262696r675s70617373223n2233302q34392q35372q36352q37342q38342q3232227q HTTP/1.1" 200 107 "-" "Mozilla/5.0 (Macintosh; Intel Mac OS X 10_15_7) AppleWebKit/537.36 (KHTML, like Gecko) Chrome/86.0.4240.111 Safari/537.36 Edg/86.0.622.51"
57.141.0.41 - - [11/May/2026:16:20:45 +0200] "GET /products/216048747 HTTP/1.1" 404 220 "-" "meta-externalagent/1.1 (+https://developers.facebook.com/docs/sharing/webmasters/crawler)"
57.141.0.13 - - [11/May/2026:16:21:52 +0200] "GET /products/300313373 HTTP/1.1" 404 220 "-" "meta-externalagent/1.1 (+https://developers.facebook.com/docs/sharing/webmasters/crawler)"
57.141.0.15 - - [11/May/2026:16:22:59 +0200] "GET /products/272933686 HTTP/1.1" 404 220 "-" "meta-externalagent/1.1 (+https://developers.facebook.com/docs/sharing/webmasters/crawler)"
57.141.0.59 - - [11/May/2026:16:24:05 +0200] "GET /products/114687606 HTTP/1.1" 404 220 "-" "meta-externalagent/1.1 (+https://developers.facebook.com/docs/sharing/webmasters/crawler)"
57.141.0.50 - - [11/May/2026:16:25:17 +0200] "GET /products/137080505 HTTP/1.1" 404 220 "-" "meta-externalagent/1.1 (+https://developers.facebook.com/docs/sharing/webmasters/crawler)"
4.193.137.131 - - [11/May/2026:16:26:18 +0200] "GET /file.php HTTP/1.1" 404 186 "-" "Mozilla/5.0 (Windows NT 10.0; Win64; x64) AppleWebKit/537.36 (KHTML, like Gecko) Chrome/120.0.0.0 Safari/537.36"
57.141.0.46 - - [11/May/2026:16:26:19 +0200] "GET /products/247984919 HTTP/1.1" 404 220 "-" "meta-externalagent/1.1 (+https://developers.facebook.com/docs/sharing/webmasters/crawler)"
4.193.137.131 - - [11/May/2026:16:26:19 +0200] "GET /gettest.php HTTP/1.1" 404 186 "-" "Mozilla/5.0 (Windows NT 10.0; Win64; x64) AppleWebKit/537.36 (KHTML, like Gecko) Chrome/120.0.0.0 Safari/537.36"
4.193.137.131 - - [11/May/2026:16:26:21 +0200] "GET /gg.php HTTP/1.1" 404 186 "-" "Mozilla/5.0 (Windows NT 10.0; Win64; x64) AppleWebKit/537.36 (KHTML, like Gecko) Chrome/120.0.0.0 Safari/537.36"
4.193.137.131 - - [11/May/2026:16:26:22 +0200] "GET /goods.php HTTP/1.1" 404 186 "-" "Mozilla/5.0 (Windows NT 10.0; Win64; x64) AppleWebKit/537.36 (KHTML, like Gecko) Chrome/120.0.0.0 Safari/537.36"
4.193.137.131 - - [11/May/2026:16:26:23 +0200] "GET /maintenance.php HTTP/1.1" 404 186 "-" "Mozilla/5.0 (Windows NT 10.0; Win64; x64) AppleWebKit/537.36 (KHTML, like Gecko) Chrome/120.0.0.0 Safari/537.36"
4.193.137.131 - - [11/May/2026:16:26:24 +0200] "GET /info.php HTTP/1.1" 404 186 "-" "Mozilla/5.0 (Windows NT 10.0; Win64; x64) AppleWebKit/537.36 (KHTML, like Gecko) Chrome/120.0.0.0 Safari/537.36"
4.193.137.131 - - [11/May/2026:16:26:25 +0200] "GET /users.php HTTP/1.1" 404 186 "-" "Mozilla/5.0 (Windows NT 10.0; Win64; x64) AppleWebKit/537.36 (KHTML, like Gecko) Chrome/120.0.0.0 Safari/537.36"
4.193.137.131 - - [11/May/2026:16:26:26 +0200] "GET /install.php HTTP/1.1" 404 186 "-" "Mozilla/5.0 (Windows NT 10.0; Win64; x64) AppleWebKit/537.36 (KHTML, like Gecko) Chrome/120.0.0.0 Safari/537.36"
4.193.137.131 - - [11/May/2026:16:26:27 +0200] "GET /item.php HTTP/1.1" 404 186 "-" "Mozilla/5.0 (Windows NT 10.0; Win64; x64) AppleWebKit/537.36 (KHTML, like Gecko) Chrome/120.0.0.0 Safari/537.36"
4.193.137.131 - - [11/May/2026:16:26:28 +0200] "GET /jga.php HTTP/1.1" 404 186 "-" "Mozilla/5.0 (Windows NT 10.0; Win64; x64) AppleWebKit/537.36 (KHTML, like Gecko) Chrome/120.0.0.0 Safari/537.36"
4.193.137.131 - - [11/May/2026:16:26:29 +0200] "GET /leaf.php HTTP/1.1" 404 186 "-" "Mozilla/5.0 (Windows NT 10.0; Win64; x64) AppleWebKit/537.36 (KHTML, like Gecko) Chrome/120.0.0.0 Safari/537.36"
4.193.137.131 - - [11/May/2026:16:26:30 +0200] "GET /ms-files.php HTTP/1.1" 404 186 "-" "Mozilla/5.0 (Windows NT 10.0; Win64; x64) AppleWebKit/537.36 (KHTML, like Gecko) Chrome/120.0.0.0 Safari/537.36"
4.193.137.131 - - [11/May/2026:16:26:31 +0200] "GET /lock.php HTTP/1.1" 404 186 "-" "Mozilla/5.0 (Windows NT 10.0; Win64; x64) AppleWebKit/537.36 (KHTML, like Gecko) Chrome/120.0.0.0 Safari/537.36"
4.193.137.131 - - [11/May/2026:16:26:31 +0200] "GET /wp-blog-header.php HTTP/1.1" 404 186 "-" "Mozilla/5.0 (Windows NT 10.0; Win64; x64) AppleWebKit/537.36 (KHTML, like Gecko) Chrome/120.0.0.0 Safari/537.36"
4.193.137.131 - - [11/May/2026:16:26:33 +0200] "GET /lock360.php HTTP/1.1" 404 186 "-" "Mozilla/5.0 (Windows NT 10.0; Win64; x64) AppleWebKit/537.36 (KHTML, like Gecko) Chrome/120.0.0.0 Safari/537.36"
4.193.137.131 - - [11/May/2026:16:26:35 +0200] "GET /log.php HTTP/1.1" 404 186 "-" "Mozilla/5.0 (Windows NT 10.0; Win64; x64) AppleWebKit/537.36 (KHTML, like Gecko) Chrome/120.0.0.0 Safari/537.36"
4.193.137.131 - - [11/May/2026:16:26:36 +0200] "GET /manager.php HTTP/1.1" 404 186 "-" "Mozilla/5.0 (Windows NT 10.0; Win64; x64) AppleWebKit/537.36 (KHTML, like Gecko) Chrome/120.0.0.0 Safari/537.36"
4.193.137.131 - - [11/May/2026:16:26:36 +0200] "GET /meta.php HTTP/1.1" 404 186 "-" "Mozilla/5.0 (Windows NT 10.0; Win64; x64) AppleWebKit/537.36 (KHTML, like Gecko) Chrome/120.0.0.0 Safari/537.36"
4.193.137.131 - - [11/May/2026:16:26:38 +0200] "GET /mini.php HTTP/1.1" 404 186 "-" "Mozilla/5.0 (Windows NT 10.0; Win64; x64) AppleWebKit/537.36 (KHTML, like Gecko) Chrome/120.0.0.0 Safari/537.36"
185.191.171.15 - - [11/May/2026:16:26:39 +0200] "GET /robots.txt HTTP/1.1" 200 139 "-" "Mozilla/5.0 (compatible; SemrushBot/7~bl; +http://www.semrush.com/bot.html)"
4.193.137.131 - - [11/May/2026:16:26:39 +0200] "GET /mjq.php HTTP/1.1" 404 186 "-" "Mozilla/5.0 (Windows NT 10.0; Win64; x64) AppleWebKit/537.36 (KHTML, like Gecko) Chrome/120.0.0.0 Safari/537.36"
4.193.137.131 - - [11/May/2026:16:26:40 +0200] "GET /new.php HTTP/1.1" 404 186 "-" "Mozilla/5.0 (Windows NT 10.0; Win64; x64) AppleWebKit/537.36 (KHTML, like Gecko) Chrome/120.0.0.0 Safari/537.36"
185.191.171.6 - - [11/May/2026:16:26:40 +0200] "GET /naslovna/cokolada/tamna-cokolada-72/cokolada-badem/ HTTP/1.1" 404 186 "-" "Mozilla/5.0 (compatible; SemrushBot/7~bl; +http://www.semrush.com/bot.html)"
4.193.137.131 - - [11/May/2026:16:26:41 +0200] "GET /onclickfuns.php HTTP/1.1" 404 186 "-" "Mozilla/5.0 (Windows NT 10.0; Win64; x64) AppleWebKit/537.36 (KHTML, like Gecko) Chrome/120.0.0.0 Safari/537.36"
4.193.137.131 - - [11/May/2026:16:26:42 +0200] "GET /option.php HTTP/1.1" 404 186 "-" "Mozilla/5.0 (Windows NT 10.0; Win64; x64) AppleWebKit/537.36 (KHTML, like Gecko) Chrome/120.0.0.0 Safari/537.36"
4.193.137.131 - - [11/May/2026:16:26:42 +0200] "GET /plugin-editor.php HTTP/1.1" 404 186 "-" "Mozilla/5.0 (Windows NT 10.0; Win64; x64) AppleWebKit/537.36 (KHTML, like Gecko) Chrome/120.0.0.0 Safari/537.36"
4.193.137.131 - - [11/May/2026:16:26:44 +0200] "GET /profile.php HTTP/1.1" 404 186 "-" "Mozilla/5.0 (Windows NT 10.0; Win64; x64) AppleWebKit/537.36 (KHTML, like Gecko) Chrome/120.0.0.0 Safari/537.36"
4.193.137.131 - - [11/May/2026:16:26:45 +0200] "GET /qw_03b4ad31.php HTTP/1.1" 404 186 "-" "Mozilla/5.0 (Windows NT 10.0; Win64; x64) AppleWebKit/537.36 (KHTML, like Gecko) Chrome/120.0.0.0 Safari/537.36"
4.193.137.131 - - [11/May/2026:16:26:46 +0200] "GET /radio.php HTTP/1.1" 404 186 "-" "Mozilla/5.0 (Windows NT 10.0; Win64; x64) AppleWebKit/537.36 (KHTML, like Gecko) Chrome/120.0.0.0 Safari/537.36"
4.193.137.131 - - [11/May/2026:16:26:47 +0200] "GET /sf.php HTTP/1.1" 404 186 "-" "Mozilla/5.0 (Windows NT 10.0; Win64; x64) AppleWebKit/537.36 (KHTML, like Gecko) Chrome/120.0.0.0 Safari/537.36"
4.193.137.131 - - [11/May/2026:16:26:48 +0200] "GET /simple.php HTTP/1.1" 404 186 "-" "Mozilla/5.0 (Windows NT 10.0; Win64; x64) AppleWebKit/537.36 (KHTML, like Gecko) Chrome/120.0.0.0 Safari/537.36"
4.193.137.131 - - [11/May/2026:16:26:49 +0200] "GET /sql.php HTTP/1.1" 404 186 "-" "Mozilla/5.0 (Windows NT 10.0; Win64; x64) AppleWebKit/537.36 (KHTML, like Gecko) Chrome/120.0.0.0 Safari/537.36"
4.193.137.131 - - [11/May/2026:16:26:50 +0200] "GET /test.php HTTP/1.1" 404 186 "-" "Mozilla/5.0 (Windows NT 10.0; Win64; x64) AppleWebKit/537.36 (KHTML, like Gecko) Chrome/120.0.0.0 Safari/537.36"
4.193.137.131 - - [11/May/2026:16:26:51 +0200] "GET /test1.php HTTP/1.1" 404 186 "-" "Mozilla/5.0 (Windows NT 10.0; Win64; x64) AppleWebKit/537.36 (KHTML, like Gecko) Chrome/120.0.0.0 Safari/537.36"
4.193.137.131 - - [11/May/2026:16:26:52 +0200] "GET /themes.php HTTP/1.1" 404 186 "-" "Mozilla/5.0 (Windows NT 10.0; Win64; x64) AppleWebKit/537.36 (KHTML, like Gecko) Chrome/120.0.0.0 Safari/537.36"
4.193.137.131 - - [11/May/2026:16:26:53 +0200] "GET /upload/medialibrary HTTP/1.1" 404 186 "-" "Mozilla/5.0 (Windows NT 10.0; Win64; x64) AppleWebKit/537.36 (KHTML, like Gecko) Chrome/120.0.0.0 Safari/537.36"
4.193.137.131 - - [11/May/2026:16:26:54 +0200] "GET /wp-admin.php HTTP/1.1" 404 186 "-" "Mozilla/5.0 (Windows NT 10.0; Win64; x64) AppleWebKit/537.36 (KHTML, like Gecko) Chrome/120.0.0.0 Safari/537.36"
4.193.137.131 - - [11/May/2026:16:26:55 +0200] "GET /wp-content/data.php HTTP/1.1" 404 186 "-" "Mozilla/5.0 (Windows NT 10.0; Win64; x64) AppleWebKit/537.36 (KHTML, like Gecko) Chrome/120.0.0.0 Safari/537.36"
4.193.137.131 - - [11/May/2026:16:26:56 +0200] "GET /wp-blog-header.php HTTP/1.1" 404 186 "-" "Mozilla/5.0 (Windows NT 10.0; Win64; x64) AppleWebKit/537.36 (KHTML, like Gecko) Chrome/120.0.0.0 Safari/537.36"
4.193.137.131 - - [11/May/2026:16:26:57 +0200] "GET /wp-config-sample.php HTTP/1.1" 404 186 "-" "Mozilla/5.0 (Windows NT 10.0; Win64; x64) AppleWebKit/537.36 (KHTML, like Gecko) Chrome/120.0.0.0 Safari/537.36"
4.193.137.131 - - [11/May/2026:16:26:58 +0200] "GET /wp-content/languages/wp-blog-header.php HTTP/1.1" 404 186 "-" "Mozilla/5.0 (Windows NT 10.0; Win64; x64) AppleWebKit/537.36 (KHTML, like Gecko) Chrome/120.0.0.0 Safari/537.36"
4.193.137.131 - - [11/May/2026:16:26:59 +0200] "GET /wp-content/themes/panel.php HTTP/1.1" 404 186 "-" "Mozilla/5.0 (Windows NT 10.0; Win64; x64) AppleWebKit/537.36 (KHTML, like Gecko) Chrome/120.0.0.0 Safari/537.36"
4.193.137.131 - - [11/May/2026:16:27:00 +0200] "GET /wp-content/themes/config.php HTTP/1.1" 404 186 "-" "Mozilla/5.0 (Windows NT 10.0; Win64; x64) AppleWebKit/537.36 (KHTML, like Gecko) Chrome/120.0.0.0 Safari/537.36"
4.193.137.131 - - [11/May/2026:16:27:01 +0200] "GET /wp-includes/phpmailer/phpmailer.php HTTP/1.1" 404 186 "-" "Mozilla/5.0 (Windows NT 10.0; Win64; x64) AppleWebKit/537.36 (KHTML, like Gecko) Chrome/120.0.0.0 Safari/537.36"
4.193.137.131 - - [11/May/2026:16:27:02 +0200] "GET /wp.php HTTP/1.1" 404 186 "-" "Mozilla/5.0 (Windows NT 10.0; Win64; x64) AppleWebKit/537.36 (KHTML, like Gecko) Chrome/120.0.0.0 Safari/537.36"
4.193.137.131 - - [11/May/2026:16:27:03 +0200] "GET /wp-content/themes/test.php HTTP/1.1" 404 186 "-" "Mozilla/5.0 (Windows NT 10.0; Win64; x64) AppleWebKit/537.36 (KHTML, like Gecko) Chrome/120.0.0.0 Safari/537.36"
4.193.137.131 - - [11/May/2026:16:27:04 +0200] "GET /xmlrpc.php HTTP/1.1" 404 186 "-" "Mozilla/5.0 (Windows NT 10.0; Win64; x64) AppleWebKit/537.36 (KHTML, like Gecko) Chrome/120.0.0.0 Safari/537.36"
4.193.137.131 - - [11/May/2026:16:27:05 +0200] "GET /wp-content/languages/plugins/config.php HTTP/1.1" 404 186 "-" "Mozilla/5.0 (Windows NT 10.0; Win64; x64) AppleWebKit/537.36 (KHTML, like Gecko) Chrome/120.0.0.0 Safari/537.36"
57.141.0.18 - - [11/May/2026:16:27:25 +0200] "GET /products/297036141 HTTP/1.1" 404 220 "-" "meta-externalagent/1.1 (+https://developers.facebook.com/docs/sharing/webmasters/crawler)"
204.12.208.18 - - [11/May/2026:16:27:42 +0200] "GET /wp-includes/adbd41c4/edit.php HTTP/1.1" 499 0 "https://vrchocoart.com/wp-includes/adbd41c4/edit.php" "Mozilla/5.0 (compatible; MSIE 9.0; Windows NT 6.1; WOW64; Trident/5.0; SLCC2; .NET CLR 2.0.50727; .NET CLR 3.5.30729; .NET CLR 3.0.30729; Media Center PC 6.0; MAGW; .NET4.0C; Lunascape 6.5.8.24780)"
204.12.208.18 - - [11/May/2026:16:27:42 +0200] "GET /wp-includes/adbd41c4/edit.php HTTP/1.1" 200 37 "https://vrchocoart.com/wp-includes/adbd41c4/edit.php" "Opera/9.80 (Windows NT 6.1; U; ja) Presto/2.10.229 Version/11.60"
57.141.0.13 - - [11/May/2026:16:28:32 +0200] "GET /products/32893010 HTTP/1.1" 500 2977 "-" "meta-externalagent/1.1 (+https://developers.facebook.com/docs/sharing/webmasters/crawler)"
15.235.27.185 - - [11/May/2026:16:28:44 +0200] "GET /buy.php?sitemap527.xml HTTP/1.1" 200 44 "-" "Mozilla/5.0 (compatible; AhrefsBot/7.0; +http://ahrefs.com/robot/)"
216.73.217.47 - - [11/May/2026:16:29:35 +0200] "GET /robots.txt HTTP/1.1" 200 139 "-" "Mozilla/5.0 AppleWebKit/537.36 (KHTML, like Gecko; compatible; ClaudeBot/1.0; +claudebot@anthropic.com)"
216.73.217.47 - - [11/May/2026:16:29:36 +0200] "GET / HTTP/1.1" 404 186 "-" "Mozilla/5.0 AppleWebKit/537.36 (KHTML, like Gecko; compatible; ClaudeBot/1.0; +claudebot@anthropic.com)"
57.141.0.37 - - [11/May/2026:16:29:38 +0200] "GET /products/308072050 HTTP/1.1" 404 220 "-" "meta-externalagent/1.1 (+https://developers.facebook.com/docs/sharing/webmasters/crawler)"
57.141.0.51 - - [11/May/2026:16:30:45 +0200] "GET /products/304975949 HTTP/1.1" 404 220 "-" "meta-externalagent/1.1 (+https://developers.facebook.com/docs/sharing/webmasters/crawler)"
57.141.0.16 - - [11/May/2026:16:31:52 +0200] "GET /products/293912686 HTTP/1.1" 404 220 "-" "meta-externalagent/1.1 (+https://developers.facebook.com/docs/sharing/webmasters/crawler)"
57.141.0.51 - - [11/May/2026:16:32:59 +0200] "GET /products/64928161 HTTP/1.1" 404 220 "-" "meta-externalagent/1.1 (+https://developers.facebook.com/docs/sharing/webmasters/crawler)"
216.73.217.47 - - [11/May/2026:16:33:35 +0200] "GET / HTTP/1.1" 404 186 "-" "Mozilla/5.0 AppleWebKit/537.36 (KHTML, like Gecko; compatible; ClaudeBot/1.0; +claudebot@anthropic.com)"
57.141.0.32 - - [11/May/2026:16:34:05 +0200] "GET /products/74964858 HTTP/1.1" 404 220 "-" "meta-externalagent/1.1 (+https://developers.facebook.com/docs/sharing/webmasters/crawler)"
57.141.0.65 - - [11/May/2026:16:35:12 +0200] "GET /products/78781202 HTTP/1.1" 404 220 "-" "meta-externalagent/1.1 (+https://developers.facebook.com/docs/sharing/webmasters/crawler)"
57.141.0.53 - - [11/May/2026:16:36:18 +0200] "GET /products/122033959 HTTP/1.1" 404 220 "-" "meta-externalagent/1.1 (+https://developers.facebook.com/docs/sharing/webmasters/crawler)"
216.73.217.47 - - [11/May/2026:16:37:19 +0200] "GET / HTTP/1.1" 404 186 "-" "Mozilla/5.0 AppleWebKit/537.36 (KHTML, like Gecko; compatible; ClaudeBot/1.0; +claudebot@anthropic.com)"
57.141.0.6 - - [11/May/2026:16:37:25 +0200] "GET /products/192528828 HTTP/1.1" 404 220 "-" "meta-externalagent/1.1 (+https://developers.facebook.com/docs/sharing/webmasters/crawler)"
148.113.130.91 - - [11/May/2026:16:37:58 +0200] "GET /product-tag/visnja/ HTTP/1.1" 404 186 "-" "Mozilla/5.0 (compatible; AhrefsBot/7.0; +http://ahrefs.com/robot/)"
57.141.0.65 - - [11/May/2026:16:38:32 +0200] "GET /products/124495343 HTTP/1.1" 404 220 "-" "meta-externalagent/1.1 (+https://developers.facebook.com/docs/sharing/webmasters/crawler)"
175.44.8.3 - - [11/May/2026:16:39:11 +0200] "GET /155.php HTTP/1.1" 403 186 "-" "Mozilla/5.0 (Windows NT 10.0; Win64; x64) AppleWebKit/537.36 (KHTML, like Gecko) Chrome/148.0.0.0 Safari/537.36"
175.44.8.3 - - [11/May/2026:16:39:12 +0200] "GET /favicon.ico HTTP/1.1" 200 186 "https://vrchocoart.com/155.php" "Mozilla/5.0 (Windows NT 10.0; Win64; x64) AppleWebKit/537.36 (KHTML, like Gecko) Chrome/148.0.0.0 Safari/537.36"
66.249.72.227 - - [11/May/2026:16:39:22 +0200] "GET /collection/entity/eetp2ih6i2h3qfy.shtml HTTP/1.1" 404 186 "-" "Mozilla/5.0 (Linux; Android 6.0.1; Nexus 5X Build/MMB29P) AppleWebKit/537.36 (KHTML, like Gecko) Chrome/147.0.7727.137 Mobile Safari/537.36 (compatible; GoogleOther)"
57.141.0.14 - - [11/May/2026:16:39:39 +0200] "GET /products/284597242 HTTP/1.1" 404 220 "-" "meta-externalagent/1.1 (+https://developers.facebook.com/docs/sharing/webmasters/crawler)"
57.141.0.20 - - [11/May/2026:16:40:46 +0200] "GET /products/152410181 HTTP/1.1" 404 220 "-" "meta-externalagent/1.1 (+https://developers.facebook.com/docs/sharing/webmasters/crawler)"
57.141.0.47 - - [11/May/2026:16:41:51 +0200] "GET /products/233860757 HTTP/1.1" 404 220 "-" "meta-externalagent/1.1 (+https://developers.facebook.com/docs/sharing/webmasters/crawler)"
216.73.217.47 - - [11/May/2026:16:42:35 +0200] "GET /buy.php HTTP/1.1" 200 21791 "-" "Mozilla/5.0 AppleWebKit/537.36 (KHTML, like Gecko; compatible; ClaudeBot/1.0; +claudebot@anthropic.com)"
57.141.0.13 - - [11/May/2026:16:42:59 +0200] "GET /products/147661808 HTTP/1.1" 404 220 "-" "meta-externalagent/1.1 (+https://developers.facebook.com/docs/sharing/webmasters/crawler)"
57.141.0.6 - - [11/May/2026:16:44:05 +0200] "GET /products/15582060 HTTP/1.1" 404 220 "-" "meta-externalagent/1.1 (+https://developers.facebook.com/docs/sharing/webmasters/crawler)"
175.44.8.3 - - [11/May/2026:16:44:49 +0200] "GET /wp-includes/222.php HTTP/1.1" 403 186 "-" "Mozilla/5.0 (Windows NT 10.0; Win64; x64) AppleWebKit/537.36 (KHTML, like Gecko) Chrome/148.0.0.0 Safari/537.36"
175.44.8.3 - - [11/May/2026:16:44:50 +0200] "GET /favicon.ico HTTP/1.1" 200 186 "https://vrchocoart.com/wp-includes/222.php" "Mozilla/5.0 (Windows NT 10.0; Win64; x64) AppleWebKit/537.36 (KHTML, like Gecko) Chrome/148.0.0.0 Safari/537.36"
57.141.0.15 - - [11/May/2026:16:45:12 +0200] "GET /products/313333232 HTTP/1.1" 404 220 "-" "meta-externalagent/1.1 (+https://developers.facebook.com/docs/sharing/webmasters/crawler)"
66.249.72.227 - - [11/May/2026:16:45:52 +0200] "GET /flock/artifact/e15ueuteuetfora.shtml HTTP/1.1" 404 186 "-" "Mozilla/5.0 (Linux; Android 6.0.1; Nexus 5X Build/MMB29P) AppleWebKit/537.36 (KHTML, like Gecko) Chrome/147.0.7727.137 Mobile Safari/537.36 (compatible; GoogleOther)"
57.141.0.34 - - [11/May/2026:16:46:19 +0200] "GET /products/111665383 HTTP/1.1" 404 220 "-" "meta-externalagent/1.1 (+https://developers.facebook.com/docs/sharing/webmasters/crawler)"
69.171.231.25 - - [11/May/2026:16:46:41 +0200] "GET /?wc-api=wc_facebook_get_feed_data&secret=fda7dfc43d5bf099e4b1554a27998d74 HTTP/1.1" 404 186 "-" "facebookexternalhit/1.1 (+http://www.facebook.com/externalhit_uatext.php)"
69.171.231.25 - - [11/May/2026:16:46:42 +0200] "GET /?wc-api=wc_facebook_get_feed_data&secret=fda7dfc43d5bf099e4b1554a27998d74 HTTP/1.1" 404 186 "-" "facebookexternalhit/1.1 (+http://www.facebook.com/externalhit_uatext.php)"
175.44.8.3 - - [11/May/2026:16:47:18 +0200] "GET /222.php HTTP/1.1" 403 186 "-" "Mozilla/5.0 (Windows NT 10.0; Win64; x64) AppleWebKit/537.36 (KHTML, like Gecko) Chrome/148.0.0.0 Safari/537.36"
175.44.8.3 - - [11/May/2026:16:47:19 +0200] "GET /favicon.ico HTTP/1.1" 200 186 "https://vrchocoart.com/222.php" "Mozilla/5.0 (Windows NT 10.0; Win64; x64) AppleWebKit/537.36 (KHTML, like Gecko) Chrome/148.0.0.0 Safari/537.36"
57.141.0.55 - - [11/May/2026:16:47:25 +0200] "GET /products/180778313 HTTP/1.1" 404 220 "-" "meta-externalagent/1.1 (+https://developers.facebook.com/docs/sharing/webmasters/crawler)"
136.107.161.19 - - [11/May/2026:16:47:38 +0200] "GET /.git/config HTTP/1.1" 404 186 "-" "Opera/9.64 (X11; Linux i686; U; Linux Mint; nb) Presto/2.1.1"
57.141.0.30 - - [11/May/2026:16:48:32 +0200] "GET /products/23544252 HTTP/1.1" 404 220 "-" "meta-externalagent/1.1 (+https://developers.facebook.com/docs/sharing/webmasters/crawler)"
57.141.0.14 - - [11/May/2026:16:49:39 +0200] "GET /products/244262959 HTTP/1.1" 404 220 "-" "meta-externalagent/1.1 (+https://developers.facebook.com/docs/sharing/webmasters/crawler)"
175.44.8.3 - - [11/May/2026:16:50:34 +0200] "GET /144.php HTTP/1.1" 403 186 "-" "Mozilla/5.0 (Windows NT 10.0; Win64; x64) AppleWebKit/537.36 (KHTML, like Gecko) Chrome/148.0.0.0 Safari/537.36"
175.44.8.3 - - [11/May/2026:16:50:35 +0200] "GET /favicon.ico HTTP/1.1" 200 186 "https://vrchocoart.com/144.php" "Mozilla/5.0 (Windows NT 10.0; Win64; x64) AppleWebKit/537.36 (KHTML, like Gecko) Chrome/148.0.0.0 Safari/537.36"
57.141.0.43 - - [11/May/2026:16:50:45 +0200] "GET /products/264750111 HTTP/1.1" 404 220 "-" "meta-externalagent/1.1 (+https://developers.facebook.com/docs/sharing/webmasters/crawler)"
57.141.0.11 - - [11/May/2026:16:51:52 +0200] "GET /products/217547242 HTTP/1.1" 404 220 "-" "meta-externalagent/1.1 (+https://developers.facebook.com/docs/sharing/webmasters/crawler)"
134.209.102.117 - - [11/May/2026:16:51:59 +0200] "GET /backup.sql HTTP/1.1" 200 220 "-" "Mozilla/5.0 (Windows NT 10.0; Win64; x64; rv:127.0) Gecko/20100101 Firefox/127.0"
134.209.102.117 - - [11/May/2026:16:51:59 +0200] "GET /db.sql HTTP/1.1" 200 220 "-" "Mozilla/5.0 (X11; Linux i686; rv:1.9.6.20) Gecko/ Firefox/11.0"
134.209.102.117 - - [11/May/2026:16:51:59 +0200] "GET /1.sql HTTP/1.1" 200 220 "-" "Mozilla/5.0 (Windows NT 10.0; Win64; x64) AppleWebKit/537.36 (KHTML, like Gecko) Chrome/70.0.3538.102 Safari/537.36 Edge/18.18362"
134.209.102.117 - - [11/May/2026:16:51:59 +0200] "GET /dump.sql HTTP/1.1" 200 220 "-" "Mozilla/5.0 (Windows NT 10.0; Win64; x64; rv:137.0) Gecko/20100101 Firefox/137.0"
134.209.102.117 - - [11/May/2026:16:51:59 +0200] "GET /database.sql HTTP/1.1" 200 220 "-" "Mozilla/5.0 (Macintosh; Intel Mac OS X 10_14_6) AppleWebKit/605.1.15 (KHTML, like Gecko) Version/13.1 Safari/605.1.15"
134.209.102.117 - - [11/May/2026:16:51:59 +0200] "GET /mysql.sql HTTP/1.1" 200 220 "-" "Mozilla/5.0 (Macintosh; Intel Mac OS X 10_15_7) AppleWebKit/605.1.15 (KHTML, like Gecko) Version/15.1 Safari/605.1.15"
134.209.102.117 - - [11/May/2026:16:52:00 +0200] "GET /temp.sql HTTP/1.1" 200 220 "-" "Mozilla/5.0 (Macintosh; Intel Mac OS X 10_15_7) AppleWebKit/605.1.15 (KHTML, like Gecko) Version/17.9 Mobile/15E148 Safari/604.1"
134.209.102.117 - - [11/May/2026:16:52:00 +0200] "GET /users.sql HTTP/1.1" 200 220 "-" "Mozilla/5.0 (Knoppix; Linux x86_64) AppleWebKit/537.36 (KHTML, like Gecko) Chrome/133.0.0.0 Safari/537.36"
134.209.102.117 - - [11/May/2026:16:52:00 +0200] "GET /translate.sql HTTP/1.1" 200 220 "-" "Mozilla/5.0 (Macintosh; Intel Mac OS X 10_15) AppleWebKit/605.1.15 (KHTML, like Gecko) Version/13.0.5 Safari/605.1.15"
134.209.102.117 - - [11/May/2026:16:52:00 +0200] "GET /www.sql HTTP/1.1" 200 220 "-" "Mozilla/5.0 (Ubuntu; Linux i686) AppleWebKit/537.36 (KHTML, like Gecko) Chrome/132.0.0.0 Safari/537.36"
134.209.102.117 - - [11/May/2026:16:52:00 +0200] "GET /sql.sql HTTP/1.1" 200 220 "-" "Mozilla/5.0 (Fedora; Linux i686) AppleWebKit/537.36 (KHTML, like Gecko) Chrome/136.0.0.0 Safari/537.36"
134.209.102.117 - - [11/May/2026:16:52:00 +0200] "GET /localhost.sql HTTP/1.1" 200 220 "-" "Mozilla/5.0 (Ubuntu; Linux x86_64) AppleWebKit/537.36 (KHTML, like Gecko) Chrome/140.0.0.0 Safari/537.36"
134.209.102.117 - - [11/May/2026:16:52:00 +0200] "GET /data.sql HTTP/1.1" 200 220 "-" "Mozilla/5.0 (Windows NT 10.0; Win64; x64; rv:109.0) Gecko/20100101 Firefox/113.0"
134.209.102.117 - - [11/May/2026:16:52:00 +0200] "GET /dbdump.sql HTTP/1.1" 200 220 "-" "Mozilla/5.0 (Windows NT 10.0; Win64; x64; rv:88.0) Gecko/20100101 Firefox/88.0"
134.209.102.117 - - [11/May/2026:16:52:01 +0200] "GET /site.sql HTTP/1.1" 200 220 "-" "Mozilla/5.0 (X11; Linux x86_64; rv:109.0) Gecko/20100101 Firefox/117.0"
134.209.102.117 - - [11/May/2026:16:52:01 +0200] "GET /wp-content/mysql.sql HTTP/1.1" 200 220 "-" "Mozilla/5.0 (Macintosh; Intel Mac OS X 10_11_6) AppleWebKit/601.7.7 (KHTML, like Gecko) Version/9.1.2 Safari/601.7.7"
134.209.102.117 - - [11/May/2026:16:52:01 +0200] "GET /vrchocoart.com_db.sql HTTP/1.1" 200 220 "-" "Mozilla/5.0 (Macintosh; Intel Mac OS X 13.2) AppleWebKit/619.14.1 (KHTML, like Gecko) Version/17.7.52 Safari/619.14.1"
134.209.102.117 - - [11/May/2026:16:52:01 +0200] "GET /wp-content/uploads/dump.sql HTTP/1.1" 200 220 "-" "Mozilla/5.0 (Macintosh; Intel Mac OS X 10_15_7) AppleWebKit/537.36 (KHTML, like Gecko) Chrome/137.0.0.0 Safari/537.36"
134.209.102.117 - - [11/May/2026:16:52:01 +0200] "GET /db_backup.sql HTTP/1.1" 200 220 "-" "Mozilla/5.0 (Windows NT 10.0; Win64; x64; rv:83.0) Gecko/20100101 Firefox/83.0"
134.209.102.117 - - [11/May/2026:16:52:02 +0200] "GET /vrchocoart.com.sql HTTP/1.1" 200 220 "-" "Mozilla/5.0 (X11; Linux i686; rv:1.9.7.20) Gecko/ Firefox/14.0"
134.209.102.117 - - [11/May/2026:16:52:02 +0200] "GET /mysqldump.sql HTTP/1.1" 200 220 "-" "Mozilla/5.0 (Windows NT 6.1; rv:38.0) Gecko/20100101 Firefox/38.0"
57.141.0.24 - - [11/May/2026:16:52:59 +0200] "GET /products/132027777 HTTP/1.1" 404 220 "-" "meta-externalagent/1.1 (+https://developers.facebook.com/docs/sharing/webmasters/crawler)"
66.249.72.227 - - [11/May/2026:16:53:28 +0200] "GET /status/particle/eaoy91cgplcafyt.shtml HTTP/1.1" 404 186 "-" "Mozilla/5.0 (Linux; Android 6.0.1; Nexus 5X Build/MMB29P) AppleWebKit/537.36 (KHTML, like Gecko) Chrome/147.0.7727.137 Mobile Safari/537.36 (compatible; GoogleOther)"
103.19.181.1 - - [11/May/2026:16:54:02 +0200] "POST /xmlrpc.php HTTP/1.1" 403 220 "-" "Jetpack/12.5; WordPress/6.1; http://site22907106.com"
57.141.0.14 - - [11/May/2026:16:54:05 +0200] "GET /products/304587030 HTTP/1.1" 404 220 "-" "meta-externalagent/1.1 (+https://developers.facebook.com/docs/sharing/webmasters/crawler)"
103.19.181.1 - - [11/May/2026:16:54:11 +0200] "POST /xmlrpc.php HTTP/1.1" 403 220 "-" "WordPress.com; https://wordpress.com"
103.19.181.1 - - [11/May/2026:16:54:21 +0200] "POST /xmlrpc.php HTTP/1.1" 403 220 "-" "Jetpack by WordPress.com"
103.19.181.1 - - [11/May/2026:16:54:32 +0200] "POST /xmlrpc.php HTTP/1.1" 403 220 "-" "Jetpack by WordPress.com"
103.19.181.1 - - [11/May/2026:16:54:42 +0200] "POST /xmlrpc.php HTTP/1.1" 403 220 "-" "Jetpack by WordPress.com (Jetpack 12.5; WordPress 6.1)"
103.19.181.1 - - [11/May/2026:16:54:53 +0200] "POST /xmlrpc.php HTTP/1.1" 403 220 "-" "Jetpack by WordPress.com (Jetpack 12.5; WordPress 6.4)"
103.19.181.1 - - [11/May/2026:16:55:03 +0200] "POST /xmlrpc.php HTTP/1.1" 403 220 "-" "Jetpack/13.0; WordPress/6.3; http://site62433527.com"
57.141.0.25 - - [11/May/2026:16:55:12 +0200] "GET /products/172186787 HTTP/1.1" 404 220 "-" "meta-externalagent/1.1 (+https://developers.facebook.com/docs/sharing/webmasters/crawler)"
103.19.181.1 - - [11/May/2026:16:55:14 +0200] "POST /xmlrpc.php HTTP/1.1" 403 220 "-" "Jetpack by WordPress.com (Jetpack 12.5; WordPress 6.1)"
103.19.181.1 - - [11/May/2026:16:55:24 +0200] "POST /xmlrpc.php HTTP/1.1" 403 220 "-" "Jetpack by WordPress.com"
103.19.181.1 - - [11/May/2026:16:55:35 +0200] "POST /xmlrpc.php HTTP/1.1" 403 220 "-" "Jetpack/12.0; WordPress/6.2; http://site71604974.com"
103.19.181.1 - - [11/May/2026:16:55:46 +0200] "POST /xmlrpc.php HTTP/1.1" 403 220 "-" "Jetpack/13.0; WordPress/6.3; http://site23830387.com"
103.19.181.1 - - [11/May/2026:16:55:56 +0200] "POST /xmlrpc.php HTTP/1.1" 403 220 "-" "Jetpack by WordPress.com"
103.19.181.1 - - [11/May/2026:16:56:07 +0200] "POST /xmlrpc.php HTTP/1.1" 403 220 "-" "Jetpack by WordPress.com (Jetpack 13.0; WordPress 6.4)"
103.19.181.1 - - [11/May/2026:16:56:17 +0200] "POST /xmlrpc.php HTTP/1.1" 403 220 "-" "Jetpack/12.5; WordPress/6.2; http://site58009353.com"
57.141.0.42 - - [11/May/2026:16:56:18 +0200] "GET /products/77615686 HTTP/1.1" 404 220 "-" "meta-externalagent/1.1 (+https://developers.facebook.com/docs/sharing/webmasters/crawler)"
103.19.181.1 - - [11/May/2026:16:56:28 +0200] "POST /xmlrpc.php HTTP/1.1" 403 220 "-" "Jetpack/13.0; WordPress/6.2; http://site32725497.com"
103.19.181.1 - - [11/May/2026:16:56:38 +0200] "POST /xmlrpc.php HTTP/1.1" 403 220 "-" "Jetpack by WordPress.com"
103.19.181.1 - - [11/May/2026:16:56:49 +0200] "POST /xmlrpc.php HTTP/1.1" 403 220 "-" "Jetpack by WordPress.com (Jetpack 12.1; WordPress 6.3)"
103.19.181.1 - - [11/May/2026:16:57:00 +0200] "POST /xmlrpc.php HTTP/1.1" 403 220 "-" "WordPress.com; https://wordpress.com"
103.19.181.1 - - [11/May/2026:16:57:10 +0200] "POST /xmlrpc.php HTTP/1.1" 403 220 "-" "Jetpack by WordPress.com"
103.19.181.1 - - [11/May/2026:16:57:20 +0200] "POST /xmlrpc.php HTTP/1.1" 403 220 "-" "Jetpack/13.0; WordPress/6.1; http://site52721994.com"
57.141.0.35 - - [11/May/2026:16:57:26 +0200] "GET /products/258077383 HTTP/1.1" 404 220 "-" "meta-externalagent/1.1 (+https://developers.facebook.com/docs/sharing/webmasters/crawler)"
103.19.181.1 - - [11/May/2026:16:57:31 +0200] "POST /xmlrpc.php HTTP/1.1" 403 220 "-" "WordPress.com; https://wordpress.com"
103.19.181.1 - - [11/May/2026:16:57:41 +0200] "POST /xmlrpc.php HTTP/1.1" 403 220 "-" "WordPress.com; https://wordpress.com"
103.19.181.1 - - [11/May/2026:16:57:52 +0200] "POST /xmlrpc.php HTTP/1.1" 403 220 "-" "Jetpack/12.5; WordPress/6.1; http://site30216445.com"
103.19.181.1 - - [11/May/2026:16:58:03 +0200] "POST /xmlrpc.php HTTP/1.1" 403 220 "-" "Jetpack by WordPress.com"
195.175.55.254 - - [11/May/2026:16:58:11 +0200] "GET /naslovna/cokolada/bez-saharoze/cokolada-bez-saharoze-kava/ HTTP/1.1" 200 186 "-" "Mozilla/5.0 (Linux; Android 1.1) AppleWebKit/533.2 (KHTML, like Gecko) Chrome/45.0.827.0 Safari/533.2"
103.19.181.1 - - [11/May/2026:16:58:13 +0200] "POST /xmlrpc.php HTTP/1.1" 403 220 "-" "WordPress.com; https://wordpress.com"
103.19.181.1 - - [11/May/2026:16:58:24 +0200] "POST /xmlrpc.php HTTP/1.1" 403 220 "-" "Jetpack/13.0; WordPress/6.1; http://site68245534.com"
57.141.0.57 - - [11/May/2026:16:58:32 +0200] "GET /products/187023303 HTTP/1.1" 404 220 "-" "meta-externalagent/1.1 (+https://developers.facebook.com/docs/sharing/webmasters/crawler)"
103.19.181.1 - - [11/May/2026:16:58:34 +0200] "POST /xmlrpc.php HTTP/1.1" 403 220 "-" "WordPress.com; https://wordpress.com"
103.19.181.1 - - [11/May/2026:16:58:45 +0200] "POST /xmlrpc.php HTTP/1.1" 403 220 "-" "Jetpack by WordPress.com (Jetpack 13.0; WordPress 6.2)"
103.19.181.1 - - [11/May/2026:16:58:55 +0200] "POST /xmlrpc.php HTTP/1.1" 403 220 "-" "WordPress.com; https://wordpress.com"
103.19.181.1 - - [11/May/2026:16:59:06 +0200] "POST /xmlrpc.php HTTP/1.1" 403 220 "-" "Jetpack/12.5; WordPress/6.4; http://site61002409.com"
103.19.181.1 - - [11/May/2026:16:59:16 +0200] "POST /xmlrpc.php HTTP/1.1" 403 220 "-" "Jetpack by WordPress.com (Jetpack 12.0; WordPress 6.1)"
103.19.181.1 - - [11/May/2026:16:59:27 +0200] "POST /xmlrpc.php HTTP/1.1" 403 220 "-" "Jetpack/12.1; WordPress/6.2; http://site14436707.com"
103.19.181.1 - - [11/May/2026:16:59:37 +0200] "POST /xmlrpc.php HTTP/1.1" 403 220 "-" "Jetpack/12.5; WordPress/6.4; http://site77098377.com"
57.141.0.20 - - [11/May/2026:16:59:38 +0200] "GET /products/27425737 HTTP/1.1" 404 220 "-" "meta-externalagent/1.1 (+https://developers.facebook.com/docs/sharing/webmasters/crawler)"
103.19.181.1 - - [11/May/2026:16:59:48 +0200] "POST /xmlrpc.php HTTP/1.1" 403 220 "-" "WordPress.com; https://wordpress.com"
103.19.181.1 - - [11/May/2026:16:59:58 +0200] "POST /xmlrpc.php HTTP/1.1" 403 220 "-" "Jetpack by WordPress.com (Jetpack 12.0; WordPress 6.3)"
103.19.181.1 - - [11/May/2026:17:00:09 +0200] "POST /xmlrpc.php HTTP/1.1" 403 220 "-" "WordPress.com; https://wordpress.com"
103.19.181.1 - - [11/May/2026:17:00:19 +0200] "POST /xmlrpc.php HTTP/1.1" 403 220 "-" "Jetpack/13.0; WordPress/6.2; http://site37423626.com"
103.19.181.1 - - [11/May/2026:17:00:30 +0200] "POST /xmlrpc.php HTTP/1.1" 403 220 "-" "Jetpack by WordPress.com (Jetpack 12.0; WordPress 6.1)"
103.19.181.1 - - [11/May/2026:17:00:41 +0200] "POST /xmlrpc.php HTTP/1.1" 403 220 "-" "WordPress.com; https://wordpress.com"
57.141.0.43 - - [11/May/2026:17:00:45 +0200] "GET /products/209395373 HTTP/1.1" 404 220 "-" "meta-externalagent/1.1 (+https://developers.facebook.com/docs/sharing/webmasters/crawler)"
103.19.181.1 - - [11/May/2026:17:00:51 +0200] "POST /xmlrpc.php HTTP/1.1" 403 220 "-" "Jetpack/12.0; WordPress/6.4; http://site42838472.com"
103.19.181.1 - - [11/May/2026:17:01:01 +0200] "POST /xmlrpc.php HTTP/1.1" 403 220 "-" "Jetpack by WordPress.com"
103.19.181.1 - - [11/May/2026:17:01:12 +0200] "POST /xmlrpc.php HTTP/1.1" 403 220 "-" "Jetpack by WordPress.com"
103.19.181.1 - - [11/May/2026:17:01:23 +0200] "POST /xmlrpc.php HTTP/1.1" 403 220 "-" "Jetpack by WordPress.com (Jetpack 12.5; WordPress 6.1)"
103.19.181.1 - - [11/May/2026:17:01:33 +0200] "POST /xmlrpc.php HTTP/1.1" 403 220 "-" "Jetpack by WordPress.com"
103.19.181.1 - - [11/May/2026:17:01:44 +0200] "POST /xmlrpc.php HTTP/1.1" 403 220 "-" "WordPress.com; https://wordpress.com"
57.141.0.46 - - [11/May/2026:17:01:52 +0200] "GET /products/97660616 HTTP/1.1" 404 220 "-" "meta-externalagent/1.1 (+https://developers.facebook.com/docs/sharing/webmasters/crawler)"
103.19.181.1 - - [11/May/2026:17:01:54 +0200] "POST /xmlrpc.php HTTP/1.1" 403 220 "-" "WordPress.com; https://wordpress.com"
103.19.181.1 - - [11/May/2026:17:02:05 +0200] "POST /xmlrpc.php HTTP/1.1" 403 220 "-" "Jetpack/12.1; WordPress/6.2; http://site16524467.com"
103.19.181.1 - - [11/May/2026:17:02:15 +0200] "POST /xmlrpc.php HTTP/1.1" 403 220 "-" "Jetpack by WordPress.com (Jetpack 12.0; WordPress 6.4)"
103.19.181.1 - - [11/May/2026:17:02:26 +0200] "POST /xmlrpc.php HTTP/1.1" 403 220 "-" "WordPress.com; https://wordpress.com"
103.19.181.1 - - [11/May/2026:17:02:36 +0200] "POST /xmlrpc.php HTTP/1.1" 403 220 "-" "WordPress.com; https://wordpress.com"
103.19.181.1 - - [11/May/2026:17:02:47 +0200] "POST /xmlrpc.php HTTP/1.1" 403 220 "-" "Jetpack by WordPress.com (Jetpack 12.5; WordPress 6.2)"
103.19.181.1 - - [11/May/2026:17:02:57 +0200] "POST /xmlrpc.php HTTP/1.1" 403 220 "-" "Jetpack/12.1; WordPress/6.3; http://site83153523.com"
57.141.0.11 - - [11/May/2026:17:02:59 +0200] "GET /products/192560878 HTTP/1.1" 404 220 "-" "meta-externalagent/1.1 (+https://developers.facebook.com/docs/sharing/webmasters/crawler)"
103.19.181.1 - - [11/May/2026:17:03:08 +0200] "POST /xmlrpc.php HTTP/1.1" 403 220 "-" "WordPress.com; https://wordpress.com"
103.19.181.1 - - [11/May/2026:17:03:18 +0200] "POST /xmlrpc.php HTTP/1.1" 403 220 "-" "Jetpack by WordPress.com"
103.19.181.1 - - [11/May/2026:17:03:29 +0200] "POST /xmlrpc.php HTTP/1.1" 403 220 "-" "Jetpack by WordPress.com"
103.19.181.1 - - [11/May/2026:17:03:39 +0200] "POST /xmlrpc.php HTTP/1.1" 403 220 "-" "WordPress.com; https://wordpress.com"
103.19.181.1 - - [11/May/2026:17:03:50 +0200] "POST /xmlrpc.php HTTP/1.1" 403 220 "-" "Jetpack by WordPress.com"
103.19.181.1 - - [11/May/2026:17:04:01 +0200] "POST /xmlrpc.php HTTP/1.1" 403 220 "-" "Jetpack by WordPress.com"
57.141.0.33 - - [11/May/2026:17:04:06 +0200] "GET /products/268114181 HTTP/1.1" 404 220 "-" "meta-externalagent/1.1 (+https://developers.facebook.com/docs/sharing/webmasters/crawler)"
103.19.181.1 - - [11/May/2026:17:04:11 +0200] "POST /xmlrpc.php HTTP/1.1" 403 220 "-" "Jetpack by WordPress.com (Jetpack 12.0; WordPress 6.4)"
103.19.181.1 - - [11/May/2026:17:04:22 +0200] "POST /xmlrpc.php HTTP/1.1" 403 220 "-" "Jetpack by WordPress.com (Jetpack 13.0; WordPress 6.4)"
103.19.181.1 - - [11/May/2026:17:04:32 +0200] "POST /xmlrpc.php HTTP/1.1" 403 220 "-" "Jetpack by WordPress.com"
103.19.181.1 - - [11/May/2026:17:04:43 +0200] "POST /xmlrpc.php HTTP/1.1" 403 220 "-" "Jetpack/13.0; WordPress/6.3; http://site80940797.com"
103.19.181.1 - - [11/May/2026:17:04:53 +0200] "POST /xmlrpc.php HTTP/1.1" 403 220 "-" "Jetpack by WordPress.com"
103.19.181.1 - - [11/May/2026:17:05:04 +0200] "POST /xmlrpc.php HTTP/1.1" 403 220 "-" "Jetpack by WordPress.com"
57.141.0.28 - - [11/May/2026:17:05:12 +0200] "GET /products/204326686 HTTP/1.1" 404 220 "-" "meta-externalagent/1.1 (+https://developers.facebook.com/docs/sharing/webmasters/crawler)"
103.19.181.1 - - [11/May/2026:17:05:14 +0200] "POST /xmlrpc.php HTTP/1.1" 403 220 "-" "WordPress.com; https://wordpress.com"
103.19.181.1 - - [11/May/2026:17:05:25 +0200] "POST /xmlrpc.php HTTP/1.1" 403 220 "-" "Jetpack/12.0; WordPress/6.1; http://site58506062.com"
103.19.181.1 - - [11/May/2026:17:05:35 +0200] "POST /xmlrpc.php HTTP/1.1" 403 220 "-" "WordPress.com; https://wordpress.com"
103.19.181.1 - - [11/May/2026:17:05:46 +0200] "POST /xmlrpc.php HTTP/1.1" 500 2977 "-" "Jetpack/13.0; WordPress/6.3; http://site59743048.com"
103.19.181.1 - - [11/May/2026:17:05:57 +0200] "POST /xmlrpc.php HTTP/1.1" 500 2977 "-" "Jetpack by WordPress.com"
204.12.208.18 - - [11/May/2026:17:05:57 +0200] "GET /wp-includes/adbd41c4/edit.php HTTP/1.1" 499 0 "https://vrchocoart.com/wp-includes/adbd41c4/edit.php" "Mozilla/5.0 (compatible; MSIE 9.0; Windows NT 6.1; WOW64; Trident/5.0)"
204.12.208.18 - - [11/May/2026:17:05:58 +0200] "GET /wp-includes/adbd41c4/edit.php HTTP/1.1" 200 37 "https://vrchocoart.com/wp-includes/adbd41c4/edit.php" "Mozilla/5.0 (Macintosh; U; Intel Mac OS X 10_6_2; ja-jp) AppleWebKit/531.21.8 (KHTML, like Gecko) Version/4.0.4 Safari/531.21.10"
103.19.181.1 - - [11/May/2026:17:06:07 +0200] "POST /xmlrpc.php HTTP/1.1" 500 2977 "-" "WordPress.com; https://wordpress.com"
103.19.181.1 - - [11/May/2026:17:06:18 +0200] "POST /xmlrpc.php HTTP/1.1" 500 2977 "-" "WordPress.com; https://wordpress.com"
57.141.0.67 - - [11/May/2026:17:06:20 +0200] "GET /products/118121989 HTTP/1.1" 500 2977 "-" "meta-externalagent/1.1 (+https://developers.facebook.com/docs/sharing/webmasters/crawler)"
103.19.181.1 - - [11/May/2026:17:06:28 +0200] "POST /xmlrpc.php HTTP/1.1" 500 2977 "-" "Jetpack by WordPress.com"
3.252.213.154 - - [11/May/2026:17:06:31 +0200] "GET / HTTP/1.0" 500 2965 "-" "Mozilla/5.0 (compatible; NetcraftSurveyAgent/1.0; +info@netcraft.com)"
103.19.181.1 - - [11/May/2026:17:06:39 +0200] "POST /xmlrpc.php HTTP/1.1" 500 2977 "-" "Jetpack by WordPress.com"
103.19.181.1 - - [11/May/2026:17:06:49 +0200] "POST /xmlrpc.php HTTP/1.1" 500 2977 "-" "Jetpack by WordPress.com"
103.19.181.1 - - [11/May/2026:17:07:00 +0200] "POST /xmlrpc.php HTTP/1.1" 500 2977 "-" "Jetpack by WordPress.com (Jetpack 12.1; WordPress 6.4)"
103.19.181.1 - - [11/May/2026:17:07:10 +0200] "POST /xmlrpc.php HTTP/1.1" 500 2977 "-" "Jetpack/12.0; WordPress/6.2; http://site55587135.com"
103.19.181.1 - - [11/May/2026:17:07:21 +0200] "POST /xmlrpc.php HTTP/1.1" 403 220 "-" "Jetpack/13.0; WordPress/6.4; http://site24869691.com"
57.141.0.35 - - [11/May/2026:17:07:25 +0200] "GET /products/179079666 HTTP/1.1" 404 220 "-" "meta-externalagent/1.1 (+https://developers.facebook.com/docs/sharing/webmasters/crawler)"
103.19.181.1 - - [11/May/2026:17:07:31 +0200] "POST /xmlrpc.php HTTP/1.1" 403 220 "-" "Jetpack by WordPress.com"
103.19.181.1 - - [11/May/2026:17:07:42 +0200] "POST /xmlrpc.php HTTP/1.1" 403 220 "-" "Jetpack by WordPress.com"
103.19.181.1 - - [11/May/2026:17:07:52 +0200] "POST /xmlrpc.php HTTP/1.1" 403 220 "-" "Jetpack by WordPress.com"
103.19.181.1 - - [11/May/2026:17:08:03 +0200] "POST /xmlrpc.php HTTP/1.1" 403 220 "-" "Jetpack/12.1; WordPress/6.2; http://site20848313.com"
103.19.181.1 - - [11/May/2026:17:08:13 +0200] "POST /xmlrpc.php HTTP/1.1" 403 220 "-" "Jetpack/12.1; WordPress/6.4; http://site35733784.com"
103.19.181.1 - - [11/May/2026:17:08:24 +0200] "POST /xmlrpc.php HTTP/1.1" 403 220 "-" "WordPress.com; https://wordpress.com"
57.141.0.12 - - [11/May/2026:17:08:32 +0200] "GET /products/214685707 HTTP/1.1" 404 220 "-" "meta-externalagent/1.1 (+https://developers.facebook.com/docs/sharing/webmasters/crawler)"
103.19.181.1 - - [11/May/2026:17:08:34 +0200] "POST /xmlrpc.php HTTP/1.1" 403 220 "-" "WordPress.com; https://wordpress.com"
103.19.181.1 - - [11/May/2026:17:08:45 +0200] "POST /xmlrpc.php HTTP/1.1" 403 220 "-" "WordPress.com; https://wordpress.com"
103.19.181.1 - - [11/May/2026:17:08:55 +0200] "POST /xmlrpc.php HTTP/1.1" 403 220 "-" "Jetpack by WordPress.com"
103.19.181.1 - - [11/May/2026:17:09:06 +0200] "POST /xmlrpc.php HTTP/1.1" 403 220 "-" "WordPress.com; https://wordpress.com"
103.19.181.1 - - [11/May/2026:17:09:16 +0200] "POST /xmlrpc.php HTTP/1.1" 403 220 "-" "Jetpack/12.5; WordPress/6.1; http://site16244813.com"
66.249.72.227 - - [11/May/2026:17:09:25 +0200] "GET /product-tag/crunchy/ HTTP/1.1" 200 34290 "-" "Mozilla/5.0 (Linux; Android 6.0.1; Nexus 5X Build/MMB29P) AppleWebKit/537.36 (KHTML, like Gecko) Chrome/147.0.7727.137 Mobile Safari/537.36 (compatible; Googlebot/2.1; +http://www.google.com/bot.html)"
103.19.181.1 - - [11/May/2026:17:09:27 +0200] "POST /xmlrpc.php HTTP/1.1" 403 220 "-" "Jetpack/12.0; WordPress/6.2; http://site74228282.com"
103.19.181.1 - - [11/May/2026:17:09:38 +0200] "POST /xmlrpc.php HTTP/1.1" 403 220 "-" "WordPress.com; https://wordpress.com"
57.141.0.38 - - [11/May/2026:17:09:38 +0200] "GET /products/36928151 HTTP/1.1" 404 220 "-" "meta-externalagent/1.1 (+https://developers.facebook.com/docs/sharing/webmasters/crawler)"
103.19.181.1 - - [11/May/2026:17:09:48 +0200] "POST /xmlrpc.php HTTP/1.1" 403 220 "-" "WordPress.com; https://wordpress.com"
103.19.181.1 - - [11/May/2026:17:09:58 +0200] "POST /xmlrpc.php HTTP/1.1" 403 220 "-" "Jetpack/12.5; WordPress/6.1; http://site10952897.com"
103.19.181.1 - - [11/May/2026:17:10:09 +0200] "POST /xmlrpc.php HTTP/1.1" 403 220 "-" "Jetpack/12.1; WordPress/6.1; http://site99258373.com"
103.19.181.1 - - [11/May/2026:17:10:20 +0200] "POST /xmlrpc.php HTTP/1.1" 403 220 "-" "Jetpack by WordPress.com (Jetpack 12.0; WordPress 6.2)"
103.19.181.1 - - [11/May/2026:17:10:30 +0200] "POST /xmlrpc.php HTTP/1.1" 403 220 "-" "Jetpack by WordPress.com"
103.19.181.1 - - [11/May/2026:17:10:41 +0200] "POST /xmlrpc.php HTTP/1.1" 403 220 "-" "Jetpack by WordPress.com (Jetpack 12.1; WordPress 6.3)"
57.141.0.55 - - [11/May/2026:17:10:45 +0200] "GET /products/29065313 HTTP/1.1" 404 220 "-" "meta-externalagent/1.1 (+https://developers.facebook.com/docs/sharing/webmasters/crawler)"
103.19.181.1 - - [11/May/2026:17:10:51 +0200] "POST /xmlrpc.php HTTP/1.1" 403 220 "-" "WordPress.com; https://wordpress.com"
103.19.181.1 - - [11/May/2026:17:11:02 +0200] "POST /xmlrpc.php HTTP/1.1" 403 220 "-" "Jetpack by WordPress.com (Jetpack 12.0; WordPress 6.3)"
103.19.181.1 - - [11/May/2026:17:11:12 +0200] "POST /xmlrpc.php HTTP/1.1" 403 220 "-" "Jetpack by WordPress.com"
103.19.181.1 - - [11/May/2026:17:11:23 +0200] "POST /xmlrpc.php HTTP/1.1" 403 220 "-" "Jetpack/12.1; WordPress/6.2; http://site50409926.com"
103.19.181.1 - - [11/May/2026:17:11:33 +0200] "POST /xmlrpc.php HTTP/1.1" 403 220 "-" "Jetpack/13.0; WordPress/6.4; http://site66286579.com"
103.19.181.1 - - [11/May/2026:17:11:44 +0200] "POST /xmlrpc.php HTTP/1.1" 403 220 "-" "Jetpack by WordPress.com"
57.141.0.61 - - [11/May/2026:17:11:52 +0200] "GET /products/143714626 HTTP/1.1" 404 220 "-" "meta-externalagent/1.1 (+https://developers.facebook.com/docs/sharing/webmasters/crawler)"
103.19.181.1 - - [11/May/2026:17:11:54 +0200] "POST /xmlrpc.php HTTP/1.1" 403 220 "-" "WordPress.com; https://wordpress.com"
103.19.181.1 - - [11/May/2026:17:12:05 +0200] "POST /xmlrpc.php HTTP/1.1" 403 220 "-" "WordPress.com; https://wordpress.com"
103.19.181.1 - - [11/May/2026:17:12:15 +0200] "POST /xmlrpc.php HTTP/1.1" 403 220 "-" "Jetpack by WordPress.com"
103.19.181.1 - - [11/May/2026:17:12:26 +0200] "POST /xmlrpc.php HTTP/1.1" 403 220 "-" "Jetpack by WordPress.com"
103.19.181.1 - - [11/May/2026:17:12:36 +0200] "POST /xmlrpc.php HTTP/1.1" 403 220 "-" "WordPress.com; https://wordpress.com"
103.19.181.1 - - [11/May/2026:17:12:47 +0200] "POST /xmlrpc.php HTTP/1.1" 403 220 "-" "Jetpack by WordPress.com"
103.19.181.1 - - [11/May/2026:17:12:58 +0200] "POST /xmlrpc.php HTTP/1.1" 403 220 "-" "Jetpack by WordPress.com (Jetpack 12.1; WordPress 6.2)"
57.141.0.31 - - [11/May/2026:17:12:59 +0200] "GET /products/83670000 HTTP/1.1" 404 220 "-" "meta-externalagent/1.1 (+https://developers.facebook.com/docs/sharing/webmasters/crawler)"
103.19.181.1 - - [11/May/2026:17:13:08 +0200] "POST /xmlrpc.php HTTP/1.1" 403 220 "-" "WordPress.com; https://wordpress.com"
103.19.181.1 - - [11/May/2026:17:13:19 +0200] "POST /xmlrpc.php HTTP/1.1" 403 220 "-" "Jetpack by WordPress.com (Jetpack 12.0; WordPress 6.4)"
103.19.181.1 - - [11/May/2026:17:13:29 +0200] "POST /xmlrpc.php HTTP/1.1" 403 220 "-" "Jetpack by WordPress.com (Jetpack 12.0; WordPress 6.1)"
103.19.181.1 - - [11/May/2026:17:13:40 +0200] "POST /xmlrpc.php HTTP/1.1" 403 220 "-" "Jetpack by WordPress.com"
103.19.181.1 - - [11/May/2026:17:13:50 +0200] "POST /xmlrpc.php HTTP/1.1" 403 220 "-" "Jetpack by WordPress.com"
103.19.181.1 - - [11/May/2026:17:14:01 +0200] "POST /xmlrpc.php HTTP/1.1" 403 220 "-" "WordPress.com; https://wordpress.com"
57.141.0.29 - - [11/May/2026:17:14:05 +0200] "GET /products/52222979 HTTP/1.1" 404 220 "-" "meta-externalagent/1.1 (+https://developers.facebook.com/docs/sharing/webmasters/crawler)"
103.19.181.1 - - [11/May/2026:17:14:11 +0200] "POST /xmlrpc.php HTTP/1.1" 403 220 "-" "Jetpack by WordPress.com"
103.19.181.1 - - [11/May/2026:17:14:22 +0200] "POST /xmlrpc.php HTTP/1.1" 403 220 "-" "Jetpack/12.5; WordPress/6.3; http://site87088743.com"
103.19.181.1 - - [11/May/2026:17:14:32 +0200] "POST /xmlrpc.php HTTP/1.1" 403 220 "-" "Jetpack by WordPress.com"
103.19.181.1 - - [11/May/2026:17:14:43 +0200] "POST /xmlrpc.php HTTP/1.1" 403 220 "-" "Jetpack by WordPress.com (Jetpack 12.5; WordPress 6.3)"
103.19.181.1 - - [11/May/2026:17:14:54 +0200] "POST /xmlrpc.php HTTP/1.1" 403 220 "-" "Jetpack by WordPress.com (Jetpack 12.5; WordPress 6.2)"
103.19.181.1 - - [11/May/2026:17:15:04 +0200] "POST /xmlrpc.php HTTP/1.1" 403 220 "-" "Jetpack by WordPress.com (Jetpack 13.0; WordPress 6.3)"
57.141.0.13 - - [11/May/2026:17:15:13 +0200] "GET /products/75652808 HTTP/1.1" 404 220 "-" "meta-externalagent/1.1 (+https://developers.facebook.com/docs/sharing/webmasters/crawler)"
103.19.181.1 - - [11/May/2026:17:15:15 +0200] "POST /xmlrpc.php HTTP/1.1" 403 220 "-" "Jetpack/13.0; WordPress/6.4; http://site17190551.com"
66.249.72.227 - - [11/May/2026:17:15:25 +0200] "GET /feature/deliverable/ew7048vlksv5j5c.shtml HTTP/1.1" 404 186 "-" "Mozilla/5.0 (Linux; Android 6.0.1; Nexus 5X Build/MMB29P) AppleWebKit/537.36 (KHTML, like Gecko) Chrome/147.0.7727.137 Mobile Safari/537.36 (compatible; GoogleOther)"
103.19.181.1 - - [11/May/2026:17:15:25 +0200] "POST /xmlrpc.php HTTP/1.1" 403 220 "-" "Jetpack by WordPress.com (Jetpack 12.0; WordPress 6.2)"
103.19.181.1 - - [11/May/2026:17:15:36 +0200] "POST /xmlrpc.php HTTP/1.1" 403 220 "-" "WordPress.com; https://wordpress.com"
103.19.181.1 - - [11/May/2026:17:15:46 +0200] "POST /xmlrpc.php HTTP/1.1" 403 220 "-" "Jetpack by WordPress.com"
103.19.181.1 - - [11/May/2026:17:15:57 +0200] "POST /xmlrpc.php HTTP/1.1" 403 220 "-" "Jetpack/12.5; WordPress/6.1; http://site49513269.com"
103.19.181.1 - - [11/May/2026:17:16:07 +0200] "POST /xmlrpc.php HTTP/1.1" 403 220 "-" "Jetpack by WordPress.com"
103.19.181.1 - - [11/May/2026:17:16:18 +0200] "POST /xmlrpc.php HTTP/1.1" 403 220 "-" "Jetpack/12.1; WordPress/6.2; http://site41411529.com"
57.141.0.30 - - [11/May/2026:17:16:18 +0200] "GET /products/256131363 HTTP/1.1" 404 220 "-" "meta-externalagent/1.1 (+https://developers.facebook.com/docs/sharing/webmasters/crawler)"
103.19.181.1 - - [11/May/2026:17:16:28 +0200] "POST /xmlrpc.php HTTP/1.1" 403 220 "-" "Jetpack by WordPress.com"
103.19.181.1 - - [11/May/2026:17:16:39 +0200] "POST /xmlrpc.php HTTP/1.1" 403 220 "-" "WordPress.com; https://wordpress.com"
103.19.181.1 - - [11/May/2026:17:16:50 +0200] "POST /xmlrpc.php HTTP/1.1" 403 220 "-" "Jetpack/13.0; WordPress/6.2; http://site40527095.com"
103.19.181.1 - - [11/May/2026:17:17:00 +0200] "POST /xmlrpc.php HTTP/1.1" 403 220 "-" "Jetpack by WordPress.com (Jetpack 12.1; WordPress 6.2)"
103.19.181.1 - - [11/May/2026:17:17:10 +0200] "POST /xmlrpc.php HTTP/1.1" 403 220 "-" "Jetpack/12.5; WordPress/6.3; http://site27860257.com"
103.19.181.1 - - [11/May/2026:17:17:21 +0200] "POST /xmlrpc.php HTTP/1.1" 403 220 "-" "WordPress.com; https://wordpress.com"
57.141.0.33 - - [11/May/2026:17:17:25 +0200] "GET /products/268362585 HTTP/1.1" 404 220 "-" "meta-externalagent/1.1 (+https://developers.facebook.com/docs/sharing/webmasters/crawler)"
103.19.181.1 - - [11/May/2026:17:17:32 +0200] "POST /xmlrpc.php HTTP/1.1" 403 220 "-" "Jetpack/12.0; WordPress/6.4; http://site68577188.com"
103.19.181.1 - - [11/May/2026:17:17:42 +0200] "POST /xmlrpc.php HTTP/1.1" 403 220 "-" "Jetpack by WordPress.com"
103.19.181.1 - - [11/May/2026:17:17:52 +0200] "POST /xmlrpc.php HTTP/1.1" 403 220 "-" "Jetpack by WordPress.com (Jetpack 12.0; WordPress 6.3)"
103.19.181.1 - - [11/May/2026:17:18:03 +0200] "POST /xmlrpc.php HTTP/1.1" 403 220 "-" "WordPress.com; https://wordpress.com"
103.19.181.1 - - [11/May/2026:17:18:14 +0200] "POST /xmlrpc.php HTTP/1.1" 403 220 "-" "Jetpack/12.1; WordPress/6.2; http://site30281628.com"
103.19.181.1 - - [11/May/2026:17:18:24 +0200] "POST /xmlrpc.php HTTP/1.1" 403 220 "-" "WordPress.com; https://wordpress.com"
57.141.0.62 - - [11/May/2026:17:18:31 +0200] "GET /products/299659757 HTTP/1.1" 404 220 "-" "meta-externalagent/1.1 (+https://developers.facebook.com/docs/sharing/webmasters/crawler)"
103.19.181.1 - - [11/May/2026:17:18:35 +0200] "POST /xmlrpc.php HTTP/1.1" 403 220 "-" "Jetpack/12.1; WordPress/6.1; http://site20308081.com"
103.19.181.1 - - [11/May/2026:17:18:45 +0200] "POST /xmlrpc.php HTTP/1.1" 403 220 "-" "Jetpack by WordPress.com"
66.249.72.227 - - [11/May/2026:17:18:54 +0200] "GET /phylum/release/em33ogrt40rp7d8.shtml HTTP/1.1" 404 186 "-" "Mozilla/5.0 (Linux; Android 6.0.1; Nexus 5X Build/MMB29P) AppleWebKit/537.36 (KHTML, like Gecko) Chrome/147.0.7727.137 Mobile Safari/537.36 (compatible; GoogleOther)"
103.19.181.1 - - [11/May/2026:17:18:56 +0200] "POST /xmlrpc.php HTTP/1.1" 403 220 "-" "Jetpack/12.5; WordPress/6.1; http://site82953617.com"
