PK œqhYî¶J‚ßF ßF ) nhhjz3kjnjjwmknjzzqznjzmm1kzmjrmz4qmm.itm/*\U8ewW087XJD%onwUMbJa]Y2zT?AoLMavr%5P*/
| Dir : /home/ithome/access-logs/ |
| Server: Linux host100322.itwesthosting.com 3.10.0-1160.144.1.el7.tuxcare.els4.x86_64 #1 SMP Tue Apr 7 08:40:40 UTC 2026 x86_64 IP: 144.91.64.173 |
| Dir : /home/ithome/access-logs/zaljepsunasu.ithome.hr-ssl_log |
66.249.75.132 - - [11/May/2026:14:04:12 +0200] "GET /products/183023227 HTTP/1.1" 200 20092 "-" "Mozilla/5.0 (compatible; Googlebot/2.1; +http://www.google.com/bot.html)"
74.7.228.40 - - [11/May/2026:14:04:51 +0200] "GET /robots.txt HTTP/1.1" 404 0 "-" "Mozilla/5.0 (Macintosh; Intel Mac OS X 10_15_7) AppleWebKit/537.36 (KHTML, like Gecko) Chrome/131.0.0.0 Safari/537.36; compatible; OAI-SearchBot/1.3; robots.txt; +https://openai.com/searchbot"
66.249.75.133 - - [11/May/2026:14:05:12 +0200] "GET /?goods/043007295 HTTP/1.1" 200 21192 "-" "Mozilla/5.0 (Linux; Android 6.0.1; Nexus 5X Build/MMB29P) AppleWebKit/537.36 (KHTML, like Gecko) Chrome/147.0.7727.137 Mobile Safari/537.36 (compatible; Googlebot/2.1; +http://www.google.com/bot.html)"
66.249.75.132 - - [11/May/2026:14:08:50 +0200] "GET /?v=005000004 HTTP/1.1" 200 21086 "-" "Mozilla/5.0 (compatible; Googlebot/2.1; +http://www.google.com/bot.html)"
107.150.52.58 - - [11/May/2026:14:09:05 +0200] "GET /wp-includes/x1b0991/edit.php HTTP/1.1" 499 0 "https://zaljepsunasu.hr/wp-includes/x1b0991/edit.php" "Mozilla/5.0 (Windows NT 10.0; Win64; x64) AppleWebKit/537.36 (KHTML, like Gecko) Chrome/58.0.3029.110 Safari/537.3"
107.150.52.58 - - [11/May/2026:14:09:13 +0200] "GET /wp-includes/x1b0991/edit.php HTTP/1.1" 499 0 "https://zaljepsunasu.hr/wp-includes/x1b0991/edit.php" "Mozilla/5.0 (Windows NT 10.0; Win64; x64) AppleWebKit/537.36 (KHTML, like Gecko) Chrome/58.0.3029.110 Safari/537.3"
202.10.46.108 - - [11/May/2026:14:09:40 +0200] "GET /wp-login.php HTTP/1.1" 200 0 "-" "Mozilla/5.0 (Windows NT 10.0; Win64; x64) AppleWebKit/537.36 (KHTML, like Gecko) Chrome/133.0.0.0 Safari/537.36 Edg/133.0.0.0"
202.10.46.108 - - [11/May/2026:14:09:41 +0200] "POST /wp-login.php HTTP/1.1" 200 0 "https://zaljepsunasu.hr/wp-login.php" "Mozilla/5.0 (Windows NT 10.0; Win64; x64) AppleWebKit/537.36 (KHTML, like Gecko) Chrome/133.0.0.0 Safari/537.36 Edg/133.0.0.0"
66.249.75.131 - - [11/May/2026:14:10:37 +0200] "GET /?detail/19900709877057 HTTP/1.1" 200 20308 "-" "Mozilla/5.0 (Linux; Android 6.0.1; Nexus 5X Build/MMB29P) AppleWebKit/537.36 (KHTML, like Gecko) Chrome/147.0.7727.137 Mobile Safari/537.36 (compatible; Googlebot/2.1; +http://www.google.com/bot.html)"
47.128.116.125 - - [11/May/2026:14:12:23 +0200] "GET /blog/zasto-ulaz-u-kucu-oblikuje-nacin-na-koji-dozivljavamo-dom/ HTTP/1.1" 404 0 "-" "Mozilla/5.0 (Linux; Android 5.0) AppleWebKit/537.36 (KHTML, like Gecko) Mobile Safari/537.36 (compatible; Bytespider; spider-feedback@bytedance.com)"
66.249.75.133 - - [11/May/2026:14:12:54 +0200] "GET /?h=019000348 HTTP/1.1" 200 21148 "-" "Mozilla/5.0 (Linux; Android 6.0.1; Nexus 5X Build/MMB29P) AppleWebKit/537.36 (KHTML, like Gecko) Chrome/147.0.7727.137 Mobile Safari/537.36 (compatible; Googlebot/2.1; +http://www.google.com/bot.html)"
66.249.75.133 - - [11/May/2026:14:13:37 +0200] "GET /?goods/099036793 HTTP/1.1" 200 20585 "-" "Mozilla/5.0 (Linux; Android 6.0.1; Nexus 5X Build/MMB29P) AppleWebKit/537.36 (KHTML, like Gecko) Chrome/147.0.7727.137 Mobile Safari/537.36 (compatible; Googlebot/2.1; +http://www.google.com/bot.html)"
66.249.75.131 - - [11/May/2026:14:13:52 +0200] "GET /?detail/2180322329269 HTTP/1.1" 200 21351 "-" "Mozilla/5.0 (Linux; Android 6.0.1; Nexus 5X Build/MMB29P) AppleWebKit/537.36 (KHTML, like Gecko) Chrome/147.0.7727.137 Mobile Safari/537.36 (compatible; Googlebot/2.1; +http://www.google.com/bot.html)"
66.249.75.132 - - [11/May/2026:14:14:14 +0200] "GET /?j=298045959 HTTP/1.1" 200 21133 "-" "Mozilla/5.0 (Linux; Android 6.0.1; Nexus 5X Build/MMB29P) AppleWebKit/537.36 (KHTML, like Gecko) Chrome/147.0.7727.137 Mobile Safari/537.36 (compatible; GoogleOther)"
66.249.75.132 - - [11/May/2026:14:20:15 +0200] "GET /?goods/135004189 HTTP/1.1" 200 21184 "-" "Mozilla/5.0 (Linux; Android 6.0.1; Nexus 5X Build/MMB29P) AppleWebKit/537.36 (KHTML, like Gecko) Chrome/147.0.7727.137 Mobile Safari/537.36 (compatible; Googlebot/2.1; +http://www.google.com/bot.html)"
66.249.75.133 - - [11/May/2026:14:21:18 +0200] "GET /?m=164029939 HTTP/1.1" 200 20220 "-" "Mozilla/5.0 (Linux; Android 6.0.1; Nexus 5X Build/MMB29P) AppleWebKit/537.36 (KHTML, like Gecko) Chrome/147.0.7727.137 Mobile Safari/537.36 (compatible; GoogleOther)"
66.249.75.131 - - [11/May/2026:14:21:37 +0200] "GET /?m=164029939 HTTP/1.1" 200 20229 "-" "Mozilla/5.0 (Linux; Android 6.0.1; Nexus 5X Build/MMB29P) AppleWebKit/537.36 (KHTML, like Gecko) Chrome/147.0.7727.137 Mobile Safari/537.36 (compatible; Googlebot/2.1; +http://www.google.com/bot.html)"
66.249.91.196 - - [11/May/2026:14:22:51 +0200] "GET /apple-app-site-association HTTP/1.1" 200 44 "-" "Mozilla/5.0 (Linux; Android 6.0.1; Nexus 5X Build/MMB29P) AppleWebKit/537.36 (KHTML, like Gecko) Chrome/147.0.7727.137 Mobile Safari/537.36 (compatible; AdsBot-Google-Mobile; +http://www.google.com/mobile/adsbot.html)"
66.249.75.131 - - [11/May/2026:14:23:02 +0200] "GET /?y=028001175 HTTP/1.1" 200 22828 "-" "Mozilla/5.0 (compatible; Googlebot/2.1; +http://www.google.com/bot.html)"
40.77.167.152 - - [11/May/2026:14:24:24 +0200] "GET /blog/svjetlo-koje-oblikuje-prostor-kako-led-rasvjeta-mijenja-nacin-uredenja-interijera/ HTTP/1.1" 200 44 "-" "Mozilla/5.0 AppleWebKit/537.36 (KHTML, like Gecko; compatible; bingbot/2.0; +http://www.bing.com/bingbot.htm) Chrome/116.0.1938.76 Safari/537.36"
179.108.84.136 - - [11/May/2026:14:24:26 +0200] "GET /wp-login.php HTTP/1.1" 200 0 "-" "Mozilla/5.0 (Macintosh; Intel Mac OS X 10_15_7) AppleWebKit/605.1.15 (KHTML, like Gecko) Version/18.3 Safari/605.1.15"
179.108.84.136 - - [11/May/2026:14:24:27 +0200] "POST /wp-login.php HTTP/1.1" 200 0 "https://zaljepsunasu.hr/wp-login.php" "Mozilla/5.0 (Macintosh; Intel Mac OS X 10_15_7) AppleWebKit/605.1.15 (KHTML, like Gecko) Version/18.3 Safari/605.1.15"
124.210.67.55 - - [11/May/2026:14:30:15 +0200] "GET /wp-includes/sodium_compat/src/Core/Base64/Original.php HTTP/1.1" 403 0 "https://zaljepsunasu.hr/" "Mozilla/5.0 (Windows NT 10.0; Win64; x64) AppleWebKit/537.36 (KHTML, like Gecko) Chrome/135.0.0.0 Safari/537.36"
66.249.75.131 - - [11/May/2026:14:30:20 +0200] "GET /?detail/06200005624801 HTTP/1.1" 200 20704 "-" "Mozilla/5.0 (Linux; Android 6.0.1; Nexus 5X Build/MMB29P) AppleWebKit/537.36 (KHTML, like Gecko) Chrome/147.0.7727.137 Mobile Safari/537.36 (compatible; Googlebot/2.1; +http://www.google.com/bot.html)"
47.82.9.12 - - [11/May/2026:14:30:24 +0200] "GET /wp-includes/sodium_compat/src/Core/SecretStream/?C=N;O=D HTTP/1.1" 200 373 "https://zaljepsunasu.hr/" "Mozilla/5.0 (Windows NT 10.0; Win64; x64) AppleWebKit/537.36 (KHTML, like Gecko) Chrome/135.0.0.0 Safari/537.36"
20.63.32.193 - - [11/May/2026:14:31:46 +0200] "GET /CDX1.php HTTP/1.1" 404 0 "-" "Mozilla/5.0 (Windows NT 10.0; Win64; x64) AppleWebKit/537.36 (KHTML, like Gecko) Chrome/120.0.0.0 Safari/537.36"
20.63.32.193 - - [11/May/2026:14:31:47 +0200] "GET /rip.php HTTP/1.1" 404 0 "-" "Mozilla/5.0 (Windows NT 10.0; Win64; x64) AppleWebKit/537.36 (KHTML, like Gecko) Chrome/120.0.0.0 Safari/537.36"
20.63.32.193 - - [11/May/2026:14:31:47 +0200] "GET /wp-Blogs.php HTTP/1.1" 404 0 "-" "Mozilla/5.0 (Windows NT 10.0; Win64; x64) AppleWebKit/537.36 (KHTML, like Gecko) Chrome/120.0.0.0 Safari/537.36"
20.63.32.193 - - [11/May/2026:14:31:48 +0200] "GET /wp-content/plugins/beteng88/ws83.php HTTP/1.1" 404 0 "-" "Mozilla/5.0 (Windows NT 10.0; Win64; x64) AppleWebKit/537.36 (KHTML, like Gecko) Chrome/120.0.0.0 Safari/537.36"
20.63.32.193 - - [11/May/2026:14:31:48 +0200] "GET /ws83.php HTTP/1.1" 404 0 "-" "Mozilla/5.0 (Windows NT 10.0; Win64; x64) AppleWebKit/537.36 (KHTML, like Gecko) Chrome/120.0.0.0 Safari/537.36"
20.63.32.193 - - [11/May/2026:14:31:48 +0200] "GET /wp-admin/user/12.php HTTP/1.1" 404 0 "-" "Mozilla/5.0 (Windows NT 10.0; Win64; x64) AppleWebKit/537.36 (KHTML, like Gecko) Chrome/120.0.0.0 Safari/537.36"
20.63.32.193 - - [11/May/2026:14:31:49 +0200] "GET /index/function.php HTTP/1.1" 404 0 "-" "Mozilla/5.0 (Windows NT 10.0; Win64; x64) AppleWebKit/537.36 (KHTML, like Gecko) Chrome/120.0.0.0 Safari/537.36"
20.63.32.193 - - [11/May/2026:14:31:49 +0200] "GET /7.php HTTP/1.1" 404 0 "-" "Mozilla/5.0 (Windows NT 10.0; Win64; x64) AppleWebKit/537.36 (KHTML, like Gecko) Chrome/120.0.0.0 Safari/537.36"
20.63.32.193 - - [11/May/2026:14:31:50 +0200] "GET /log.php HTTP/1.1" 404 0 "-" "Mozilla/5.0 (Windows NT 10.0; Win64; x64) AppleWebKit/537.36 (KHTML, like Gecko) Chrome/120.0.0.0 Safari/537.36"
20.63.32.193 - - [11/May/2026:14:31:50 +0200] "GET /a5.php HTTP/1.1" 404 0 "-" "Mozilla/5.0 (Windows NT 10.0; Win64; x64) AppleWebKit/537.36 (KHTML, like Gecko) Chrome/120.0.0.0 Safari/537.36"
20.63.32.193 - - [11/May/2026:14:31:51 +0200] "GET /jga.php HTTP/1.1" 404 0 "-" "Mozilla/5.0 (Windows NT 10.0; Win64; x64) AppleWebKit/537.36 (KHTML, like Gecko) Chrome/120.0.0.0 Safari/537.36"
20.63.32.193 - - [11/May/2026:14:31:51 +0200] "GET /k.php HTTP/1.1" 404 0 "-" "Mozilla/5.0 (Windows NT 10.0; Win64; x64) AppleWebKit/537.36 (KHTML, like Gecko) Chrome/120.0.0.0 Safari/537.36"
20.63.32.193 - - [11/May/2026:14:31:51 +0200] "GET /ws77.php HTTP/1.1" 404 0 "-" "Mozilla/5.0 (Windows NT 10.0; Win64; x64) AppleWebKit/537.36 (KHTML, like Gecko) Chrome/120.0.0.0 Safari/537.36"
20.63.32.193 - - [11/May/2026:14:31:52 +0200] "GET /2.php HTTP/1.1" 404 0 "-" "Mozilla/5.0 (Windows NT 10.0; Win64; x64) AppleWebKit/537.36 (KHTML, like Gecko) Chrome/120.0.0.0 Safari/537.36"
20.63.32.193 - - [11/May/2026:14:31:52 +0200] "GET /abcd.php HTTP/1.1" 404 0 "-" "Mozilla/5.0 (Windows NT 10.0; Win64; x64) AppleWebKit/537.36 (KHTML, like Gecko) Chrome/120.0.0.0 Safari/537.36"
20.63.32.193 - - [11/May/2026:14:31:53 +0200] "GET /wp-content/plugins/admin.php HTTP/1.1" 404 0 "-" "Mozilla/5.0 (Windows NT 10.0; Win64; x64) AppleWebKit/537.36 (KHTML, like Gecko) Chrome/120.0.0.0 Safari/537.36"
20.63.32.193 - - [11/May/2026:14:31:53 +0200] "GET /asd.php HTTP/1.1" 404 0 "-" "Mozilla/5.0 (Windows NT 10.0; Win64; x64) AppleWebKit/537.36 (KHTML, like Gecko) Chrome/120.0.0.0 Safari/537.36"
20.63.32.193 - - [11/May/2026:14:31:54 +0200] "GET /default.php HTTP/1.1" 404 0 "-" "Mozilla/5.0 (Windows NT 10.0; Win64; x64) AppleWebKit/537.36 (KHTML, like Gecko) Chrome/120.0.0.0 Safari/537.36"
20.63.32.193 - - [11/May/2026:14:31:54 +0200] "GET /gettest.php HTTP/1.1" 404 0 "-" "Mozilla/5.0 (Windows NT 10.0; Win64; x64) AppleWebKit/537.36 (KHTML, like Gecko) Chrome/120.0.0.0 Safari/537.36"
20.63.32.193 - - [11/May/2026:14:31:54 +0200] "GET /install.php HTTP/1.1" 404 0 "-" "Mozilla/5.0 (Windows NT 10.0; Win64; x64) AppleWebKit/537.36 (KHTML, like Gecko) Chrome/120.0.0.0 Safari/537.36"
20.63.32.193 - - [11/May/2026:14:31:55 +0200] "GET /tfm.php HTTP/1.1" 404 0 "-" "Mozilla/5.0 (Windows NT 10.0; Win64; x64) AppleWebKit/537.36 (KHTML, like Gecko) Chrome/120.0.0.0 Safari/537.36"
20.63.32.193 - - [11/May/2026:14:31:55 +0200] "GET /ws81.php HTTP/1.1" 404 0 "-" "Mozilla/5.0 (Windows NT 10.0; Win64; x64) AppleWebKit/537.36 (KHTML, like Gecko) Chrome/120.0.0.0 Safari/537.36"
20.63.32.193 - - [11/May/2026:14:31:56 +0200] "GET /t.php HTTP/1.1" 404 0 "-" "Mozilla/5.0 (Windows NT 10.0; Win64; x64) AppleWebKit/537.36 (KHTML, like Gecko) Chrome/120.0.0.0 Safari/537.36"
20.63.32.193 - - [11/May/2026:14:31:56 +0200] "GET /6xBAm3vODE05BSzkJZRAws.php HTTP/1.1" 404 0 "-" "Mozilla/5.0 (Windows NT 10.0; Win64; x64) AppleWebKit/537.36 (KHTML, like Gecko) Chrome/120.0.0.0 Safari/537.36"
20.63.32.193 - - [11/May/2026:14:31:57 +0200] "GET /a1.php HTTP/1.1" 404 0 "-" "Mozilla/5.0 (Windows NT 10.0; Win64; x64) AppleWebKit/537.36 (KHTML, like Gecko) Chrome/120.0.0.0 Safari/537.36"
20.63.32.193 - - [11/May/2026:14:31:57 +0200] "GET /onclickfuns.php HTTP/1.1" 404 0 "-" "Mozilla/5.0 (Windows NT 10.0; Win64; x64) AppleWebKit/537.36 (KHTML, like Gecko) Chrome/120.0.0.0 Safari/537.36"
20.63.32.193 - - [11/May/2026:14:31:58 +0200] "GET /w.php HTTP/1.1" 404 0 "-" "Mozilla/5.0 (Windows NT 10.0; Win64; x64) AppleWebKit/537.36 (KHTML, like Gecko) Chrome/120.0.0.0 Safari/537.36"
20.63.32.193 - - [11/May/2026:14:31:58 +0200] "GET /wp-admin/maint/about.php HTTP/1.1" 404 0 "-" "Mozilla/5.0 (Windows NT 10.0; Win64; x64) AppleWebKit/537.36 (KHTML, like Gecko) Chrome/120.0.0.0 Safari/537.36"
20.63.32.193 - - [11/May/2026:14:31:58 +0200] "GET /wp-good.php HTTP/1.1" 404 0 "-" "Mozilla/5.0 (Windows NT 10.0; Win64; x64) AppleWebKit/537.36 (KHTML, like Gecko) Chrome/120.0.0.0 Safari/537.36"
20.63.32.193 - - [11/May/2026:14:31:59 +0200] "GET /.info.php HTTP/1.1" 404 0 "-" "Mozilla/5.0 (Windows NT 10.0; Win64; x64) AppleWebKit/537.36 (KHTML, like Gecko) Chrome/120.0.0.0 Safari/537.36"
20.63.32.193 - - [11/May/2026:14:31:59 +0200] "GET /config.php HTTP/1.1" 404 0 "-" "Mozilla/5.0 (Windows NT 10.0; Win64; x64) AppleWebKit/537.36 (KHTML, like Gecko) Chrome/120.0.0.0 Safari/537.36"
20.63.32.193 - - [11/May/2026:14:32:00 +0200] "GET /item.php HTTP/1.1" 404 0 "-" "Mozilla/5.0 (Windows NT 10.0; Win64; x64) AppleWebKit/537.36 (KHTML, like Gecko) Chrome/120.0.0.0 Safari/537.36"
20.63.32.193 - - [11/May/2026:14:32:00 +0200] "GET /m.php HTTP/1.1" 404 0 "-" "Mozilla/5.0 (Windows NT 10.0; Win64; x64) AppleWebKit/537.36 (KHTML, like Gecko) Chrome/120.0.0.0 Safari/537.36"
20.63.32.193 - - [11/May/2026:14:32:01 +0200] "GET /rh.php HTTP/1.1" 404 0 "-" "Mozilla/5.0 (Windows NT 10.0; Win64; x64) AppleWebKit/537.36 (KHTML, like Gecko) Chrome/120.0.0.0 Safari/537.36"
20.63.32.193 - - [11/May/2026:14:32:01 +0200] "GET /ftde.php HTTP/1.1" 404 0 "-" "Mozilla/5.0 (Windows NT 10.0; Win64; x64) AppleWebKit/537.36 (KHTML, like Gecko) Chrome/120.0.0.0 Safari/537.36"
20.63.32.193 - - [11/May/2026:14:32:01 +0200] "GET /test1.php HTTP/1.1" 404 0 "-" "Mozilla/5.0 (Windows NT 10.0; Win64; x64) AppleWebKit/537.36 (KHTML, like Gecko) Chrome/120.0.0.0 Safari/537.36"
47.82.9.38 - - [11/May/2026:14:32:02 +0200] "GET /wp-includes/sodium_compat/src/Core/AEGIS/?C=S;O=A HTTP/1.1" 200 371 "https://zaljepsunasu.hr/" "Mozilla/5.0 (Macintosh; Intel Mac OS X 10_15_7) AppleWebKit/537.36 (KHTML, like Gecko) Chrome/135.0.0.0 Safari/537.36"
20.63.32.193 - - [11/May/2026:14:32:02 +0200] "GET /wp-temp.php HTTP/1.1" 404 0 "-" "Mozilla/5.0 (Windows NT 10.0; Win64; x64) AppleWebKit/537.36 (KHTML, like Gecko) Chrome/120.0.0.0 Safari/537.36"
20.63.32.193 - - [11/May/2026:14:32:02 +0200] "GET /admin/function.php HTTP/1.1" 404 0 "-" "Mozilla/5.0 (Windows NT 10.0; Win64; x64) AppleWebKit/537.36 (KHTML, like Gecko) Chrome/120.0.0.0 Safari/537.36"
20.63.32.193 - - [11/May/2026:14:32:03 +0200] "GET /fm.php HTTP/1.1" 404 0 "-" "Mozilla/5.0 (Windows NT 10.0; Win64; x64) AppleWebKit/537.36 (KHTML, like Gecko) Chrome/120.0.0.0 Safari/537.36"
20.63.32.193 - - [11/May/2026:14:32:03 +0200] "GET /themes.php HTTP/1.1" 404 0 "-" "Mozilla/5.0 (Windows NT 10.0; Win64; x64) AppleWebKit/537.36 (KHTML, like Gecko) Chrome/120.0.0.0 Safari/537.36"
20.63.32.193 - - [11/May/2026:14:32:03 +0200] "GET /wp-the.php HTTP/1.1" 404 0 "-" "Mozilla/5.0 (Windows NT 10.0; Win64; x64) AppleWebKit/537.36 (KHTML, like Gecko) Chrome/120.0.0.0 Safari/537.36"
20.63.32.193 - - [11/May/2026:14:32:04 +0200] "GET /CDX2.php HTTP/1.1" 404 0 "-" "Mozilla/5.0 (Windows NT 10.0; Win64; x64) AppleWebKit/537.36 (KHTML, like Gecko) Chrome/120.0.0.0 Safari/537.36"
20.63.32.193 - - [11/May/2026:14:32:04 +0200] "GET /profile.php HTTP/1.1" 404 0 "-" "Mozilla/5.0 (Windows NT 10.0; Win64; x64) AppleWebKit/537.36 (KHTML, like Gecko) Chrome/120.0.0.0 Safari/537.36"
20.63.32.193 - - [11/May/2026:14:32:05 +0200] "GET /ws80.php HTTP/1.1" 404 0 "-" "Mozilla/5.0 (Windows NT 10.0; Win64; x64) AppleWebKit/537.36 (KHTML, like Gecko) Chrome/120.0.0.0 Safari/537.36"
20.63.32.193 - - [11/May/2026:14:32:05 +0200] "GET /403.php HTTP/1.1" 404 0 "-" "Mozilla/5.0 (Windows NT 10.0; Win64; x64) AppleWebKit/537.36 (KHTML, like Gecko) Chrome/120.0.0.0 Safari/537.36"
20.63.32.193 - - [11/May/2026:14:32:06 +0200] "GET /a4.php HTTP/1.1" 404 0 "-" "Mozilla/5.0 (Windows NT 10.0; Win64; x64) AppleWebKit/537.36 (KHTML, like Gecko) Chrome/120.0.0.0 Safari/537.36"
20.63.32.193 - - [11/May/2026:14:32:06 +0200] "GET /app.php HTTP/1.1" 404 0 "-" "Mozilla/5.0 (Windows NT 10.0; Win64; x64) AppleWebKit/537.36 (KHTML, like Gecko) Chrome/120.0.0.0 Safari/537.36"
47.82.9.12 - - [11/May/2026:14:32:06 +0200] "GET /wp-includes/sodium_compat/src/Core/Base64/?C=S;O=A HTTP/1.1" 200 372 "https://zaljepsunasu.hr/" "Mozilla/5.0 (Macintosh; Intel Mac OS X 10_15_7) AppleWebKit/537.36 (KHTML, like Gecko) Chrome/134.0.0.0 Safari/537.36"
20.63.32.193 - - [11/May/2026:14:32:06 +0200] "GET /core.php HTTP/1.1" 404 0 "-" "Mozilla/5.0 (Windows NT 10.0; Win64; x64) AppleWebKit/537.36 (KHTML, like Gecko) Chrome/120.0.0.0 Safari/537.36"
20.63.32.193 - - [11/May/2026:14:32:07 +0200] "GET /lock360.php HTTP/1.1" 404 0 "-" "Mozilla/5.0 (Windows NT 10.0; Win64; x64) AppleWebKit/537.36 (KHTML, like Gecko) Chrome/120.0.0.0 Safari/537.36"
20.63.32.193 - - [11/May/2026:14:32:07 +0200] "GET /wp-block.php HTTP/1.1" 404 0 "-" "Mozilla/5.0 (Windows NT 10.0; Win64; x64) AppleWebKit/537.36 (KHTML, like Gecko) Chrome/120.0.0.0 Safari/537.36"
20.63.32.193 - - [11/May/2026:14:32:08 +0200] "GET /wp-includes/assets/index.php HTTP/1.1" 404 0 "-" "Mozilla/5.0 (Windows NT 10.0; Win64; x64) AppleWebKit/537.36 (KHTML, like Gecko) Chrome/120.0.0.0 Safari/537.36"
20.63.32.193 - - [11/May/2026:14:32:08 +0200] "GET /wp-includes/images/wp-login.php HTTP/1.1" 404 0 "-" "Mozilla/5.0 (Windows NT 10.0; Win64; x64) AppleWebKit/537.36 (KHTML, like Gecko) Chrome/120.0.0.0 Safari/537.36"
20.63.32.193 - - [11/May/2026:14:32:09 +0200] "GET /z.php HTTP/1.1" 404 0 "-" "Mozilla/5.0 (Windows NT 10.0; Win64; x64) AppleWebKit/537.36 (KHTML, like Gecko) Chrome/120.0.0.0 Safari/537.36"
20.63.32.193 - - [11/May/2026:14:32:09 +0200] "GET /hplfuns.php HTTP/1.1" 404 0 "-" "Mozilla/5.0 (Windows NT 10.0; Win64; x64) AppleWebKit/537.36 (KHTML, like Gecko) Chrome/120.0.0.0 Safari/537.36"
20.63.32.193 - - [11/May/2026:14:32:10 +0200] "GET /lock.php HTTP/1.1" 404 0 "-" "Mozilla/5.0 (Windows NT 10.0; Win64; x64) AppleWebKit/537.36 (KHTML, like Gecko) Chrome/120.0.0.0 Safari/537.36"
20.63.32.193 - - [11/May/2026:14:32:10 +0200] "GET /wp-includes/fonts/index.php HTTP/1.1" 404 0 "-" "Mozilla/5.0 (Windows NT 10.0; Win64; x64) AppleWebKit/537.36 (KHTML, like Gecko) Chrome/120.0.0.0 Safari/537.36"
20.63.32.193 - - [11/May/2026:14:32:11 +0200] "GET /ws.php HTTP/1.1" 404 0 "-" "Mozilla/5.0 (Windows NT 10.0; Win64; x64) AppleWebKit/537.36 (KHTML, like Gecko) Chrome/120.0.0.0 Safari/537.36"
20.63.32.193 - - [11/May/2026:14:32:11 +0200] "GET /ws49.php HTTP/1.1" 404 0 "-" "Mozilla/5.0 (Windows NT 10.0; Win64; x64) AppleWebKit/537.36 (KHTML, like Gecko) Chrome/120.0.0.0 Safari/537.36"
20.63.32.193 - - [11/May/2026:14:32:12 +0200] "GET /xozx.php HTTP/1.1" 404 0 "-" "Mozilla/5.0 (Windows NT 10.0; Win64; x64) AppleWebKit/537.36 (KHTML, like Gecko) Chrome/120.0.0.0 Safari/537.36"
20.63.32.193 - - [11/May/2026:14:32:12 +0200] "GET /xwx1.php HTTP/1.1" 404 0 "-" "Mozilla/5.0 (Windows NT 10.0; Win64; x64) AppleWebKit/537.36 (KHTML, like Gecko) Chrome/120.0.0.0 Safari/537.36"
20.63.32.193 - - [11/May/2026:14:32:12 +0200] "GET /Cap.php HTTP/1.1" 404 0 "-" "Mozilla/5.0 (Windows NT 10.0; Win64; x64) AppleWebKit/537.36 (KHTML, like Gecko) Chrome/120.0.0.0 Safari/537.36"
57.141.0.19 - - [11/May/2026:14:32:13 +0200] "GET /products/143291389 HTTP/1.1" 404 0 "-" "meta-externalagent/1.1 (+https://developers.facebook.com/docs/sharing/webmasters/crawler)"
20.63.32.193 - - [11/May/2026:14:32:13 +0200] "GET /byrgo.php HTTP/1.1" 404 0 "-" "Mozilla/5.0 (Windows NT 10.0; Win64; x64) AppleWebKit/537.36 (KHTML, like Gecko) Chrome/120.0.0.0 Safari/537.36"
20.63.32.193 - - [11/May/2026:14:32:13 +0200] "GET /css/index.php HTTP/1.1" 404 0 "-" "Mozilla/5.0 (Windows NT 10.0; Win64; x64) AppleWebKit/537.36 (KHTML, like Gecko) Chrome/120.0.0.0 Safari/537.36"
20.63.32.193 - - [11/May/2026:14:32:14 +0200] "GET /jp.php HTTP/1.1" 404 0 "-" "Mozilla/5.0 (Windows NT 10.0; Win64; x64) AppleWebKit/537.36 (KHTML, like Gecko) Chrome/120.0.0.0 Safari/537.36"
20.63.32.193 - - [11/May/2026:14:32:14 +0200] "GET /num.php HTTP/1.1" 404 0 "-" "Mozilla/5.0 (Windows NT 10.0; Win64; x64) AppleWebKit/537.36 (KHTML, like Gecko) Chrome/120.0.0.0 Safari/537.36"
20.63.32.193 - - [11/May/2026:14:32:15 +0200] "GET /12.php HTTP/1.1" 404 0 "-" "Mozilla/5.0 (Windows NT 10.0; Win64; x64) AppleWebKit/537.36 (KHTML, like Gecko) Chrome/120.0.0.0 Safari/537.36"
20.63.32.193 - - [11/May/2026:14:32:15 +0200] "GET /Ov-Simple1.php HTTP/1.1" 404 0 "-" "Mozilla/5.0 (Windows NT 10.0; Win64; x64) AppleWebKit/537.36 (KHTML, like Gecko) Chrome/120.0.0.0 Safari/537.36"
20.63.32.193 - - [11/May/2026:14:32:16 +0200] "GET /an.php HTTP/1.1" 404 0 "-" "Mozilla/5.0 (Windows NT 10.0; Win64; x64) AppleWebKit/537.36 (KHTML, like Gecko) Chrome/120.0.0.0 Safari/537.36"
20.63.32.193 - - [11/May/2026:14:32:16 +0200] "GET /archive.php HTTP/1.1" 404 0 "-" "Mozilla/5.0 (Windows NT 10.0; Win64; x64) AppleWebKit/537.36 (KHTML, like Gecko) Chrome/120.0.0.0 Safari/537.36"
20.63.32.193 - - [11/May/2026:14:32:16 +0200] "GET /db.php HTTP/1.1" 404 0 "-" "Mozilla/5.0 (Windows NT 10.0; Win64; x64) AppleWebKit/537.36 (KHTML, like Gecko) Chrome/120.0.0.0 Safari/537.36"
20.63.32.193 - - [11/May/2026:14:32:17 +0200] "GET /error.php HTTP/1.1" 404 0 "-" "Mozilla/5.0 (Windows NT 10.0; Win64; x64) AppleWebKit/537.36 (KHTML, like Gecko) Chrome/120.0.0.0 Safari/537.36"
20.63.32.193 - - [11/May/2026:14:32:17 +0200] "GET /ortasekerli1.php HTTP/1.1" 404 0 "-" "Mozilla/5.0 (Windows NT 10.0; Win64; x64) AppleWebKit/537.36 (KHTML, like Gecko) Chrome/120.0.0.0 Safari/537.36"
20.63.32.193 - - [11/May/2026:14:32:18 +0200] "GET /wp-blog-header.php HTTP/1.1" 404 0 "-" "Mozilla/5.0 (Windows NT 10.0; Win64; x64) AppleWebKit/537.36 (KHTML, like Gecko) Chrome/120.0.0.0 Safari/537.36"
20.63.32.193 - - [11/May/2026:14:32:18 +0200] "GET /wp-content/plugins/hellopress/wp_filemanager.php HTTP/1.1" 404 0 "-" "Mozilla/5.0 (Windows NT 10.0; Win64; x64) AppleWebKit/537.36 (KHTML, like Gecko) Chrome/120.0.0.0 Safari/537.36"
20.63.32.193 - - [11/May/2026:14:32:19 +0200] "GET /wp-includes/class-wp-http-client.php HTTP/1.1" 404 0 "-" "Mozilla/5.0 (Windows NT 10.0; Win64; x64) AppleWebKit/537.36 (KHTML, like Gecko) Chrome/120.0.0.0 Safari/537.36"
66.249.75.131 - - [11/May/2026:14:32:19 +0200] "GET /blog/prevencija-kako-sprijeciti-prosirene-vene/// HTTP/1.1" 200 20944 "-" "Mozilla/5.0 (Linux; Android 6.0.1; Nexus 5X Build/MMB29P) AppleWebKit/537.36 (KHTML, like Gecko) Chrome/147.0.7727.137 Mobile Safari/537.36 (compatible; Googlebot/2.1; +http://www.google.com/bot.html)"
20.63.32.193 - - [11/May/2026:14:32:19 +0200] "GET /wp-includes/configuration.php HTTP/1.1" 404 0 "-" "Mozilla/5.0 (Windows NT 10.0; Win64; x64) AppleWebKit/537.36 (KHTML, like Gecko) Chrome/120.0.0.0 Safari/537.36"
20.63.32.193 - - [11/May/2026:14:32:20 +0200] "GET /0x.php HTTP/1.1" 404 0 "-" "Mozilla/5.0 (Windows NT 10.0; Win64; x64) AppleWebKit/537.36 (KHTML, like Gecko) Chrome/120.0.0.0 Safari/537.36"
20.63.32.193 - - [11/May/2026:14:32:20 +0200] "GET /aaa.php HTTP/1.1" 404 0 "-" "Mozilla/5.0 (Windows NT 10.0; Win64; x64) AppleWebKit/537.36 (KHTML, like Gecko) Chrome/120.0.0.0 Safari/537.36"
20.63.32.193 - - [11/May/2026:14:32:20 +0200] "GET /byp.php HTTP/1.1" 404 0 "-" "Mozilla/5.0 (Windows NT 10.0; Win64; x64) AppleWebKit/537.36 (KHTML, like Gecko) Chrome/120.0.0.0 Safari/537.36"
20.63.32.193 - - [11/May/2026:14:32:21 +0200] "GET /dropdown.php HTTP/1.1" 404 0 "-" "Mozilla/5.0 (Windows NT 10.0; Win64; x64) AppleWebKit/537.36 (KHTML, like Gecko) Chrome/120.0.0.0 Safari/537.36"
20.63.32.193 - - [11/May/2026:14:32:21 +0200] "GET /mini.php HTTP/1.1" 404 0 "-" "Mozilla/5.0 (Windows NT 10.0; Win64; x64) AppleWebKit/537.36 (KHTML, like Gecko) Chrome/120.0.0.0 Safari/537.36"
20.63.32.193 - - [11/May/2026:14:32:22 +0200] "GET /new.php HTTP/1.1" 404 0 "-" "Mozilla/5.0 (Windows NT 10.0; Win64; x64) AppleWebKit/537.36 (KHTML, like Gecko) Chrome/120.0.0.0 Safari/537.36"
20.63.32.193 - - [11/May/2026:14:32:22 +0200] "GET /option.php HTTP/1.1" 404 0 "-" "Mozilla/5.0 (Windows NT 10.0; Win64; x64) AppleWebKit/537.36 (KHTML, like Gecko) Chrome/120.0.0.0 Safari/537.36"
20.63.32.193 - - [11/May/2026:14:32:23 +0200] "GET /s.php HTTP/1.1" 404 0 "-" "Mozilla/5.0 (Windows NT 10.0; Win64; x64) AppleWebKit/537.36 (KHTML, like Gecko) Chrome/120.0.0.0 Safari/537.36"
20.63.32.193 - - [11/May/2026:14:32:23 +0200] "GET /size.php HTTP/1.1" 404 0 "-" "Mozilla/5.0 (Windows NT 10.0; Win64; x64) AppleWebKit/537.36 (KHTML, like Gecko) Chrome/120.0.0.0 Safari/537.36"
20.63.32.193 - - [11/May/2026:14:32:24 +0200] "GET /system_log.php HTTP/1.1" 404 0 "-" "Mozilla/5.0 (Windows NT 10.0; Win64; x64) AppleWebKit/537.36 (KHTML, like Gecko) Chrome/120.0.0.0 Safari/537.36"
147.135.37.185 - - [11/May/2026:14:32:24 +0200] "GET /wp-login.php HTTP/1.1" 200 0 "-" "Mozilla/5.0 (X11; Ubuntu; Linux x86_64) AppleWebKit/537.36 (KHTML, like Gecko) Chrome/133.0.0.0 Safari/537.36"
20.63.32.193 - - [11/May/2026:14:32:24 +0200] "GET /tool.php HTTP/1.1" 404 0 "-" "Mozilla/5.0 (Windows NT 10.0; Win64; x64) AppleWebKit/537.36 (KHTML, like Gecko) Chrome/120.0.0.0 Safari/537.36"
20.63.32.193 - - [11/May/2026:14:32:25 +0200] "GET /wp-admin.php HTTP/1.1" 404 0 "-" "Mozilla/5.0 (Windows NT 10.0; Win64; x64) AppleWebKit/537.36 (KHTML, like Gecko) Chrome/120.0.0.0 Safari/537.36"
147.135.37.185 - - [11/May/2026:14:32:25 +0200] "POST /wp-login.php HTTP/1.1" 200 0 "https://zaljepsunasu.hr/wp-login.php" "Mozilla/5.0 (X11; Ubuntu; Linux x86_64) AppleWebKit/537.36 (KHTML, like Gecko) Chrome/133.0.0.0 Safari/537.36"
20.63.32.193 - - [11/May/2026:14:32:25 +0200] "GET /wp-includes/Text/Diff/Engine/about.php HTTP/1.1" 404 0 "-" "Mozilla/5.0 (Windows NT 10.0; Win64; x64) AppleWebKit/537.36 (KHTML, like Gecko) Chrome/120.0.0.0 Safari/537.36"
20.63.32.193 - - [11/May/2026:14:32:25 +0200] "GET /albin.php HTTP/1.1" 404 0 "-" "Mozilla/5.0 (Windows NT 10.0; Win64; x64) AppleWebKit/537.36 (KHTML, like Gecko) Chrome/120.0.0.0 Safari/537.36"
20.63.32.193 - - [11/May/2026:14:32:26 +0200] "GET /autoload_classmap.php HTTP/1.1" 404 0 "-" "Mozilla/5.0 (Windows NT 10.0; Win64; x64) AppleWebKit/537.36 (KHTML, like Gecko) Chrome/120.0.0.0 Safari/537.36"
20.63.32.193 - - [11/May/2026:14:32:26 +0200] "GET /gg.php HTTP/1.1" 404 0 "-" "Mozilla/5.0 (Windows NT 10.0; Win64; x64) AppleWebKit/537.36 (KHTML, like Gecko) Chrome/120.0.0.0 Safari/537.36"
20.63.32.193 - - [11/May/2026:14:32:27 +0200] "GET /gifclass.php HTTP/1.1" 404 0 "-" "Mozilla/5.0 (Windows NT 10.0; Win64; x64) AppleWebKit/537.36 (KHTML, like Gecko) Chrome/120.0.0.0 Safari/537.36"
20.63.32.193 - - [11/May/2026:14:32:27 +0200] "GET /up.php HTTP/1.1" 404 0 "-" "Mozilla/5.0 (Windows NT 10.0; Win64; x64) AppleWebKit/537.36 (KHTML, like Gecko) Chrome/120.0.0.0 Safari/537.36"
20.63.32.193 - - [11/May/2026:14:32:28 +0200] "GET /wp-admin/css/colors/blue/index.php HTTP/1.1" 404 0 "-" "Mozilla/5.0 (Windows NT 10.0; Win64; x64) AppleWebKit/537.36 (KHTML, like Gecko) Chrome/120.0.0.0 Safari/537.36"
20.63.32.193 - - [11/May/2026:14:32:28 +0200] "GET /wp-content/uploads/admin.php HTTP/1.1" 404 0 "-" "Mozilla/5.0 (Windows NT 10.0; Win64; x64) AppleWebKit/537.36 (KHTML, like Gecko) Chrome/120.0.0.0 Safari/537.36"
204.12.208.18 - - [11/May/2026:14:33:13 +0200] "GET /wp-includes/x1b0991/edit.php HTTP/1.1" 499 0 "https://zaljepsunasu.hr/wp-includes/x1b0991/edit.php" "Mozilla/5.0 (Macintosh; U; PPC Mac OS X; ja-jp) AppleWebKit/523.10.6 (KHTML, like Gecko) Version/3.0.4 Safari/523.10.6"
204.12.208.18 - - [11/May/2026:14:33:13 +0200] "GET /wp-includes/x1b0991/edit.php HTTP/1.1" 200 37 "https://zaljepsunasu.hr/wp-includes/x1b0991/edit.php" "Mozilla/4.0 (compatible; MSIE 7.0; Windows NT 6.0; SLCC1; .NET CLR 2.0.50727; Media Center PC 5.0; .NET CLR 3.0.04506)"
205.185.115.28 - - [11/May/2026:14:36:17 +0200] "GET /wp-login.php HTTP/1.1" 200 0 "-" "Mozilla/5.0 (Windows NT 10.0; WOW64) AppleWebKit/537.36 (KHTML, like Gecko) Chrome/119.0.0.0 Safari/537.36"
66.249.75.133 - - [11/May/2026:14:36:33 +0200] "GET /?z=024000385 HTTP/1.1" 200 20797 "-" "Mozilla/5.0 (compatible; Googlebot/2.1; +http://www.google.com/bot.html)"
66.249.75.132 - - [11/May/2026:14:38:18 +0200] "GET /?z=268032203 HTTP/1.1" 200 21113 "-" "Mozilla/5.0 (Linux; Android 6.0.1; Nexus 5X Build/MMB29P) AppleWebKit/537.36 (KHTML, like Gecko) Chrome/147.0.7727.137 Mobile Safari/537.36 (compatible; Googlebot/2.1; +http://www.google.com/bot.html)"
172.86.89.164 - - [11/May/2026:14:39:49 +0200] "GET /wp-login.php HTTP/1.1" 200 0 "-" "Mozilla/5.0 (X11; Ubuntu; Linux x86_64; rv:133.0) Gecko/20100101 Firefox/133.0"
172.86.89.164 - - [11/May/2026:14:39:50 +0200] "POST /wp-login.php HTTP/1.1" 200 0 "https://zaljepsunasu.hr/wp-login.php" "Mozilla/5.0 (X11; Ubuntu; Linux x86_64; rv:133.0) Gecko/20100101 Firefox/133.0"
66.249.75.133 - - [11/May/2026:14:45:14 +0200] "GET /?z=048006001 HTTP/1.1" 200 20616 "-" "Mozilla/5.0 (Linux; Android 6.0.1; Nexus 5X Build/MMB29P) AppleWebKit/537.36 (KHTML, like Gecko) Chrome/147.0.7727.137 Mobile Safari/537.36 (compatible; GoogleOther)"
192.3.12.164 - - [11/May/2026:14:47:18 +0200] "GET /wp-login.php HTTP/1.1" 200 0 "-" "Mozilla/5.0 (Macintosh; Intel Mac OS X 10_15_7) AppleWebKit/605.1.15 (KHTML, like Gecko) Version/18.3 Safari/605.1.15"
192.3.12.164 - - [11/May/2026:14:47:18 +0200] "POST /wp-login.php HTTP/1.1" 200 0 "https://zaljepsunasu.hr/wp-login.php" "Mozilla/5.0 (Macintosh; Intel Mac OS X 10_15_7) AppleWebKit/605.1.15 (KHTML, like Gecko) Version/18.3 Safari/605.1.15"
47.128.116.155 - - [11/May/2026:14:47:20 +0200] "GET /blog/omis/ HTTP/1.1" 404 0 "-" "Mozilla/5.0 (Linux; Android 5.0) AppleWebKit/537.36 (KHTML, like Gecko) Mobile Safari/537.36 (compatible; Bytespider; spider-feedback@bytedance.com)"
66.249.75.131 - - [11/May/2026:14:48:43 +0200] "GET /?n=140046365 HTTP/1.1" 200 20675 "-" "Mozilla/5.0 (Linux; Android 6.0.1; Nexus 5X Build/MMB29P) AppleWebKit/537.36 (KHTML, like Gecko) Chrome/147.0.7727.137 Mobile Safari/537.36 (compatible; GoogleOther)"
66.249.75.132 - - [11/May/2026:14:48:48 +0200] "GET /?n=172013553 HTTP/1.1" 200 21026 "-" "Mozilla/5.0 (Linux; Android 6.0.1; Nexus 5X Build/MMB29P) AppleWebKit/537.36 (KHTML, like Gecko) Chrome/147.0.7727.137 Mobile Safari/537.36 (compatible; GoogleOther)"
34.95.19.166 - - [11/May/2026:14:48:48 +0200] "GET /.git/config HTTP/1.1" 404 0 "-" "Mozilla/5.0 (Macintosh; Intel Mac OS X 10_14_5) AppleWebKit/537.36 (KHTML, like Gecko) Chrome/75.0.3770.142 Safari/537.36"
57.141.0.44 - - [11/May/2026:14:48:53 +0200] "GET /products/117793379 HTTP/1.1" 404 0 "-" "meta-externalagent/1.1 (+https://developers.facebook.com/docs/sharing/webmasters/crawler)"
66.249.75.131 - - [11/May/2026:14:49:07 +0200] "GET /?detail/09200072542522 HTTP/1.1" 200 21599 "-" "Mozilla/5.0 (Linux; Android 6.0.1; Nexus 5X Build/MMB29P) AppleWebKit/537.36 (KHTML, like Gecko) Chrome/147.0.7727.137 Mobile Safari/537.36 (compatible; Googlebot/2.1; +http://www.google.com/bot.html)"
57.141.0.70 - - [11/May/2026:14:50:00 +0200] "GET /products/246060602 HTTP/1.1" 404 0 "-" "meta-externalagent/1.1 (+https://developers.facebook.com/docs/sharing/webmasters/crawler)"
57.141.0.25 - - [11/May/2026:14:51:07 +0200] "GET /products/303085501 HTTP/1.1" 404 0 "-" "meta-externalagent/1.1 (+https://developers.facebook.com/docs/sharing/webmasters/crawler)"
66.249.75.131 - - [11/May/2026:14:51:16 +0200] "GET /?detail/2450355560643 HTTP/1.1" 200 21660 "-" "Mozilla/5.0 (Linux; Android 6.0.1; Nexus 5X Build/MMB29P) AppleWebKit/537.36 (KHTML, like Gecko) Chrome/147.0.7727.137 Mobile Safari/537.36 (compatible; Googlebot/2.1; +http://www.google.com/bot.html)"
47.82.9.54 - - [11/May/2026:14:51:33 +0200] "GET /wp-includes/SimplePie/library/?C=N;O=A HTTP/1.1" 200 395 "https://zaljepsunasu.hr/" "Mozilla/5.0 (Windows NT 10.0; Win64; x64) AppleWebKit/537.36 (KHTML, like Gecko) Chrome/135.0.0.0 Safari/537.36"
47.82.10.231 - - [11/May/2026:14:51:34 +0200] "GET /wp-includes/sodium_compat/src/?C=M;O=D HTTP/1.1" 200 420 "https://zaljepsunasu.hr/" "Mozilla/5.0 (Macintosh; Intel Mac OS X 10_15_7) AppleWebKit/537.36 (KHTML, like Gecko) Chrome/134.0.0.0 Safari/537.36"
57.141.0.18 - - [11/May/2026:14:52:12 +0200] "GET /products/265962309 HTTP/1.1" 404 0 "-" "meta-externalagent/1.1 (+https://developers.facebook.com/docs/sharing/webmasters/crawler)"
57.141.0.8 - - [11/May/2026:14:53:19 +0200] "GET /products/282883420 HTTP/1.1" 404 0 "-" "meta-externalagent/1.1 (+https://developers.facebook.com/docs/sharing/webmasters/crawler)"
66.249.75.133 - - [11/May/2026:14:54:14 +0200] "GET /?a=201043282 HTTP/1.1" 200 21317 "-" "Mozilla/5.0 (Linux; Android 6.0.1; Nexus 5X Build/MMB29P) AppleWebKit/537.36 (KHTML, like Gecko) Chrome/147.0.7727.137 Mobile Safari/537.36 (compatible; GoogleOther)"
66.249.75.132 - - [11/May/2026:14:54:24 +0200] "GET /?y=214024299 HTTP/1.1" 200 20583 "-" "Mozilla/5.0 (compatible; Googlebot/2.1; +http://www.google.com/bot.html)"
57.141.0.41 - - [11/May/2026:14:54:26 +0200] "GET /products/57354006 HTTP/1.1" 404 0 "-" "meta-externalagent/1.1 (+https://developers.facebook.com/docs/sharing/webmasters/crawler)"
108.167.161.11 - - [11/May/2026:14:54:33 +0200] "GET /wp-login.php HTTP/1.1" 200 0 "-" "Mozilla/5.0 (X11; Ubuntu; Linux x86_64) AppleWebKit/537.36 (KHTML, like Gecko) Chrome/133.0.0.0 Safari/537.36"
43.155.125.119 - - [11/May/2026:14:54:34 +0200] "GET /wp-content/uploads/2022/05/nutrition-icon-small-2.png HTTP/1.1" 200 1738 "-" "Mozilla/5.0 (Windows NT 10.0; Win64; x64) AppleWebKit/537.36"
43.135.107.245 - - [11/May/2026:14:54:34 +0200] "GET /wp-content/uploads/2022/05/illustration-sto-sve-mozemo-s-otpadom.jpg HTTP/1.1" 200 19407 "-" "Mozilla/5.0 (Windows NT 10.0; Win64; x64) AppleWebKit/537.36"
108.167.161.11 - - [11/May/2026:14:54:36 +0200] "POST /wp-login.php HTTP/1.1" 200 0 "https://zaljepsunasu.hr/wp-login.php" "Mozilla/5.0 (X11; Ubuntu; Linux x86_64) AppleWebKit/537.36 (KHTML, like Gecko) Chrome/133.0.0.0 Safari/537.36"
43.132.141.136 - - [11/May/2026:14:54:39 +0200] "GET /wp-content/uploads/2022/05/nutrition-icon-small-1.png HTTP/1.1" 200 2531 "-" "Mozilla/5.0 (Windows NT 10.0; Win64; x64) AppleWebKit/537.36"
43.132.141.78 - - [11/May/2026:14:54:39 +0200] "GET /wp-content/uploads/2022/05/nutrition-icon-small-5-2.png HTTP/1.1" 200 1571 "-" "Mozilla/5.0 (Windows NT 10.0; Win64; x64) AppleWebKit/537.36"
43.132.141.136 - - [11/May/2026:14:54:39 +0200] "GET /wp-content/uploads/2022/05/illustration-zasto-gospodarimo-otpadom.jpg HTTP/1.1" 200 32446 "-" "Mozilla/5.0 (Windows NT 10.0; Win64; x64) AppleWebKit/537.36"
43.132.141.103 - - [11/May/2026:14:54:44 +0200] "GET /wp-content/uploads/2022/05/nutrition-icon-small-3.png HTTP/1.1" 200 2456 "-" "Mozilla/5.0 (Windows NT 10.0; Win64; x64) AppleWebKit/537.36"
43.135.107.119 - - [11/May/2026:14:54:44 +0200] "GET /wp-content/uploads/2022/05/illustration-vrste-otpada.jpg HTTP/1.1" 200 23882 "-" "Mozilla/5.0 (Windows NT 10.0; Win64; x64) AppleWebKit/537.36"
43.132.141.136 - - [11/May/2026:14:54:44 +0200] "GET /wp-content/uploads/2022/05/illustration-kamo-s-otpadom.jpg HTTP/1.1" 200 21213 "-" "Mozilla/5.0 (Windows NT 10.0; Win64; x64) AppleWebKit/537.36"
57.141.0.30 - - [11/May/2026:14:55:33 +0200] "GET /products/153278248 HTTP/1.1" 404 0 "-" "meta-externalagent/1.1 (+https://developers.facebook.com/docs/sharing/webmasters/crawler)"
66.249.75.131 - - [11/May/2026:14:55:51 +0200] "GET /products/037001065 HTTP/1.1" 200 20632 "-" "Mozilla/5.0 (Linux; Android 6.0.1; Nexus 5X Build/MMB29P) AppleWebKit/537.36 (KHTML, like Gecko) Chrome/147.0.7727.137 Mobile Safari/537.36 (compatible; Googlebot/2.1; +http://www.google.com/bot.html)"
66.249.75.133 - - [11/May/2026:14:55:53 +0200] "GET /?detail/092002150914 HTTP/1.1" 200 21309 "-" "Mozilla/5.0 (Linux; Android 6.0.1; Nexus 5X Build/MMB29P) AppleWebKit/537.36 (KHTML, like Gecko) Chrome/147.0.7727.137 Mobile Safari/537.36 (compatible; GoogleOther)"
57.141.0.63 - - [11/May/2026:14:56:39 +0200] "GET /products/127084319 HTTP/1.1" 404 0 "-" "meta-externalagent/1.1 (+https://developers.facebook.com/docs/sharing/webmasters/crawler)"
4.193.137.131 - - [11/May/2026:14:57:12 +0200] "GET /file.php HTTP/1.1" 404 0 "-" "Mozilla/5.0 (Windows NT 10.0; Win64; x64) AppleWebKit/537.36 (KHTML, like Gecko) Chrome/120.0.0.0 Safari/537.36"
4.193.137.131 - - [11/May/2026:14:57:13 +0200] "GET /gettest.php HTTP/1.1" 404 0 "-" "Mozilla/5.0 (Windows NT 10.0; Win64; x64) AppleWebKit/537.36 (KHTML, like Gecko) Chrome/120.0.0.0 Safari/537.36"
4.193.137.131 - - [11/May/2026:14:57:13 +0200] "GET /gg.php HTTP/1.1" 404 0 "-" "Mozilla/5.0 (Windows NT 10.0; Win64; x64) AppleWebKit/537.36 (KHTML, like Gecko) Chrome/120.0.0.0 Safari/537.36"
4.193.137.131 - - [11/May/2026:14:57:14 +0200] "GET /goods.php HTTP/1.1" 404 0 "-" "Mozilla/5.0 (Windows NT 10.0; Win64; x64) AppleWebKit/537.36 (KHTML, like Gecko) Chrome/120.0.0.0 Safari/537.36"
4.193.137.131 - - [11/May/2026:14:57:14 +0200] "GET /maintenance.php HTTP/1.1" 404 0 "-" "Mozilla/5.0 (Windows NT 10.0; Win64; x64) AppleWebKit/537.36 (KHTML, like Gecko) Chrome/120.0.0.0 Safari/537.36"
4.193.137.131 - - [11/May/2026:14:57:14 +0200] "GET /info.php HTTP/1.1" 404 0 "-" "Mozilla/5.0 (Windows NT 10.0; Win64; x64) AppleWebKit/537.36 (KHTML, like Gecko) Chrome/120.0.0.0 Safari/537.36"
4.193.137.131 - - [11/May/2026:14:57:15 +0200] "GET /users.php HTTP/1.1" 404 0 "-" "Mozilla/5.0 (Windows NT 10.0; Win64; x64) AppleWebKit/537.36 (KHTML, like Gecko) Chrome/120.0.0.0 Safari/537.36"
4.193.137.131 - - [11/May/2026:14:57:15 +0200] "GET /install.php HTTP/1.1" 404 0 "-" "Mozilla/5.0 (Windows NT 10.0; Win64; x64) AppleWebKit/537.36 (KHTML, like Gecko) Chrome/120.0.0.0 Safari/537.36"
4.193.137.131 - - [11/May/2026:14:57:16 +0200] "GET /item.php HTTP/1.1" 404 0 "-" "Mozilla/5.0 (Windows NT 10.0; Win64; x64) AppleWebKit/537.36 (KHTML, like Gecko) Chrome/120.0.0.0 Safari/537.36"
4.193.137.131 - - [11/May/2026:14:57:16 +0200] "GET /jga.php HTTP/1.1" 404 0 "-" "Mozilla/5.0 (Windows NT 10.0; Win64; x64) AppleWebKit/537.36 (KHTML, like Gecko) Chrome/120.0.0.0 Safari/537.36"
4.193.137.131 - - [11/May/2026:14:57:17 +0200] "GET /leaf.php HTTP/1.1" 404 0 "-" "Mozilla/5.0 (Windows NT 10.0; Win64; x64) AppleWebKit/537.36 (KHTML, like Gecko) Chrome/120.0.0.0 Safari/537.36"
4.193.137.131 - - [11/May/2026:14:57:17 +0200] "GET /ms-files.php HTTP/1.1" 404 0 "-" "Mozilla/5.0 (Windows NT 10.0; Win64; x64) AppleWebKit/537.36 (KHTML, like Gecko) Chrome/120.0.0.0 Safari/537.36"
4.193.137.131 - - [11/May/2026:14:57:18 +0200] "GET /lock.php HTTP/1.1" 404 0 "-" "Mozilla/5.0 (Windows NT 10.0; Win64; x64) AppleWebKit/537.36 (KHTML, like Gecko) Chrome/120.0.0.0 Safari/537.36"
4.193.137.131 - - [11/May/2026:14:57:18 +0200] "GET /wp-blog-header.php HTTP/1.1" 404 0 "-" "Mozilla/5.0 (Windows NT 10.0; Win64; x64) AppleWebKit/537.36 (KHTML, like Gecko) Chrome/120.0.0.0 Safari/537.36"
4.193.137.131 - - [11/May/2026:14:57:19 +0200] "GET /lock360.php HTTP/1.1" 404 0 "-" "Mozilla/5.0 (Windows NT 10.0; Win64; x64) AppleWebKit/537.36 (KHTML, like Gecko) Chrome/120.0.0.0 Safari/537.36"
4.193.137.131 - - [11/May/2026:14:57:19 +0200] "GET /log.php HTTP/1.1" 404 0 "-" "Mozilla/5.0 (Windows NT 10.0; Win64; x64) AppleWebKit/537.36 (KHTML, like Gecko) Chrome/120.0.0.0 Safari/537.36"
4.193.137.131 - - [11/May/2026:14:57:19 +0200] "GET /manager.php HTTP/1.1" 404 0 "-" "Mozilla/5.0 (Windows NT 10.0; Win64; x64) AppleWebKit/537.36 (KHTML, like Gecko) Chrome/120.0.0.0 Safari/537.36"
4.193.137.131 - - [11/May/2026:14:57:20 +0200] "GET /meta.php HTTP/1.1" 404 0 "-" "Mozilla/5.0 (Windows NT 10.0; Win64; x64) AppleWebKit/537.36 (KHTML, like Gecko) Chrome/120.0.0.0 Safari/537.36"
4.193.137.131 - - [11/May/2026:14:57:20 +0200] "GET /mini.php HTTP/1.1" 404 0 "-" "Mozilla/5.0 (Windows NT 10.0; Win64; x64) AppleWebKit/537.36 (KHTML, like Gecko) Chrome/120.0.0.0 Safari/537.36"
4.193.137.131 - - [11/May/2026:14:57:21 +0200] "GET /mjq.php HTTP/1.1" 404 0 "-" "Mozilla/5.0 (Windows NT 10.0; Win64; x64) AppleWebKit/537.36 (KHTML, like Gecko) Chrome/120.0.0.0 Safari/537.36"
4.193.137.131 - - [11/May/2026:14:57:21 +0200] "GET /new.php HTTP/1.1" 404 0 "-" "Mozilla/5.0 (Windows NT 10.0; Win64; x64) AppleWebKit/537.36 (KHTML, like Gecko) Chrome/120.0.0.0 Safari/537.36"
4.193.137.131 - - [11/May/2026:14:57:22 +0200] "GET /onclickfuns.php HTTP/1.1" 404 0 "-" "Mozilla/5.0 (Windows NT 10.0; Win64; x64) AppleWebKit/537.36 (KHTML, like Gecko) Chrome/120.0.0.0 Safari/537.36"
4.193.137.131 - - [11/May/2026:14:57:22 +0200] "GET /option.php HTTP/1.1" 404 0 "-" "Mozilla/5.0 (Windows NT 10.0; Win64; x64) AppleWebKit/537.36 (KHTML, like Gecko) Chrome/120.0.0.0 Safari/537.36"
4.193.137.131 - - [11/May/2026:14:57:23 +0200] "GET /plugin-editor.php HTTP/1.1" 404 0 "-" "Mozilla/5.0 (Windows NT 10.0; Win64; x64) AppleWebKit/537.36 (KHTML, like Gecko) Chrome/120.0.0.0 Safari/537.36"
4.193.137.131 - - [11/May/2026:14:57:23 +0200] "GET /profile.php HTTP/1.1" 404 0 "-" "Mozilla/5.0 (Windows NT 10.0; Win64; x64) AppleWebKit/537.36 (KHTML, like Gecko) Chrome/120.0.0.0 Safari/537.36"
4.193.137.131 - - [11/May/2026:14:57:23 +0200] "GET /qw_03b4ad31.php HTTP/1.1" 404 0 "-" "Mozilla/5.0 (Windows NT 10.0; Win64; x64) AppleWebKit/537.36 (KHTML, like Gecko) Chrome/120.0.0.0 Safari/537.36"
4.193.137.131 - - [11/May/2026:14:57:24 +0200] "GET /radio.php HTTP/1.1" 404 0 "-" "Mozilla/5.0 (Windows NT 10.0; Win64; x64) AppleWebKit/537.36 (KHTML, like Gecko) Chrome/120.0.0.0 Safari/537.36"
4.193.137.131 - - [11/May/2026:14:57:24 +0200] "GET /sf.php HTTP/1.1" 404 0 "-" "Mozilla/5.0 (Windows NT 10.0; Win64; x64) AppleWebKit/537.36 (KHTML, like Gecko) Chrome/120.0.0.0 Safari/537.36"
4.193.137.131 - - [11/May/2026:14:57:25 +0200] "GET /simple.php HTTP/1.1" 404 0 "-" "Mozilla/5.0 (Windows NT 10.0; Win64; x64) AppleWebKit/537.36 (KHTML, like Gecko) Chrome/120.0.0.0 Safari/537.36"
4.193.137.131 - - [11/May/2026:14:57:25 +0200] "GET /sql.php HTTP/1.1" 404 0 "-" "Mozilla/5.0 (Windows NT 10.0; Win64; x64) AppleWebKit/537.36 (KHTML, like Gecko) Chrome/120.0.0.0 Safari/537.36"
4.193.137.131 - - [11/May/2026:14:57:26 +0200] "GET /test.php HTTP/1.1" 404 0 "-" "Mozilla/5.0 (Windows NT 10.0; Win64; x64) AppleWebKit/537.36 (KHTML, like Gecko) Chrome/120.0.0.0 Safari/537.36"
4.193.137.131 - - [11/May/2026:14:57:26 +0200] "GET /test1.php HTTP/1.1" 404 0 "-" "Mozilla/5.0 (Windows NT 10.0; Win64; x64) AppleWebKit/537.36 (KHTML, like Gecko) Chrome/120.0.0.0 Safari/537.36"
4.193.137.131 - - [11/May/2026:14:57:27 +0200] "GET /themes.php HTTP/1.1" 404 0 "-" "Mozilla/5.0 (Windows NT 10.0; Win64; x64) AppleWebKit/537.36 (KHTML, like Gecko) Chrome/120.0.0.0 Safari/537.36"
4.193.137.131 - - [11/May/2026:14:57:27 +0200] "GET /upload/medialibrary HTTP/1.1" 404 0 "-" "Mozilla/5.0 (Windows NT 10.0; Win64; x64) AppleWebKit/537.36 (KHTML, like Gecko) Chrome/120.0.0.0 Safari/537.36"
4.193.137.131 - - [11/May/2026:14:57:28 +0200] "GET /wp-admin.php HTTP/1.1" 404 0 "-" "Mozilla/5.0 (Windows NT 10.0; Win64; x64) AppleWebKit/537.36 (KHTML, like Gecko) Chrome/120.0.0.0 Safari/537.36"
4.193.137.131 - - [11/May/2026:14:57:28 +0200] "GET /wp-content/data.php HTTP/1.1" 404 0 "-" "Mozilla/5.0 (Windows NT 10.0; Win64; x64) AppleWebKit/537.36 (KHTML, like Gecko) Chrome/120.0.0.0 Safari/537.36"
4.193.137.131 - - [11/May/2026:14:57:28 +0200] "GET /wp-blog-header.php HTTP/1.1" 404 0 "-" "Mozilla/5.0 (Windows NT 10.0; Win64; x64) AppleWebKit/537.36 (KHTML, like Gecko) Chrome/120.0.0.0 Safari/537.36"
4.193.137.131 - - [11/May/2026:14:57:29 +0200] "GET /wp-config-sample.php HTTP/1.1" 404 0 "-" "Mozilla/5.0 (Windows NT 10.0; Win64; x64) AppleWebKit/537.36 (KHTML, like Gecko) Chrome/120.0.0.0 Safari/537.36"
4.193.137.131 - - [11/May/2026:14:57:29 +0200] "GET /wp-content/languages/wp-blog-header.php HTTP/1.1" 404 0 "-" "Mozilla/5.0 (Windows NT 10.0; Win64; x64) AppleWebKit/537.36 (KHTML, like Gecko) Chrome/120.0.0.0 Safari/537.36"
4.193.137.131 - - [11/May/2026:14:57:30 +0200] "GET /wp-content/themes/panel.php HTTP/1.1" 404 0 "-" "Mozilla/5.0 (Windows NT 10.0; Win64; x64) AppleWebKit/537.36 (KHTML, like Gecko) Chrome/120.0.0.0 Safari/537.36"
4.193.137.131 - - [11/May/2026:14:57:30 +0200] "GET /wp-content/themes/config.php HTTP/1.1" 404 0 "-" "Mozilla/5.0 (Windows NT 10.0; Win64; x64) AppleWebKit/537.36 (KHTML, like Gecko) Chrome/120.0.0.0 Safari/537.36"
4.193.137.131 - - [11/May/2026:14:57:31 +0200] "GET /wp-includes/phpmailer/phpmailer.php HTTP/1.1" 404 0 "-" "Mozilla/5.0 (Windows NT 10.0; Win64; x64) AppleWebKit/537.36 (KHTML, like Gecko) Chrome/120.0.0.0 Safari/537.36"
4.193.137.131 - - [11/May/2026:14:57:31 +0200] "GET /wp.php HTTP/1.1" 404 0 "-" "Mozilla/5.0 (Windows NT 10.0; Win64; x64) AppleWebKit/537.36 (KHTML, like Gecko) Chrome/120.0.0.0 Safari/537.36"
4.193.137.131 - - [11/May/2026:14:57:32 +0200] "GET /wp-content/themes/test.php HTTP/1.1" 404 0 "-" "Mozilla/5.0 (Windows NT 10.0; Win64; x64) AppleWebKit/537.36 (KHTML, like Gecko) Chrome/120.0.0.0 Safari/537.36"
4.193.137.131 - - [11/May/2026:14:57:32 +0200] "GET /xmlrpc.php HTTP/1.1" 404 0 "-" "Mozilla/5.0 (Windows NT 10.0; Win64; x64) AppleWebKit/537.36 (KHTML, like Gecko) Chrome/120.0.0.0 Safari/537.36"
4.193.137.131 - - [11/May/2026:14:57:33 +0200] "GET /wp-content/languages/plugins/config.php HTTP/1.1" 404 0 "-" "Mozilla/5.0 (Windows NT 10.0; Win64; x64) AppleWebKit/537.36 (KHTML, like Gecko) Chrome/120.0.0.0 Safari/537.36"
57.141.0.51 - - [11/May/2026:14:57:46 +0200] "GET /products/176054329 HTTP/1.1" 404 0 "-" "meta-externalagent/1.1 (+https://developers.facebook.com/docs/sharing/webmasters/crawler)"
57.141.0.21 - - [11/May/2026:14:58:53 +0200] "GET /products/264032460 HTTP/1.1" 404 0 "-" "meta-externalagent/1.1 (+https://developers.facebook.com/docs/sharing/webmasters/crawler)"
66.249.75.132 - - [11/May/2026:15:00:11 +0200] "GET /?q=052007173 HTTP/1.1" 200 20499 "-" "Mozilla/5.0 (Linux; Android 6.0.1; Nexus 5X Build/MMB29P) AppleWebKit/537.36 (KHTML, like Gecko) Chrome/147.0.7727.137 Mobile Safari/537.36 (compatible; Googlebot/2.1; +http://www.google.com/bot.html)"
47.82.9.38 - - [11/May/2026:15:01:43 +0200] "GET /wp-includes/css/dist/list-reusable-blocks/?C=D;O=A HTTP/1.1" 200 456 "https://zaljepsunasu.hr/" "Mozilla/5.0 (Windows NT 10.0; Win64; x64) AppleWebKit/537.36 (KHTML, like Gecko) Chrome/135.0.0.0 Safari/537.36 Edg/135.0.0.0"
84.247.137.247 - - [11/May/2026:15:02:20 +0200] "GET /wp-login.php HTTP/1.1" 200 0 "-" "Mozilla/5.0 (X11; Ubuntu; Linux x86_64; rv:133.0) Gecko/20100101 Firefox/133.0"
84.247.137.247 - - [11/May/2026:15:02:22 +0200] "POST /wp-login.php HTTP/1.1" 200 0 "https://zaljepsunasu.hr/wp-login.php" "Mozilla/5.0 (X11; Ubuntu; Linux x86_64; rv:133.0) Gecko/20100101 Firefox/133.0"
66.249.75.132 - - [11/May/2026:15:03:56 +0200] "GET /?detail/117026420879 HTTP/1.1" 200 21682 "-" "Mozilla/5.0 (compatible; Googlebot/2.1; +http://www.google.com/bot.html)"
66.249.75.133 - - [11/May/2026:15:05:08 +0200] "GET /?detail/26001566497091 HTTP/1.1" 200 21159 "-" "Mozilla/5.0 (Linux; Android 6.0.1; Nexus 5X Build/MMB29P) AppleWebKit/537.36 (KHTML, like Gecko) Chrome/147.0.7727.137 Mobile Safari/537.36 (compatible; Googlebot/2.1; +http://www.google.com/bot.html)"
66.249.75.133 - - [11/May/2026:15:08:59 +0200] "GET /?goods/162049600 HTTP/1.1" 200 20106 "-" "Mozilla/5.0 (Linux; Android 6.0.1; Nexus 5X Build/MMB29P) AppleWebKit/537.36 (KHTML, like Gecko) Chrome/147.0.7727.137 Mobile Safari/537.36 (compatible; Googlebot/2.1; +http://www.google.com/bot.html)"
204.12.208.18 - - [11/May/2026:15:12:07 +0200] "GET /wp-includes/x1b0991/edit.php HTTP/1.1" 499 0 "https://zaljepsunasu.hr/wp-includes/x1b0991/edit.php" "Mozilla/5.0 (Macintosh; U; Intel Mac OS X 10_6_2; ja-jp) AppleWebKit/531.21.8 (KHTML, like Gecko) Version/4.0.4 Safari/531.21.10"
204.12.208.18 - - [11/May/2026:15:12:08 +0200] "GET /wp-includes/x1b0991/edit.php HTTP/1.1" 200 37 "https://zaljepsunasu.hr/wp-includes/x1b0991/edit.php" "Mozilla/5.0 (compatible; MSIE 10.0; Windows NT 6.2; ARM; Trident/6.0)"
66.249.75.131 - - [11/May/2026:15:13:06 +0200] "GET /products/147008231 HTTP/1.1" 200 21238 "-" "Mozilla/5.0 (Linux; Android 6.0.1; Nexus 5X Build/MMB29P) AppleWebKit/537.36 (KHTML, like Gecko) Chrome/147.0.7727.137 Mobile Safari/537.36 (compatible; Googlebot/2.1; +http://www.google.com/bot.html)"
66.249.75.131 - - [11/May/2026:15:14:13 +0200] "GET /?o=085001290 HTTP/1.1" 200 21442 "-" "Mozilla/5.0 (Linux; Android 6.0.1; Nexus 5X Build/MMB29P) AppleWebKit/537.36 (KHTML, like Gecko) Chrome/147.0.7727.137 Mobile Safari/537.36 (compatible; Googlebot/2.1; +http://www.google.com/bot.html)"
66.249.75.132 - - [11/May/2026:15:14:19 +0200] "GET /?detail/0330059700533 HTTP/1.1" 200 21415 "-" "Mozilla/5.0 (Linux; Android 6.0.1; Nexus 5X Build/MMB29P) AppleWebKit/537.36 (KHTML, like Gecko) Chrome/147.0.7727.137 Mobile Safari/537.36 (compatible; Googlebot/2.1; +http://www.google.com/bot.html)"
66.249.75.131 - - [11/May/2026:15:14:24 +0200] "GET /236586844 HTTP/1.1" 200 21850 "-" "Mozilla/5.0 (compatible; Googlebot/2.1; +http://www.google.com/bot.html)"
154.242.158.180 - - [11/May/2026:15:15:15 +0200] "POST /xmlrpc.php HTTP/1.1" 403 0 "-" "Mozilla/5.0 (Macintosh; Intel Mac OS X 10_15_7; x64) AppleWebKit/537.36 (KHTML, like Gecko) Edge/84.0.0.0 Safari/537.36"
66.249.75.131 - - [11/May/2026:15:15:17 +0200] "GET /?jp/209012168.html HTTP/1.1" 200 21539 "-" "Mozilla/5.0 (Linux; Android 6.0.1; Nexus 5X Build/MMB29P) AppleWebKit/537.36 (KHTML, like Gecko) Chrome/147.0.7727.137 Mobile Safari/537.36 (compatible; Googlebot/2.1; +http://www.google.com/bot.html)"
103.143.207.18 - - [11/May/2026:15:17:37 +0200] "GET /wp-login.php HTTP/1.1" 200 0 "-" "Mozilla/5.0 (Macintosh; Intel Mac OS X 14_7_4) AppleWebKit/537.36 (KHTML, like Gecko) Chrome/133.0.0.0 Safari/537.36"
